000
CDUS43 KGLD 230812
CLIGLD

CLIMATE REPORT
NATIONAL WEATHER SERVICE GOODLAND
1258 AM MST THU NOV 23 2017

...................................

...THE GOODLAND KS CLIMATE SUMMARY FOR NOVEMBER 22 2017...

CLIMATE NORMAL PERIOD 1981 TO 2010
CLIMATE RECORD PERIOD 1895 TO 2017

WEATHER ITEM   OBSERVED TIME   RECORD YEAR NORMAL DEPARTURE LAST
                VALUE   (LST)  VALUE       VALUE  FROM      YEAR
                                                  NORMAL
..................................................................
TEMPERATURE (F)
 YESTERDAY
  MAXIMUM         71    222 PM  82    1998  49     22       44
  MINIMUM         29    234 AM  -4    1929  23      6       29
  AVERAGE         50                        36     14       37

PRECIPITATION (IN)
  YESTERDAY        0.00          0.23 1994   0.02  -0.02     0.11
  MONTH TO DATE    0.03                      0.56  -0.53     0.21
  SINCE SEP 1      4.32                      3.15   1.17     2.74
  SINCE JAN 1     26.28                     19.05   7.23    16.78

SNOWFALL (IN)
  YESTERDAY        0.0                       0.1   -0.1       T
  MONTH TO DATE    0.0                       3.1   -3.1      0.6
  SINCE SEP 1      0.1                       5.7   -5.6      0.6
  SINCE JUL 1      0.1                       5.7   -5.6      0.6
  SNOW DEPTH       0

DEGREE DAYS
 HEATING
  YESTERDAY       15                        29    -14       28
  MONTH TO DATE  508                       530    -22      366
  SINCE SEP 1   1019                      1058    -39      644
  SINCE JUL 1   1019                      1070    -51      651

 COOLING
  YESTERDAY        0                         0      0        0
  MONTH TO DATE    0                         0      0        0
  SINCE SEP 1    140                       108     32      154
  SINCE JAN 1    959                       941     18     1103
..................................................................

WIND (MPH)
  HIGHEST WIND SPEED    20   HIGHEST WIND DIRECTION    NW (320)
  HIGHEST GUST SPEED    26   HIGHEST GUST DIRECTION     W (290)
  AVERAGE WIND SPEED    10.3


SKY COVER
  AVERAGE SKY COVER 0.0


WEATHER CONDITIONS
 THE FOLLOWING WEATHER WAS RECORDED YESTERDAY.
  NO SIGNIFICANT WEATHER WAS OBSERVED.


RELATIVE HUMIDITY (PERCENT)
 HIGHEST    75
 LOWEST     26
 AVERAGE    51

..........................................................


THE GOODLAND KS CLIMATE NORMALS FOR TODAY
                         NORMAL    RECORD    YEAR
 MAXIMUM TEMPERATURE (F)   48        72      1925
 MINIMUM TEMPERATURE (F)   22         0      1941


SUNRISE AND SUNSET
NOVEMBER 23 2017......SUNRISE   640 AM MST   SUNSET   427 PM MST
NOVEMBER 24 2017......SUNRISE   641 AM MST   SUNSET   426 PM MST


-  INDICATES NEGATIVE NUMBERS.
R  INDICATES RECORD WAS SET OR TIED.
MM INDICATES DATA IS MISSING.
T  INDICATES TRACE AMOUNT.

&&

THE AVERAGE SOIL TEMPERATURE AT THE FOUR INCH DEPTH... 43
THE CURRENT DEPTH OF FROST... 0 INCHES

$$
