000
CDUS43 KGLD 050745
CLIGLD

CLIMATE REPORT
NATIONAL WEATHER SERVICE GOODLAND
141 AM MDT WED AUG 5 2015

...................................

...THE GOODLAND KS CLIMATE SUMMARY FOR AUGUST 4 2015...

CLIMATE NORMAL PERIOD 1981 TO 2010
CLIMATE RECORD PERIOD 1895 TO 2015

WEATHER ITEM   OBSERVED TIME   RECORD YEAR NORMAL DEPARTURE LAST
                VALUE   (LST)  VALUE       VALUE  FROM      YEAR
                                                  NORMAL
..................................................................
TEMPERATURE (F)
 YESTERDAY
  MAXIMUM         91   1247 PM 104    1934  89      2       93
  MINIMUM         60   1159 PM  47    1974  62     -2       65
  AVERAGE         76                        75      1       79

PRECIPITATION (IN)
  YESTERDAY        0.00          2.56 1988   0.11  -0.11     0.00
  MONTH TO DATE    0.00                      0.43  -0.43     0.00
  SINCE JUN 1      4.59                      7.15  -2.56     7.60
  SINCE JAN 1     16.38                     13.63   2.75    11.14

SNOWFALL (IN)
  YESTERDAY        0.0                       0.0    0.0      0.0
  MONTH TO DATE    0.0                       0.0    0.0      0.0
  SINCE JUN 1      0.0                       0.0    0.0      0.0
  SINCE JUL 1      0.0                       0.0    0.0      0.0
  SNOW DEPTH       0

DEGREE DAYS
 HEATING
  YESTERDAY        0                         0      0        0
  MONTH TO DATE    0                         0      0        0
  SINCE JUN 1      6                        41    -35       51
  SINCE JUL 1      1                         4     -3       13

 COOLING
  YESTERDAY       11                        10      1       14
  MONTH TO DATE   50                        42      8       43
  SINCE JUN 1    635                       555     80      495
  SINCE JAN 1    641                       596     45      541
..................................................................

WIND (MPH)
  HIGHEST WIND SPEED    32   HIGHEST WIND DIRECTION    NE (50)
  HIGHEST GUST SPEED    39   HIGHEST GUST DIRECTION    NE (50)
  AVERAGE WIND SPEED     8.2

SKY COVER
  AVERAGE SKY COVER 0.1

WEATHER CONDITIONS
 THE FOLLOWING WEATHER WAS RECORDED YESTERDAY.
  HAZE

RELATIVE HUMIDITY (PERCENT)
 HIGHEST    93
 LOWEST     29
 AVERAGE    61

..........................................................

THE GOODLAND KS CLIMATE NORMALS FOR TODAY
                         NORMAL    RECORD    YEAR
 MAXIMUM TEMPERATURE (F)   89       107      1934
 MINIMUM TEMPERATURE (F)   62        47      1974

SUNRISE AND SUNSET
AUGUST  5 2015........SUNRISE   550 AM MDT   SUNSET   755 PM MDT
AUGUST  6 2015........SUNRISE   551 AM MDT   SUNSET   754 PM MDT

-  INDICATES NEGATIVE NUMBERS.
R  INDICATES RECORD WAS SET OR TIED.
MM INDICATES DATA IS MISSING.
T  INDICATES TRACE AMOUNT.

&&

THE AVERAGE SOIL TEMPERATURE AT THE FOUR INCH DEPTH... 80

$$
