000
CDUS43 KGLD 290105
CLIGLD

CLIMATE REPORT
NATIONAL WEATHER SERVICE GOODLAND
657 PM MDT SUN AUG 28 2016

...................................

...THE GOODLAND KS CLIMATE SUMMARY FOR AUGUST 28 2016...
VALID TODAY AS OF 0600 PM LOCAL TIME.

CLIMATE NORMAL PERIOD 1981 TO 2010
CLIMATE RECORD PERIOD 1895 TO 2016

WEATHER ITEM   OBSERVED TIME   RECORD YEAR NORMAL DEPARTURE LAST
                VALUE   (LST)  VALUE       VALUE  FROM      YEAR
                                                  NORMAL
..................................................................
TEMPERATURE (F)
 TODAY
  MAXIMUM         86    408 PM 101    2011  86      0       93
  MINIMUM         58    326 AM  40    1964  58      0       57
  AVERAGE         72                        72      0       75

PRECIPITATION (IN)
  TODAY            0.00          2.29 1933   0.06  -0.06     0.00
  MONTH TO DATE    1.47                      2.50  -1.03     0.33
  SINCE JUN 1      5.84                      9.22  -3.38     4.92
  SINCE JAN 1     13.20                     15.70  -2.50    16.71

SNOWFALL (IN)
  TODAY            0.0                       0.0    0.0      0.0
  MONTH TO DATE    0.0                       0.0    0.0      0.0
  SINCE JUN 1      0.0                       0.0    0.0      0.0
  SINCE JUL 1      0.0                       0.0    0.0      0.0
  SNOW DEPTH       0

DEGREE DAYS
 HEATING
  TODAY            0                         1     -1        0
  MONTH TO DATE    7                         2      5        5
  SINCE JUN 1      9                        43    -34       11
  SINCE JUL 1      7                         6      1        6

 COOLING
  TODAY            7                         7      0       10
  MONTH TO DATE  226                       257    -31      286
  SINCE JUN 1    917                       770    147      871
  SINCE JAN 1    941                       811    130      877
..................................................................

WIND (MPH)
  HIGHEST WIND SPEED    17   HIGHEST WIND DIRECTION    SE (130)
  HIGHEST GUST SPEED    24   HIGHEST GUST DIRECTION     S (160)
  AVERAGE WIND SPEED     9.7

SKY COVER
  AVERAGE SKY COVER 0.0

WEATHER CONDITIONS
 THE FOLLOWING WEATHER WAS RECORDED TODAY.
  NO SIGNIFICANT WEATHER WAS OBSERVED.

RELATIVE HUMIDITY (PERCENT)
 HIGHEST    93           300 AM
 LOWEST     37           500 PM
 AVERAGE    65

..........................................................

THE GOODLAND KS CLIMATE NORMALS FOR TOMORROW
                         NORMAL    RECORD    YEAR
 MAXIMUM TEMPERATURE (F)   86       101      2013
 MINIMUM TEMPERATURE (F)   57        41      1917

SUNRISE AND SUNSET
AUGUST 28 2016........SUNRISE   612 AM MDT   SUNSET   723 PM MDT
AUGUST 29 2016........SUNRISE   613 AM MDT   SUNSET   721 PM MDT

-  INDICATES NEGATIVE NUMBERS.
R  INDICATES RECORD WAS SET OR TIED.
MM INDICATES DATA IS MISSING.
T  INDICATES TRACE AMOUNT.

&&

THE AVERAGE SOIL TEMPERATURE AT THE FOUR INCH DEPTH... 68

$$
