000
CDUS43 KGLD 280738
CLIGLD

CLIMATE REPORT
NATIONAL WEATHER SERVICE GOODLAND
136 AM MDT WED SEP 28 2016

...................................

...THE GOODLAND KS CLIMATE SUMMARY FOR SEPTEMBER 27 2016...

CLIMATE NORMAL PERIOD 1981 TO 2010
CLIMATE RECORD PERIOD 1895 TO 2016

WEATHER ITEM   OBSERVED TIME   RECORD YEAR NORMAL DEPARTURE LAST
                VALUE   (LST)  VALUE       VALUE  FROM      YEAR
                                                  NORMAL
..................................................................
TEMPERATURE (F)
 YESTERDAY
  MAXIMUM         87    254 PM  95    1953  74     13       88
  MINIMUM         45    538 AM  24    1908  45      0       54
  AVERAGE         66                        59      7       71

PRECIPITATION (IN)
  YESTERDAY        0.00          0.76 1973   0.04  -0.04     0.00
  MONTH TO DATE    2.49                      1.10   1.39     0.90
  SINCE SEP 1      2.49                      1.10   1.39     0.90
  SINCE JAN 1     16.53                     17.00  -0.47    17.65

SNOWFALL (IN)
  YESTERDAY        0.0                       0.0    0.0      0.0
  MONTH TO DATE    T                         0.3   -0.3      0.0
  SINCE SEP 1      T                         0.3   -0.3      0.0
  SINCE JUL 1      T                         0.3   -0.3      0.0
  SNOW DEPTH       0

DEGREE DAYS
 HEATING
  YESTERDAY        0                         7     -7        0
  MONTH TO DATE   45                        90    -45       19
  SINCE SEP 1     45                        90    -45       19
  SINCE JUL 1     52                       102    -50       25

 COOLING
  YESTERDAY        1                         1      0        6
  MONTH TO DATE  122                        98     24      214
  SINCE SEP 1    122                        98     24      214
  SINCE JAN 1   1071                       931    140     1122
..................................................................

WIND (MPH)
  HIGHEST WIND SPEED    13   HIGHEST WIND DIRECTION     W (290)
  HIGHEST GUST SPEED    17   HIGHEST GUST DIRECTION    NW (300)
  AVERAGE WIND SPEED     5.2


SKY COVER
  AVERAGE SKY COVER 0.0


WEATHER CONDITIONS
 THE FOLLOWING WEATHER WAS RECORDED YESTERDAY.
  NO SIGNIFICANT WEATHER WAS OBSERVED.


RELATIVE HUMIDITY (PERCENT)
 HIGHEST    76
 LOWEST     13
 AVERAGE    45

..........................................................


THE GOODLAND KS CLIMATE NORMALS FOR TODAY
                         NORMAL    RECORD    YEAR
 MAXIMUM TEMPERATURE (F)   74        97      1953
 MINIMUM TEMPERATURE (F)   44        26      1985


SUNRISE AND SUNSET
SEPTEMBER 28 2016.....SUNRISE   641 AM MDT   SUNSET   633 PM MDT
SEPTEMBER 29 2016.....SUNRISE   641 AM MDT   SUNSET   632 PM MDT


-  INDICATES NEGATIVE NUMBERS.
R  INDICATES RECORD WAS SET OR TIED.
MM INDICATES DATA IS MISSING.
T  INDICATES TRACE AMOUNT.

&&

THE AVERAGE SOIL TEMPERATURE AT THE FOUR INCH DEPTH... 65

$$
