000
CDUS44 KJAN 312123
CLIGLH


CLIMATE REPORT
NATIONAL WEATHER SERVICE JACKSON MS
422 PM CDT WED AUG 31 2016


...................................

...THE GREENVILLE CLIMATE SUMMARY FOR AUGUST 31 2016...
VALID TODAY AS OF 0400 PM LOCAL TIME.

CLIMATE NORMAL PERIOD 1981 TO 2010
CLIMATE RECORD PERIOD 1920 TO 2016


WEATHER ITEM   OBSERVED TIME   RECORD YEAR NORMAL DEPARTURE LAST
                VALUE   (LST)  VALUE       VALUE  FROM      YEAR
                                                  NORMAL
..................................................................
TEMPERATURE (F)
 TODAY
  MAXIMUM         97    259 PM 104    1985  91      6       96
  MINIMUM         73    608 AM  54    1946  69      4       69
  AVERAGE         85                        80      5       83

PRECIPITATION (IN)
  TODAY            0.00          4.20 1950   0.11  -0.11      T
  MONTH TO DATE    6.96                      2.46   4.50     1.76
  SINCE JUN 1     13.36                     10.30   3.06     7.36
  SINCE JAN 1     41.89                     34.56   7.33    27.33

SNOWFALL (IN)
  TODAY            0.0

DEGREE DAYS
 HEATING
  TODAY            0                         0      0        0
  MONTH TO DATE    0                         0      0        0
  SINCE JUN 1      0                         0      0        0
  SINCE JUL 1      0                         0      0        0

 COOLING
  TODAY           20                        15      5       18
  MONTH TO DATE  575                       510     65      507
  SINCE JUN 1   1670                      1457    213     1583
  SINCE JAN 1   2012                      1779    233     1964
..................................................................


WIND (MPH)
  HIGHEST WIND SPEED    13   HIGHEST WIND DIRECTION     N (10)
  HIGHEST GUST SPEED    16   HIGHEST GUST DIRECTION     N (350)
  AVERAGE WIND SPEED     5.5


SKY COVER
  POSSIBLE SUNSHINE  MM
  AVERAGE SKY COVER 0.0


WEATHER CONDITIONS
 THE FOLLOWING WEATHER WAS RECORDED TODAY.
  FOG
  HAZE


RELATIVE HUMIDITY (PERCENT)
 HIGHEST    93           300 AM
 LOWEST     38           200 PM
 AVERAGE    66

..........................................................


THE GREENVILLE CLIMATE NORMALS FOR TOMORROW
                         NORMAL    RECORD    YEAR
 MAXIMUM TEMPERATURE (F)   91       101      1952
                                             1947
 MINIMUM TEMPERATURE (F)   68        55      1987


SUNRISE AND SUNSET
AUGUST 31 2016........SUNRISE   638 AM CDT   SUNSET   730 PM CDT
SEPTEMBER  1 2016.....SUNRISE   638 AM CDT   SUNSET   729 PM CDT


-  INDICATES NEGATIVE NUMBERS.
R  INDICATES RECORD WAS SET OR TIED.
MM INDICATES DATA IS MISSING.
T  INDICATES TRACE AMOUNT.




$$
