000
CDUS44 KJAN 232113
CLIGLH


CLIMATE REPORT
NATIONAL WEATHER SERVICE JACKSON MS
411 PM CDT TUE MAY 23 2017


...................................

...THE GREENVILLE CLIMATE SUMMARY FOR MAY 23 2017...
VALID TODAY AS OF 0400 PM LOCAL TIME.

CLIMATE NORMAL PERIOD 1981 TO 2010
CLIMATE RECORD PERIOD 1903 TO 2017


WEATHER ITEM   OBSERVED TIME   RECORD YEAR NORMAL DEPARTURE LAST
                VALUE   (LST)  VALUE       VALUE  FROM      YEAR
                                                  NORMAL
..................................................................
TEMPERATURE (F)
 TODAY
  MAXIMUM         76    257 PM  94    1972  84     -8       87
                                      1941
                                      1918
  MINIMUM         64    541 AM  48    1963  64      0       55
  AVERAGE         70                        74     -4       71

PRECIPITATION (IN)
  TODAY            0.00          2.14 1944   0.15  -0.15     0.00
  MONTH TO DATE    0.65                      3.91  -3.26     0.26
  SINCE MAR 1      7.31                     13.27  -5.96    20.55
  SINCE JAN 1     15.34                     23.26  -7.92    27.06

SNOWFALL (IN)
  TODAY            0.0

DEGREE DAYS
 HEATING
  TODAY            0                         0      0        0
  MONTH TO DATE   17                        10      7        7
  SINCE MAR 1    294                       462   -168      245
  SINCE JUL 1   1827                      2771   -944     1925

 COOLING
  TODAY            5                         9     -4        6
  MONTH TO DATE  138                       156    -18      109
  SINCE MAR 1    304                       237     67      231
  SINCE JAN 1    333                       242     91      235
..................................................................


WIND (MPH)
  HIGHEST WIND SPEED    13   HIGHEST WIND DIRECTION    NW (310)
  HIGHEST GUST SPEED    15   HIGHEST GUST DIRECTION    NW (320)
  AVERAGE WIND SPEED     5.9


SKY COVER
  POSSIBLE SUNSHINE  MM
  AVERAGE SKY COVER 0.9


WEATHER CONDITIONS
 THE FOLLOWING WEATHER WAS RECORDED TODAY.
  NO SIGNIFICANT WEATHER WAS OBSERVED.


RELATIVE HUMIDITY (PERCENT)
 HIGHEST    87          1200 AM
 LOWEST     58           300 PM
 AVERAGE    73

..........................................................


THE GREENVILLE CLIMATE NORMALS FOR TOMORROW
                         NORMAL    RECORD    YEAR
 MAXIMUM TEMPERATURE (F)   84        94      2005
                                             1996
                                             1972
 MINIMUM TEMPERATURE (F)   64        46      1931


SUNRISE AND SUNSET
MAY 23 2017...........SUNRISE   558 AM CDT   SUNSET   803 PM CDT
MAY 24 2017...........SUNRISE   558 AM CDT   SUNSET   804 PM CDT


-  INDICATES NEGATIVE NUMBERS.
R  INDICATES RECORD WAS SET OR TIED.
MM INDICATES DATA IS MISSING.
T  INDICATES TRACE AMOUNT.




$$
