000
CDUS44 KJAN 192214
CLIGLH


CLIMATE REPORT
NATIONAL WEATHER SERVICE JACKSON MS
413 PM CST MON FEB 19 2018


...................................

...THE GREENVILLE CLIMATE SUMMARY FOR FEBRUARY 19 2018...
VALID TODAY AS OF 0400 PM LOCAL TIME.

CLIMATE NORMAL PERIOD 1981 TO 2010
CLIMATE RECORD PERIOD 1903 TO 2018


WEATHER ITEM   OBSERVED TIME   RECORD YEAR NORMAL DEPARTURE LAST
                VALUE   (LST)  VALUE       VALUE  FROM      YEAR
                                                  NORMAL
..................................................................
TEMPERATURE (F)
 TODAY
  MAXIMUM         80    309 PM  81    1917  58     22       77
  MINIMUM         56   1235 AM  14    1910  38     18       47
  AVERAGE         68                        48     20       62

PRECIPITATION (IN)
  TODAY            0.00          1.82 2002   0.17  -0.17     0.00
  MONTH TO DATE    4.02                      3.72   0.30     2.07
  SINCE DEC 1     11.00                     14.31  -3.31    10.04
  SINCE JAN 1      6.14                      8.69  -2.55     7.18

SNOWFALL (IN)
  TODAY            0.0

DEGREE DAYS
 HEATING
  TODAY            0                        17    -17        3
  MONTH TO DATE  328                       377    -49      222
  SINCE DEC 1   1751                      1704     47     1202
  SINCE JUL 1   2165                      2166     -1     1471

 COOLING
  TODAY            3                         0      3        0
  MONTH TO DATE    9                         0      9       10
  SINCE DEC 1     13                         4      9       33
  SINCE JAN 1      9                         1      8       21
..................................................................


WIND (MPH)
  HIGHEST WIND SPEED    26   HIGHEST WIND DIRECTION     S (190)
  HIGHEST GUST SPEED    34   HIGHEST GUST DIRECTION     S (190)
  AVERAGE WIND SPEED    12.7


SKY COVER
  POSSIBLE SUNSHINE  MM
  AVERAGE SKY COVER 0.0


WEATHER CONDITIONS
 THE FOLLOWING WEATHER WAS RECORDED TODAY.
  NO SIGNIFICANT WEATHER WAS OBSERVED.


RELATIVE HUMIDITY (PERCENT)
 HIGHEST    97           800 AM
 LOWEST     60           200 PM
 AVERAGE    79

..........................................................


THE GREENVILLE CLIMATE NORMALS FOR TOMORROW
                         NORMAL    RECORD    YEAR
 MAXIMUM TEMPERATURE (F)   58        79      2017
                                             1956
                                             1922
 MINIMUM TEMPERATURE (F)   38        21      1958


SUNRISE AND SUNSET
FEBRUARY 19 2018......SUNRISE   644 AM CST   SUNSET   552 PM CST
FEBRUARY 20 2018......SUNRISE   643 AM CST   SUNSET   553 PM CST


-  INDICATES NEGATIVE NUMBERS.
R  INDICATES RECORD WAS SET OR TIED.
MM INDICATES DATA IS MISSING.
T  INDICATES TRACE AMOUNT.




$$
