000
CDUS44 KJAN 220643
CLIGLH


CLIMATE REPORT
NATIONAL WEATHER SERVICE JACKSON MS
140 AM CDT MON SEP 22 2014


...................................

...THE GREENVILLE CLIMATE SUMMARY FOR SEPTEMBER 21 2014...

CLIMATE NORMAL PERIOD 1981 TO 2010
CLIMATE RECORD PERIOD 1920 TO 2014


WEATHER ITEM   OBSERVED TIME   RECORD YEAR NORMAL DEPARTURE LAST
                VALUE   (LST)  VALUE       VALUE  FROM      YEAR
                                                  NORMAL
..................................................................
TEMPERATURE (F)
 YESTERDAY
  MAXIMUM         94    209 PM 100    1925  85      9       80
  MINIMUM         67    529 AM  48    1991  61      6       59
  AVERAGE         81                        73      8       70

PRECIPITATION (IN)
  YESTERDAY        0.00          5.18 1958   0.09  -0.09     0.07
  MONTH TO DATE    0.77                      2.14  -1.37     4.48
  SINCE SEP 1      0.77                      2.14  -1.37     4.48
  SINCE JAN 1     40.49                     36.70   3.79    33.46

SNOWFALL (IN)
  YESTERDAY        0.0

DEGREE DAYS
 HEATING
  YESTERDAY        0                         0      0        0
  MONTH TO DATE    0                         0      0        0
  SINCE SEP 1      0                         0      0        0
  SINCE JUL 1      0                         0      0        0

 COOLING
  YESTERDAY       16                         8      8        5
  MONTH TO DATE  301                       241     60      311
  SINCE SEP 1    301                       241     60      311
  SINCE JAN 1   1968                      2020    -52     2038
..................................................................


WIND (MPH)
  HIGHEST WIND SPEED    18   HIGHEST WIND DIRECTION     N (20)
  HIGHEST GUST SPEED    26   HIGHEST GUST DIRECTION     N (20)
  AVERAGE WIND SPEED     6.3


SKY COVER
  POSSIBLE SUNSHINE  MM
  AVERAGE SKY COVER 0.1


WEATHER CONDITIONS
 THE FOLLOWING WEATHER WAS RECORDED YESTERDAY.
  NO SIGNIFICANT WEATHER WAS OBSERVED.


RELATIVE HUMIDITY (PERCENT)
 HIGHEST    93           500 AM
 LOWEST     36           100 PM
 AVERAGE    65

..........................................................


THE GREENVILLE CLIMATE NORMALS FOR TODAY
                         NORMAL    RECORD    YEAR
 MAXIMUM TEMPERATURE (F)   85        98      1925
 MINIMUM TEMPERATURE (F)   61        42      1983


SUNRISE AND SUNSET
SEPTEMBER 22 2014.....SUNRISE   652 AM CDT   SUNSET   701 PM CDT
SEPTEMBER 23 2014.....SUNRISE   653 AM CDT   SUNSET   659 PM CDT


-  INDICATES NEGATIVE NUMBERS.
R  INDICATES RECORD WAS SET OR TIED.
MM INDICATES DATA IS MISSING.
T  INDICATES TRACE AMOUNT.




$$
