000
CDUS44 KJAN 230700
CLIGLH


CLIMATE REPORT
NATIONAL WEATHER SERVICE JACKSON MS
157 AM CDT THU MAR 23 2017


...................................

...THE GREENVILLE CLIMATE SUMMARY FOR MARCH 22 2017...

CLIMATE NORMAL PERIOD 1981 TO 2010
CLIMATE RECORD PERIOD 1920 TO 2017


WEATHER ITEM   OBSERVED TIME   RECORD YEAR NORMAL DEPARTURE LAST
                VALUE   (LST)  VALUE       VALUE  FROM      YEAR
                                                  NORMAL
..................................................................
TEMPERATURE (F)
 YESTERDAY
  MAXIMUM         72    407 PM  86    1966  67      5       69
  MINIMUM         55    703 AM  27    1965  45     10       40
  AVERAGE         64                        56      8       55

PRECIPITATION (IN)
  YESTERDAY        0.00          2.30 1968   0.16  -0.16     0.00
  MONTH TO DATE    0.92                      2.95  -2.03    14.38
  SINCE MAR 1      0.92                      2.95  -2.03    14.38
  SINCE JAN 1      8.95                     12.94  -3.99    20.89

SNOWFALL (IN)
  YESTERDAY        0.0

DEGREE DAYS
 HEATING
  YESTERDAY        1                         9     -8       10
  MONTH TO DATE  229                       261    -32      144
  SINCE MAR 1    229                       261    -32      144
  SINCE JUL 1   1762                      2570   -808     1824

 COOLING
  YESTERDAY        0                         1     -1        0
  MONTH TO DATE   13                         8      5       22
  SINCE MAR 1     13                         8      5       22
  SINCE JAN 1     42                        13     29       26
..................................................................


WIND (MPH)
  HIGHEST WIND SPEED    20   HIGHEST WIND DIRECTION    NE (40)
  HIGHEST GUST SPEED    25   HIGHEST GUST DIRECTION    NE (30)
  AVERAGE WIND SPEED    11.5


SKY COVER
  POSSIBLE SUNSHINE  MM
  AVERAGE SKY COVER 0.0


WEATHER CONDITIONS
 THE FOLLOWING WEATHER WAS RECORDED YESTERDAY.
  NO SIGNIFICANT WEATHER WAS OBSERVED.


RELATIVE HUMIDITY (PERCENT)
 HIGHEST    86           200 AM
 LOWEST     44           300 PM
 AVERAGE    65

..........................................................


THE GREENVILLE CLIMATE NORMALS FOR TODAY
                         NORMAL    RECORD    YEAR
 MAXIMUM TEMPERATURE (F)   67        87      1929
 MINIMUM TEMPERATURE (F)   46        30      1968


SUNRISE AND SUNSET
MARCH 23 2017.........SUNRISE   703 AM CDT   SUNSET   718 PM CDT
MARCH 24 2017.........SUNRISE   702 AM CDT   SUNSET   719 PM CDT


-  INDICATES NEGATIVE NUMBERS.
R  INDICATES RECORD WAS SET OR TIED.
MM INDICATES DATA IS MISSING.
T  INDICATES TRACE AMOUNT.




$$
