000
CDUS44 KJAN 260653
CLIGLH


CLIMATE REPORT
NATIONAL WEATHER SERVICE JACKSON MS
150 AM CDT MON SEP 26 2016


...................................

...THE GREENVILLE CLIMATE SUMMARY FOR SEPTEMBER 25 2016...

CLIMATE NORMAL PERIOD 1981 TO 2010
CLIMATE RECORD PERIOD 1920 TO 2016


WEATHER ITEM   OBSERVED TIME   RECORD YEAR NORMAL DEPARTURE LAST
                VALUE   (LST)  VALUE       VALUE  FROM      YEAR
                                                  NORMAL
..................................................................
TEMPERATURE (F)
 YESTERDAY
  MAXIMUM         96    232 PM  98    1931  84     12       92
  MINIMUM         75   1213 AM  43    2001  59     16       63
  AVERAGE         86                        72     14       78

PRECIPITATION (IN)
  YESTERDAY        0.48          3.12 2005   0.10   0.38     0.00
  MONTH TO DATE    0.68                      2.51  -1.83     0.50
  SINCE SEP 1      0.68                      2.51  -1.83     0.50
  SINCE JAN 1     42.57                     37.07   5.50    27.83

SNOWFALL (IN)
  YESTERDAY        0.0

DEGREE DAYS
 HEATING
  YESTERDAY        0                         0      0        0
  MONTH TO DATE    0                         0      0        0
  SINCE SEP 1      0                         0      0        0
  SINCE JUL 1      0                         0      0        0

 COOLING
  YESTERDAY       21                         7     14       13
  MONTH TO DATE  431                       271    160      331
  SINCE SEP 1    431                       271    160      331
  SINCE JAN 1   2443                      2050    393     2295
..................................................................


WIND (MPH)
  HIGHEST WIND SPEED    24   HIGHEST WIND DIRECTION    NE (50)
  HIGHEST GUST SPEED    30   HIGHEST GUST DIRECTION    NE (40)
  AVERAGE WIND SPEED     4.3


SKY COVER
  POSSIBLE SUNSHINE  MM
  AVERAGE SKY COVER 0.4


WEATHER CONDITIONS
 THE FOLLOWING WEATHER WAS RECORDED YESTERDAY.
  THUNDERSTORM
  HEAVY RAIN
  RAIN
  LIGHT RAIN
  FOG
  HAZE


RELATIVE HUMIDITY (PERCENT)
 HIGHEST    82           100 AM
 LOWEST     41          1200 PM
 AVERAGE    62

..........................................................


THE GREENVILLE CLIMATE NORMALS FOR TODAY
                         NORMAL    RECORD    YEAR
 MAXIMUM TEMPERATURE (F)   83        96      1986
 MINIMUM TEMPERATURE (F)   59        41      2001


SUNRISE AND SUNSET
SEPTEMBER 26 2016.....SUNRISE   655 AM CDT   SUNSET   654 PM CDT
SEPTEMBER 27 2016.....SUNRISE   656 AM CDT   SUNSET   653 PM CDT


-  INDICATES NEGATIVE NUMBERS.
R  INDICATES RECORD WAS SET OR TIED.
MM INDICATES DATA IS MISSING.
T  INDICATES TRACE AMOUNT.




$$
