000
CDUS44 KJAN 012220
CLIGLH


CLIMATE REPORT
NATIONAL WEATHER SERVICE JACKSON MS
418 PM CST SUN FEB 1 2015


...................................

...THE GREENVILLE CLIMATE SUMMARY FOR FEBRUARY 1 2015...
VALID TODAY AS OF 0400 PM LOCAL TIME.

CLIMATE NORMAL PERIOD 1981 TO 2010
CLIMATE RECORD PERIOD 1920 TO 2015


WEATHER ITEM   OBSERVED TIME   RECORD YEAR NORMAL DEPARTURE LAST
                VALUE   (LST)  VALUE       VALUE  FROM      YEAR
                                                  NORMAL
..................................................................
TEMPERATURE (F)
 TODAY
  MAXIMUM         66    213 PM  77    1923  53     13       72
  MINIMUM         49    231 AM  10    1949  33     16       49
  AVERAGE         58                        43     15       61

PRECIPITATION (IN)
  TODAY            0.17          4.50 1951   0.22  -0.05     0.00
  MONTH TO DATE    0.17                      0.22  -0.05     0.00
  SINCE DEC 1      7.65                     10.81  -3.16     5.37
  SINCE JAN 1      3.54                      5.19  -1.65     0.84

SNOWFALL (IN)
  TODAY            0.0

DEGREE DAYS
 HEATING
  TODAY            7                        22    -15        4
  MONTH TO DATE    7                        22    -15        4
  SINCE DEC 1   1236                      1349   -113     1466
  SINCE JUL 1   1776                      1811    -35     2000

 COOLING
  TODAY            0                         0      0        0
  MONTH TO DATE    0                         0      0        0
  SINCE DEC 1      0                         4     -4        9
  SINCE JAN 1      0                         1     -1        0
..................................................................


WIND (MPH)
  HIGHEST WIND SPEED    25   HIGHEST WIND DIRECTION     W (290)
  HIGHEST GUST SPEED    32   HIGHEST GUST DIRECTION     W (290)
  AVERAGE WIND SPEED    15.8


SKY COVER
  POSSIBLE SUNSHINE  MM
  AVERAGE SKY COVER 0.9


WEATHER CONDITIONS
 THE FOLLOWING WEATHER WAS RECORDED TODAY.
  THUNDERSTORM
  HEAVY RAIN
  RAIN
  LIGHT RAIN
  FOG


RELATIVE HUMIDITY (PERCENT)
 HIGHEST    89           500 AM
 LOWEST     44          1200 AM
 AVERAGE    67

..........................................................


THE GREENVILLE CLIMATE NORMALS FOR TOMORROW
                         NORMAL    RECORD    YEAR
 MAXIMUM TEMPERATURE (F)   54        78      1962
 MINIMUM TEMPERATURE (F)   33        -2      1951


SUNRISE AND SUNSET
FEBRUARY  1 2015......SUNRISE   700 AM CST   SUNSET   535 PM CST
FEBRUARY  2 2015......SUNRISE   659 AM CST   SUNSET   536 PM CST


-  INDICATES NEGATIVE NUMBERS.
R  INDICATES RECORD WAS SET OR TIED.
MM INDICATES DATA IS MISSING.
T  INDICATES TRACE AMOUNT.




$$
