000
CDUS44 KHGX 200727
CLIGLS


CLIMATE REPORT
NATIONAL WEATHER SERVICE HOUSTON/GALVESTON TX
217 AM CDT SUN APR 20 2014


...................................

...THE GALVESTON CLIMATE SUMMARY FOR APRIL 19 2014...

CLIMATE NORMAL PERIOD 1981 TO 2010
CLIMATE RECORD PERIOD 1875 TO 2014


WEATHER ITEM   OBSERVED TIME   RECORD YEAR NORMAL DEPARTURE LAST
                VALUE   (LST)  VALUE       VALUE  FROM      YEAR
                                                  NORMAL
..................................................................
TEMPERATURE (F)
 YESTERDAY
  MAXIMUM         74    240 PM  83    2011  77     -3       68
                                      1965
  MINIMUM         61    503 AM  48    1953  65     -4       52
  AVERAGE         68                        71     -3       60

PRECIPITATION (IN)
  YESTERDAY        0.00          3.18 1893   0.12  -0.12     0.00
  MONTH TO DATE    0.10                      2.07  -1.97     2.66
  SINCE MAR 1      1.92                      5.23  -3.31     3.38
  SINCE JAN 1      4.97                     12.00  -7.03    12.80

SNOWFALL (IN)
  YESTERDAY        0.0          MM      MM  MM     MM        0.0
  MONTH TO DATE    0.0                      MM     MM        0.0
  SINCE MAR 1      0.0                      MM     MM        0.0
  SINCE JUL 1      T                        MM     MM        0.0
  SNOW DEPTH       0

DEGREE DAYS
 HEATING
  YESTERDAY        0                         0      0        5
  MONTH TO DATE   20                        16      4       29
  SINCE MAR 1    186                       119     67      129
  SINCE JUL 1   1425                      1007    418      739

 COOLING
  YESTERDAY        3                         6     -3        0
  MONTH TO DATE   60                        90    -30       71
  SINCE MAR 1     81                       143    -62      139
  SINCE JAN 1     88                       160    -72      175
..................................................................


WIND (MPH)
  RESULTANT WIND SPEED   5   RESULTANT WIND DIRECTION   E (110)
  HIGHEST WIND SPEED    15   HIGHEST WIND DIRECTION    SE (120)
  HIGHEST GUST SPEED    20   HIGHEST GUST DIRECTION     E (100)
  AVERAGE WIND SPEED     8.2


SKY COVER
  AVERAGE SKY COVER 0.0


WEATHER CONDITIONS
 THE FOLLOWING WEATHER WAS RECORDED YESTERDAY.
  NO SIGNIFICANT WEATHER WAS OBSERVED.


RELATIVE HUMIDITY (PERCENT)
 HIGHEST   100
 LOWEST     73
 AVERAGE    87

..........................................................


THE GALVESTON CLIMATE NORMALS FOR TODAY
                         NORMAL    RECORD    YEAR
 MAXIMUM TEMPERATURE (F)   77        83      2006
                                             2000
 MINIMUM TEMPERATURE (F)   66        52      1884


SUNRISE AND SUNSET
APRIL 20 2014.........SUNRISE   648 AM CDT   SUNSET   749 PM CDT
APRIL 21 2014.........SUNRISE   647 AM CDT   SUNSET   750 PM CDT


-  INDICATES NEGATIVE NUMBERS.
R  INDICATES RECORD WAS SET OR TIED.
MM INDICATES DATA IS MISSING.
T  INDICATES TRACE AMOUNT.




$$
