000
CDUS44 KHGX 060826
CLIGLS


CLIMATE REPORT
NATIONAL WEATHER SERVICE HOUSTON/GALVESTON TX
225 AM CST FRI MAR 6 2015


...................................

...THE GALVESTON CLIMATE SUMMARY FOR MARCH 5 2015...

CLIMATE NORMAL PERIOD 1981 TO 2010
CLIMATE RECORD PERIOD 1875 TO 2015


WEATHER ITEM   OBSERVED TIME   RECORD YEAR NORMAL DEPARTURE LAST
                VALUE   (LST)  VALUE       VALUE  FROM      YEAR
                                                  NORMAL
..................................................................
TEMPERATURE (F)
 YESTERDAY
  MAXIMUM         50    110 AM  77    1880  68    -18       53
  MINIMUM         40   1159 PM  28    1989  54    -14       41
  AVERAGE         45                        61    -16       47

PRECIPITATION (IN)
  YESTERDAY        0.37          3.17 1933   0.11   0.26      T
  MONTH TO DATE    0.64                      0.58   0.06     1.34
  SINCE MAR 1      0.64                      0.58   0.06     1.34
  SINCE JAN 1      6.78                      7.35  -0.57     4.39

SNOWFALL (IN)
  YESTERDAY       MM            MM      MM  MM     MM       MM
  MONTH TO DATE    0.0                      MM     MM        0.0
  SINCE MAR 1      0.0                      MM     MM        0.0
  SINCE JUL 1      0.0                      MM     MM         T
  SNOW DEPTH       0

DEGREE DAYS
 HEATING
  YESTERDAY       20                         5     15       18
  MONTH TO DATE   40                        26     14       78
  SINCE MAR 1     40                        26     14       78
  SINCE JUL 1   1102                       914    188     1317

 COOLING
  YESTERDAY        0                         1     -1        0
  MONTH TO DATE    0                         5     -5        1
  SINCE MAR 1      0                         5     -5        1
  SINCE JAN 1      6                        22    -16        8
..................................................................


WIND (MPH)
  RESULTANT WIND SPEED  27   RESULTANT WIND DIRECTION   N (360)
  HIGHEST WIND SPEED    40   HIGHEST WIND DIRECTION     N (340)
  HIGHEST GUST SPEED    49   HIGHEST GUST DIRECTION     N (350)
  AVERAGE WIND SPEED    27.7


SKY COVER
  AVERAGE SKY COVER 0.6


WEATHER CONDITIONS
 THE FOLLOWING WEATHER WAS RECORDED YESTERDAY.
  LIGHT RAIN
  FOG


RELATIVE HUMIDITY (PERCENT)
 HIGHEST   100
 LOWEST     49
 AVERAGE    75

..........................................................


THE GALVESTON CLIMATE NORMALS FOR TODAY
                         NORMAL    RECORD    YEAR
 MAXIMUM TEMPERATURE (F)   68        77      1999
                                             1918
                                             1880
 MINIMUM TEMPERATURE (F)   54        27      1989


SUNRISE AND SUNSET
MARCH  6 2015.........SUNRISE   640 AM CST   SUNSET   622 PM CST
MARCH  7 2015.........SUNRISE   639 AM CST   SUNSET   623 PM CST


-  INDICATES NEGATIVE NUMBERS.
R  INDICATES RECORD WAS SET OR TIED.
MM INDICATES DATA IS MISSING.
T  INDICATES TRACE AMOUNT.




$$
