000
CDUS44 KHGX 200717
CLIGLS


CLIMATE REPORT
NATIONAL WEATHER SERVICE HOUSTON/GALVESTON TX
117 AM CST FRI JAN 20 2017


...................................

...THE GALVESTON CLIMATE SUMMARY FOR JANUARY 19 2017...

CLIMATE NORMAL PERIOD 1981 TO 2010
CLIMATE RECORD PERIOD 1875 TO 2017


WEATHER ITEM   OBSERVED TIME   RECORD YEAR NORMAL DEPARTURE LAST
                VALUE   (LST)  VALUE       VALUE  FROM      YEAR
                                                  NORMAL
..................................................................
TEMPERATURE (F)
 YESTERDAY
  MAXIMUM         68    830 PM  76    1950  62      6       66
  MINIMUM         61    641 AM  15    1940  49     12       52
  AVERAGE         65                        55     10       59

PRECIPITATION (IN)
  YESTERDAY        0.13          1.28 1878   0.15  -0.02      T
  MONTH TO DATE    0.86                      2.57  -1.71     1.60
  SINCE DEC 1     11.94                      6.09   5.85     5.09
  SINCE JAN 1      0.86                      2.57  -1.71     1.60

SNOWFALL (IN)
  YESTERDAY        0.0           0.0  2002  MM     MM        0.0
  MONTH TO DATE    0.0                       0.0    0.0      0.0
  SINCE DEC 1      0.0                       0.0    0.0      0.0
  SINCE JUL 1      0.0                       0.0    0.0      0.0
  SNOW DEPTH       0

DEGREE DAYS
 HEATING
  YESTERDAY        0                        10    -10        6
  MONTH TO DATE   92                       190    -98      222
  SINCE DEC 1    227                       447   -220      382
  SINCE JUL 1    239                       550   -311      435

 COOLING
  YESTERDAY        0                         0      0        0
  MONTH TO DATE   51                         0     51        0
  SINCE DEC 1    129                        19    110       50
  SINCE JAN 1     51                         0     51        0
..................................................................


WIND (MPH)
  RESULTANT WIND SPEED   4   RESULTANT WIND DIRECTION   S (190)
  HIGHEST WIND SPEED    17   HIGHEST WIND DIRECTION     W (280)
  HIGHEST GUST SPEED    22   HIGHEST GUST DIRECTION     W (280)
  AVERAGE WIND SPEED     6.9


SKY COVER
  AVERAGE SKY COVER 0.8


WEATHER CONDITIONS
 THE FOLLOWING WEATHER WAS RECORDED YESTERDAY.
  RAIN
  LIGHT RAIN
  FOG
  HAZE


RELATIVE HUMIDITY (PERCENT)
 HIGHEST   100
 LOWEST     81
 AVERAGE    91

..........................................................


THE GALVESTON CLIMATE NORMALS FOR TODAY
                         NORMAL    RECORD    YEAR
 MAXIMUM TEMPERATURE (F)   62        74      1935
                                             1880
 MINIMUM TEMPERATURE (F)   49        22      1883


SUNRISE AND SUNSET
JANUARY 20 2017.......SUNRISE   713 AM CST   SUNSET   548 PM CST
JANUARY 21 2017.......SUNRISE   713 AM CST   SUNSET   549 PM CST


-  INDICATES NEGATIVE NUMBERS.
R  INDICATES RECORD WAS SET OR TIED.
MM INDICATES DATA IS MISSING.
T  INDICATES TRACE AMOUNT.




$$
