753
CDUS44 KHGX 240719
CLIGLS


CLIMATE REPORT
NATIONAL WEATHER SERVICE HOUSTON/GALVESTON TX
218 AM CDT TUE MAY 24 2016


...................................

...THE GALVESTON CLIMATE SUMMARY FOR MAY 23 2016...

CLIMATE NORMAL PERIOD 1981 TO 2010
CLIMATE RECORD PERIOD 1875 TO 2016


WEATHER ITEM   OBSERVED TIME   RECORD YEAR NORMAL DEPARTURE LAST
                VALUE   (LST)  VALUE       VALUE  FROM      YEAR
                                                  NORMAL
..................................................................
TEMPERATURE (F)
 YESTERDAY
  MAXIMUM         82    129 PM  90    1877  85     -3       86
  MINIMUM         74    448 AM  59    1892  74      0       78
  AVERAGE         78                        79     -1       82

PRECIPITATION (IN)
  YESTERDAY        0.00          1.76 1947   0.17  -0.17     0.00
  MONTH TO DATE    5.97                      2.66   3.31     1.41
  SINCE MAR 1     14.88                      8.87   6.01    14.40
  SINCE JAN 1     18.84                     15.64   3.20    20.54

SNOWFALL (IN)
  YESTERDAY        0.0          MM      MM  MM     MM        0.0
  MONTH TO DATE    0.0                      MM     MM        0.0
  SINCE MAR 1      0.0                      MM     MM        0.0
  SINCE JUL 1      0.0                       0.0    0.0      0.0
  SNOW DEPTH       0

DEGREE DAYS
 HEATING
  YESTERDAY        0                         0      0        0
  MONTH TO DATE    0                         0      0        0
  SINCE MAR 1     41                       121    -80      120
  SINCE JUL 1    745                      1009   -264     1182

 COOLING
  YESTERDAY       13                        14     -1       17
  MONTH TO DATE  245                       271    -26      317
  SINCE MAR 1    537                       497     40      594
  SINCE JAN 1    549                       514     35      600
..................................................................


WIND (MPH)
  RESULTANT WIND SPEED  12   RESULTANT WIND DIRECTION  SE (120)
  HIGHEST WIND SPEED    17   HIGHEST WIND DIRECTION    SE (120)
  HIGHEST GUST SPEED    21   HIGHEST GUST DIRECTION    SE (120)
  AVERAGE WIND SPEED    12.1


SKY COVER
  AVERAGE SKY COVER 0.7


WEATHER CONDITIONS
 THE FOLLOWING WEATHER WAS RECORDED YESTERDAY.
  NO SIGNIFICANT WEATHER WAS OBSERVED.


RELATIVE HUMIDITY (PERCENT)
 HIGHEST    94
 LOWEST     79
 AVERAGE    87

..........................................................


THE GALVESTON CLIMATE NORMALS FOR TODAY
                         NORMAL    RECORD    YEAR
 MAXIMUM TEMPERATURE (F)   85        91      1988
                                             1877
 MINIMUM TEMPERATURE (F)   74        62      1940
                                             1919
                                             1910


SUNRISE AND SUNSET
MAY 24 2016...........SUNRISE   623 AM CDT   SUNSET   810 PM CDT
MAY 25 2016...........SUNRISE   622 AM CDT   SUNSET   811 PM CDT


-  INDICATES NEGATIVE NUMBERS.
R  INDICATES RECORD WAS SET OR TIED.
MM INDICATES DATA IS MISSING.
T  INDICATES TRACE AMOUNT.




$$
