971
CDUS44 KHGX 052135
CLIGLS


CLIMATE REPORT
NATIONAL WEATHER SERVICE HOUSTON/GALVESTON TX
434 PM CDT THU MAY 5 2016


...................................

...THE GALVESTON CLIMATE SUMMARY FOR MAY 5 2016...
VALID TODAY AS OF 400 PM LOCAL TIME.

CLIMATE NORMAL PERIOD 1981 TO 2010
CLIMATE RECORD PERIOD 1875 TO 2016


WEATHER ITEM   OBSERVED TIME   RECORD YEAR NORMAL DEPARTURE LAST
                VALUE   (LST)  VALUE       VALUE  FROM      YEAR
                                                  NORMAL
..................................................................
TEMPERATURE (F)
 TODAY
  MAXIMUM         82    259 PM  87    1908  80      2       82
  MINIMUM         65    534 AM  57    1957  70     -5       73
                                      1944
  AVERAGE         74                        75     -1       78

PRECIPITATION (IN)
  TODAY            0.00          3.44 1941   0.14  -0.14      T
  MONTH TO DATE    1.60                      0.68   0.92      T
  SINCE MAR 1     10.51                      6.89   3.62    12.99
  SINCE JAN 1     14.47                     13.66   0.81    19.13

SNOWFALL (IN)
  TODAY            0.0          MM      MM  MM     MM        0.0
  MONTH TO DATE    0.0                      MM     MM        0.0
  SINCE MAR 1      0.0                      MM     MM        0.0
  SINCE JUL 1      0.0                       0.0    0.0      0.0
  SNOW DEPTH       0

DEGREE DAYS
 HEATING
  TODAY            0                         0      0        0
  MONTH TO DATE    0                         0      0        0
  SINCE MAR 1     41                       121    -80      120
  SINCE JUL 1    745                      1009   -264     1182

 COOLING
  TODAY            9                        10     -1       13
  MONTH TO DATE   37                        48    -11       50
  SINCE MAR 1    329                       274     55      327
  SINCE JAN 1    341                       291     50      333
..................................................................


WIND (MPH)
  RESULTANT WIND SPEED   5   RESULTANT WIND DIRECTION  NW (320)
  HIGHEST WIND SPEED    15   HIGHEST WIND DIRECTION     W (280)
  HIGHEST GUST SPEED    17   HIGHEST GUST DIRECTION     W (280)
  AVERAGE WIND SPEED     8.0


SKY COVER
  AVERAGE SKY COVER 0.0


WEATHER CONDITIONS
 THE FOLLOWING WEATHER WAS RECORDED TODAY.
  NO SIGNIFICANT WEATHER WAS OBSERVED.


RELATIVE HUMIDITY (PERCENT)
 HIGHEST    87           600 AM
 LOWEST     30           100 PM
 AVERAGE    59

..........................................................


THE GALVESTON CLIMATE NORMALS FOR TOMORROW
                         NORMAL    RECORD    YEAR
 MAXIMUM TEMPERATURE (F)   81        85      2012
                                             2009
                                             2002
 MINIMUM TEMPERATURE (F)   70        53      1917


SUNRISE AND SUNSET
MAY  5 2016...........SUNRISE   634 AM CDT   SUNSET   759 PM CDT
MAY  6 2016...........SUNRISE   633 AM CDT   SUNSET   759 PM CDT


-  INDICATES NEGATIVE NUMBERS.
R  INDICATES RECORD WAS SET OR TIED.
MM INDICATES DATA IS MISSING.
T  INDICATES TRACE AMOUNT.


$$
