000
CDUS44 KHGX 280818
CLIGLS


CLIMATE REPORT
NATIONAL WEATHER SERVICE HOUSTON/GALVESTON TX
216 AM CST FRI NOV 28 2014


...................................

...THE GALVESTON CLIMATE SUMMARY FOR NOVEMBER 27 2014...

CLIMATE NORMAL PERIOD 1981 TO 2010
CLIMATE RECORD PERIOD 1875 TO 2014


WEATHER ITEM   OBSERVED TIME   RECORD YEAR NORMAL DEPARTURE LAST
                VALUE   (LST)  VALUE       VALUE  FROM      YEAR
                                                  NORMAL
..................................................................
TEMPERATURE (F)
 YESTERDAY
  MAXIMUM         64    217 PM  79    1973  68     -4       50
                                      1896
  MINIMUM         53   1159 PM  36    1938  55     -2       40
  AVERAGE         59                        61     -2       45

PRECIPITATION (IN)
  YESTERDAY        0.00          2.71 2001   0.13  -0.13     0.00
  MONTH TO DATE    3.91                      4.02  -0.11     2.45
  SINCE SEP 1     11.77                     15.57  -3.80    14.36
  SINCE JAN 1     28.02                     46.75 -18.73    38.59

SNOWFALL (IN)
  YESTERDAY        0.0           0.0  2002  MM     MM        0.0
                                      2001
  MONTH TO DATE    0.0                      MM     MM        0.0
  SINCE SEP 1      0.0                      MM     MM        0.0
  SINCE JUL 1      0.0                      MM     MM        0.0
  SNOW DEPTH       0

DEGREE DAYS
 HEATING
  YESTERDAY        6                         5      1       20
  MONTH TO DATE  147                        76     71      140
  SINCE SEP 1    147                        85     62      140
  SINCE JUL 1    147                        85     62      140

 COOLING
  YESTERDAY        0                         2     -2        0
  MONTH TO DATE   45                        94    -49       66
  SINCE SEP 1    903                       892     11      917
  SINCE JAN 1   3230                      3286    -56     3311
..................................................................


WIND (MPH)
  RESULTANT WIND SPEED   7   RESULTANT WIND DIRECTION  NE (30)
  HIGHEST WIND SPEED    21   HIGHEST WIND DIRECTION    NE (30)
  HIGHEST GUST SPEED    26   HIGHEST GUST DIRECTION     N (20)
  AVERAGE WIND SPEED     8.7


SKY COVER
  AVERAGE SKY COVER 0.0


WEATHER CONDITIONS
 THE FOLLOWING WEATHER WAS RECORDED YESTERDAY.
  NO SIGNIFICANT WEATHER WAS OBSERVED.


RELATIVE HUMIDITY (PERCENT)
 HIGHEST    93
 LOWEST     32
 AVERAGE    63

..........................................................


THE GALVESTON CLIMATE NORMALS FOR TODAY
                         NORMAL    RECORD    YEAR
 MAXIMUM TEMPERATURE (F)   68        78      2006
                                             1960
 MINIMUM TEMPERATURE (F)   55        31      1976


SUNRISE AND SUNSET
NOVEMBER 28 2014......SUNRISE   654 AM CST   SUNSET   521 PM CST
NOVEMBER 29 2014......SUNRISE   655 AM CST   SUNSET   521 PM CST


-  INDICATES NEGATIVE NUMBERS.
R  INDICATES RECORD WAS SET OR TIED.
MM INDICATES DATA IS MISSING.
T  INDICATES TRACE AMOUNT.




$$
