000
CDUS44 KHGX 200817
CLIGLS


CLIMATE REPORT
NATIONAL WEATHER SERVICE HOUSTON/GALVESTON TX
217 AM CST TUE FEB 20 2018


...................................

...THE GALVESTON CLIMATE SUMMARY FOR FEBRUARY 19 2018...

CLIMATE NORMAL PERIOD 1981 TO 2010
CLIMATE RECORD PERIOD 1875 TO 2018


WEATHER ITEM   OBSERVED TIME   RECORD YEAR NORMAL DEPARTURE LAST
                VALUE   (LST)  VALUE       VALUE  FROM      YEAR
                                                  NORMAL
..................................................................
TEMPERATURE (F)
 YESTERDAY
  MAXIMUM         77R   124 PM  75    2017  65     12       75
                                      1894
  MINIMUM         66    436 AM  32    1978  52     14       69
  AVERAGE         72                        58     14       72

PRECIPITATION (IN)
  YESTERDAY        0.00          1.46 1905   0.09  -0.09     0.00
  MONTH TO DATE    0.62                      1.69  -1.07     2.73
  SINCE DEC 1     11.08                      9.41   1.67    14.70
  SINCE JAN 1      3.94                      5.89  -1.95     3.62

SNOWFALL (IN)
  YESTERDAY        0.0           0.0  2002  MM     MM        0.0
  MONTH TO DATE    0.0                      MM     MM        0.0
  SINCE DEC 1      T                         0.0    0.0      0.0
  SINCE JUL 1      T                         0.0    0.0      0.0
  SNOW DEPTH       0

DEGREE DAYS
 HEATING
  YESTERDAY        0                         7     -7        0
  MONTH TO DATE   80                       160    -80       27
  SINCE DEC 1    734                       726      8      295
  SINCE JUL 1    777                       829    -52      307

 COOLING
  YESTERDAY        7                         0      7        7
  MONTH TO DATE   35                         0     35       72
  SINCE DEC 1     61                        24     37      219
  SINCE JAN 1     35                         5     30      141
..................................................................


WIND (MPH)
  RESULTANT WIND SPEED  16   RESULTANT WIND DIRECTION  SE (140)
  HIGHEST WIND SPEED    21   HIGHEST WIND DIRECTION    SE (120)
  HIGHEST GUST SPEED    28   HIGHEST GUST DIRECTION    SE (120)
  AVERAGE WIND SPEED    16.6


SKY COVER
  AVERAGE SKY COVER 0.5


WEATHER CONDITIONS
 THE FOLLOWING WEATHER WAS RECORDED YESTERDAY.
  FOG
  HAZE


RELATIVE HUMIDITY (PERCENT)
 HIGHEST   100
 LOWEST     74
 AVERAGE    87

..........................................................


THE GALVESTON CLIMATE NORMALS FOR TODAY
                         NORMAL    RECORD    YEAR
 MAXIMUM TEMPERATURE (F)   65        75      2005
                                             1890
 MINIMUM TEMPERATURE (F)   52        34      1908


SUNRISE AND SUNSET
FEBRUARY 20 2018......SUNRISE   654 AM CST   SUNSET   613 PM CST
FEBRUARY 21 2018......SUNRISE   653 AM CST   SUNSET   614 PM CST


-  INDICATES NEGATIVE NUMBERS.
R  INDICATES RECORD WAS SET OR TIED.
MM INDICATES DATA IS MISSING.
T  INDICATES TRACE AMOUNT.




$$
