000
CDUS44 KHGX 080833
CLIGLS


CLIMATE REPORT
NATIONAL WEATHER SERVICE HOUSTON/GALVESTON TX
232 AM CST MON FEB 8 2016


...................................

...THE GALVESTON CLIMATE SUMMARY FOR FEBRUARY 7 2016...

CLIMATE NORMAL PERIOD 1981 TO 2010
CLIMATE RECORD PERIOD 1875 TO 2016


WEATHER ITEM   OBSERVED TIME   RECORD YEAR NORMAL DEPARTURE LAST
                VALUE   (LST)  VALUE       VALUE  FROM      YEAR
                                                  NORMAL
..................................................................
TEMPERATURE (F)
 YESTERDAY
  MAXIMUM         59    450 PM  76    1904  63     -4       65
  MINIMUM         43    732 AM  15    1895  50     -7       48
  AVERAGE         51                        56     -5       57

PRECIPITATION (IN)
  YESTERDAY        0.00          1.62 1935   0.09  -0.09     0.00
  MONTH TO DATE    0.03                      0.62  -0.59     0.44
  SINCE DEC 1      6.59                      8.34  -1.75     9.75
  SINCE JAN 1      3.10                      4.82  -1.72     5.88

SNOWFALL (IN)
  YESTERDAY        0.0           0.1  1899  MM     MM        0.0
  MONTH TO DATE    0.0                      MM     MM        0.0
  SINCE DEC 1      0.0                      MM     MM        0.0
  SINCE JUL 1      0.0                      MM     MM        0.0
  SNOW DEPTH       0

DEGREE DAYS
 HEATING
  YESTERDAY       14                         9      5        8
  MONTH TO DATE   67                        63      4       86
  SINCE DEC 1    557                       629    -72      704
  SINCE JUL 1    610                       732   -122      855

 COOLING
  YESTERDAY        0                         0      0        0
  MONTH TO DATE    1                         0      1        0
  SINCE DEC 1     52                        24     28       21
  SINCE JAN 1      2                         5     -3        0
..................................................................


WIND (MPH)
  RESULTANT WIND SPEED   3   RESULTANT WIND DIRECTION  SE (140)
  HIGHEST WIND SPEED    15   HIGHEST WIND DIRECTION     S (170)
  HIGHEST GUST SPEED    19   HIGHEST GUST DIRECTION     S (170)
  AVERAGE WIND SPEED     5.9


SKY COVER
  AVERAGE SKY COVER 0.0


WEATHER CONDITIONS
 THE FOLLOWING WEATHER WAS RECORDED YESTERDAY.
  NO SIGNIFICANT WEATHER WAS OBSERVED.


RELATIVE HUMIDITY (PERCENT)
 HIGHEST    93
 LOWEST     62
 AVERAGE    78

..........................................................


THE GALVESTON CLIMATE NORMALS FOR TODAY
                         NORMAL    RECORD    YEAR
 MAXIMUM TEMPERATURE (F)   63        76      1950
 MINIMUM TEMPERATURE (F)   50        15      1895


SUNRISE AND SUNSET
FEBRUARY  8 2016......SUNRISE   704 AM CST   SUNSET   603 PM CST
FEBRUARY  9 2016......SUNRISE   704 AM CST   SUNSET   604 PM CST


-  INDICATES NEGATIVE NUMBERS.
R  INDICATES RECORD WAS SET OR TIED.
MM INDICATES DATA IS MISSING.
T  INDICATES TRACE AMOUNT.




$$
