000
CDUS42 KJAX 302135
CLIGNV


CLIMATE REPORT
NATIONAL WEATHER SERVICE JACKSONVILLE FL
534 PM EDT SUN APR 30 2017


...................................

...THE GAINESVILLE CLIMATE SUMMARY FOR APRIL 30 2017...
VALID TODAY AS OF 0500 PM LOCAL TIME.

CLIMATE NORMAL PERIOD 1981 TO 2010
CLIMATE RECORD PERIOD 1890 TO 2017


WEATHER ITEM   OBSERVED TIME   RECORD YEAR NORMAL DEPARTURE LAST
                VALUE   (LST)  VALUE       VALUE  FROM      YEAR
                                                  NORMAL
..................................................................
TEMPERATURE (F)
 TODAY
  MAXIMUM         93    344 PM  95    1906  84      9       89
  MINIMUM         69    557 AM  42    2008  58     11       67
  AVERAGE         81                        71     10       78

PRECIPITATION (IN)
  TODAY            0.00          2.53 2010   0.07  -0.07     0.00
  MONTH TO DATE    2.74                      2.67   0.07     1.66
  SINCE MAR 1      3.41                      7.00  -3.59     4.01
  SINCE JAN 1      5.25                     13.51  -8.26    10.86

SNOWFALL (IN)
  TODAY            0.0           0.0    MM   0.0    0.0      0.0
  MONTH TO DATE    0.0                       0.0    0.0      0.0
  SINCE MAR 1      0.0                       0.0    0.0      0.0
  SINCE JUL 1      0.0                       0.0    0.0      0.0
  SNOW DEPTH       0

DEGREE DAYS
 HEATING
  TODAY            0                         1     -1        0
  MONTH TO DATE   18                        45    -27        9
  SINCE MAR 1    143                       180    -37       83
  SINCE JUL 1    646                      1214   -568      848

 COOLING
  TODAY           16                         6     10       13
  MONTH TO DATE  182                       121     61      139
  SINCE MAR 1    255                       175     80      268
  SINCE JAN 1    339                       207    132      293
..................................................................


WIND (MPH)
  HIGHEST WIND SPEED    21   HIGHEST WIND DIRECTION    SE (150)
  HIGHEST GUST SPEED    28   HIGHEST GUST DIRECTION    SE (150)
  AVERAGE WIND SPEED    11.1


SKY COVER
  POSSIBLE SUNSHINE  MM
  AVERAGE SKY COVER 0.4


WEATHER CONDITIONS
 THE FOLLOWING WEATHER WAS RECORDED TODAY.
  NO SIGNIFICANT WEATHER WAS OBSERVED.


RELATIVE HUMIDITY (PERCENT)
 HIGHEST    97           500 AM
 LOWEST     36           300 PM
 AVERAGE    67

..........................................................


THE GAINESVILLE CLIMATE NORMALS FOR TOMORROW
                         NORMAL    RECORD    YEAR
 MAXIMUM TEMPERATURE (F)   84        95      1914
                                             1906
 MINIMUM TEMPERATURE (F)   58        47      1908


SUNRISE AND SUNSET
APRIL 30 2017.........SUNRISE   647 AM EDT   SUNSET   806 PM EDT
MAY  1 2017...........SUNRISE   646 AM EDT   SUNSET   806 PM EDT


-  INDICATES NEGATIVE NUMBERS.
R  INDICATES RECORD WAS SET OR TIED.
MM INDICATES DATA IS MISSING.
T  INDICATES TRACE AMOUNT.




$$
