000
CDUS42 KJAX 160541
CLIGNV


CLIMATE REPORT
NATIONAL WEATHER SERVICE JACKSONVILLE
131 AM EDT WED APR 16 2014


...................................

...THE GAINESVILLE CLIMATE SUMMARY FOR APRIL 15 2014...

CLIMATE NORMAL PERIOD 1981 TO 2010
CLIMATE RECORD PERIOD 1890 TO 2014


WEATHER ITEM   OBSERVED TIME   RECORD YEAR NORMAL DEPARTURE LAST
                VALUE   (LST)  VALUE       VALUE  FROM      YEAR
                                                  NORMAL
..................................................................
TEMPERATURE (F)
 YESTERDAY
  MAXIMUM         80    959 AM  92    1936  80      0       88
  MINIMUM         50   1159 PM  38    1950  55     -5       59
  AVERAGE         65                        67     -2       74

PRECIPITATION (IN)
  YESTERDAY        0.15          1.88 1958   0.08   0.07     0.00
  MONTH TO DATE    1.23                      1.47  -0.24     2.47
  SINCE MAR 1      6.73                      5.80   0.93     3.45
  SINCE JAN 1     16.30                     12.31   3.99     5.42

SNOWFALL (IN)
  YESTERDAY        0.0           0.0    MM   0.0    0.0      0.0
  MONTH TO DATE    0.0                       0.0    0.0      0.0
  SINCE MAR 1      0.0                       0.0    0.0      0.0
  SINCE JUL 1      0.0                       0.0    0.0      0.0
  SNOW DEPTH       0

DEGREE DAYS
 HEATING
  YESTERDAY        0                         1     -1        0
  MONTH TO DATE    5                        30    -25        9
  SINCE MAR 1    168                       167      1      289
  SINCE JUL 1   1078                      1201   -123     1021

 COOLING
  YESTERDAY        0                         4     -4        9
  MONTH TO DATE   59                        47     12       78
  SINCE MAR 1     84                       101    -17       96
  SINCE JAN 1    121                       133    -12      196
..................................................................


WIND (MPH)
  HIGHEST WIND SPEED    24   HIGHEST WIND DIRECTION     W (260)
  HIGHEST GUST SPEED    32   HIGHEST GUST DIRECTION     W (260)
  AVERAGE WIND SPEED    11.1


SKY COVER
  POSSIBLE SUNSHINE  MM
  AVERAGE SKY COVER 0.8


WEATHER CONDITIONS
 THE FOLLOWING WEATHER WAS RECORDED YESTERDAY.
  HEAVY RAIN
  LIGHT RAIN
  FOG


RELATIVE HUMIDITY (PERCENT)
 HIGHEST   100           400 AM
 LOWEST     74          1000 AM
 AVERAGE    87

..........................................................


THE GAINESVILLE CLIMATE NORMALS FOR TODAY
                         NORMAL    RECORD    YEAR
 MAXIMUM TEMPERATURE (F)   80        90      1967
                                             1954
                                             1945
 MINIMUM TEMPERATURE (F)   55        37      1962


SUNRISE AND SUNSET
APRIL 16 2014.........SUNRISE   701 AM EDT   SUNSET   757 PM EDT
APRIL 17 2014.........SUNRISE   700 AM EDT   SUNSET   757 PM EDT


-  INDICATES NEGATIVE NUMBERS.
R  INDICATES RECORD WAS SET OR TIED.
MM INDICATES DATA IS MISSING.
T  INDICATES TRACE AMOUNT.




$$
