000
CDUS42 KJAX 262129
CLIGNV


CLIMATE REPORT
NATIONAL WEATHER SERVICE JACKSONVILLE FL
528 PM EDT THU MAR 26 2015


...................................

...THE GAINESVILLE CLIMATE SUMMARY FOR MARCH 26 2015...
VALID TODAY AS OF 0500 PM LOCAL TIME.

CLIMATE NORMAL PERIOD 1981 TO 2010
CLIMATE RECORD PERIOD 1890 TO 2015


WEATHER ITEM   OBSERVED TIME   RECORD YEAR NORMAL DEPARTURE LAST
                VALUE   (LST)  VALUE       VALUE  FROM      YEAR
                                                  NORMAL
..................................................................
TEMPERATURE (F)
 TODAY
  MAXIMUM         81    339 PM  93    1907  76      5       62
  MINIMUM         57    420 AM  34    2013  52      5       39
                                      2006
                                      1983
  AVERAGE         69                        64      5       51

PRECIPITATION (IN)
  TODAY            0.06          1.54 1926   0.13  -0.07     0.00
  MONTH TO DATE    0.81                      3.70  -2.89     3.60
  SINCE MAR 1      0.81                      3.70  -2.89     3.60
  SINCE JAN 1      6.07                     10.21  -4.14    13.17

SNOWFALL (IN)
  TODAY            0.0           0.0    MM   0.0    0.0      0.0
  MONTH TO DATE    0.0                       0.0    0.0      0.0
  SINCE MAR 1      0.0                       0.0    0.0      0.0
  SINCE JUL 1      0.0                       0.0    0.0      0.0
  SNOW DEPTH       0

DEGREE DAYS
 HEATING
  TODAY            0                         3     -3       14
  MONTH TO DATE   28                       123    -95      147
  SINCE MAR 1     28                       123    -95      147
  SINCE JUL 1   1179                      1157     22     1057

 COOLING
  TODAY            4                         2      2        0
  MONTH TO DATE  135                        46     89       18
  SINCE MAR 1    135                        46     89       18
  SINCE JAN 1    150                        78     72       55
..................................................................


WIND (MPH)
  HIGHEST WIND SPEED    18   HIGHEST WIND DIRECTION    SW (230)
  HIGHEST GUST SPEED    24   HIGHEST GUST DIRECTION    SW (220)
  AVERAGE WIND SPEED     3.6


SKY COVER
  POSSIBLE SUNSHINE  MM
  AVERAGE SKY COVER 0.7


WEATHER CONDITIONS
 THE FOLLOWING WEATHER WAS RECORDED TODAY.
  RAIN
  LIGHT RAIN
  FOG
  FOG W/VISIBILITY <= 1/4 MILE


RELATIVE HUMIDITY (PERCENT)
 HIGHEST   100           200 AM
 LOWEST     58           400 PM
 AVERAGE    79

..........................................................


THE GAINESVILLE CLIMATE NORMALS FOR TOMORROW
                         NORMAL    RECORD    YEAR
 MAXIMUM TEMPERATURE (F)   76        91      1949
 MINIMUM TEMPERATURE (F)   52        30      2013


SUNRISE AND SUNSET
MARCH 26 2015.........SUNRISE   726 AM EDT   SUNSET   744 PM EDT
MARCH 27 2015.........SUNRISE   725 AM EDT   SUNSET   745 PM EDT


-  INDICATES NEGATIVE NUMBERS.
R  INDICATES RECORD WAS SET OR TIED.
MM INDICATES DATA IS MISSING.
T  INDICATES TRACE AMOUNT.




$$
