000
CDUS42 KJAX 040532
CLIGNV


CLIMATE REPORT
NATIONAL WEATHER SERVICE JACKSONVILLE FL
1231 AM EST SUN DEC 4 2016


...................................

...THE GAINESVILLE CLIMATE SUMMARY FOR DECEMBER 3 2016...

CLIMATE NORMAL PERIOD 1981 TO 2010
CLIMATE RECORD PERIOD 1890 TO 2016


WEATHER ITEM   OBSERVED TIME   RECORD YEAR NORMAL DEPARTURE LAST
                VALUE   (LST)  VALUE       VALUE  FROM      YEAR
                                                  NORMAL
..................................................................
TEMPERATURE (F)
 YESTERDAY
  MAXIMUM         73    336 PM  86    1978  70      3       69
  MINIMUM         42    425 AM  23    1911  47     -5       54
  AVERAGE         58                        59     -1       62

PRECIPITATION (IN)
  YESTERDAY        0.00          2.19 1971   0.08  -0.08      T
  MONTH TO DATE    0.11                      0.22  -0.11     0.06
  SINCE DEC 1      0.11                      0.22  -0.11     0.06
  SINCE JAN 1     39.47                     45.15  -5.68    45.27

SNOWFALL (IN)
  YESTERDAY        0.0           0.0    MM   0.0    0.0      0.0
  MONTH TO DATE    0.0                       0.0    0.0      0.0
  SINCE DEC 1      0.0                       0.0    0.0      0.0
  SINCE JUL 1      0.0                       0.0    0.0      0.0
  SNOW DEPTH       0

DEGREE DAYS
 HEATING
  YESTERDAY        7                         7      0        3
  MONTH TO DATE   19                        21     -2        3
  SINCE DEC 1     19                        21     -2        3
  SINCE JUL 1    125                       182    -57       42

 COOLING
  YESTERDAY        0                         1     -1        0
  MONTH TO DATE    0                         3     -3       12
  SINCE DEC 1      0                         3     -3       12
  SINCE JAN 1   3034                      2619    415     3138
..................................................................


WIND (MPH)
  HIGHEST WIND SPEED    15   HIGHEST WIND DIRECTION    NE (50)
  HIGHEST GUST SPEED    20   HIGHEST GUST DIRECTION    NE (50)
  AVERAGE WIND SPEED     6.3


SKY COVER
  POSSIBLE SUNSHINE  MM
  AVERAGE SKY COVER 0.0


WEATHER CONDITIONS
 THE FOLLOWING WEATHER WAS RECORDED YESTERDAY.
  NO SIGNIFICANT WEATHER WAS OBSERVED.


RELATIVE HUMIDITY (PERCENT)
 HIGHEST    77          1100 PM
 LOWEST     41           300 PM
 AVERAGE    59

..........................................................


THE GAINESVILLE CLIMATE NORMALS FOR TODAY
                         NORMAL    RECORD    YEAR
 MAXIMUM TEMPERATURE (F)   70        84      1982
                                             1978
                                             1933
 MINIMUM TEMPERATURE (F)   47        24      1989


SUNRISE AND SUNSET
DECEMBER  4 2016......SUNRISE   709 AM EST   SUNSET   530 PM EST
DECEMBER  5 2016......SUNRISE   710 AM EST   SUNSET   530 PM EST


-  INDICATES NEGATIVE NUMBERS.
R  INDICATES RECORD WAS SET OR TIED.
MM INDICATES DATA IS MISSING.
T  INDICATES TRACE AMOUNT.




$$
