000
CDUS42 KJAX 240531
CLIGNV


CLIMATE REPORT
NATIONAL WEATHER SERVICE JACKSONVILLE FL
131 AM EDT FRI MAR 24 2017


...................................

...THE GAINESVILLE CLIMATE SUMMARY FOR MARCH 23 2017...

CLIMATE NORMAL PERIOD 1981 TO 2010
CLIMATE RECORD PERIOD 1890 TO 2017


WEATHER ITEM   OBSERVED TIME   RECORD YEAR NORMAL DEPARTURE LAST
                VALUE   (LST)  VALUE       VALUE  FROM      YEAR
                                                  NORMAL
..................................................................
TEMPERATURE (F)
 YESTERDAY
  MAXIMUM         77   1258 PM  95    1907  76      1       79
  MINIMUM         55   1159 PM  29    1915  51      4       42
  AVERAGE         66                        63      3       61

PRECIPITATION (IN)
  YESTERDAY        0.00          1.83 1974   0.13  -0.13     0.00
  MONTH TO DATE    0.67                      3.32  -2.65     1.48
  SINCE MAR 1      0.67                      3.32  -2.65     1.48
  SINCE JAN 1      2.51                      9.83  -7.32     8.33

SNOWFALL (IN)
  YESTERDAY        0.0           0.0    MM   0.0    0.0      0.0
  MONTH TO DATE    0.0                       0.0    0.0      0.0
  SINCE MAR 1      0.0                       0.0    0.0      0.0
  SINCE JUL 1      0.0                       0.0    0.0      0.0
  SNOW DEPTH       0

DEGREE DAYS
 HEATING
  YESTERDAY        0                         3     -3        4
  MONTH TO DATE  125                       114     11       74
  SINCE MAR 1    125                       114     11       74
  SINCE JUL 1    628                      1148   -520      839

 COOLING
  YESTERDAY        1                         2     -1        0
  MONTH TO DATE   34                        40     -6       77
  SINCE MAR 1     34                        40     -6       77
  SINCE JAN 1    118                        72     46      102
..................................................................


WIND (MPH)
  HIGHEST WIND SPEED    24   HIGHEST WIND DIRECTION     E (70)
  HIGHEST GUST SPEED    32   HIGHEST GUST DIRECTION    NE (60)
  AVERAGE WIND SPEED    10.6


SKY COVER
  POSSIBLE SUNSHINE  MM
  AVERAGE SKY COVER 0.6


WEATHER CONDITIONS
 THE FOLLOWING WEATHER WAS RECORDED YESTERDAY.
  NO SIGNIFICANT WEATHER WAS OBSERVED.


RELATIVE HUMIDITY (PERCENT)
 HIGHEST    90           300 AM
 LOWEST     53           400 PM
 AVERAGE    72

..........................................................


THE GAINESVILLE CLIMATE NORMALS FOR TODAY
                         NORMAL    RECORD    YEAR
 MAXIMUM TEMPERATURE (F)   76        95      1907
 MINIMUM TEMPERATURE (F)   51        30      1968


SUNRISE AND SUNSET
MARCH 24 2017.........SUNRISE   728 AM EDT   SUNSET   743 PM EDT
MARCH 25 2017.........SUNRISE   727 AM EDT   SUNSET   744 PM EDT


-  INDICATES NEGATIVE NUMBERS.
R  INDICATES RECORD WAS SET OR TIED.
MM INDICATES DATA IS MISSING.
T  INDICATES TRACE AMOUNT.




$$
