000
CDUS42 KJAX 180627
CLIGNV


CLIMATE REPORT
NATIONAL WEATHER SERVICE JACKSONVILLE FL
126 AM EST SAT NOV 18 2017


...................................

...THE GAINESVILLE CLIMATE SUMMARY FOR NOVEMBER 17 2017...

CLIMATE NORMAL PERIOD 1981 TO 2010
CLIMATE RECORD PERIOD 1890 TO 2017


WEATHER ITEM   OBSERVED TIME   RECORD YEAR NORMAL DEPARTURE LAST
                VALUE   (LST)  VALUE       VALUE  FROM      YEAR
                                                  NORMAL
..................................................................
TEMPERATURE (F)
 YESTERDAY
  MAXIMUM         74    341 PM  89    1957  74      0       78
  MINIMUM         41    248 AM  26    1970  51    -10       42
                                      1940
  AVERAGE         58                        62     -4       60

PRECIPITATION (IN)
  YESTERDAY        0.00          2.29 1951   0.07  -0.07     0.00
  MONTH TO DATE    T                         1.19  -1.19     0.02
  SINCE SEP 1     16.85                      8.49   8.36     9.64
  SINCE JAN 1     65.90                     44.06  21.84    39.36

SNOWFALL (IN)
  YESTERDAY        0.0           0.0    MM   0.0    0.0      0.0
  MONTH TO DATE    0.0                       0.0    0.0      0.0
  SINCE SEP 1      0.0                       0.0    0.0      0.0
  SINCE JUL 1      0.0                       0.0    0.0      0.0
  SNOW DEPTH       0

DEGREE DAYS
 HEATING
  YESTERDAY        7                         5      2        5
  MONTH TO DATE   37                        58    -21       31
  SINCE SEP 1     89                        85      4       47
  SINCE JUL 1     89                        85      4       47

 COOLING
  YESTERDAY        0                         2     -2        0
  MONTH TO DATE   41                        47     -6       52
  SINCE SEP 1    724                       653     71      770
  SINCE JAN 1   2884                      2597    287     3013
..................................................................


WIND (MPH)
  HIGHEST WIND SPEED    12   HIGHEST WIND DIRECTION    NE (60)
  HIGHEST GUST SPEED    14   HIGHEST GUST DIRECTION     E (100)
  AVERAGE WIND SPEED     3.4


SKY COVER
  POSSIBLE SUNSHINE  MM
  AVERAGE SKY COVER 0.1


WEATHER CONDITIONS
 THE FOLLOWING WEATHER WAS RECORDED YESTERDAY.
  NO SIGNIFICANT WEATHER WAS OBSERVED.


RELATIVE HUMIDITY (PERCENT)
 HIGHEST   100           200 AM
 LOWEST     41           200 PM
 AVERAGE    71

..........................................................


THE GAINESVILLE CLIMATE NORMALS FOR TODAY
                         NORMAL    RECORD    YEAR
 MAXIMUM TEMPERATURE (F)   74        88      1957
 MINIMUM TEMPERATURE (F)   50        29      1970


SUNRISE AND SUNSET
NOVEMBER 18 2017......SUNRISE   656 AM EST   SUNSET   532 PM EST
NOVEMBER 19 2017......SUNRISE   657 AM EST   SUNSET   532 PM EST


-  INDICATES NEGATIVE NUMBERS.
R  INDICATES RECORD WAS SET OR TIED.
MM INDICATES DATA IS MISSING.
T  INDICATES TRACE AMOUNT.




$$
