000
CDUS42 KJAX 300531
CLIGNV


CLIMATE REPORT
NATIONAL WEATHER SERVICE JACKSONVILLE FL
131 AM EDT WED JUL 30 2014


...................................

...THE GAINESVILLE CLIMATE SUMMARY FOR JULY 29 2014...

CLIMATE NORMAL PERIOD 1981 TO 2010
CLIMATE RECORD PERIOD 1890 TO 2014


WEATHER ITEM   OBSERVED TIME   RECORD YEAR NORMAL DEPARTURE LAST
                VALUE   (LST)  VALUE       VALUE  FROM      YEAR
                                                  NORMAL
..................................................................
TEMPERATURE (F)
 YESTERDAY
  MAXIMUM         93    413 PM  99    1896  91      2       93
  MINIMUM         73   1159 PM  66    1919  72      1       71
  AVERAGE         83                        81      2       82

PRECIPITATION (IN)
  YESTERDAY        0.00          2.19 1917   0.18  -0.18     0.00
  MONTH TO DATE    6.79                      5.70   1.09    13.10
  SINCE JUN 1     11.31                     12.82  -1.51    19.35
  SINCE JAN 1     31.85                     28.81   3.04    30.35

SNOWFALL (IN)
  YESTERDAY        0.0           0.0    MM   0.0    0.0      0.0
  MONTH TO DATE    0.0                       0.0    0.0      0.0
  SINCE JUN 1      0.0                       0.0    0.0      0.0
  SINCE JUL 1      0.0                       0.0    0.0      0.0
  SNOW DEPTH       0

DEGREE DAYS
 HEATING
  YESTERDAY        0                         0      0        0
  MONTH TO DATE    0                         0      0        0
  SINCE JUN 1      0                         0      0        0
  SINCE JUL 1      0                         0      0        0

 COOLING
  YESTERDAY       18                        16      2       17
  MONTH TO DATE  464                       464      0      463
  SINCE JUN 1    892                       903    -11      951
  SINCE JAN 1   1393                      1413    -20     1483
..................................................................


WIND (MPH)
  HIGHEST WIND SPEED    18   HIGHEST WIND DIRECTION     W (260)
  HIGHEST GUST SPEED    26   HIGHEST GUST DIRECTION     W (270)
  AVERAGE WIND SPEED     7.6


SKY COVER
  POSSIBLE SUNSHINE  MM
  AVERAGE SKY COVER 0.2


WEATHER CONDITIONS
 THE FOLLOWING WEATHER WAS RECORDED YESTERDAY.
  NO SIGNIFICANT WEATHER WAS OBSERVED.


RELATIVE HUMIDITY (PERCENT)
 HIGHEST    97           300 AM
 LOWEST     41           500 PM
 AVERAGE    69

..........................................................


THE GAINESVILLE CLIMATE NORMALS FOR TODAY
                         NORMAL    RECORD    YEAR
 MAXIMUM TEMPERATURE (F)   91       100      1896
                                             1892
 MINIMUM TEMPERATURE (F)   72        62      1924


SUNRISE AND SUNSET
JULY 30 2014..........SUNRISE   647 AM EDT   SUNSET   823 PM EDT
JULY 31 2014..........SUNRISE   648 AM EDT   SUNSET   822 PM EDT


-  INDICATES NEGATIVE NUMBERS.
R  INDICATES RECORD WAS SET OR TIED.
MM INDICATES DATA IS MISSING.
T  INDICATES TRACE AMOUNT.




$$
