000
CDUS42 KJAX 050531
CLIGNV


CLIMATE REPORT
NATIONAL WEATHER SERVICE JACKSONVILLE FL
1230 AM EST THU MAR 5 2015


...................................

...THE GAINESVILLE CLIMATE SUMMARY FOR MARCH 4 2015...

CLIMATE NORMAL PERIOD 1981 TO 2010
CLIMATE RECORD PERIOD 1890 TO 2015


WEATHER ITEM   OBSERVED TIME   RECORD YEAR NORMAL DEPARTURE LAST
                VALUE   (LST)  VALUE       VALUE  FROM      YEAR
                                                  NORMAL
..................................................................
TEMPERATURE (F)
 YESTERDAY
  MAXIMUM         84    316 PM  89    1997  73     11       67
  MINIMUM         59    643 AM  24    1943  48     11       47
  AVERAGE         72                        60     12       57

PRECIPITATION (IN)
  YESTERDAY        0.00          2.45 1988   0.16  -0.16     0.00
  MONTH TO DATE    0.11                      0.60  -0.49     0.00
  SINCE MAR 1      0.11                      0.60  -0.49     0.00
  SINCE JAN 1      5.37                      7.11  -1.74     9.57

SNOWFALL (IN)
  YESTERDAY        0.0           0.0    MM   0.0    0.0      0.0
  MONTH TO DATE    0.0                       0.0    0.0      0.0
  SINCE MAR 1      0.0                       0.0    0.0      0.0
  SINCE JUL 1      0.0                       0.0    0.0      0.0
  SNOW DEPTH       0

DEGREE DAYS
 HEATING
  YESTERDAY        0                         6     -6        8
  MONTH TO DATE    1                        24    -23       19
  SINCE MAR 1      1                        24    -23       19
  SINCE JUL 1   1152                      1058     94      929

 COOLING
  YESTERDAY        7                         1      6        0
  MONTH TO DATE   19                         4     15        0
  SINCE MAR 1     19                         4     15        0
  SINCE JAN 1     34                        36     -2       37
..................................................................


WIND (MPH)
  HIGHEST WIND SPEED    21   HIGHEST WIND DIRECTION    SW (240)
  HIGHEST GUST SPEED    27   HIGHEST GUST DIRECTION     W (250)
  AVERAGE WIND SPEED     7.7


SKY COVER
  POSSIBLE SUNSHINE  MM
  AVERAGE SKY COVER 0.3


WEATHER CONDITIONS
 THE FOLLOWING WEATHER WAS RECORDED YESTERDAY.
  FOG
  FOG W/VISIBILITY <= 1/4 MILE


RELATIVE HUMIDITY (PERCENT)
 HIGHEST   100           400 AM
 LOWEST     51           100 PM
 AVERAGE    76

..........................................................


THE GAINESVILLE CLIMATE NORMALS FOR TODAY
                         NORMAL    RECORD    YEAR
 MAXIMUM TEMPERATURE (F)   73        87      1997
                                             1985
                                             1976
 MINIMUM TEMPERATURE (F)   48        28      2002


SUNRISE AND SUNSET
MARCH  5 2015.........SUNRISE   651 AM EST   SUNSET   631 PM EST
MARCH  6 2015.........SUNRISE   650 AM EST   SUNSET   632 PM EST


-  INDICATES NEGATIVE NUMBERS.
R  INDICATES RECORD WAS SET OR TIED.
MM INDICATES DATA IS MISSING.
T  INDICATES TRACE AMOUNT.




$$
