000
CDUS42 KJAX 190626
CLIGNV


CLIMATE REPORT
NATIONAL WEATHER SERVICE JACKSONVILLE FL
126 AM EST FRI JAN 19 2018


...................................

...THE GAINESVILLE CLIMATE SUMMARY FOR JANUARY 18 2018...

CLIMATE NORMAL PERIOD 1981 TO 2010
CLIMATE RECORD PERIOD 1890 TO 2018


WEATHER ITEM   OBSERVED TIME   RECORD YEAR NORMAL DEPARTURE LAST
                VALUE   (LST)  VALUE       VALUE  FROM      YEAR
                                                  NORMAL
..................................................................
TEMPERATURE (F)
 YESTERDAY
  MAXIMUM         51        MM  85    1937  66    -15       79
  MINIMUM         21        MM  20    1977  42    -21       52
  AVERAGE         36                        54    -18       66

PRECIPITATION (IN)
  YESTERDAY        0.00          1.62 1924   0.12  -0.12     0.00
  MONTH TO DATE    1.40                      1.75  -0.35     1.02
  SINCE DEC 1      4.05                      4.23  -0.18     3.71
  SINCE JAN 1      1.40                      1.75  -0.35     1.02

SNOWFALL (IN)
  YESTERDAY        0.0           0.0    MM   0.0    0.0      0.0
  MONTH TO DATE    0.0                       0.0    0.0      0.0
  SINCE DEC 1      0.0                       0.0    0.0      0.0
  SINCE JUL 1      0.0                       0.0    0.0      0.0
  SNOW DEPTH       0

DEGREE DAYS
 HEATING
  YESTERDAY       29                        11     18        0
  MONTH TO DATE  324                       206    118       91
  SINCE DEC 1    576                       502     74      229
  SINCE JUL 1    710                       663     47      335

 COOLING
  YESTERDAY        0                         0      0        1
  MONTH TO DATE    8                         0      8       19
  SINCE DEC 1     41                        22     19       95
  SINCE JAN 1      8                         0      8       19
..................................................................


WIND (MPH)
  HIGHEST WIND SPEED    13   HIGHEST WIND DIRECTION     N (340)
  HIGHEST GUST SPEED    MM   HIGHEST GUST DIRECTION    MM
  AVERAGE WIND SPEED     5.8


SKY COVER
  POSSIBLE SUNSHINE  MM
  AVERAGE SKY COVER 0.0


WEATHER CONDITIONS
 THE FOLLOWING WEATHER WAS RECORDED YESTERDAY.
  NO SIGNIFICANT WEATHER WAS OBSERVED.


RELATIVE HUMIDITY (PERCENT)
 HIGHEST    81          1100 PM
 LOWEST     21           300 PM
 AVERAGE    51

..........................................................


THE GAINESVILLE CLIMATE NORMALS FOR TODAY
                         NORMAL    RECORD    YEAR
 MAXIMUM TEMPERATURE (F)   66        85      1937
 MINIMUM TEMPERATURE (F)   42        20      1977


SUNRISE AND SUNSET
JANUARY 19 2018.......SUNRISE   724 AM EST   SUNSET   556 PM EST
JANUARY 20 2018.......SUNRISE   724 AM EST   SUNSET   557 PM EST


-  INDICATES NEGATIVE NUMBERS.
R  INDICATES RECORD WAS SET OR TIED.
MM INDICATES DATA IS MISSING.
T  INDICATES TRACE AMOUNT.




$$
