000
CDUS45 KMSO 160744
CLIGPI


CLIMATE REPORT
NATIONAL WEATHER SERVICE MISSOULA, MT
144 AM MDT WED APR 16 2014


...................................

...THE KALISPELL MT CLIMATE SUMMARY FOR APRIL 15 2014...

CLIMATE NORMAL PERIOD 1981 TO 2010
CLIMATE RECORD PERIOD 1894 TO 2014


WEATHER ITEM   OBSERVED TIME   RECORD YEAR NORMAL DEPARTURE LAST
                VALUE   (LST)  VALUE       VALUE  FROM      YEAR
                                                  NORMAL
..................................................................
TEMPERATURE (F)
 YESTERDAY
  MAXIMUM         50   1222 PM  80    1988  56     -6       40
  MINIMUM         31    505 AM  19    1973  31      0       26
  AVERAGE         41                        44     -3       33

PRECIPITATION (IN)
  YESTERDAY        0.06          0.62 1935   0.04   0.02     0.00
  MONTH TO DATE    0.19                      0.60  -0.41     0.70
  SINCE OCT 1      9.52                      7.99   1.53     8.03
  SINCE JAN 1      5.07                      3.99   1.08     2.65

SNOWFALL (IN)
  YESTERDAY        0.0
  MONTH TO DATE    T
  SINCE JAN 1     38.2
  SINCE JUL 1     71.7
  SNOW DEPTH       0

DEGREE DAYS
 HEATING
  YESTERDAY       24                        22      2       32
  MONTH TO DATE  338                       346     -8      363
  SINCE MAR 1   1293                      1265     28     1256
  SINCE JUL 1   7227                      7117    110     6543

 COOLING
  YESTERDAY        0                         0      0        0
  MONTH TO DATE    0                         0      0        0
  SINCE MAR 1      0                         0      0        0
  SINCE JAN 1      0                         0      0        0
..................................................................


WIND (MPH)
  HIGHEST WIND SPEED    26   HIGHEST WIND DIRECTION     W (260)
  HIGHEST GUST SPEED    37   HIGHEST GUST DIRECTION     W (280)
  AVERAGE WIND SPEED     4.2


SKY COVER
  POSSIBLE SUNSHINE  MM
  AVERAGE SKY COVER 0.8


WEATHER CONDITIONS
 THE FOLLOWING WEATHER WAS RECORDED YESTERDAY.
  LIGHT RAIN
  FOG


RELATIVE HUMIDITY (PERCENT)
 HIGHEST    92          1000 PM
 LOWEST     36          1200 PM
 AVERAGE    64

..........................................................


THE KALISPELL MT CLIMATE NORMALS FOR TODAY
                         NORMAL    RECORD    YEAR
 MAXIMUM TEMPERATURE (F)   56        82      1984
 MINIMUM TEMPERATURE (F)   31        21      1967


SUNRISE AND SUNSET
APRIL 16 2014.........SUNRISE   645 AM MDT   SUNSET   829 PM MDT
APRIL 17 2014.........SUNRISE   643 AM MDT   SUNSET   831 PM MDT


-  INDICATES NEGATIVE NUMBERS.
R  INDICATES RECORD WAS SET OR TIED.
MM INDICATES DATA IS MISSING.
T  INDICATES TRACE AMOUNT.




$$
