000
CDUS45 KMSO 290739
CLIGPI


CLIMATE REPORT
NATIONAL WEATHER SERVICE MISSOULA, MT
139 AM MDT WED JUL 29 2015


...................................

...THE KALISPELL MT CLIMATE SUMMARY FOR JULY 28 2015...

CLIMATE NORMAL PERIOD 1981 TO 2010
CLIMATE RECORD PERIOD 1894 TO 2015


WEATHER ITEM   OBSERVED TIME   RECORD YEAR NORMAL DEPARTURE LAST
                VALUE   (LST)  VALUE       VALUE  FROM      YEAR
                                                  NORMAL
..................................................................
TEMPERATURE (F)
 YESTERDAY
  MAXIMUM         76    453 PM 101    1934  84     -8       93
  MINIMUM         41    551 AM  36    1957  49     -8       51
  AVERAGE         59                        67     -8       72

PRECIPITATION (IN)
  YESTERDAY        0.00          0.81 1948   0.03  -0.03     0.00
  MONTH TO DATE    0.36                      1.36  -1.00     0.39
  SINCE OCT 1     12.80                     14.53  -1.73    17.33
  SINCE JAN 1      6.72                     10.53  -3.81    12.88

SNOWFALL (IN)
  YESTERDAY        0.0
  MONTH TO DATE    0.0
  SINCE JAN 1     32.9
  SINCE JUL 1      0.0
  SNOW DEPTH       0

DEGREE DAYS
 HEATING
  YESTERDAY        6                         1      5        0
  MONTH TO DATE   58                        74    -16       14
  SINCE JUN 1    139                       290   -151      267
  SINCE JUL 1     58                        74    -16       14

 COOLING
  YESTERDAY        0                         3     -3        7
  MONTH TO DATE   74                        58     16      106
  SINCE JUN 1    160                        71     89      106
  SINCE JAN 1    160                        74     86      106
..................................................................


WIND (MPH)
  HIGHEST WIND SPEED    17   HIGHEST WIND DIRECTION     W (270)
  HIGHEST GUST SPEED    22   HIGHEST GUST DIRECTION     S (170)
  AVERAGE WIND SPEED     5.8


SKY COVER
  POSSIBLE SUNSHINE  MM
  AVERAGE SKY COVER 0.5


WEATHER CONDITIONS
 THE FOLLOWING WEATHER WAS RECORDED YESTERDAY.
  FOG
  FOG W/VISIBILITY <= 1/4 MILE


RELATIVE HUMIDITY (PERCENT)
 HIGHEST   100           400 AM
 LOWEST     22           300 PM
 AVERAGE    61

..........................................................


THE KALISPELL MT CLIMATE NORMALS FOR TODAY
                         NORMAL    RECORD    YEAR
 MAXIMUM TEMPERATURE (F)   84        98      1934
 MINIMUM TEMPERATURE (F)   49        33      1959


SUNRISE AND SUNSET
JULY 29 2015..........SUNRISE   608 AM MDT   SUNSET   918 PM MDT
JULY 30 2015..........SUNRISE   609 AM MDT   SUNSET   917 PM MDT


-  INDICATES NEGATIVE NUMBERS.
R  INDICATES RECORD WAS SET OR TIED.
MM INDICATES DATA IS MISSING.
T  INDICATES TRACE AMOUNT.




$$
