000
CDUS45 KMSO 102343
CLIGPI


CLIMATE REPORT
NATIONAL WEATHER SERVICE MISSOULA, MT
442 PM MST SAT DEC 10 2016


...................................

...THE KALISPELL MT CLIMATE SUMMARY FOR DECEMBER 10 2016...
VALID TODAY AS OF 0400 PM LOCAL TIME.

CLIMATE NORMAL PERIOD 1981 TO 2010
CLIMATE RECORD PERIOD 1894 TO 2016


WEATHER ITEM   OBSERVED TIME   RECORD YEAR NORMAL DEPARTURE LAST
                VALUE   (LST)  VALUE       VALUE  FROM      YEAR
                                                  NORMAL
..................................................................
TEMPERATURE (F)
 TODAY
  MAXIMUM         15    259 PM  49    1939  30    -15       36
  MINIMUM          8   1110 AM -14    1961  17     -9       25
  AVERAGE         12                        23    -11       31

PRECIPITATION (IN)
  TODAY            0.41          0.84 1933   0.05   0.36     0.21
  MONTH TO DATE    0.87                      0.49   0.38     0.92
  SINCE OCT 1      6.35                      2.93   3.42     2.53
  SINCE JAN 1     19.44                     15.92   3.52    10.13

SNOWFALL (IN)
  TODAY            5.5
  MONTH TO DATE   14.7
  SINCE JAN 1     31.0
  SINCE JUL 1     16.4
  SNOW DEPTH       5

DEGREE DAYS
 HEATING
  TODAY           53                        42     11       34
  MONTH TO DATE  453                       404     49      323
  SINCE DEC 1    453                       404     49      323
  SINCE JUL 1   2412                      2608   -196     2342

 COOLING
  TODAY            0                         0      0        0
  MONTH TO DATE    0                         0      0        0
  SINCE DEC 1      0                         0      0        0
  SINCE JAN 1    157                       147     10      248
..................................................................


WIND (MPH)
  HIGHEST WIND SPEED     6   HIGHEST WIND DIRECTION     W (290)
  HIGHEST GUST SPEED     7   HIGHEST GUST DIRECTION    SE (120)
  AVERAGE WIND SPEED     0.5


SKY COVER
  POSSIBLE SUNSHINE  MM
  AVERAGE SKY COVER 1.0


WEATHER CONDITIONS
 THE FOLLOWING WEATHER WAS RECORDED TODAY.
  SNOW
  LIGHT SNOW
  FOG
  FOG W/VISIBILITY <= 1/4 MILE
  HAZE


RELATIVE HUMIDITY (PERCENT)
 HIGHEST    91           900 AM
 LOWEST     73           300 PM
 AVERAGE    82

..........................................................


THE KALISPELL MT CLIMATE NORMALS FOR TOMORROW
                         NORMAL    RECORD    YEAR
 MAXIMUM TEMPERATURE (F)   30        55      1924
 MINIMUM TEMPERATURE (F)   16       -15      1932


SUNRISE AND SUNSET
DECEMBER 10 2016......SUNRISE   818 AM MST   SUNSET   443 PM MST
DECEMBER 11 2016......SUNRISE   819 AM MST   SUNSET   443 PM MST


-  INDICATES NEGATIVE NUMBERS.
R  INDICATES RECORD WAS SET OR TIED.
MM INDICATES DATA IS MISSING.
T  INDICATES TRACE AMOUNT.




$$
