441
CDUS45 KMSO 090837
CLIGPI


CLIMATE REPORT
NATIONAL WEATHER SERVICE MISSOULA, MT
137 AM MST TUE FEB 9 2016


...................................

...THE KALISPELL MT CLIMATE SUMMARY FOR FEBRUARY 8 2016...

CLIMATE NORMAL PERIOD 1981 TO 2010
CLIMATE RECORD PERIOD 1894 TO 2016


WEATHER ITEM   OBSERVED TIME   RECORD YEAR NORMAL DEPARTURE LAST
                VALUE   (LST)  VALUE       VALUE  FROM      YEAR
                                                  NORMAL
..................................................................
TEMPERATURE (F)
 YESTERDAY
  MAXIMUM         45    332 PM  51    2015  35     10       51
  MINIMUM         25   1148 PM -26    1936  18      7       28
  AVERAGE         35                        26      9       40

PRECIPITATION (IN)
  YESTERDAY        0.00          0.60 1902   0.03  -0.03      T
  MONTH TO DATE    0.19                      0.27  -0.08     0.54
  SINCE OCT 1      5.72                      5.60   0.12     9.03
  SINCE JAN 1      1.67                      1.60   0.07     2.95

SNOWFALL (IN)
  YESTERDAY        0.0
  MONTH TO DATE    2.5
  SINCE JAN 1     14.1
  SINCE JUL 1     40.9
  SNOW DEPTH       5

DEGREE DAYS
 HEATING
  YESTERDAY       30                        39     -9       25
  MONTH TO DATE  309                       312     -3      247
  SINCE DEC 1   2688                      2899   -211     2778
  SINCE JUL 1   4707                      5103   -396     4776

 COOLING
  YESTERDAY        0                         0      0        0
  MONTH TO DATE    0                         0      0        0
  SINCE DEC 1      0                         0      0        0
  SINCE JAN 1      0                         0      0        0
..................................................................


WIND (MPH)
  HIGHEST WIND SPEED     6   HIGHEST WIND DIRECTION    SW (240)
  HIGHEST GUST SPEED     6   HIGHEST GUST DIRECTION    SW (240)
  AVERAGE WIND SPEED     1.0


SKY COVER
  POSSIBLE SUNSHINE  MM
  AVERAGE SKY COVER 0.8


WEATHER CONDITIONS
 THE FOLLOWING WEATHER WAS RECORDED YESTERDAY.
  NO SIGNIFICANT WEATHER WAS OBSERVED.


RELATIVE HUMIDITY (PERCENT)
 HIGHEST    92           900 AM
 LOWEST     51           500 PM
 AVERAGE    72

..........................................................


THE KALISPELL MT CLIMATE NORMALS FOR TODAY
                         NORMAL    RECORD    YEAR
 MAXIMUM TEMPERATURE (F)   35        47      1996
 MINIMUM TEMPERATURE (F)   18       -31      1933


SUNRISE AND SUNSET
FEBRUARY  9 2016......SUNRISE   754 AM MST   SUNSET   549 PM MST
FEBRUARY 10 2016......SUNRISE   753 AM MST   SUNSET   550 PM MST


-  INDICATES NEGATIVE NUMBERS.
R  INDICATES RECORD WAS SET OR TIED.
MM INDICATES DATA IS MISSING.
T  INDICATES TRACE AMOUNT.




$$
