000
CDUS45 KMSO 260747
CLIGPI


CLIMATE REPORT
NATIONAL WEATHER SERVICE MISSOULA, MT
147 AM MDT MON JUN 26 2017


...................................

...THE KALISPELL MT CLIMATE SUMMARY FOR JUNE 25 2017...

CLIMATE NORMAL PERIOD 1981 TO 2010
CLIMATE RECORD PERIOD 1894 TO 2017


WEATHER ITEM   OBSERVED TIME   RECORD YEAR NORMAL DEPARTURE LAST
                VALUE   (LST)  VALUE       VALUE  FROM      YEAR
                                                  NORMAL
..................................................................
TEMPERATURE (F)
 YESTERDAY
  MAXIMUM         86    508 PM  93    1962  75     11       65
  MINIMUM         44    343 AM  31    1985  46     -2       47
  AVERAGE         65                        60      5       56

PRECIPITATION (IN)
  YESTERDAY        0.00          1.05 1915   0.08  -0.08     0.11
  MONTH TO DATE    1.36                      2.19  -0.83     1.34
  SINCE OCT 1     18.21                     12.80   5.41    13.68
  SINCE JAN 1     10.98                      8.80   2.18     9.63

SNOWFALL (IN)
  YESTERDAY        0.0
  MONTH TO DATE    0.0
  SINCE JAN 1     54.5
  SINCE JUL 1     89.8
  SNOW DEPTH       0

DEGREE DAYS
 HEATING
  YESTERDAY        0                         6     -6        9
  MONTH TO DATE  150                       190    -40      173
  SINCE JUN 1    150                       190    -40      173
  SINCE JUL 1   8273                      8013    260     7123

 COOLING
  YESTERDAY        0                         1     -1        0
  MONTH TO DATE   13                         6      7       21
  SINCE JUN 1     13                         6      7       21
  SINCE JAN 1     18                         9      9       21
..................................................................


WIND (MPH)
  HIGHEST WIND SPEED    16   HIGHEST WIND DIRECTION    NE (30)
  HIGHEST GUST SPEED    20   HIGHEST GUST DIRECTION    NE (30)
  AVERAGE WIND SPEED     3.4


SKY COVER
  POSSIBLE SUNSHINE  MM
  AVERAGE SKY COVER 0.0


WEATHER CONDITIONS
 THE FOLLOWING WEATHER WAS RECORDED YESTERDAY.
  NO SIGNIFICANT WEATHER WAS OBSERVED.


RELATIVE HUMIDITY (PERCENT)
 HIGHEST   100           400 AM
 LOWEST     20           300 PM
 AVERAGE    60

..........................................................


THE KALISPELL MT CLIMATE NORMALS FOR TODAY
                         NORMAL    RECORD    YEAR
 MAXIMUM TEMPERATURE (F)   75        95      1926
 MINIMUM TEMPERATURE (F)   46        31      2007


SUNRISE AND SUNSET
JUNE 26 2017..........SUNRISE   538 AM MDT   SUNSET   942 PM MDT
JUNE 27 2017..........SUNRISE   538 AM MDT   SUNSET   942 PM MDT


-  INDICATES NEGATIVE NUMBERS.
R  INDICATES RECORD WAS SET OR TIED.
MM INDICATES DATA IS MISSING.
T  INDICATES TRACE AMOUNT.




$$
