000
CDUS45 KMSO 220737
CLIGPI


CLIMATE REPORT
NATIONAL WEATHER SERVICE MISSOULA, MT
137 AM MDT MON SEP 22 2014


...................................

...THE KALISPELL MT CLIMATE SUMMARY FOR SEPTEMBER 21 2014...

CLIMATE NORMAL PERIOD 1981 TO 2010
CLIMATE RECORD PERIOD 1894 TO 2014


WEATHER ITEM   OBSERVED TIME   RECORD YEAR NORMAL DEPARTURE LAST
                VALUE   (LST)  VALUE       VALUE  FROM      YEAR
                                                  NORMAL
..................................................................
TEMPERATURE (F)
 YESTERDAY
  MAXIMUM         86    453 PM  87    1967  68     18       66
  MINIMUM         42    456 AM  22    1995  37      5       41
  AVERAGE         64                        52     12       54

PRECIPITATION (IN)
  YESTERDAY        0.00          0.87 2008   0.04  -0.04      T
  MONTH TO DATE    0.72                      1.01  -0.29     2.00
  SINCE OCT 1     19.51                     16.62   2.89    18.00
  SINCE JAN 1     15.06                     12.62   2.44    12.62

SNOWFALL (IN)
  YESTERDAY        0.0
  MONTH TO DATE    0.0
  SINCE JAN 1     38.2
  SINCE JUL 1      0.0
  SNOW DEPTH       0

DEGREE DAYS
 HEATING
  YESTERDAY        1                        13    -12       11
  MONTH TO DATE  216                       195     21       76
  SINCE SEP 1    216                       195     21       76
  SINCE JUL 1    293                       365    -72      117

 COOLING
  YESTERDAY        0                         0      0        0
  MONTH TO DATE    0                         1     -1       29
  SINCE SEP 1      0                         1     -1       29
  SINCE JAN 1    215                       144     71      264
..................................................................


WIND (MPH)
  HIGHEST WIND SPEED    14   HIGHEST WIND DIRECTION     N (20)
  HIGHEST GUST SPEED    18   HIGHEST GUST DIRECTION    NE (40)
  AVERAGE WIND SPEED     3.1


SKY COVER
  POSSIBLE SUNSHINE  MM
  AVERAGE SKY COVER 0.0


WEATHER CONDITIONS
 THE FOLLOWING WEATHER WAS RECORDED YESTERDAY.
  NO SIGNIFICANT WEATHER WAS OBSERVED.


RELATIVE HUMIDITY (PERCENT)
 HIGHEST    96           500 AM
 LOWEST     23           400 PM
 AVERAGE    60

..........................................................


THE KALISPELL MT CLIMATE NORMALS FOR TODAY
                         NORMAL    RECORD    YEAR
 MAXIMUM TEMPERATURE (F)   67        84      1938
 MINIMUM TEMPERATURE (F)   36        22      2000


SUNRISE AND SUNSET
SEPTEMBER 22 2014.....SUNRISE   724 AM MDT   SUNSET   735 PM MDT
SEPTEMBER 23 2014.....SUNRISE   725 AM MDT   SUNSET   733 PM MDT


-  INDICATES NEGATIVE NUMBERS.
R  INDICATES RECORD WAS SET OR TIED.
MM INDICATES DATA IS MISSING.
T  INDICATES TRACE AMOUNT.




$$
