000
CDUS45 KMSO 260839
CLIGPI


CLIMATE REPORT
NATIONAL WEATHER SERVICE MISSOULA, MT
139 AM MST SUN FEB 26 2017


...................................

...THE KALISPELL MT CLIMATE SUMMARY FOR FEBRUARY 25 2017...

CLIMATE NORMAL PERIOD 1981 TO 2010
CLIMATE RECORD PERIOD 1894 TO 2017


WEATHER ITEM   OBSERVED TIME   RECORD YEAR NORMAL DEPARTURE LAST
                VALUE   (LST)  VALUE       VALUE  FROM      YEAR
                                                  NORMAL
..................................................................
TEMPERATURE (F)
 YESTERDAY
  MAXIMUM         29    544 PM  53    1921  39    -10       50
  MINIMUM          5    829 AM -13    1922  19    -14       19
  AVERAGE         17                        29    -12       35

PRECIPITATION (IN)
  YESTERDAY        T             0.44 1940   0.04  -0.04     0.00
  MONTH TO DATE    2.42                      0.86   1.56     0.82
  SINCE OCT 1     10.62                      6.19   4.43     6.35
  SINCE JAN 1      3.39                      2.19   1.20     2.30

SNOWFALL (IN)
  YESTERDAY        T
  MONTH TO DATE   25.2
  SINCE JAN 1     39.0
  SINCE JUL 1     74.3
  SNOW DEPTH      12

DEGREE DAYS
 HEATING
  YESTERDAY       48                        36     12       30
  MONTH TO DATE 1044                       953     91      795
  SINCE DEC 1   4114                      3540    574     3174
  SINCE JUL 1   6073                      5744    329     5193

 COOLING
  YESTERDAY        0                         0      0        0
  MONTH TO DATE    0                         0      0        0
  SINCE DEC 1      0                         0      0        0
  SINCE JAN 1      0                         0      0        0
..................................................................


WIND (MPH)
  HIGHEST WIND SPEED    15   HIGHEST WIND DIRECTION     S (160)
  HIGHEST GUST SPEED    18   HIGHEST GUST DIRECTION    SW (220)
  AVERAGE WIND SPEED     5.7


SKY COVER
  POSSIBLE SUNSHINE  MM
  AVERAGE SKY COVER 0.7


WEATHER CONDITIONS
 THE FOLLOWING WEATHER WAS RECORDED YESTERDAY.
  LIGHT SNOW
  FOG


RELATIVE HUMIDITY (PERCENT)
 HIGHEST    91           400 AM
 LOWEST     63          1200 PM
 AVERAGE    77

..........................................................


THE KALISPELL MT CLIMATE NORMALS FOR TODAY
                         NORMAL    RECORD    YEAR
 MAXIMUM TEMPERATURE (F)   39        55      1926
 MINIMUM TEMPERATURE (F)   20       -10      1922


SUNRISE AND SUNSET
FEBRUARY 26 2017......SUNRISE   723 AM MST   SUNSET   617 PM MST
FEBRUARY 27 2017......SUNRISE   721 AM MST   SUNSET   619 PM MST


-  INDICATES NEGATIVE NUMBERS.
R  INDICATES RECORD WAS SET OR TIED.
MM INDICATES DATA IS MISSING.
T  INDICATES TRACE AMOUNT.




$$
