000
CDUS45 KMSO 252333
CLIGPI


CLIMATE REPORT
NATIONAL WEATHER SERVICE MISSOULA, MT
432 PM MST SUN JAN 25 2015


...................................

...THE KALISPELL MT CLIMATE SUMMARY FOR JANUARY 25 2015...
VALID TODAY AS OF 0400 PM LOCAL TIME.

CLIMATE NORMAL PERIOD 1981 TO 2010
CLIMATE RECORD PERIOD 1894 TO 2015


WEATHER ITEM   OBSERVED TIME   RECORD YEAR NORMAL DEPARTURE LAST
                VALUE   (LST)  VALUE       VALUE  FROM      YEAR
                                                  NORMAL
..................................................................
TEMPERATURE (F)
 TODAY
  MAXIMUM         48    136 PM  51    1935  33     15       34
  MINIMUM         34    850 AM -24    1950  17     17       30
  AVERAGE         41                        25     16       32

PRECIPITATION (IN)
  TODAY            0.00          0.59 1964   0.03  -0.03      T
  MONTH TO DATE    2.41                      1.12   1.29     0.85
  SINCE OCT 1      8.49                      5.12   3.37     5.30
  SINCE JAN 1      2.41                      1.12   1.29     0.85

SNOWFALL (IN)
  TODAY            0.0
  MONTH TO DATE   30.4
  SINCE JAN 1     30.4
  SINCE JUL 1     56.9
  SNOW DEPTH       8

DEGREE DAYS
 HEATING
  TODAY           24                        40    -16       33
  MONTH TO DATE 1059                      1039     20      938
  SINCE DEC 1   2288                      2349    -61     2300
  SINCE JUL 1   4286                      4553   -267     4377

 COOLING
  TODAY            0                         0      0        0
  MONTH TO DATE    0                         0      0        0
  SINCE DEC 1      0                         0      0        0
  SINCE JAN 1      0                         0      0        0
..................................................................


WIND (MPH)
  HIGHEST WIND SPEED    10   HIGHEST WIND DIRECTION    SW (220)
  HIGHEST GUST SPEED    13   HIGHEST GUST DIRECTION    SW (210)
  AVERAGE WIND SPEED     6.0


SKY COVER
  POSSIBLE SUNSHINE  MM
  AVERAGE SKY COVER 0.5


WEATHER CONDITIONS
 THE FOLLOWING WEATHER WAS RECORDED TODAY.
  FOG


RELATIVE HUMIDITY (PERCENT)
 HIGHEST   100          1200 AM
 LOWEST     70           400 PM
 AVERAGE    85

..........................................................


THE KALISPELL MT CLIMATE NORMALS FOR TOMORROW
                         NORMAL    RECORD    YEAR
 MAXIMUM TEMPERATURE (F)   33        47      2003
 MINIMUM TEMPERATURE (F)   17       -28      1957


SUNRISE AND SUNSET
JANUARY 25 2015.......SUNRISE   814 AM MST   SUNSET   525 PM MST
JANUARY 26 2015.......SUNRISE   813 AM MST   SUNSET   527 PM MST


-  INDICATES NEGATIVE NUMBERS.
R  INDICATES RECORD WAS SET OR TIED.
MM INDICATES DATA IS MISSING.
T  INDICATES TRACE AMOUNT.




$$
