424
CDUS45 KMSO 162231
CLIGPI


CLIMATE REPORT
NATIONAL WEATHER SERVICE MISSOULA, MT
430 PM MDT MON OCT 16 2017


...................................

...THE KALISPELL MT CLIMATE SUMMARY FOR OCTOBER 16 2017...
VALID TODAY AS OF 0400 PM LOCAL TIME.

CLIMATE NORMAL PERIOD 1981 TO 2010
CLIMATE RECORD PERIOD 1894 TO 2017


WEATHER ITEM   OBSERVED TIME   RECORD YEAR NORMAL DEPARTURE LAST
                VALUE   (LST)  VALUE       VALUE  FROM      YEAR
                                                  NORMAL
..................................................................
TEMPERATURE (F)
 TODAY
  MAXIMUM         64    259 PM  73    1974  55      9       55
  MINIMUM         21    416 AM  15    1999  29     -8       35
  AVERAGE         43                        42      1       45

PRECIPITATION (IN)
  TODAY            0.00          0.57 2004   0.03  -0.03     0.17
  MONTH TO DATE    0.71                      0.47   0.24     2.76
  SINCE OCT 1      0.71                      0.47   0.24     2.76
  SINCE JAN 1     12.56                     13.46  -0.90    15.85

SNOWFALL (IN)
  TODAY            0.0
  MONTH TO DATE    T
  SINCE JAN 1     54.5
  SINCE JUL 1      T
  SNOW DEPTH       0

DEGREE DAYS
 HEATING
  TODAY           22                        23     -1       20
  MONTH TO DATE  380                       323     57      334
  SINCE SEP 1    663                       653     10      675
  SINCE JUL 1    712                       823   -111      822

 COOLING
  TODAY            0                         0      0        0
  MONTH TO DATE    0                         0      0        0
  SINCE SEP 1      4                         4      0        1
  SINCE JAN 1    228                       147     81      157
..................................................................


WIND (MPH)
  HIGHEST WIND SPEED    17   HIGHEST WIND DIRECTION    SE (150)
  HIGHEST GUST SPEED    22   HIGHEST GUST DIRECTION    SE (140)
  AVERAGE WIND SPEED     3.6


SKY COVER
  POSSIBLE SUNSHINE  MM
  AVERAGE SKY COVER 0.4


WEATHER CONDITIONS
 THE FOLLOWING WEATHER WAS RECORDED TODAY.
  FOG
  FOG W/VISIBILITY <= 1/4 MILE


RELATIVE HUMIDITY (PERCENT)
 HIGHEST   100          1200 AM
 LOWEST     28           300 PM
 AVERAGE    64

..........................................................


THE KALISPELL MT CLIMATE NORMALS FOR TOMORROW
                         NORMAL    RECORD    YEAR
 MAXIMUM TEMPERATURE (F)   54        72      1974
 MINIMUM TEMPERATURE (F)   29        15      1905


SUNRISE AND SUNSET
OCTOBER 16 2017.......SUNRISE   759 AM MDT   SUNSET   646 PM MDT
OCTOBER 17 2017.......SUNRISE   800 AM MDT   SUNSET   644 PM MDT


-  INDICATES NEGATIVE NUMBERS.
R  INDICATES RECORD WAS SET OR TIED.
MM INDICATES DATA IS MISSING.
T  INDICATES TRACE AMOUNT.




$$
