000
CDUS45 KMSO 260740
CLIGPI


CLIMATE REPORT
NATIONAL WEATHER SERVICE MISSOULA, MT
140 AM MDT SAT JUL 26 2014


...................................

...THE KALISPELL MT CLIMATE SUMMARY FOR JULY 25 2014...

CLIMATE NORMAL PERIOD 1981 TO 2010
CLIMATE RECORD PERIOD 1894 TO 2014


WEATHER ITEM   OBSERVED TIME   RECORD YEAR NORMAL DEPARTURE LAST
                VALUE   (LST)  VALUE       VALUE  FROM      YEAR
                                                  NORMAL
..................................................................
TEMPERATURE (F)
 YESTERDAY
  MAXIMUM         75    517 PM  97    1931  84     -9       92
  MINIMUM         44    608 AM  39    1960  49     -5       58
  AVERAGE         60                        66     -6       75

PRECIPITATION (IN)
  YESTERDAY        0.00          0.52 1977   0.03  -0.03     0.00
  MONTH TO DATE    0.39                      1.26  -0.87     0.31
  SINCE OCT 1     17.33                     14.43   2.90    14.70
  SINCE JAN 1     12.88                     10.43   2.45     9.32

SNOWFALL (IN)
  YESTERDAY        0.0
  MONTH TO DATE    0.0
  SINCE JAN 1     38.2
  SINCE JUL 1      0.0
  SNOW DEPTH       0

DEGREE DAYS
 HEATING
  YESTERDAY        5                         2      3        0
  MONTH TO DATE    9                        70    -61       18
  SINCE JUN 1    262                       286    -24      204
  SINCE JUL 1      9                        70    -61       18

 COOLING
  YESTERDAY        0                         3     -3       10
  MONTH TO DATE   97                        49     48      104
  SINCE JUN 1     97                        62     35      123
  SINCE JAN 1     97                        65     32      123
..................................................................


WIND (MPH)
  HIGHEST WIND SPEED    20   HIGHEST WIND DIRECTION     W (280)
  HIGHEST GUST SPEED    26   HIGHEST GUST DIRECTION     W (280)
  AVERAGE WIND SPEED     7.1


SKY COVER
  POSSIBLE SUNSHINE  MM
  AVERAGE SKY COVER 0.4


WEATHER CONDITIONS
 THE FOLLOWING WEATHER WAS RECORDED YESTERDAY.
  NO SIGNIFICANT WEATHER WAS OBSERVED.


RELATIVE HUMIDITY (PERCENT)
 HIGHEST    89           500 AM
 LOWEST     27           500 PM
 AVERAGE    58

..........................................................


THE KALISPELL MT CLIMATE NORMALS FOR TODAY
                         NORMAL    RECORD    YEAR
 MAXIMUM TEMPERATURE (F)   84        97      1984
 MINIMUM TEMPERATURE (F)   49        34      1969


SUNRISE AND SUNSET
JULY 26 2014..........SUNRISE   605 AM MDT   SUNSET   922 PM MDT
JULY 27 2014..........SUNRISE   606 AM MDT   SUNSET   920 PM MDT


-  INDICATES NEGATIVE NUMBERS.
R  INDICATES RECORD WAS SET OR TIED.
MM INDICATES DATA IS MISSING.
T  INDICATES TRACE AMOUNT.




$$
