000
CDUS45 KMSO 272331
CLIGPI


CLIMATE REPORT
NATIONAL WEATHER SERVICE MISSOULA, MT
431 PM MST FRI FEB 27 2015


...................................

...THE KALISPELL MT CLIMATE SUMMARY FOR FEBRUARY 27 2015...
VALID TODAY AS OF 0400 PM LOCAL TIME.

CLIMATE NORMAL PERIOD 1981 TO 2010
CLIMATE RECORD PERIOD 1894 TO 2015


WEATHER ITEM   OBSERVED TIME   RECORD YEAR NORMAL DEPARTURE LAST
                VALUE   (LST)  VALUE       VALUE  FROM      YEAR
                                                  NORMAL
..................................................................
TEMPERATURE (F)
 TODAY
  MAXIMUM         38    237 PM  62    1932  39     -1       28
  MINIMUM         24    442 AM -19    1960  20      4       18
  AVERAGE         31                        30      1       23

PRECIPITATION (IN)
  TODAY            0.00          0.77 1997   0.03  -0.03      T
  MONTH TO DATE    1.12                      0.93   0.19     1.08
  SINCE OCT 1      9.61                      6.26   3.35     6.88
  SINCE JAN 1      3.53                      2.26   1.27     2.43

SNOWFALL (IN)
  TODAY            0.0
  MONTH TO DATE    8.5
  SINCE JAN 1     38.9
  SINCE JUL 1     65.4
  SNOW DEPTH       0

DEGREE DAYS
 HEATING
  TODAY           34                        35     -1       42
  MONTH TO DATE  880                      1024   -144     1249
  SINCE DEC 1   3411                      3611   -200     3809
  SINCE JUL 1   5409                      5815   -406     5886

 COOLING
  TODAY            0                         0      0        0
  MONTH TO DATE    0                         0      0        0
  SINCE DEC 1      0                         0      0        0
  SINCE JAN 1      0                         0      0        0
..................................................................


WIND (MPH)
  HIGHEST WIND SPEED    24   HIGHEST WIND DIRECTION    NE (40)
  HIGHEST GUST SPEED    30   HIGHEST GUST DIRECTION    NE (30)
  AVERAGE WIND SPEED    12.6


SKY COVER
  POSSIBLE SUNSHINE  MM
  AVERAGE SKY COVER 0.8


WEATHER CONDITIONS
 THE FOLLOWING WEATHER WAS RECORDED TODAY.
  NO SIGNIFICANT WEATHER WAS OBSERVED.


RELATIVE HUMIDITY (PERCENT)
 HIGHEST    74          1200 AM
 LOWEST     32           200 PM
 AVERAGE    53

..........................................................


THE KALISPELL MT CLIMATE NORMALS FOR TOMORROW
                         NORMAL    RECORD    YEAR
 MAXIMUM TEMPERATURE (F)   40        57      1988
 MINIMUM TEMPERATURE (F)   20       -22      1960


SUNRISE AND SUNSET
FEBRUARY 27 2015......SUNRISE   722 AM MST   SUNSET   618 PM MST
FEBRUARY 28 2015......SUNRISE   721 AM MST   SUNSET   619 PM MST


-  INDICATES NEGATIVE NUMBERS.
R  INDICATES RECORD WAS SET OR TIED.
MM INDICATES DATA IS MISSING.
T  INDICATES TRACE AMOUNT.




$$
