000
CDUS45 KMSO 022230
CLIGPI


CLIMATE REPORT
NATIONAL WEATHER SERVICE MISSOULA, MT
430 PM MDT TUE SEP 2 2014


...................................

...THE KALISPELL MT CLIMATE SUMMARY FOR SEPTEMBER 2 2014...
VALID TODAY AS OF 0400 PM LOCAL TIME.

CLIMATE NORMAL PERIOD 1981 TO 2010
CLIMATE RECORD PERIOD 1894 TO 2014


WEATHER ITEM   OBSERVED TIME   RECORD YEAR NORMAL DEPARTURE LAST
                VALUE   (LST)  VALUE       VALUE  FROM      YEAR
                                                  NORMAL
..................................................................
TEMPERATURE (F)
 TODAY
  MAXIMUM         75    237 PM  96    1998  76     -1       83
  MINIMUM         41    655 AM  29    1959  43     -2       52
  AVERAGE         58                        59     -1       68

PRECIPITATION (IN)
  TODAY            0.00          0.48 1980   0.05  -0.05      T
  MONTH TO DATE    0.01                      0.09  -0.08      T
  SINCE OCT 1     18.80                     15.70   3.10    16.00
  SINCE JAN 1     14.35                     11.70   2.65    10.62

SNOWFALL (IN)
  TODAY            0.0
  MONTH TO DATE    0.0
  SINCE JAN 1     38.2
  SINCE JUL 1      0.0
  SNOW DEPTH       0

DEGREE DAYS
 HEATING
  TODAY            7                         6      1        0
  MONTH TO DATE   12                        12      0        0
  SINCE SEP 1     12                        12      0        0
  SINCE JUL 1     89                       182    -93       41

 COOLING
  TODAY            0                         0      0        3
  MONTH TO DATE    0                         1     -1        5
  SINCE SEP 1      0                         1     -1        5
  SINCE JAN 1    215                       144     71      240
..................................................................


WIND (MPH)
  HIGHEST WIND SPEED    15   HIGHEST WIND DIRECTION     S (170)
  HIGHEST GUST SPEED    23   HIGHEST GUST DIRECTION    SE (150)
  AVERAGE WIND SPEED     4.6


SKY COVER
  POSSIBLE SUNSHINE  MM
  AVERAGE SKY COVER 0.2


WEATHER CONDITIONS
 THE FOLLOWING WEATHER WAS RECORDED TODAY.
  NO SIGNIFICANT WEATHER WAS OBSERVED.


RELATIVE HUMIDITY (PERCENT)
 HIGHEST    96           400 AM
 LOWEST     31           200 PM
 AVERAGE    64

..........................................................


THE KALISPELL MT CLIMATE NORMALS FOR TOMORROW
                         NORMAL    RECORD    YEAR
 MAXIMUM TEMPERATURE (F)   75        97      1988
 MINIMUM TEMPERATURE (F)   42        31      1974


SUNRISE AND SUNSET
SEPTEMBER  2 2014.....SUNRISE   656 AM MDT   SUNSET   816 PM MDT
SEPTEMBER  3 2014.....SUNRISE   657 AM MDT   SUNSET   814 PM MDT


-  INDICATES NEGATIVE NUMBERS.
R  INDICATES RECORD WAS SET OR TIED.
MM INDICATES DATA IS MISSING.
T  INDICATES TRACE AMOUNT.




$$
