000
CDUS45 KMSO 250738
CLIGPI


CLIMATE REPORT
NATIONAL WEATHER SERVICE MISSOULA, MT
137 AM MDT SAT OCT 25 2014


...................................

...THE KALISPELL MT CLIMATE SUMMARY FOR OCTOBER 24 2014...

CLIMATE NORMAL PERIOD 1981 TO 2010
CLIMATE RECORD PERIOD 1894 TO 2014


WEATHER ITEM   OBSERVED TIME   RECORD YEAR NORMAL DEPARTURE LAST
                VALUE   (LST)  VALUE       VALUE  FROM      YEAR
                                                  NORMAL
..................................................................
TEMPERATURE (F)
 YESTERDAY
  MAXIMUM         53    314 PM  72    2007  51      2       59
  MINIMUM         40   1015 PM   8    2002  28     12       26
  AVERAGE         47                        39      8       43

PRECIPITATION (IN)
  YESTERDAY        T             0.65 1913   0.03  -0.03     0.00
  MONTH TO DATE    0.68                      0.73  -0.05     0.32
  SINCE OCT 1      0.68                      0.73  -0.05     0.32
  SINCE JAN 1     16.16                     13.72   2.44    13.35

SNOWFALL (IN)
  YESTERDAY        0.0
  MONTH TO DATE    0.0
  SINCE JAN 1     38.2
  SINCE JUL 1      0.0
  SNOW DEPTH       0

DEGREE DAYS
 HEATING
  YESTERDAY       18                        26     -8       22
  MONTH TO DATE  373                       519   -146      581
  SINCE SEP 1    661                       849   -188      813
  SINCE JUL 1    738                      1019   -281      854

 COOLING
  YESTERDAY        0                         0      0        0
  MONTH TO DATE    0                         0      0        0
  SINCE SEP 1      2                         4     -2       29
  SINCE JAN 1    217                       147     70      264
..................................................................


WIND (MPH)
  HIGHEST WIND SPEED    14   HIGHEST WIND DIRECTION    SW (210)
  HIGHEST GUST SPEED    19   HIGHEST GUST DIRECTION     S (200)
  AVERAGE WIND SPEED     4.9


SKY COVER
  POSSIBLE SUNSHINE  MM
  AVERAGE SKY COVER 0.5


WEATHER CONDITIONS
 THE FOLLOWING WEATHER WAS RECORDED YESTERDAY.
  LIGHT RAIN


RELATIVE HUMIDITY (PERCENT)
 HIGHEST    89           700 PM
 LOWEST     50           300 PM
 AVERAGE    70

..........................................................


THE KALISPELL MT CLIMATE NORMALS FOR TODAY
                         NORMAL    RECORD    YEAR
 MAXIMUM TEMPERATURE (F)   50        69      1955
 MINIMUM TEMPERATURE (F)   28         7      1919


SUNRISE AND SUNSET
OCTOBER 25 2014.......SUNRISE   812 AM MDT   SUNSET   630 PM MDT
OCTOBER 26 2014.......SUNRISE   814 AM MDT   SUNSET   628 PM MDT


-  INDICATES NEGATIVE NUMBERS.
R  INDICATES RECORD WAS SET OR TIED.
MM INDICATES DATA IS MISSING.
T  INDICATES TRACE AMOUNT.




$$
