000
CDUS45 KMSO 252231
CLIGPI


CLIMATE REPORT
NATIONAL WEATHER SERVICE MISSOULA, MT
430 PM MDT MON MAY 25 2015


...................................

...THE KALISPELL MT CLIMATE SUMMARY FOR MAY 25 2015...
VALID TODAY AS OF 0400 PM LOCAL TIME.

CLIMATE NORMAL PERIOD 1981 TO 2010
CLIMATE RECORD PERIOD 1894 TO 2015


WEATHER ITEM   OBSERVED TIME   RECORD YEAR NORMAL DEPARTURE LAST
                VALUE   (LST)  VALUE       VALUE  FROM      YEAR
                                                  NORMAL
..................................................................
TEMPERATURE (F)
 TODAY
  MAXIMUM         66    259 PM  87    1961  67     -1       70
  MINIMUM         39    345 AM  24    1964  41     -2       40
  AVERAGE         53                        54     -1       55

PRECIPITATION (IN)
  TODAY            0.01          0.72 1990   0.08  -0.07     0.00
  MONTH TO DATE    0.11                      1.48  -1.37     0.87
  SINCE OCT 1     11.73                     10.11   1.62    11.37
  SINCE JAN 1      5.65                      6.11  -0.46     6.92

SNOWFALL (IN)
  TODAY            0.0
  MONTH TO DATE    0.0
  SINCE JAN 1     32.9
  SINCE JUL 1     59.4
  SNOW DEPTH       0

DEGREE DAYS
 HEATING
  TODAY           12                        11      1       10
  MONTH TO DATE  303                       352    -49      336
  SINCE MAR 1   1727                      1911   -184     1952
  SINCE JUL 1   7177                      7763   -586     7886

 COOLING
  TODAY            0                         0      0        0
  MONTH TO DATE    0                         0      0        0
  SINCE MAR 1      0                         0      0        0
  SINCE JAN 1      0                         0      0        0
..................................................................


WIND (MPH)
  HIGHEST WIND SPEED    14   HIGHEST WIND DIRECTION     N (350)
  HIGHEST GUST SPEED    18   HIGHEST GUST DIRECTION     N (360)
  AVERAGE WIND SPEED     3.9


SKY COVER
  POSSIBLE SUNSHINE  MM
  AVERAGE SKY COVER 0.2


WEATHER CONDITIONS
 THE FOLLOWING WEATHER WAS RECORDED TODAY.
  LIGHT RAIN


RELATIVE HUMIDITY (PERCENT)
 HIGHEST    86           400 AM
 LOWEST     46           900 AM
 AVERAGE    66

..........................................................


THE KALISPELL MT CLIMATE NORMALS FOR TOMORROW
                         NORMAL    RECORD    YEAR
 MAXIMUM TEMPERATURE (F)   68        90      1986
 MINIMUM TEMPERATURE (F)   42        25      1967


SUNRISE AND SUNSET
MAY 25 2015...........SUNRISE   546 AM MDT   SUNSET   922 PM MDT
MAY 26 2015...........SUNRISE   545 AM MDT   SUNSET   923 PM MDT


-  INDICATES NEGATIVE NUMBERS.
R  INDICATES RECORD WAS SET OR TIED.
MM INDICATES DATA IS MISSING.
T  INDICATES TRACE AMOUNT.




$$
