000
CDUS43 KGRB 300640
CLIGRB


CLIMATE REPORT
NATIONAL WEATHER SERVICE GREEN BAY
140 AM CDT FRI SEP 30 2016


...................................

...THE GREEN BAY WI CLIMATE SUMMARY FOR SEPTEMBER 29 2016...

CLIMATE NORMAL PERIOD 1981 TO 2010
CLIMATE RECORD PERIOD 1886 TO 2016


WEATHER ITEM   OBSERVED TIME   RECORD YEAR NORMAL DEPARTURE LAST
                VALUE   (LST)  VALUE       VALUE  FROM      YEAR
                                                  NORMAL
..................................................................
TEMPERATURE (F)
 YESTERDAY
  MAXIMUM         69    306 PM  86    1898  64      5       63
  MINIMUM         51    459 AM  24    1949  43      8       43
  AVERAGE         60                        54      6       53

PRECIPITATION (IN)
  YESTERDAY        0.00          0.94 1901   0.09  -0.09     0.00
  MONTH TO DATE    4.27                      2.95   1.32     5.85
  SINCE SEP 1      4.27                      2.95   1.32     5.85
  SINCE JAN 1     25.89                     23.35   2.54    22.05

SNOWFALL (IN)
  YESTERDAY        0.0           0.0    MM   0.0    0.0      0.0
  MONTH TO DATE    0.0                       0.0    0.0      0.0
  SINCE SEP 1      0.0                       0.0    0.0      0.0
  SINCE JUL 1      0.0                       0.0    0.0      0.0
  SNOW DEPTH       0

DEGREE DAYS
 HEATING
  YESTERDAY        5                        12     -7       12
  MONTH TO DATE   60                       195   -135       54
  SINCE SEP 1     60                       195   -135       54
  SINCE JUL 1     73                       258   -185      104

 COOLING
  YESTERDAY        0                         0      0        0
  MONTH TO DATE   52                        32     20      113
  SINCE SEP 1     52                        32     20      113
  SINCE JAN 1    574                       394    180      515
..................................................................


WIND (MPH)
  HIGHEST WIND SPEED    26   HIGHEST WIND DIRECTION    NE (40)
  HIGHEST GUST SPEED    33   HIGHEST GUST DIRECTION    NE (40)
  AVERAGE WIND SPEED    15.1


SKY COVER
  POSSIBLE SUNSHINE  MM
  AVERAGE SKY COVER 0.3


WEATHER CONDITIONS
 THE FOLLOWING WEATHER WAS RECORDED YESTERDAY.
  NO SIGNIFICANT WEATHER WAS OBSERVED.


RELATIVE HUMIDITY (PERCENT)
 HIGHEST   100          1200 AM
 LOWEST     55           400 PM
 AVERAGE    78

..........................................................


THE GREEN BAY WI CLIMATE NORMALS FOR TODAY
                         NORMAL    RECORD    YEAR
 MAXIMUM TEMPERATURE (F)   64        87      1897
 MINIMUM TEMPERATURE (F)   43        25      1899


SUNRISE AND SUNSET
SEPTEMBER 30 2016.....SUNRISE   650 AM CDT   SUNSET   634 PM CDT
OCTOBER  1 2016.......SUNRISE   651 AM CDT   SUNSET   632 PM CDT


-  INDICATES NEGATIVE NUMBERS.
R  INDICATES RECORD WAS SET OR TIED.
MM INDICATES DATA IS MISSING.
T  INDICATES TRACE AMOUNT.




$$
