000
CDUS43 KGRB 170632
CLIGRB


CLIMATE REPORT
NATIONAL WEATHER SERVICE GREEN BAY
1232 AM CST WED JAN 17 2018


...................................

...THE GREEN BAY WI CLIMATE SUMMARY FOR JANUARY 16 2018...

CLIMATE NORMAL PERIOD 1981 TO 2010
CLIMATE RECORD PERIOD 1886 TO 2018


WEATHER ITEM   OBSERVED TIME   RECORD YEAR NORMAL DEPARTURE LAST
                VALUE   (LST)  VALUE       VALUE  FROM      YEAR
                                                  NORMAL
..................................................................
TEMPERATURE (F)
 YESTERDAY
  MAXIMUM         23    224 PM  45    1913  24     -1       35
  MINIMUM          1    855 PM -28    1888   9     -8       16
  AVERAGE         12                        16     -4       26

PRECIPITATION (IN)
  YESTERDAY        0.01          0.94 1980   0.03  -0.02     0.47
  MONTH TO DATE    0.29                      0.61  -0.32     1.50
  SINCE DEC 1      1.58                      2.12  -0.54     3.75
  SINCE JAN 1      0.29                      0.61  -0.32     1.50

SNOWFALL (IN)
  YESTERDAY        0.3           7.5  1887   0.4   -0.1      0.0
  MONTH TO DATE    4.7                       6.5   -1.8      6.2
  SINCE DEC 1     16.7                      19.6   -2.9     29.3
  SINCE JUL 1     17.3                      23.8   -6.5     30.2
  SNOW DEPTH       3

DEGREE DAYS
 HEATING
  YESTERDAY       53                        49      4       39
  MONTH TO DATE  826                       774     52      791
  SINCE DEC 1   2253                      2124    129     2042
  SINCE JUL 1   3669                      3864   -195     3104

 COOLING
  YESTERDAY        0                         0      0        0
  MONTH TO DATE    0                         0      0        0
  SINCE DEC 1      0                         0      0        0
  SINCE JAN 1      0                         0      0        0
..................................................................


WIND (MPH)
  HIGHEST WIND SPEED    15   HIGHEST WIND DIRECTION     N (360)
  HIGHEST GUST SPEED    18   HIGHEST GUST DIRECTION     N (350)
  AVERAGE WIND SPEED     6.6


SKY COVER
  POSSIBLE SUNSHINE  MM
  AVERAGE SKY COVER 0.3


WEATHER CONDITIONS
 THE FOLLOWING WEATHER WAS RECORDED YESTERDAY.
  LIGHT SNOW
  FOG


RELATIVE HUMIDITY (PERCENT)
 HIGHEST    95           900 PM
 LOWEST     62          1100 AM
 AVERAGE    79

..........................................................


THE GREEN BAY WI CLIMATE NORMALS FOR TODAY
                         NORMAL    RECORD    YEAR
 MAXIMUM TEMPERATURE (F)   24        47      1913
 MINIMUM TEMPERATURE (F)    9       -28      1982


SUNRISE AND SUNSET
JANUARY 17 2018.......SUNRISE   724 AM CST   SUNSET   441 PM CST
JANUARY 18 2018.......SUNRISE   724 AM CST   SUNSET   443 PM CST


-  INDICATES NEGATIVE NUMBERS.
R  INDICATES RECORD WAS SET OR TIED.
MM INDICATES DATA IS MISSING.
T  INDICATES TRACE AMOUNT.




$$
