000
CDUS43 KGID 310738
CLIGRI


CLIMATE REPORT
NATIONAL WEATHER SERVICE HASTINGS NE
237 AM CDT SUN JUL 31 2016


...................................

...THE GRAND ISLAND NE CLIMATE SUMMARY FOR JULY 30 2016...

CLIMATE NORMAL PERIOD 1981 TO 2010
CLIMATE RECORD PERIOD 1895 TO 2016


WEATHER ITEM   OBSERVED TIME   RECORD YEAR NORMAL DEPARTURE LAST
                VALUE   (LST)  VALUE       VALUE  FROM      YEAR
                                                  NORMAL
..................................................................
TEMPERATURE (F)
 YESTERDAY
  MAXIMUM         83    432 PM 108    1917  87     -4       90
  MINIMUM         62    827 AM  42    1971  65     -3       57
  AVERAGE         73                        76     -3       74

PRECIPITATION (IN)
  YESTERDAY        1.67          1.90 1896   0.11   1.56     0.00
  MONTH TO DATE    3.96                      3.29   0.67     2.05
  SINCE JUN 1      4.01                      7.59  -3.58     7.72
  SINCE JAN 1     18.69                     17.54   1.15    14.88

SNOWFALL (IN)
  YESTERDAY        0.0                       0.0    0.0      0.0
  MONTH TO DATE    0.0                       0.0    0.0      0.0
  SINCE JUN 1      0.0                       0.0    0.0      0.0
  SINCE JUL 1      0.0                       0.0    0.0      0.0
  SNOW DEPTH       0

DEGREE DAYS
 HEATING
  YESTERDAY        0                         0      0        0
  MONTH TO DATE    6                         0      6        5
  SINCE JUN 1      6                        24    -18       10
  SINCE JUL 1      6                         0      6        5

 COOLING
  YESTERDAY        8                        11     -3        9
  MONTH TO DATE  345                       339      6      329
  SINCE JUN 1    694                       552    142      538
  SINCE JAN 1    728                       617    111      565
..................................................................


WIND (MPH)
  HIGHEST WIND SPEED    37   HIGHEST WIND DIRECTION     N (350)
  HIGHEST GUST SPEED    46   HIGHEST GUST DIRECTION     N (350)
  AVERAGE WIND SPEED     8.7


SKY COVER
  AVERAGE SKY COVER 0.3


WEATHER CONDITIONS
 THE FOLLOWING WEATHER WAS RECORDED YESTERDAY.
  THUNDERSTORM
  HEAVY RAIN
  RAIN
  LIGHT RAIN


RELATIVE HUMIDITY (PERCENT)
 HIGHEST    93          1000 AM
 LOWEST     62           100 PM
 AVERAGE    78

..........................................................


THE GRAND ISLAND NE CLIMATE NORMALS FOR TODAY
                         NORMAL    RECORD    YEAR
 MAXIMUM TEMPERATURE (F)   87       108      1935
                                             1934
 MINIMUM TEMPERATURE (F)   65        47      1925


SUNRISE AND SUNSET
JULY 31 2016..........SUNRISE   629 AM CDT   SUNSET   850 PM CDT
AUGUST  1 2016........SUNRISE   630 AM CDT   SUNSET   849 PM CDT


-  INDICATES NEGATIVE NUMBERS.
R  INDICATES RECORD WAS SET OR TIED.
MM INDICATES DATA IS MISSING.
T  INDICATES TRACE AMOUNT.

$$

KELLEY
