000
CDUS43 KGID 220847 CCA
CLIGRI

CLIMATE REPORT...CORRECTED
NATIONAL WEATHER SERVICE HASTINGS NE
347 AM CDT FRI AUG 22 2014


...................................

...THE GRAND ISLAND NE CLIMATE SUMMARY FOR AUGUST 21 2014...

CLIMATE NORMAL PERIOD 1981 TO 2010
CLIMATE RECORD PERIOD 1895 TO 2014


WEATHER ITEM   OBSERVED TIME   RECORD YEAR NORMAL DEPARTURE LAST
                VALUE   (LST)  VALUE       VALUE  FROM      YEAR
                                                  NORMAL
..................................................................
TEMPERATURE (F)
 YESTERDAY
  MAXIMUM         89    438 PM 105    1929  85      4       MM
  MINIMUM         67    337 AM  48    1939  62      5       MM
  AVERAGE         78                        74      4       MM

PRECIPITATION (IN)
  YESTERDAY        0.27          1.63 1997   0.10   0.17       MM
  MONTH TO DATE    3.46                      2.23   1.23       MM
  SINCE JUN 1     15.30                      9.93   5.37       MM
  SINCE JAN 1     19.79                     19.88  -0.09       MM

SNOWFALL (IN)
  YESTERDAY        0.0                       0.0    0.0      0.0
  MONTH TO DATE    0.0                       0.0    0.0      0.0
  SINCE JUN 1      0.0                       0.0    0.0      0.0
  SINCE JUL 1      0.0                       0.0    0.0      0.0
  SNOW DEPTH       0

DEGREE DAYS
 HEATING
  YESTERDAY        0                         0      0       MM
  MONTH TO DATE    0                         0      0       MM
  SINCE JUN 1     14                        26    -12       MM
  SINCE JUL 1      4                         2      2       MM

 COOLING
  YESTERDAY       13                         9      4       MM
  MONTH TO DATE  206                       209     -3       MM
  SINCE JUN 1    728                       771    -43       MM
  SINCE JAN 1    847                       836     11       MM
..................................................................


WIND (MPH)
  HIGHEST WIND SPEED    37   HIGHEST WIND DIRECTION    SW (210)
  HIGHEST GUST SPEED    48   HIGHEST GUST DIRECTION    SW (210)
  AVERAGE WIND SPEED    MM


SKY COVER
  POSSIBLE SUNSHINE  MM
  AVERAGE SKY COVER  MM


WEATHER CONDITIONS
 THE FOLLOWING WEATHER WAS RECORDED TODAY.
  THUNDERSTORM
  RAIN


RELATIVE HUMIDITY (PERCENT)
 HIGHEST    MM            MM
 LOWEST     MM            MM
 AVERAGE    MM

..........................................................


THE GRAND ISLAND NE CLIMATE NORMALS FOR TODAY
                         NORMAL    RECORD    YEAR
 MAXIMUM TEMPERATURE (F)   85       107      1938
 MINIMUM TEMPERATURE (F)   62        39      1923



-  INDICATES NEGATIVE NUMBERS.
R  INDICATES RECORD WAS SET OR TIED.
MM INDICATES DATA IS MISSING.
T  INDICATES TRACE AMOUNT.


$$

HALBLAUB
