000
CDUS43 KGID 170723
CLIGRI


CLIMATE REPORT
NATIONAL WEATHER SERVICE HASTINGS NE
223 AM CDT WED SEP 17 2014


...................................

...THE GRAND ISLAND NE CLIMATE SUMMARY FOR SEPTEMBER 16 2014...

CLIMATE NORMAL PERIOD 1981 TO 2010
CLIMATE RECORD PERIOD 1895 TO 2014


WEATHER ITEM   OBSERVED TIME   RECORD YEAR NORMAL DEPARTURE LAST
                VALUE   (LST)  VALUE       VALUE  FROM      YEAR
                                                  NORMAL
..................................................................
TEMPERATURE (F)
 YESTERDAY
  MAXIMUM         71    146 PM  97    1955  78     -7       63
  MINIMUM         45    143 AM  28    1903  52     -7       57
  AVERAGE         58                        65     -7       60

PRECIPITATION (IN)
  YESTERDAY        0.00          1.33 1970   0.07  -0.07     0.16
  MONTH TO DATE    2.06                      1.22   0.84     1.67
  SINCE SEP 1      2.06                      1.22   0.84     1.67
  SINCE JAN 1     24.26                     21.99   2.27    21.08

SNOWFALL (IN)
  YESTERDAY        0.0                       0.0    0.0      0.0
  MONTH TO DATE    0.0                       0.0    0.0      0.0
  SINCE SEP 1      0.0                       0.0    0.0      0.0
  SINCE JUL 1      0.0                       0.0    0.0      0.0
  SNOW DEPTH       0

DEGREE DAYS
 HEATING
  YESTERDAY        7                         3      4        5
  MONTH TO DATE   93                        30     63        6
  SINCE SEP 1     93                        30     63        6
  SINCE JUL 1     97                        40     57        9

 COOLING
  YESTERDAY        0                         3     -3        0
  MONTH TO DATE   38                        80    -42      138
  SINCE SEP 1     38                        80    -42      138
  SINCE JAN 1    968                       994    -26     1201
..................................................................


WIND (MPH)
  HIGHEST WIND SPEED    17   HIGHEST WIND DIRECTION     S (160)
  HIGHEST GUST SPEED    22   HIGHEST GUST DIRECTION     S (160)
  AVERAGE WIND SPEED     9.4


SKY COVER
  AVERAGE SKY COVER 0.3


WEATHER CONDITIONS
 THE FOLLOWING WEATHER WAS RECORDED YESTERDAY.
  NO SIGNIFICANT WEATHER WAS OBSERVED.


RELATIVE HUMIDITY (PERCENT)
 HIGHEST    86           100 AM
 LOWEST     57           100 PM
 AVERAGE    72

..........................................................


THE GRAND ISLAND NE CLIMATE NORMALS FOR TODAY
                         NORMAL    RECORD    YEAR
 MAXIMUM TEMPERATURE (F)   78        98      1983
                                             1947
 MINIMUM TEMPERATURE (F)   52        28      1903


SUNRISE AND SUNSET
SEPTEMBER 17 2014.....SUNRISE   716 AM CDT   SUNSET   739 PM CDT
SEPTEMBER 18 2014.....SUNRISE   717 AM CDT   SUNSET   737 PM CDT


-  INDICATES NEGATIVE NUMBERS.
R  INDICATES RECORD WAS SET OR TIED.
MM INDICATES DATA IS MISSING.
T  INDICATES TRACE AMOUNT.




$$
