000
CDUS43 KGID 060628
CLIGRI


CLIMATE REPORT
NATIONAL WEATHER SERVICE HASTINGS NE
1226 AM CST SAT FEB 6 2016


...................................

...THE GRAND ISLAND NE CLIMATE SUMMARY FOR FEBRUARY 5 2016...

CLIMATE NORMAL PERIOD 1981 TO 2010
CLIMATE RECORD PERIOD 1895 TO 2016


WEATHER ITEM   OBSERVED TIME   RECORD YEAR NORMAL DEPARTURE LAST
                VALUE   (LST)  VALUE       VALUE  FROM      YEAR
                                                  NORMAL
..................................................................
TEMPERATURE (F)
 YESTERDAY
  MAXIMUM         38    326 PM  65    1909  37      1       33
  MINIMUM         15   1200 AM -16    1982  16     -1       -7
  AVERAGE         27                        27      0       13

PRECIPITATION (IN)
  YESTERDAY        0.04          0.42 1908   0.02   0.02     0.00
  MONTH TO DATE    1.85                      0.10   1.75     0.56
  SINCE DEC 1      4.05                      1.26   2.79     1.79
  SINCE JAN 1      2.17                      0.63   1.54     1.03

SNOWFALL (IN)
  YESTERDAY        0.3           7.5  2004   0.2    0.1      0.0
  MONTH TO DATE   18.6                       1.2   17.4      8.0
  SINCE DEC 1     25.6                      12.8   12.8     17.6
  SINCE JUL 1     31.2                      17.0   14.2     19.8
  SNOW DEPTH      14

DEGREE DAYS
 HEATING
  YESTERDAY       38                        38      0       52
  MONTH TO DATE  200                       194      6      253
  SINCE DEC 1   2378                      2620   -242     2512
  SINCE JUL 1   3344                      3950   -606     3845

 COOLING
  YESTERDAY        0                         0      0        0
  MONTH TO DATE    0                         0      0        0
  SINCE DEC 1      0                         0      0        0
  SINCE JAN 1      0                         0      0        0
..................................................................


WIND (MPH)
  HIGHEST WIND SPEED    21   HIGHEST WIND DIRECTION    NW (320)
  HIGHEST GUST SPEED    25   HIGHEST GUST DIRECTION    NW (330)
  AVERAGE WIND SPEED    10.3


SKY COVER
  AVERAGE SKY COVER 0.8


WEATHER CONDITIONS
 THE FOLLOWING WEATHER WAS RECORDED YESTERDAY.
  LIGHT SNOW
  FOG


RELATIVE HUMIDITY (PERCENT)
 HIGHEST    92           900 AM
 LOWEST     70           400 PM
 AVERAGE    81

..........................................................


THE GRAND ISLAND NE CLIMATE NORMALS FOR TODAY
                         NORMAL    RECORD    YEAR
 MAXIMUM TEMPERATURE (F)   38        63      2009
 MINIMUM TEMPERATURE (F)   16       -22      1905


SUNRISE AND SUNSET
FEBRUARY  6 2016......SUNRISE   739 AM CST   SUNSET   556 PM CST
FEBRUARY  7 2016......SUNRISE   738 AM CST   SUNSET   557 PM CST


-  INDICATES NEGATIVE NUMBERS.
R  INDICATES RECORD WAS SET OR TIED.
MM INDICATES DATA IS MISSING.
T  INDICATES TRACE AMOUNT.




$$
