000
CDUS43 KGID 210624
CLIGRI


CLIMATE REPORT
NATIONAL WEATHER SERVICE HASTINGS NE
1223 AM CST SUN JAN 21 2018


...................................

...THE GRAND ISLAND NE CLIMATE SUMMARY FOR JANUARY 20 2018...

CLIMATE NORMAL PERIOD 1981 TO 2010
CLIMATE RECORD PERIOD 1895 TO 2018


WEATHER ITEM   OBSERVED TIME   RECORD YEAR NORMAL DEPARTURE LAST
                VALUE   (LST)  VALUE       VALUE  FROM      YEAR
                                                  NORMAL
..................................................................
TEMPERATURE (F)
 YESTERDAY
  MAXIMUM         48    351 PM  67    1997  36     12       42
                                      1964
  MINIMUM         25    818 AM -15    1962  14     11       35
  AVERAGE         37                        25     12       39

PRECIPITATION (IN)
  YESTERDAY        0.00          0.57 1993   0.02  -0.02     0.01
  MONTH TO DATE    0.19                      0.32  -0.13     1.01
  SINCE DEC 1      0.64                      0.95  -0.31     1.82
  SINCE JAN 1      0.19                      0.32  -0.13     1.01

SNOWFALL (IN)
  YESTERDAY        0.0           7.2  1993   0.2   -0.2      0.0
  MONTH TO DATE    2.8                       3.9   -1.1      1.7
  SINCE DEC 1     10.0                       9.0    1.0      3.1
  SINCE JUL 1     11.1                      13.2   -2.1      3.5
  SNOW DEPTH       0

DEGREE DAYS
 HEATING
  YESTERDAY       28                        40    -12       26
  MONTH TO DATE  898                       800     98      845
  SINCE DEC 1   2083                      1989     94     2046
  SINCE JUL 1   3232                      3319    -87     2966

 COOLING
  YESTERDAY        0                         0      0        0
  MONTH TO DATE    0                         0      0        0
  SINCE DEC 1      0                         0      0        0
  SINCE JAN 1      0                         0      0        0
..................................................................


WIND (MPH)
  HIGHEST WIND SPEED    15   HIGHEST WIND DIRECTION    NE (60)
  HIGHEST GUST SPEED    17   HIGHEST GUST DIRECTION     E (70)
  AVERAGE WIND SPEED     7.6


SKY COVER
  AVERAGE SKY COVER 0.1


WEATHER CONDITIONS
 THE FOLLOWING WEATHER WAS RECORDED YESTERDAY.
  NO SIGNIFICANT WEATHER WAS OBSERVED.


RELATIVE HUMIDITY (PERCENT)
 HIGHEST   100           200 AM
 LOWEST     65           200 PM
 AVERAGE    83

..........................................................


THE GRAND ISLAND NE CLIMATE NORMALS FOR TODAY
                         NORMAL    RECORD    YEAR
 MAXIMUM TEMPERATURE (F)   36        70      1950
 MINIMUM TEMPERATURE (F)   14       -18      1930


SUNRISE AND SUNSET
JANUARY 21 2018.......SUNRISE   753 AM CST   SUNSET   537 PM CST
JANUARY 22 2018.......SUNRISE   752 AM CST   SUNSET   538 PM CST


-  INDICATES NEGATIVE NUMBERS.
R  INDICATES RECORD WAS SET OR TIED.
MM INDICATES DATA IS MISSING.
T  INDICATES TRACE AMOUNT.




$$
