000
CDUS43 KGID 212329
CLIGRI


CLIMATE REPORT
NATIONAL WEATHER SERVICE HASTINGS NE
529 PM CST SAT JAN 21 2017


...................................

...THE GRAND ISLAND NE CLIMATE SUMMARY FOR JANUARY 21 2017...
VALID TODAY AS OF 0500 PM LOCAL TIME.

CLIMATE NORMAL PERIOD 1981 TO 2010
CLIMATE RECORD PERIOD 1895 TO 2017


WEATHER ITEM   OBSERVED TIME   RECORD YEAR NORMAL DEPARTURE LAST
                VALUE   (LST)  VALUE       VALUE  FROM      YEAR
                                                  NORMAL
..................................................................
TEMPERATURE (F)
 TODAY
  MAXIMUM         52    316 PM  70    1950  36     16       29
  MINIMUM         30    719 AM -18    1930  14     16       18
  AVERAGE         41                        25     16       24

PRECIPITATION (IN)
  TODAY            0.00          0.40 1915   0.02  -0.02      T
  MONTH TO DATE    1.01                      0.34   0.67     0.31
  SINCE DEC 1      1.82                      0.97   0.85     2.19
  SINCE JAN 1      1.01                      0.34   0.67     0.31

SNOWFALL (IN)
  TODAY            0.0           4.0  1916   0.2   -0.2       T
                                      1915
  MONTH TO DATE    1.7                       4.1   -2.4      4.5
  SINCE DEC 1      3.1                       9.2   -6.1      6.9
  SINCE JUL 1      3.5                      13.4   -9.9     12.5
  SNOW DEPTH       0

DEGREE DAYS
 HEATING
  TODAY           24                        40    -16       41
  MONTH TO DATE  869                       840     29      856
  SINCE DEC 1   2070                      2029     41     1864
  SINCE JUL 1   2990                      3359   -369     2830

 COOLING
  TODAY            0                         0      0        0
  MONTH TO DATE    0                         0      0        0
  SINCE DEC 1      0                         0      0        0
  SINCE JAN 1      0                         0      0        0
..................................................................


WIND (MPH)
  HIGHEST WIND SPEED    13   HIGHEST WIND DIRECTION    SW (240)
  HIGHEST GUST SPEED    14   HIGHEST GUST DIRECTION     W (250)
  AVERAGE WIND SPEED     6.8


SKY COVER
  POSSIBLE SUNSHINE  MM
  AVERAGE SKY COVER 0.3


WEATHER CONDITIONS
 THE FOLLOWING WEATHER WAS RECORDED TODAY.
  FOG


RELATIVE HUMIDITY (PERCENT)
 HIGHEST   100          1200 AM
 LOWEST     61           100 PM
 AVERAGE    81

..........................................................


THE GRAND ISLAND NE CLIMATE NORMALS FOR TOMORROW
                         NORMAL    RECORD    YEAR
 MAXIMUM TEMPERATURE (F)   36        70      1950
 MINIMUM TEMPERATURE (F)   14       -15      1966
                                             1930


SUNRISE AND SUNSET
JANUARY 21 2017.......SUNRISE   752 AM CST   SUNSET   537 PM CST
JANUARY 22 2017.......SUNRISE   752 AM CST   SUNSET   538 PM CST


-  INDICATES NEGATIVE NUMBERS.
R  INDICATES RECORD WAS SET OR TIED.
MM INDICATES DATA IS MISSING.
T  INDICATES TRACE AMOUNT.




$$
