000
CDUS43 KGID 152237
CLIGRI


CLIMATE REPORT
NATIONAL WEATHER SERVICE HASTINGS NE
537 PM CDT TUE APR 15 2014


...................................

...THE GRAND ISLAND NE CLIMATE SUMMARY FOR APRIL 15 2014...
VALID TODAY AS OF 0500 PM LOCAL TIME.

CLIMATE NORMAL PERIOD 1981 TO 2010
CLIMATE RECORD PERIOD 1895 TO 2014


WEATHER ITEM   OBSERVED TIME   RECORD YEAR NORMAL DEPARTURE LAST
                VALUE   (LST)  VALUE       VALUE  FROM      YEAR
                                                  NORMAL
..................................................................
TEMPERATURE (F)
 TODAY
  MAXIMUM         62    359 PM  94    2002  63     -1       46
  MINIMUM         24    504 AM  15    1905  38    -14       32
  AVERAGE         43                        50     -7       39

PRECIPITATION (IN)
  TODAY            0.00          1.33 1930   0.08  -0.08      T
  MONTH TO DATE    0.96                      1.09  -0.13     2.25
  SINCE MAR 1      1.15                      2.89  -1.74     3.89
  SINCE JAN 1      1.80                      4.10  -2.30     5.02

SNOWFALL (IN)
  TODAY            0.0           4.0  1905   0.0    0.0       T
  MONTH TO DATE    1.7                       1.1    0.6      2.9
  SINCE MAR 1      2.9                       6.5   -3.6      9.1
  SINCE JUL 1     16.4                      28.6  -12.2     30.5
  SNOW DEPTH       0

DEGREE DAYS
 HEATING
  TODAY           22                        15      7       26
  MONTH TO DATE  258                       260     -2      309
  SINCE MAR 1   1112                      1056     56     1197
  SINCE JUL 1   5947                      5817    130     5666

 COOLING
  TODAY            0                         0      0        0
  MONTH TO DATE    1                         0      1        0
  SINCE MAR 1      1                         0      1        0
  SINCE JAN 1      1                         0      1        0
..................................................................


WIND (MPH)
  HIGHEST WIND SPEED    26   HIGHEST WIND DIRECTION     S (180)
  HIGHEST GUST SPEED    32   HIGHEST GUST DIRECTION     S (170)
  AVERAGE WIND SPEED    11.2


SKY COVER
  POSSIBLE SUNSHINE  MM
  AVERAGE SKY COVER 0.0


WEATHER CONDITIONS
 THE FOLLOWING WEATHER WAS RECORDED TODAY.
  NO SIGNIFICANT WEATHER WAS OBSERVED.


RELATIVE HUMIDITY (PERCENT)
 HIGHEST    88           500 AM
 LOWEST     25           400 PM
 AVERAGE    57

..........................................................


THE GRAND ISLAND NE CLIMATE NORMALS FOR TOMORROW
                         NORMAL    RECORD    YEAR
 MAXIMUM TEMPERATURE (F)   64        94      1964
 MINIMUM TEMPERATURE (F)   38        20      1904


SUNRISE AND SUNSET
APRIL 15 2014.........SUNRISE   654 AM CDT   SUNSET   813 PM CDT
APRIL 16 2014.........SUNRISE   653 AM CDT   SUNSET   814 PM CDT


-  INDICATES NEGATIVE NUMBERS.
R  INDICATES RECORD WAS SET OR TIED.
MM INDICATES DATA IS MISSING.
T  INDICATES TRACE AMOUNT.




$$
