000
CDUS43 KGID 010729
CLIGRI


CLIMATE REPORT
NATIONAL WEATHER SERVICE HASTINGS NE
127 AM CST WED MAR 1 2017


...................................

...THE GRAND ISLAND NE CLIMATE SUMMARY FOR FEBRUARY 28 2017...

CLIMATE NORMAL PERIOD 1981 TO 2010
CLIMATE RECORD PERIOD 1895 TO 2017


WEATHER ITEM   OBSERVED TIME   RECORD YEAR NORMAL DEPARTURE LAST
                VALUE   (LST)  VALUE       VALUE  FROM      YEAR
                                                  NORMAL
..................................................................
TEMPERATURE (F)
 YESTERDAY
  MAXIMUM         45    213 PM  79    2006  44      1       60
  MINIMUM         29    326 AM -17    1962  23      6       36
  AVERAGE         37                        33      4       48

PRECIPITATION (IN)
  YESTERDAY        T             0.65 1939   0.03  -0.03     0.00
  MONTH TO DATE    0.25                      0.68  -0.43     1.86
  SINCE DEC 1      2.13                      1.84   0.29     4.06
  SINCE JAN 1      1.32                      1.21   0.11     2.18

SNOWFALL (IN)
  YESTERDAY        T             5.0  1918   0.2   -0.2      0.0
  MONTH TO DATE    3.5                       6.3   -2.8     18.6
  SINCE DEC 1      7.3                      17.9  -10.6     25.6
  SINCE JUL 1      7.7                      22.1  -14.4     31.2
  SNOW DEPTH       0

DEGREE DAYS
 HEATING
  YESTERDAY       28                        32     -4       17
  MONTH TO DATE  754                      1006   -252      829
  SINCE DEC 1   3146                      3431   -285     3007
  SINCE JUL 1   4066                      4761   -695     3973

 COOLING
  YESTERDAY        0                         0      0        0
  MONTH TO DATE    0                         0      0        0
  SINCE DEC 1      0                         0      0        0
  SINCE JAN 1      0                         0      0        0
..................................................................


WIND (MPH)
  HIGHEST WIND SPEED    24   HIGHEST WIND DIRECTION    NW (320)
  HIGHEST GUST SPEED    30   HIGHEST GUST DIRECTION    NW (330)
  AVERAGE WIND SPEED    12.4


SKY COVER
  AVERAGE SKY COVER 0.5


WEATHER CONDITIONS
 THE FOLLOWING WEATHER WAS RECORDED YESTERDAY.
  LIGHT RAIN
  LIGHT SNOW
  FOG
  FOG W/VISIBILITY <= 1/4 MILE
  HAZE


RELATIVE HUMIDITY (PERCENT)
 HIGHEST   100           200 AM
 LOWEST     55           700 PM
 AVERAGE    78

..........................................................


THE GRAND ISLAND NE CLIMATE NORMALS FOR TODAY
                         NORMAL    RECORD    YEAR
 MAXIMUM TEMPERATURE (F)   45        80      1992
 MINIMUM TEMPERATURE (F)   23       -10      1980


SUNRISE AND SUNSET
MARCH  1 2017.........SUNRISE   707 AM CST   SUNSET   625 PM CST
MARCH  2 2017.........SUNRISE   705 AM CST   SUNSET   626 PM CST


-  INDICATES NEGATIVE NUMBERS.
R  INDICATES RECORD WAS SET OR TIED.
MM INDICATES DATA IS MISSING.
T  INDICATES TRACE AMOUNT.




$$
