000
CDUS43 KGID 310728
CLIGRI


CLIMATE REPORT
NATIONAL WEATHER SERVICE HASTINGS NE
227 AM CDT FRI JUL 31 2015


...................................

...THE GRAND ISLAND NE CLIMATE SUMMARY FOR JULY 30 2015...

CLIMATE NORMAL PERIOD 1981 TO 2010
CLIMATE RECORD PERIOD 1895 TO 2015


WEATHER ITEM   OBSERVED TIME   RECORD YEAR NORMAL DEPARTURE LAST
                VALUE   (LST)  VALUE       VALUE  FROM      YEAR
                                                  NORMAL
..................................................................
TEMPERATURE (F)
 YESTERDAY
  MAXIMUM         90    342 PM 108    1917  87      3       81
  MINIMUM         57    543 AM  42    1971  65     -8       57
  AVERAGE         74                        76     -2       69

PRECIPITATION (IN)
  YESTERDAY        0.00          1.90 1896   0.11  -0.11     0.00
  MONTH TO DATE    2.05                      3.29  -1.24     2.19
  SINCE JUN 1      7.72                      7.59   0.13    11.84
  SINCE JAN 1     14.88                     17.54  -2.66    16.33

SNOWFALL (IN)
  YESTERDAY        0.0                       0.0    0.0      0.0
  MONTH TO DATE    0.0                       0.0    0.0      0.0
  SINCE JUN 1      0.0                       0.0    0.0      0.0
  SINCE JUL 1      0.0                       0.0    0.0      0.0
  SNOW DEPTH       0

DEGREE DAYS
 HEATING
  YESTERDAY        0                         0      0        0
  MONTH TO DATE    5                         0      5        4
  SINCE JUN 1     10                        24    -14       14
  SINCE JUL 1      5                         0      5        4

 COOLING
  YESTERDAY        9                        11     -2        4
  MONTH TO DATE  329                       339    -10      262
  SINCE JUN 1    538                       552    -14      512
  SINCE JAN 1    565                       617    -52      631
..................................................................


WIND (MPH)
  HIGHEST WIND SPEED    20   HIGHEST WIND DIRECTION    SW (220)
  HIGHEST GUST SPEED    24   HIGHEST GUST DIRECTION    SW (210)
  AVERAGE WIND SPEED     7.1


SKY COVER
  AVERAGE SKY COVER 0.0


WEATHER CONDITIONS
 THE FOLLOWING WEATHER WAS RECORDED YESTERDAY.
  NO SIGNIFICANT WEATHER WAS OBSERVED.


RELATIVE HUMIDITY (PERCENT)
 HIGHEST    86           600 AM
 LOWEST     37           100 PM
 AVERAGE    62

..........................................................


THE GRAND ISLAND NE CLIMATE NORMALS FOR TODAY
                         NORMAL    RECORD    YEAR
 MAXIMUM TEMPERATURE (F)   87       108      1935
                                             1934
 MINIMUM TEMPERATURE (F)   65        47      1925


SUNRISE AND SUNSET
JULY 31 2015..........SUNRISE   628 AM CDT   SUNSET   851 PM CDT
AUGUST  1 2015........SUNRISE   629 AM CDT   SUNSET   849 PM CDT


-  INDICATES NEGATIVE NUMBERS.
R  INDICATES RECORD WAS SET OR TIED.
MM INDICATES DATA IS MISSING.
T  INDICATES TRACE AMOUNT.




$$
