000
CDUS42 KRAH 220909
CLIGSO


CLIMATE REPORT
NATIONAL WEATHER SERVICE RALEIGH NC
408 AM EST WED NOV 22 2017


...................................

...THE PIEDMONT TRIAD INTL AIRPORT NC CLIMATE SUMMARY FOR NOVEMBER 21 2017...

CLIMATE NORMAL PERIOD 1981 TO 2010
CLIMATE RECORD PERIOD 1903 TO 2017


WEATHER ITEM   OBSERVED TIME   RECORD YEAR NORMAL DEPARTURE LAST
                VALUE   (LST)  VALUE       VALUE  FROM      YEAR
                                                  NORMAL
..................................................................
TEMPERATURE (F)
 YESTERDAY
  MAXIMUM         62    325 PM  79    1942  59      3       56
  MINIMUM         35    728 AM  12    1914  38     -3       28
  AVERAGE         49                        48      1       42

PRECIPITATION (IN)
  YESTERDAY        0.04          2.07 1985   0.10  -0.06     0.00
  MONTH TO DATE    0.95                      2.18  -1.23     0.01
  SINCE SEP 1      6.78                      9.50  -2.72     6.14
  SINCE JAN 1     41.23                     38.29   2.94    36.94

DEGREE DAYS
 HEATING
  YESTERDAY       16                        17     -1       23
  MONTH TO DATE  309                       282     27      240
  SINCE SEP 1    471                       514    -43      329
  SINCE JUL 1    471                       515    -44      329

 COOLING
  YESTERDAY        0                         0      0        0
  MONTH TO DATE    1                         0      1        9
  SINCE SEP 1    258                       218     40      404
  SINCE JAN 1   1612                      1480    132     1971
..................................................................


WIND (MPH)
  HIGHEST WIND SPEED    13   HIGHEST WIND DIRECTION    NW (310)
  HIGHEST GUST SPEED    15   HIGHEST GUST DIRECTION    NW (310)
  AVERAGE WIND SPEED     4.9


SKY COVER
  POSSIBLE SUNSHINE  MM
  AVERAGE SKY COVER 0.7


WEATHER CONDITIONS
 THE FOLLOWING WEATHER WAS RECORDED YESTERDAY.
  LIGHT RAIN
  FOG


RELATIVE HUMIDITY (PERCENT)
 HIGHEST    80          1100 PM
 LOWEST     41          1100 AM
 AVERAGE    61

..........................................................


THE PIEDMONT TRIAD INTL AIRPORT NC CLIMATE NORMALS FOR TODAY
                         NORMAL    RECORD    YEAR
 MAXIMUM TEMPERATURE (F)   58        78      1913
 MINIMUM TEMPERATURE (F)   38        13      1914


SUNRISE AND SUNSET
NOVEMBER 22 2017......SUNRISE   704 AM EST   SUNSET   508 PM EST
NOVEMBER 23 2017......SUNRISE   705 AM EST   SUNSET   508 PM EST


-  INDICATES NEGATIVE NUMBERS.
R  INDICATES RECORD WAS SET OR TIED.
MM INDICATES DATA IS MISSING.
T  INDICATES TRACE AMOUNT.




$$
