000
CDUS42 KRAH 010039
CLIGSO


CLIMATE REPORT
NATIONAL WEATHER SERVICE RALEIGH NC
837 PM EDT WED AUG 31 2016


...................................

...THE PIEDMONT TRIAD INTL AIRPORT NC CLIMATE SUMMARY FOR AUGUST 31 2016...
VALID AS OF 0830 PM LOCAL TIME.

CLIMATE NORMAL PERIOD 1981 TO 2010
CLIMATE RECORD PERIOD 1903 TO 2016


WEATHER ITEM   OBSERVED TIME   RECORD YEAR NORMAL DEPARTURE LAST
                VALUE   (LST)  VALUE       VALUE  FROM      YEAR
                                                  NORMAL
..................................................................
TEMPERATURE (F)
 TODAY
  MAXIMUM         91    421 PM 101    1932  84      7       83
  MINIMUM         72    521 AM  47    1946  66      6       67
  AVERAGE         82                        75      7       75

PRECIPITATION (IN)
  TODAY            0.00          2.63 1952   0.13  -0.13     0.19
  MONTH TO DATE    4.97                      3.88   1.09     6.85
  SINCE JUN 1     11.83                     12.09  -0.26    12.25
  SINCE JAN 1     30.80                     28.79   2.01    25.21

DEGREE DAYS
 HEATING
  TODAY            0                         0      0        0
  MONTH TO DATE    0                         0      0        0
  SINCE JUN 1      0                         7     -7        3
  SINCE JUL 1      0                         1     -1        0

 COOLING
  TODAY           17                        10      7       10
  MONTH TO DATE  478                       377    101      393
  SINCE JUN 1   1367                      1103    264     1280
  SINCE JAN 1   1567                      1262    305     1514
..................................................................


WIND (MPH)
  HIGHEST WIND SPEED    14   HIGHEST WIND DIRECTION     S (170)
  HIGHEST GUST SPEED    15   HIGHEST GUST DIRECTION     S (170)
  AVERAGE WIND SPEED     3.3


SKY COVER
  POSSIBLE SUNSHINE  MM
  AVERAGE SKY COVER 0.5


WEATHER CONDITIONS
 THE FOLLOWING WEATHER WAS RECORDED TODAY.
  NO SIGNIFICANT WEATHER WAS OBSERVED.


RELATIVE HUMIDITY (PERCENT)
 HIGHEST    87           200 AM
 LOWEST     41           400 PM
 AVERAGE    64

..........................................................


THE PIEDMONT TRIAD INTL AIRPORT NC CLIMATE NORMALS FOR TOMORROW
                         NORMAL    RECORD    YEAR
 MAXIMUM TEMPERATURE (F)   84        99      1932
 MINIMUM TEMPERATURE (F)   66        48      1946


SUNRISE AND SUNSET
AUGUST 31 2016........SUNRISE   651 AM EDT   SUNSET   748 PM EDT
SEPTEMBER  1 2016.....SUNRISE   652 AM EDT   SUNSET   747 PM EDT


-  INDICATES NEGATIVE NUMBERS.
R  INDICATES RECORD WAS SET OR TIED.
MM INDICATES DATA IS MISSING.
T  INDICATES TRACE AMOUNT.




$$
