000
CDUS42 KRAH 160624
CLIGSO


CLIMATE REPORT
NATIONAL WEATHER SERVICE RALEIGH NC
221 AM EDT WED APR 16 2014


...................................

...THE PIEDMONT TRIAD INTL AIRPORT NC CLIMATE SUMMARY FOR APRIL 15 2014...

CLIMATE NORMAL PERIOD 1981 TO 2010
CLIMATE RECORD PERIOD 1903 TO 2014


WEATHER ITEM   OBSERVED TIME   RECORD YEAR NORMAL DEPARTURE LAST
                VALUE   (LST)  VALUE       VALUE  FROM      YEAR
                                                  NORMAL
..................................................................
TEMPERATURE (F)
 YESTERDAY
  MAXIMUM         67    143 PM  90    2006  70     -3       68
  MINIMUM         35   1159 PM  24    1943  47    -12       55
  AVERAGE         51                        59     -8       62

PRECIPITATION (IN)
  YESTERDAY        1.82          3.90 1987   0.12   1.70     0.13
  MONTH TO DATE    3.56                      1.81   1.75     1.72
  SINCE MAR 1      7.92                      5.54   2.38     4.57
  SINCE JAN 1     14.14                     11.56   2.58    13.24

SNOWFALL (IN)
  YESTERDAY        0.0           T    1943   0.0    0.0      0.0
  MONTH TO DATE    0.0                       0.1   -0.1       T
  SINCE MAR 1      4.7                       0.9    3.8       T
  SINCE JUL 1     15.3                       7.6    7.7      3.6
  SNOW DEPTH       0

DEGREE DAYS
 HEATING
  YESTERDAY       14                         7      7        3
  MONTH TO DATE   71                       136    -65      110
  SINCE MAR 1    698                       606     92      751
  SINCE JUL 1   3675                      3461    214     3455

 COOLING
  YESTERDAY        0                         1     -1        0
  MONTH TO DATE   15                        14      1       23
  SINCE MAR 1     15                        19     -4       23
  SINCE JAN 1     15                        19     -4       23
..................................................................


WIND (MPH)
  HIGHEST WIND SPEED    24   HIGHEST WIND DIRECTION    NW (300)
  HIGHEST GUST SPEED    31   HIGHEST GUST DIRECTION    NW (310)
  AVERAGE WIND SPEED    12.3


SKY COVER
  POSSIBLE SUNSHINE  MM
  AVERAGE SKY COVER 0.9


WEATHER CONDITIONS
 THE FOLLOWING WEATHER WAS RECORDED YESTERDAY.
  HEAVY RAIN
  RAIN
  LIGHT RAIN
  FOG


RELATIVE HUMIDITY (PERCENT)
 HIGHEST   100           400 AM
 LOWEST     64           900 PM
 AVERAGE    82

..........................................................


THE PIEDMONT TRIAD INTL AIRPORT NC CLIMATE NORMALS FOR TODAY
                         NORMAL    RECORD    YEAR
 MAXIMUM TEMPERATURE (F)   71        88      2002
 MINIMUM TEMPERATURE (F)   47        25      1943


SUNRISE AND SUNSET
APRIL 16 2014.........SUNRISE   645 AM EDT   SUNSET   754 PM EDT
APRIL 17 2014.........SUNRISE   644 AM EDT   SUNSET   755 PM EDT


-  INDICATES NEGATIVE NUMBERS.
R  INDICATES RECORD WAS SET OR TIED.
MM INDICATES DATA IS MISSING.
T  INDICATES TRACE AMOUNT.




$$
