000
CDUS42 KRAH 060926
CLIGSO


CLIMATE REPORT
NATIONAL WEATHER SERVICE RALEIGH NC
410 AM EST SAT FEB 6 2016


...................................

...THE PIEDMONT TRIAD INTL AIRPORT NC CLIMATE SUMMARY FOR FEBRUARY 5 2016...

CLIMATE NORMAL PERIOD 1981 TO 2010
CLIMATE RECORD PERIOD 1903 TO 2016


WEATHER ITEM   OBSERVED TIME   RECORD YEAR NORMAL DEPARTURE LAST
                VALUE   (LST)  VALUE       VALUE  FROM      YEAR
                                                  NORMAL
..................................................................
TEMPERATURE (F)
 YESTERDAY
  MAXIMUM         47    418 PM  74    2008  50     -3       45
  MINIMUM         32   1155 PM   1    1996  31      1       24
                                      1917
  AVERAGE         40                        41     -1       35

PRECIPITATION (IN)
  YESTERDAY        0.01          1.59 1960   0.10  -0.09     0.00
  MONTH TO DATE    1.00                      0.50   0.50     0.38
  SINCE DEC 1      9.56                      6.54   3.02     4.63
  SINCE JAN 1      2.91                      3.56  -0.65     2.42

SNOWFALL (IN)
  YESTERDAY        T             4.5  1905   0.1   -0.1      0.0
  MONTH TO DATE    T                         0.5   -0.5      0.0
  SINCE DEC 1      2.5                       4.7   -2.2       T
  SINCE JUL 1      2.5                       4.8   -2.3       T
  SNOW DEPTH       0

DEGREE DAYS
 HEATING
  YESTERDAY       25                        24      1       30
  MONTH TO DATE   63                       124    -61      132
  SINCE DEC 1   1288                      1667   -379     1603
  SINCE JUL 1   1802                      2347   -545     2353

 COOLING
  YESTERDAY        0                         0      0        0
  MONTH TO DATE    0                         0      0        0
  SINCE DEC 1     15                         1     14        0
  SINCE JAN 1      0                         0      0        0
..................................................................


WIND (MPH)
  HIGHEST WIND SPEED    18   HIGHEST WIND DIRECTION    NW (320)
  HIGHEST GUST SPEED    25   HIGHEST GUST DIRECTION     N (10)
  AVERAGE WIND SPEED     7.7


SKY COVER
  POSSIBLE SUNSHINE  MM
  AVERAGE SKY COVER 0.5


WEATHER CONDITIONS
 THE FOLLOWING WEATHER WAS RECORDED YESTERDAY.
  LIGHT RAIN
  SNOW
  LIGHT SNOW
  FOG


RELATIVE HUMIDITY (PERCENT)
 HIGHEST    56           700 AM
 LOWEST     23           300 PM
 AVERAGE    40

..........................................................


THE PIEDMONT TRIAD INTL AIRPORT NC CLIMATE NORMALS FOR TODAY
                         NORMAL    RECORD    YEAR
 MAXIMUM TEMPERATURE (F)   51        74      1927
 MINIMUM TEMPERATURE (F)   31         1      1917


SUNRISE AND SUNSET
FEBRUARY  6 2016......SUNRISE   717 AM EST   SUNSET   551 PM EST
FEBRUARY  7 2016......SUNRISE   716 AM EST   SUNSET   552 PM EST


-  INDICATES NEGATIVE NUMBERS.
R  INDICATES RECORD WAS SET OR TIED.
MM INDICATES DATA IS MISSING.
T  INDICATES TRACE AMOUNT.




$$
