000
CDUS42 KGSP 200635
CLIGSP

CLIMATE REPORT
NATIONAL WEATHER SERVICE GREENVILLE-SPARTANBURG SC
135 AM EST TUE FEB 20 2018


...................................

...THE GREENVILLE-SPARTANBURG SC CLIMATE SUMMARY FOR FEBRUARY 19 2018...

CLIMATE NORMAL PERIOD 1981 TO 2010
CLIMATE RECORD PERIOD 1884 TO 2018


WEATHER ITEM   OBSERVED TIME   RECORD YEAR NORMAL DEPARTURE LAST
                VALUE   (LST)  VALUE       VALUE  FROM      YEAR
                                                  NORMAL
..................................................................
TEMPERATURE (F)
 YESTERDAY
  MAXIMUM         55    648 PM  75    2014  57     -2       70
                                      1916
                                      1911
  MINIMUM         49    906 AM   9    1958  36     13       43
                                      1900
  AVERAGE         52                        46      6       57

PRECIPITATION (IN)
  YESTERDAY        0.11          1.85 1949   0.14  -0.03     0.00
  MONTH TO DATE    4.91                      2.62   2.29     1.03
  SINCE DEC 1     10.68                     10.55   0.13     8.24
  SINCE JAN 1      7.77                      6.44   1.33     5.55

SNOWFALL (IN)
  YESTERDAY        0.0           0.5  1963   0.1   -0.1      0.0
  MONTH TO DATE    0.0                       0.7   -0.7      0.0
  SINCE DEC 1      4.7                       3.4    1.3      3.1
  SINCE JUL 1      4.7                       3.5    1.2      3.1
  SNOW DEPTH       0

DEGREE DAYS
 HEATING
  YESTERDAY       13                        18     -5        8
  MONTH TO DATE  293                       383    -90      238
  SINCE DEC 1   1738                      1740     -2     1330
  SINCE JUL 1   2232                      2293    -61     1656

 COOLING
  YESTERDAY        0                         0      0        0
  MONTH TO DATE    5                         0      5        6
  SINCE DEC 1      5                         1      4        6
  SINCE JAN 1      5                         0      5        6
..................................................................


WIND (MPH)
  HIGHEST WIND SPEED     9   HIGHEST WIND DIRECTION    NE (30)
  HIGHEST GUST SPEED    11   HIGHEST GUST DIRECTION    NE (30)
  AVERAGE WIND SPEED     4.4


SKY COVER
  POSSIBLE SUNSHINE  MM
  AVERAGE SKY COVER 0.9


WEATHER CONDITIONS
 THE FOLLOWING WEATHER WAS RECORDED YESTERDAY.
  LIGHT RAIN
  FOG
  FOG W/VISIBILITY <= 1/4 MILE


RELATIVE HUMIDITY (PERCENT)
 HIGHEST   100           200 AM
 LOWEST    100           200 AM
 AVERAGE   100

..........................................................


THE GREENVILLE-SPARTANBURG SC CLIMATE NORMALS FOR TODAY
                         NORMAL    RECORD    YEAR
 MAXIMUM TEMPERATURE (F)   58        75      2014
                                             1986
 MINIMUM TEMPERATURE (F)   36         9      2015


SUNRISE AND SUNSET
FEBRUARY 20 2018......SUNRISE   709 AM EST   SUNSET   616 PM EST
FEBRUARY 21 2018......SUNRISE   708 AM EST   SUNSET   617 PM EST


-  INDICATES NEGATIVE NUMBERS.
R  INDICATES RECORD WAS SET OR TIED.
MM INDICATES DATA IS MISSING.
T  INDICATES TRACE AMOUNT.

$$

OUTLAW
