000
CDUS42 KGSP 290632 RRA
CLIGSP

CLIMATE REPORT
NATIONAL WEATHER SERVICE GREENVILLE-SPARTANBURG SC
231 AM EDT THU SEP 29 2016

...THE GREENVILLE-SPARTANBURG SC CLIMATE SUMMARY FOR SEPTEMBER 28 2016...

CLIMATE NORMAL PERIOD 1981 TO 2010
CLIMATE RECORD PERIOD 1884 TO 2016


WEATHER ITEM   OBSERVED TIME   RECORD YEAR NORMAL DEPARTURE LAST
                VALUE   (LST)  VALUE       VALUE  FROM      YEAR
                                                  NORMAL
..................................................................
TEMPERATURE (F)
 YESTERDAY
  MAXIMUM         86    409 PM  91    1986  78      8       75
                                      1933
                                      1897
  MINIMUM         64   1155 PM  39    1993  57      7       66
                                      1899
  AVERAGE         75                        68      7       71

PRECIPITATION (IN)
  YESTERDAY        0.00          3.89 1963   0.12  -0.12     0.15
  MONTH TO DATE    0.99                      3.19  -2.20     5.34
  SINCE SEP 1      0.99                      3.19  -2.20     5.34
  SINCE JAN 1     29.22                     35.70  -6.48    30.88

SNOWFALL (IN)
  YESTERDAY        0.0           0.0    MM   0.0    0.0      0.0
  MONTH TO DATE    0.0                       0.0    0.0      0.0
  SINCE SEP 1      0.0                       0.0    0.0      0.0
  SINCE JUL 1      0.0                       0.0    0.0      0.0
  SNOW DEPTH       0

DEGREE DAYS
 HEATING
  YESTERDAY        0                         2     -2        0
  MONTH TO DATE    0                        12    -12        5
  SINCE SEP 1      0                        12    -12        5
  SINCE JUL 1      0                        12    -12        5

 COOLING
  YESTERDAY       10                         4      6        6
  MONTH TO DATE  366                       219    147      224
  SINCE SEP 1    366                       219    147      224
  SINCE JAN 1   2085                      1654    431     1896
..................................................................


WIND (MPH)
  HIGHEST WIND SPEED    18   HIGHEST WIND DIRECTION    SW (210)
  HIGHEST GUST SPEED    25   HIGHEST GUST DIRECTION    SW (220)
  AVERAGE WIND SPEED     7.4


SKY COVER
  POSSIBLE SUNSHINE  MM
  AVERAGE SKY COVER 0.4


WEATHER CONDITIONS
 THE FOLLOWING WEATHER WAS RECORDED YESTERDAY.
  FOG


RELATIVE HUMIDITY (PERCENT)
 HIGHEST   100           700 AM
 LOWEST     44           500 PM
 AVERAGE    72

..........................................................


THE GREENVILLE-SPARTANBURG SC CLIMATE NORMALS FOR TODAY
                         NORMAL    RECORD    YEAR
 MAXIMUM TEMPERATURE (F)   78        96      1911
 MINIMUM TEMPERATURE (F)   57        39      1899


SUNRISE AND SUNSET
SEPTEMBER 29 2016.....SUNRISE   722 AM EDT   SUNSET   715 PM EDT
SEPTEMBER 30 2016.....SUNRISE   723 AM EDT   SUNSET   714 PM EDT


-  INDICATES NEGATIVE NUMBERS.
R  INDICATES RECORD WAS SET OR TIED.
MM INDICATES DATA IS MISSING.
T  INDICATES TRACE AMOUNT.

$$
