000
CDUS42 KGSP 282034
CLIGSP

CLIMATE REPORT
NATIONAL WEATHER SERVICE GREENVILLE-SPARTANBURG SC
434 PM EDT MON JUL 28 2014


...................................

...THE GREENVILLE-SPARTANBURG SC CLIMATE SUMMARY FOR JULY 28 2014...
VALID TODAY AS OF 0430 PM LOCAL TIME.

CLIMATE NORMAL PERIOD 1981 TO 2010
CLIMATE RECORD PERIOD 1884 TO 2014


WEATHER ITEM   OBSERVED TIME   RECORD YEAR NORMAL DEPARTURE LAST
                VALUE   (LST)  VALUE       VALUE  FROM      YEAR
                                                  NORMAL
..................................................................
TEMPERATURE (F)
 TODAY
  MAXIMUM         91    322 PM 103    1952  90      1       87
  MINIMUM         70    550 AM  60    1911  70      0       69
                                      1904
  AVERAGE         81                        80      1       78

PRECIPITATION (IN)
  TODAY            0.01          2.96 2000   0.15  -0.14     0.00
  MONTH TO DATE    3.79                      4.29  -0.50    14.40
  SINCE JUN 1      6.61                      8.09  -1.48    23.83
  SINCE JAN 1     26.42                     27.52  -1.10    46.99

SNOWFALL (IN)
  TODAY            0.0           0.0    MM   0.0    0.0      0.0
  MONTH TO DATE    0.0                       0.0    0.0      0.0
  SINCE JUN 1      0.0                       0.0    0.0      0.0
  SINCE JUL 1      0.0                       0.0    0.0      0.0
  SNOW DEPTH       0

DEGREE DAYS
 HEATING
  TODAY            0                         0      0        0
  MONTH TO DATE    0                         0      0        0
  SINCE JUN 1      0                         2     -2        0
  SINCE JUL 1      0                         0      0        0

 COOLING
  TODAY           16                        15      1       13
  MONTH TO DATE  366                       418    -52      355
  SINCE JUN 1    750                       769    -19      702
  SINCE JAN 1   1006                       970     36      864
..................................................................


WIND (MPH)
  HIGHEST WIND SPEED    16   HIGHEST WIND DIRECTION    NW (300)
  HIGHEST GUST SPEED    22   HIGHEST GUST DIRECTION     W (280)
  AVERAGE WIND SPEED     9.7


SKY COVER
  POSSIBLE SUNSHINE  MM
  AVERAGE SKY COVER 0.1


WEATHER CONDITIONS
 THE FOLLOWING WEATHER WAS RECORDED TODAY.
  LIGHT RAIN


RELATIVE HUMIDITY (PERCENT)
 HIGHEST    93           500 AM
 LOWEST     32           300 PM
 AVERAGE    63

..........................................................


THE GREENVILLE-SPARTANBURG SC CLIMATE NORMALS FOR TOMORROW
                         NORMAL    RECORD    YEAR
 MAXIMUM TEMPERATURE (F)   90       104      1952
 MINIMUM TEMPERATURE (F)   70        59      1911


SUNRISE AND SUNSET
JULY 28 2014..........SUNRISE   636 AM EDT   SUNSET   835 PM EDT
JULY 29 2014..........SUNRISE   636 AM EDT   SUNSET   834 PM EDT


-  INDICATES NEGATIVE NUMBERS.
R  INDICATES RECORD WAS SET OR TIED.
MM INDICATES DATA IS MISSING.
T  INDICATES TRACE AMOUNT.

$$

OUTLAW
