000
CDUS42 KGSP 252034
CLIGSP

CLIMATE REPORT
NATIONAL WEATHER SERVICE GREENVILLE-SPARTANBURG SC
430 PM EDT TUE APR 25 2017


...................................

...THE GREENVILLE-SPARTANBURG SC CLIMATE SUMMARY FOR APRIL 25 2017...
VALID TODAY AS OF 430 PM LOCAL TIME.

CLIMATE NORMAL PERIOD 1981 TO 2010
CLIMATE RECORD PERIOD 1884 TO 2017


WEATHER ITEM   OBSERVED TIME   RECORD YEAR NORMAL DEPARTURE LAST
                VALUE   (LST)  VALUE       VALUE  FROM      YEAR
                                                  NORMAL
..................................................................
TEMPERATURE (F)
 TODAY
  MAXIMUM         75    311 PM  92    1960  75      0       80
  MINIMUM         54    510 AM  32    1903  51      3       53
  AVERAGE         65                        63      2       67

PRECIPITATION (IN)
  TODAY            0.00          2.13 1939   0.11  -0.11     0.00
  MONTH TO DATE    7.05                      2.81   4.24     1.41
  SINCE MAR 1     14.40                      7.33   7.07     3.10
  SINCE JAN 1     20.12                     15.12   5.00    11.36

SNOWFALL (IN)
  TODAY            0.0           0.0    MM   0.0    0.0      0.0
  MONTH TO DATE    0.0                       0.0    0.0      0.0
  SINCE MAR 1      0.5                       0.9   -0.4       T
  SINCE JUL 1      3.6                       4.7   -1.1      2.6
  SNOW DEPTH       0

DEGREE DAYS
 HEATING
  TODAY            0                         4     -4        0
  MONTH TO DATE   75                       156    -81      141
  SINCE MAR 1    429                       540   -111      367
  SINCE JUL 1   2155                      2989   -834     2464

 COOLING
  TODAY            0                         2     -2        2
  MONTH TO DATE   55                        31     24       18
  SINCE MAR 1     71                        39     32       44
  SINCE JAN 1     77                        39     38       44
..................................................................


WIND (MPH)
  HIGHEST WIND SPEED    13   HIGHEST WIND DIRECTION     N (20)
  HIGHEST GUST SPEED    17   HIGHEST GUST DIRECTION    NW (330)
  AVERAGE WIND SPEED     3.5


SKY COVER
  POSSIBLE SUNSHINE  MM
  AVERAGE SKY COVER 0.9


WEATHER CONDITIONS
 THE FOLLOWING WEATHER WAS RECORDED TODAY.
  FOG


RELATIVE HUMIDITY (PERCENT)
 HIGHEST   100          1200 AM
 LOWEST     57           200 PM
 AVERAGE    79

..........................................................


THE GREENVILLE-SPARTANBURG SC CLIMATE NORMALS FOR TOMORROW
                         NORMAL    RECORD    YEAR
 MAXIMUM TEMPERATURE (F)   75        89      1960
                                             1915
 MINIMUM TEMPERATURE (F)   51        34      1972
                                             1910


SUNRISE AND SUNSET
APRIL 25 2017.........SUNRISE   645 AM EDT   SUNSET   810 PM EDT
APRIL 26 2017.........SUNRISE   643 AM EDT   SUNSET   810 PM EDT


-  INDICATES NEGATIVE NUMBERS.
R  INDICATES RECORD WAS SET OR TIED.
MM INDICATES DATA IS MISSING.
T  INDICATES TRACE AMOUNT.




$$
