000
CDUS42 KGSP 220632 RRA
CLIGSP

CLIMATE REPORT
NATIONAL WEATHER SERVICE GREENVILLE-SPARTANBURG SC
132 AM EST WED NOV 22 2017


...................................

...THE GREENVILLE-SPARTANBURG SC CLIMATE SUMMARY FOR NOVEMBER 21 2017...

CLIMATE NORMAL PERIOD 1981 TO 2010
CLIMATE RECORD PERIOD 1884 TO 2017


WEATHER ITEM   OBSERVED TIME   RECORD YEAR NORMAL DEPARTURE LAST
                VALUE   (LST)  VALUE       VALUE  FROM      YEAR
                                                  NORMAL
..................................................................
TEMPERATURE (F)
 YESTERDAY
  MAXIMUM         61    358 PM  78    1942  62     -1       62
  MINIMUM         36    225 AM  17    1914  40     -4       36
  AVERAGE         49                        51     -2       49

PRECIPITATION (IN)
  YESTERDAY        T             1.93 2005   0.14  -0.14     0.00
                                      1985
  MONTH TO DATE    0.72                      2.47  -1.75     0.20
  SINCE SEP 1     12.22                      9.34   2.88     1.63
  SINCE JAN 1     50.19                     41.85   8.34    29.86

SNOWFALL (IN)
  YESTERDAY        0.0           T    1952   0.0    0.0      0.0
  MONTH TO DATE    0.0                       0.1   -0.1      0.0
  SINCE SEP 1      0.0                       0.1   -0.1      0.0
  SINCE JUL 1      0.0                       0.1   -0.1      0.0
  SNOW DEPTH       0

DEGREE DAYS
 HEATING
  YESTERDAY       16                        14      2       16
  MONTH TO DATE  223                       239    -16      191
  SINCE SEP 1    368                       409    -41      233
  SINCE JUL 1    368                       409    -41      233

 COOLING
  YESTERDAY        0                         0      0        0
  MONTH TO DATE    8                         0      8       12
  SINCE SEP 1    336                       275     61      469
  SINCE JAN 1   1802                      1710     92     2188
..................................................................


WIND (MPH)
  HIGHEST WIND SPEED     8   HIGHEST WIND DIRECTION    SE (120)
  HIGHEST GUST SPEED     9   HIGHEST GUST DIRECTION    SE (120)
  AVERAGE WIND SPEED     2.0


SKY COVER
  POSSIBLE SUNSHINE  MM
  AVERAGE SKY COVER 0.8


WEATHER CONDITIONS
 THE FOLLOWING WEATHER WAS RECORDED YESTERDAY.
  LIGHT RAIN


RELATIVE HUMIDITY (PERCENT)
 HIGHEST   100           800 PM
 LOWEST     54          1100 AM
 AVERAGE    77

..........................................................


THE GREENVILLE-SPARTANBURG SC CLIMATE NORMALS FOR TODAY
                         NORMAL    RECORD    YEAR
 MAXIMUM TEMPERATURE (F)   61        77      2011
 MINIMUM TEMPERATURE (F)   39        18      1914


SUNRISE AND SUNSET
NOVEMBER 22 2017......SUNRISE   710 AM EST   SUNSET   520 PM EST
NOVEMBER 23 2017......SUNRISE   711 AM EST   SUNSET   519 PM EST


-  INDICATES NEGATIVE NUMBERS.
R  INDICATES RECORD WAS SET OR TIED.
MM INDICATES DATA IS MISSING.
T  INDICATES TRACE AMOUNT.

$$
