000
CDUS42 KGSP 250631
CLIGSP

CLIMATE REPORT
NATIONAL WEATHER SERVICE GREENVILLE-SPARTANBURG SC
230 AM EDT MON SEP 25 2017


...................................

...THE GREENVILLE-SPARTANBURG SC CLIMATE SUMMARY FOR SEPTEMBER 24 2017...

CLIMATE NORMAL PERIOD 1981 TO 2010
CLIMATE RECORD PERIOD 1884 TO 2017


WEATHER ITEM   OBSERVED TIME   RECORD YEAR NORMAL DEPARTURE LAST
                VALUE   (LST)  VALUE       VALUE  FROM      YEAR
                                                  NORMAL
..................................................................
TEMPERATURE (F)
 YESTERDAY
  MAXIMUM         85    355 PM  96    1911  80      5       95
  MINIMUM         67    709 AM  41    1896  59      8       66
  AVERAGE         76                        69      7       81

PRECIPITATION (IN)
  YESTERDAY        0.00          2.50 1889   0.11  -0.11     0.00
  MONTH TO DATE    4.14                      2.74   1.40     0.73
  SINCE SEP 1      4.14                      2.74   1.40     0.73
  SINCE JAN 1     42.11                     35.25   6.86    28.96

SNOWFALL (IN)
  YESTERDAY        0.0           0.0    MM   0.0    0.0      0.0
  MONTH TO DATE    0.0                       0.0    0.0      0.0
  SINCE SEP 1      0.0                       0.0    0.0      0.0
  SINCE JUL 1      0.0                       0.0    0.0      0.0
  SNOW DEPTH       0

DEGREE DAYS
 HEATING
  YESTERDAY        0                         1     -1        0
  MONTH TO DATE   11                         7      4        0
  SINCE SEP 1     11                         7      4        0
  SINCE JUL 1     11                         7      4        0

 COOLING
  YESTERDAY       11                         5      6       16
  MONTH TO DATE  161                       201    -40      317
  SINCE SEP 1    161                       201    -40      317
  SINCE JAN 1   1627                      1636     -9     2036
..................................................................


WIND (MPH)
  HIGHEST WIND SPEED    13   HIGHEST WIND DIRECTION     E (80)
  HIGHEST GUST SPEED    17   HIGHEST GUST DIRECTION     E (80)
  AVERAGE WIND SPEED     6.4


SKY COVER
  POSSIBLE SUNSHINE  MM
  AVERAGE SKY COVER 0.1


WEATHER CONDITIONS
 THE FOLLOWING WEATHER WAS RECORDED YESTERDAY.
  NO SIGNIFICANT WEATHER WAS OBSERVED.


RELATIVE HUMIDITY (PERCENT)
 HIGHEST    93           600 AM
 LOWEST     48           300 PM
 AVERAGE    71

..........................................................


THE GREENVILLE-SPARTANBURG SC CLIMATE NORMALS FOR TODAY
                         NORMAL    RECORD    YEAR
 MAXIMUM TEMPERATURE (F)   79        94      2010
 MINIMUM TEMPERATURE (F)   58        37      1887


SUNRISE AND SUNSET
SEPTEMBER 25 2017.....SUNRISE   719 AM EDT   SUNSET   721 PM EDT
SEPTEMBER 26 2017.....SUNRISE   720 AM EDT   SUNSET   720 PM EDT


-  INDICATES NEGATIVE NUMBERS.
R  INDICATES RECORD WAS SET OR TIED.
MM INDICATES DATA IS MISSING.
T  INDICATES TRACE AMOUNT.




$$
