812
CDUS42 KGSP 290636
CLIGSP

CLIMATE REPORT
NATIONAL WEATHER SERVICE GREENVILLE-SPARTANBURG SC
232 AM EDT MON MAY 29 2017


...................................

...THE GREENVILLE-SPARTANBURG SC CLIMATE SUMMARY FOR MAY 28 2017...

CLIMATE NORMAL PERIOD 1981 TO 2010
CLIMATE RECORD PERIOD 1884 TO 2017


WEATHER ITEM   OBSERVED TIME   RECORD YEAR NORMAL DEPARTURE LAST
                VALUE   (LST)  VALUE       VALUE  FROM      YEAR
                                                  NORMAL
..................................................................
TEMPERATURE (F)
 YESTERDAY
  MAXIMUM         82    438 PM 100    1916  83     -1       84
  MINIMUM         67   1158 PM  43    1907  61      6       61
  AVERAGE         75                        72      3       73

PRECIPITATION (IN)
  YESTERDAY        T             3.97 1912   0.12  -0.12     0.00
  MONTH TO DATE    4.40                      3.38   1.02     4.77
  SINCE MAR 1     19.05                     11.26   7.79     8.78
  SINCE JAN 1     24.77                     19.05   5.72    17.04

SNOWFALL (IN)
  YESTERDAY        0.0           0.0    MM   0.0    0.0      0.0
  MONTH TO DATE    0.0                       0.0    0.0      0.0
  SINCE MAR 1      0.5                       0.9   -0.4       T
  SINCE JUL 1      3.6                       4.7   -1.1      2.6
  SNOW DEPTH       0

DEGREE DAYS
 HEATING
  YESTERDAY        0                         0      0        0
  MONTH TO DATE   31                        39     -8       34
  SINCE MAR 1    460                       596   -136      401
  SINCE JUL 1   2186                      3045   -859     2498

 COOLING
  YESTERDAY       10                         8      2        8
  MONTH TO DATE  127                       130     -3      128
  SINCE MAR 1    232                       178     54      213
  SINCE JAN 1    238                       178     60      213
..................................................................


WIND (MPH)
  HIGHEST WIND SPEED    21   HIGHEST WIND DIRECTION    SW (240)
  HIGHEST GUST SPEED    27   HIGHEST GUST DIRECTION    SW (230)
  AVERAGE WIND SPEED     8.4


SKY COVER
  POSSIBLE SUNSHINE  MM
  AVERAGE SKY COVER 0.1


WEATHER CONDITIONS
 THE FOLLOWING WEATHER WAS RECORDED YESTERDAY.
  LIGHT RAIN
  HAZE


RELATIVE HUMIDITY (PERCENT)
 HIGHEST    81          1100 PM
 LOWEST     58           500 PM
 AVERAGE    70

..........................................................


THE GREENVILLE-SPARTANBURG SC CLIMATE NORMALS FOR TODAY
                         NORMAL    RECORD    YEAR
 MAXIMUM TEMPERATURE (F)   84        98      1941
 MINIMUM TEMPERATURE (F)   61        44      1901


SUNRISE AND SUNSET
MAY 29 2017...........SUNRISE   617 AM EDT   SUNSET   836 PM EDT
MAY 30 2017...........SUNRISE   617 AM EDT   SUNSET   836 PM EDT


-  INDICATES NEGATIVE NUMBERS.
R  INDICATES RECORD WAS SET OR TIED.
MM INDICATES DATA IS MISSING.
T  INDICATES TRACE AMOUNT.




$$
