000
CDUS42 KGSP 270637
CLIGSP

CLIMATE REPORT
NATIONAL WEATHER SERVICE GREENVILLE-SPARTANBURG SC
237 AM EDT FRI MAY 27 2016


...................................

...THE GREENVILLE-SPARTANBURG SC CLIMATE SUMMARY FOR MAY 26 2016...

CLIMATE NORMAL PERIOD 1981 TO 2010
CLIMATE RECORD PERIOD 1884 TO 2016


WEATHER ITEM   OBSERVED TIME   RECORD YEAR NORMAL DEPARTURE LAST
                VALUE   (LST)  VALUE       VALUE  FROM      YEAR
                                                  NORMAL
..................................................................
TEMPERATURE (F)
 YESTERDAY
  MAXIMUM         88    243 PM  96    1953  83      5       84
                                      1926
                                      1912
  MINIMUM         63    452 AM  45    1979  60      3       66
  AVERAGE         76                        72      4       75

PRECIPITATION (IN)
  YESTERDAY        0.00          3.69 1948   0.12  -0.12     0.52
  MONTH TO DATE    4.77                      3.14   1.63     2.98
  SINCE MAR 1      8.78                     11.02  -2.24    11.25
  SINCE JAN 1     17.04                     18.81  -1.77    18.57

SNOWFALL (IN)
  YESTERDAY        0.0           0.0    MM   0.0    0.0      0.0
  MONTH TO DATE    0.0                       0.0    0.0      0.0
  SINCE MAR 1      T                         0.9   -0.9      0.0
  SINCE JUL 1      2.6                       4.7   -2.1      3.7
  SNOW DEPTH       0

DEGREE DAYS
 HEATING
  YESTERDAY        0                         1     -1        0
  MONTH TO DATE   34                        39     -5        8
  SINCE MAR 1    401                       596   -195      403
  SINCE JUL 1   2498                      3045   -547     3017

 COOLING
  YESTERDAY       11                         7      4       10
  MONTH TO DATE  111                       115     -4      172
  SINCE MAR 1    196                       163     33      228
  SINCE JAN 1    196                       163     33      228
..................................................................


WIND (MPH)
  HIGHEST WIND SPEED    15   HIGHEST WIND DIRECTION     S (200)
  HIGHEST GUST SPEED    20   HIGHEST GUST DIRECTION     S (200)
  AVERAGE WIND SPEED     4.2


SKY COVER
  POSSIBLE SUNSHINE  MM
  AVERAGE SKY COVER 0.1


WEATHER CONDITIONS
 THE FOLLOWING WEATHER WAS RECORDED YESTERDAY.
  NO SIGNIFICANT WEATHER WAS OBSERVED.


RELATIVE HUMIDITY (PERCENT)
 HIGHEST    84           400 AM
 LOWEST     42           200 PM
 AVERAGE    63

..........................................................


THE GREENVILLE-SPARTANBURG SC CLIMATE NORMALS FOR TODAY
                         NORMAL    RECORD    YEAR
 MAXIMUM TEMPERATURE (F)   83        98      1916
 MINIMUM TEMPERATURE (F)   61        43      1961


SUNRISE AND SUNSET
MAY 27 2016...........SUNRISE   618 AM EDT   SUNSET   834 PM EDT
MAY 28 2016...........SUNRISE   618 AM EDT   SUNSET   835 PM EDT


-  INDICATES NEGATIVE NUMBERS.
R  INDICATES RECORD WAS SET OR TIED.
MM INDICATES DATA IS MISSING.
T  INDICATES TRACE AMOUNT.

$$
