710
CDUS45 KTFX 022330
CLIGTF


CLIMATE REPORT
NATIONAL WEATHER SERVICE GREAT FALLS MT
430 PM MST FRI DEC 2 2016


...................................

...THE GREAT FALLS MT CLIMATE SUMMARY FOR DECEMBER 2 2016...
VALID TODAY AS OF 0400 PM LOCAL TIME.

CLIMATE NORMAL PERIOD 1981 TO 2010
CLIMATE RECORD PERIOD 1886 TO 2016


WEATHER ITEM   OBSERVED TIME   RECORD YEAR NORMAL DEPARTURE LAST
                VALUE   (LST)  VALUE       VALUE  FROM      YEAR
                                                  NORMAL
..................................................................
TEMPERATURE (F)
 TODAY
  MAXIMUM         33    232 PM  60    1959  36     -3       37
                                      1941
  MINIMUM         20    600 AM -28    1985  18      2       26
  AVERAGE         27                        27      0       32

PRECIPITATION (IN)
  TODAY            0.01          0.49 1972   0.02  -0.01     0.00
  MONTH TO DATE    0.15                      0.04   0.11     0.00
  SINCE OCT 1      2.19                      1.49   0.70     4.03
  SINCE JAN 1     13.71                     14.24  -0.53    14.62

SNOWFALL (IN)
  TODAY           MM             4.0  2013   0.3   MM        0.0
                                      1928
  MONTH TO DATE    2.8                       0.6    2.2      0.0
  SINCE DEC 1      2.8                       0.6    2.2      0.0
  SINCE JUL 1      5.5                      14.3   -8.8     15.9

DEGREE DAYS
 HEATING
  TODAY           38                        38      0       33
  MONTH TO DATE   69                        76     -7       68
  SINCE DEC 1     69                        76     -7       68
  SINCE JUL 1   1654                      2045   -391     1889

 COOLING
  TODAY            0                         0      0        0
  MONTH TO DATE    0                         0      0        0
  SINCE DEC 1      0                         0      0        0
  SINCE JAN 1    252                       298    -46      411
..................................................................


WIND (MPH)
  HIGHEST WIND SPEED    22   HIGHEST WIND DIRECTION    SW (210)
  HIGHEST GUST SPEED    27   HIGHEST GUST DIRECTION    SW (220)
  AVERAGE WIND SPEED    13.4


SKY COVER
  AVERAGE SKY COVER 0.3


WEATHER CONDITIONS
 THE FOLLOWING WEATHER WAS RECORDED TODAY.
  LIGHT SNOW
  FOG


RELATIVE HUMIDITY (PERCENT)
 HIGHEST   100           200 AM
 LOWEST     59           300 PM
 AVERAGE    80

..........................................................


THE GREAT FALLS MT CLIMATE NORMALS FOR TOMORROW
                         NORMAL    RECORD    YEAR
 MAXIMUM TEMPERATURE (F)   36        61      1987
                                             1915
 MINIMUM TEMPERATURE (F)   17       -19      1972


SUNRISE AND SUNSET
DECEMBER  2 2016......SUNRISE   754 AM MST   SUNSET   436 PM MST
DECEMBER  3 2016......SUNRISE   755 AM MST   SUNSET   436 PM MST


-  INDICATES NEGATIVE NUMBERS.
R  INDICATES RECORD WAS SET OR TIED.
MM INDICATES DATA IS MISSING.
T  INDICATES TRACE AMOUNT.




$$
