000
CDUS45 KTFX 271036
CLIGTF


CLIMATE REPORT
NATIONAL WEATHER SERVICE GREAT FALLS MT
435 AM MDT WED MAY 27 2015


...................................

...THE GREAT FALLS MT CLIMATE SUMMARY FOR MAY 26 2015...

CLIMATE NORMAL PERIOD 1981 TO 2010
CLIMATE RECORD PERIOD 1886 TO 2015


WEATHER ITEM   OBSERVED TIME   RECORD YEAR NORMAL DEPARTURE LAST
                VALUE   (LST)  VALUE       VALUE  FROM      YEAR
                                                  NORMAL
..................................................................
TEMPERATURE (F)
 YESTERDAY
  MAXIMUM         66    454 PM  94    1936  67     -1       77
  MINIMUM         50   1159 PM  30    1975  42      8       48
                                      1932
                                      1920
  AVERAGE         58                        54      4       63

PRECIPITATION (IN)
  YESTERDAY        0.31          1.05 1922   0.10   0.21     0.00
  MONTH TO DATE    2.76                      1.88   0.88     1.37
  SINCE OCT 1      8.09                      7.19   0.90     8.91
  SINCE JAN 1      5.14                      5.19  -0.05     6.86

SNOWFALL (IN)
  YESTERDAY        0.0           0.6  2012   0.1   -0.1      0.0
  MONTH TO DATE    T                         2.5   -2.5      3.7
  SINCE MAR 1      1.6                      23.0  -21.4     18.9
  SINCE JUL 1     57.9                      63.0   -5.1     76.4
  SNOW DEPTH       0

DEGREE DAYS
 HEATING
  YESTERDAY        7                        11     -4        2
  MONTH TO DATE  399                       368     31      366
  SINCE MAR 1   1672                      1980   -308     2096
  SINCE JUL 1   6810                      7485   -675     7750

 COOLING
  YESTERDAY        0                         0      0        0
  MONTH TO DATE    0                         0      0        0
  SINCE MAR 1      0                         1     -1        0
  SINCE JAN 1      0                         1     -1        0
..................................................................


WIND (MPH)
  HIGHEST WIND SPEED    13   HIGHEST WIND DIRECTION    NE (40)
  HIGHEST GUST SPEED    17   HIGHEST GUST DIRECTION     N (20)
  AVERAGE WIND SPEED     5.9


SKY COVER
  AVERAGE SKY COVER 0.6


WEATHER CONDITIONS
 THE FOLLOWING WEATHER WAS RECORDED YESTERDAY.
  RAIN
  LIGHT RAIN
  FOG


RELATIVE HUMIDITY (PERCENT)
 HIGHEST    96           400 AM
 LOWEST     52           500 PM
 AVERAGE    74

..........................................................


THE GREAT FALLS MT CLIMATE NORMALS FOR TODAY
                         NORMAL    RECORD    YEAR
 MAXIMUM TEMPERATURE (F)   68        95      1936
 MINIMUM TEMPERATURE (F)   42        28      1918


SUNRISE AND SUNSET
MAY 27 2015...........SUNRISE   536 AM MDT   SUNSET   910 PM MDT
MAY 28 2015...........SUNRISE   535 AM MDT   SUNSET   911 PM MDT


-  INDICATES NEGATIVE NUMBERS.
R  INDICATES RECORD WAS SET OR TIED.
MM INDICATES DATA IS MISSING.
T  INDICATES TRACE AMOUNT.




$$
