000
CDUS45 KTFX 301055
CLIGTF


CLIMATE REPORT
NATIONAL WEATHER SERVICE GREAT FALLS MT
454 AM MDT MON MAY 30 2016


...................................

...THE GREAT FALLS MT CLIMATE SUMMARY FOR MAY 29 2016...

CLIMATE NORMAL PERIOD 1981 TO 2010
CLIMATE RECORD PERIOD 1886 TO 2016


WEATHER ITEM   OBSERVED TIME   RECORD YEAR NORMAL DEPARTURE LAST
                VALUE   (LST)  VALUE       VALUE  FROM      YEAR
                                                  NORMAL
..................................................................
TEMPERATURE (F)
 YESTERDAY
  MAXIMUM         72    400 PM  95    1936  68      4       68
  MINIMUM         41    232 AM  31    1895  42     -1       45
  AVERAGE         57                        55      2       57

PRECIPITATION (IN)
  YESTERDAY        T             2.40 1953   0.11  -0.11     0.00
  MONTH TO DATE    1.99                      2.20  -0.21     3.03
  SINCE OCT 1     11.07                      7.51   3.56     8.36
  SINCE JAN 1      5.97                      5.51   0.46     5.41

SNOWFALL (IN)
  YESTERDAY        0.0           9.9  1989   0.0    0.0      0.0
  MONTH TO DATE    T                         2.6   -2.6       T
  SINCE MAR 1      9.0                      23.1  -14.1      1.6
  SINCE JUL 1     46.9                      63.1  -16.2     57.9
  SNOW DEPTH       0

DEGREE DAYS
 HEATING
  YESTERDAY        8                        10     -2        8
  MONTH TO DATE  393                       399     -6      430
  SINCE MAR 1   1724                      2011   -287     1703
  SINCE JUL 1   6662                      7516   -854     6841

 COOLING
  YESTERDAY        0                         0      0        0
  MONTH TO DATE    0                         0      0        0
  SINCE MAR 1      0                         1     -1        0
  SINCE JAN 1      0                         1     -1        0
..................................................................


WIND (MPH)
  HIGHEST WIND SPEED    29   HIGHEST WIND DIRECTION     W (270)
  HIGHEST GUST SPEED    36   HIGHEST GUST DIRECTION     W (270)
  AVERAGE WIND SPEED    10.8


SKY COVER
  AVERAGE SKY COVER 0.2


WEATHER CONDITIONS
 THE FOLLOWING WEATHER WAS RECORDED YESTERDAY.
  LIGHT RAIN


RELATIVE HUMIDITY (PERCENT)
 HIGHEST    74          1100 PM
 LOWEST     25           200 PM
 AVERAGE    50

..........................................................


THE GREAT FALLS MT CLIMATE NORMALS FOR TODAY
                         NORMAL    RECORD    YEAR
 MAXIMUM TEMPERATURE (F)   68        93      1936
                                             1933
 MINIMUM TEMPERATURE (F)   43        31      1917


SUNRISE AND SUNSET
MAY 30 2016...........SUNRISE   533 AM MDT   SUNSET   913 PM MDT
MAY 31 2016...........SUNRISE   533 AM MDT   SUNSET   914 PM MDT


-  INDICATES NEGATIVE NUMBERS.
R  INDICATES RECORD WAS SET OR TIED.
MM INDICATES DATA IS MISSING.
T  INDICATES TRACE AMOUNT.




$$
