030
CDUS45 KTFX 010802
CLIGTF


CLIMATE REPORT
NATIONAL WEATHER SERVICE GREAT FALLS MT
201 AM MDT SUN MAY 1 2016


...................................

...THE GREAT FALLS MT CLIMATE SUMMARY FOR APRIL 30 2016...

CLIMATE NORMAL PERIOD 1981 TO 2010
CLIMATE RECORD PERIOD 1886 TO 2016


WEATHER ITEM   OBSERVED TIME   RECORD YEAR NORMAL DEPARTURE LAST
                VALUE   (LST)  VALUE       VALUE  FROM      YEAR
                                                  NORMAL
..................................................................
TEMPERATURE (F)
 YESTERDAY
  MAXIMUM         53    512 PM  85    1987  60     -7       65
  MINIMUM         35    414 AM  17    1909  34      1       35
  AVERAGE         44                        47     -3       50

PRECIPITATION (IN)
  YESTERDAY        0.00          2.20 1951   0.05  -0.05     0.00
  MONTH TO DATE    2.83                      1.42   1.41     0.89
  SINCE OCT 1      9.08                      5.31   3.77     5.33
  SINCE JAN 1      3.98                      3.31   0.67     2.38

SNOWFALL (IN)
  YESTERDAY        0.0           5.8  1913   0.2   -0.2      0.0
  MONTH TO DATE    7.2                       8.6   -1.4      0.8
  SINCE MAR 1      9.0                      20.5  -11.5      1.6
  SINCE JUL 1     46.9                      60.5  -13.6     57.9
  SNOW DEPTH       0

DEGREE DAYS
 HEATING
  YESTERDAY       21                        18      3       15
  MONTH TO DATE  549                       659   -110      617
  SINCE MAR 1   1331                      1612   -281     1273
  SINCE JUL 1   6269                      7117   -848     6411

 COOLING
  YESTERDAY        0                         0      0        0
  MONTH TO DATE    0                         1     -1        0
  SINCE MAR 1      0                         1     -1        0
  SINCE JAN 1      0                         1     -1        0
..................................................................


WIND (MPH)
  HIGHEST WIND SPEED    14   HIGHEST WIND DIRECTION     E (100)
  HIGHEST GUST SPEED    18   HIGHEST GUST DIRECTION    NE (50)
  AVERAGE WIND SPEED     6.2


SKY COVER
  AVERAGE SKY COVER 0.7


WEATHER CONDITIONS
 THE FOLLOWING WEATHER WAS RECORDED YESTERDAY.
  NO SIGNIFICANT WEATHER WAS OBSERVED.


RELATIVE HUMIDITY (PERCENT)
 HIGHEST    92           300 AM
 LOWEST     50           500 PM
 AVERAGE    71

..........................................................


THE GREAT FALLS MT CLIMATE NORMALS FOR TODAY
                         NORMAL    RECORD    YEAR
 MAXIMUM TEMPERATURE (F)   61        83      2000
                                             1897
 MINIMUM TEMPERATURE (F)   34        12      2009


SUNRISE AND SUNSET
MAY  1 2016...........SUNRISE   608 AM MDT   SUNSET   838 PM MDT
MAY  2 2016...........SUNRISE   606 AM MDT   SUNSET   839 PM MDT


-  INDICATES NEGATIVE NUMBERS.
R  INDICATES RECORD WAS SET OR TIED.
MM INDICATES DATA IS MISSING.
T  INDICATES TRACE AMOUNT.




$$
