000
CDUS45 KTFX 250735
CLIGTF


CLIMATE REPORT
NATIONAL WEATHER SERVICE GREAT FALLS MT
1233 AM MST SUN JAN 25 2015


...................................

...THE GREAT FALLS MT CLIMATE SUMMARY FOR JANUARY 24 2015...

CLIMATE NORMAL PERIOD 1981 TO 2010
CLIMATE RECORD PERIOD 1886 TO 2015


WEATHER ITEM   OBSERVED TIME   RECORD YEAR NORMAL DEPARTURE LAST
                VALUE   (LST)  VALUE       VALUE  FROM      YEAR
                                                  NORMAL
..................................................................
TEMPERATURE (F)
 YESTERDAY
  MAXIMUM         53   1219 PM  61    1968  36     17       50
  MINIMUM         42   1041 PM -28    1943  16     26       35
  AVERAGE         48                        26     22       43

PRECIPITATION (IN)
  YESTERDAY        0.00          0.56 1916   0.02  -0.02     0.00
  MONTH TO DATE    0.90                      0.40   0.50     0.69
  SINCE OCT 1      3.85                      2.40   1.45     2.74
  SINCE JAN 1      0.90                      0.40   0.50     0.69

SNOWFALL (IN)
  YESTERDAY        0.0           7.0  1916   0.2   -0.2      0.0
  MONTH TO DATE   14.0                       6.7    7.3     12.1
  SINCE DEC 1     30.2                      16.2   14.0     25.3
  SINCE JUL 1     47.6                      29.9   17.7     35.0
  SNOW DEPTH       T

DEGREE DAYS
 HEATING
  YESTERDAY       17                        39    -22       22
  MONTH TO DATE 1012                       960     52      792
  SINCE DEC 1   2140                      2208    -68     2146
  SINCE JUL 1   4029                      4177   -148     3946

 COOLING
  YESTERDAY        0                         0      0        0
  MONTH TO DATE    0                         0      0        0
  SINCE DEC 1      0                         0      0        0
  SINCE JAN 1      0                         0      0        0
..................................................................


WIND (MPH)
  HIGHEST WIND SPEED    37   HIGHEST WIND DIRECTION    SW (220)
  HIGHEST GUST SPEED    44   HIGHEST GUST DIRECTION    SW (220)
  AVERAGE WIND SPEED    17.0


SKY COVER
  AVERAGE SKY COVER 0.2


WEATHER CONDITIONS
 THE FOLLOWING WEATHER WAS RECORDED YESTERDAY.
  NO SIGNIFICANT WEATHER WAS OBSERVED.


RELATIVE HUMIDITY (PERCENT)
 HIGHEST    76           800 AM
 LOWEST     50          1200 PM
 AVERAGE    63

..........................................................


THE GREAT FALLS MT CLIMATE NORMALS FOR TODAY
                         NORMAL    RECORD    YEAR
 MAXIMUM TEMPERATURE (F)   36        62      2006
 MINIMUM TEMPERATURE (F)   16       -31      1957


SUNRISE AND SUNSET
JANUARY 25 2015.......SUNRISE   800 AM MST   SUNSET   516 PM MST
JANUARY 26 2015.......SUNRISE   759 AM MST   SUNSET   518 PM MST


-  INDICATES NEGATIVE NUMBERS.
R  INDICATES RECORD WAS SET OR TIED.
MM INDICATES DATA IS MISSING.
T  INDICATES TRACE AMOUNT.




$$
