000
CDUS45 KTFX 261031
CLIGTF


CLIMATE REPORT
NATIONAL WEATHER SERVICE GREAT FALLS MT
331 AM MST WED NOV 26 2014


...................................

...THE GREAT FALLS MT CLIMATE SUMMARY FOR NOVEMBER 25 2014...

CLIMATE NORMAL PERIOD 1981 TO 2010
CLIMATE RECORD PERIOD 1886 TO 2014


WEATHER ITEM   OBSERVED TIME   RECORD YEAR NORMAL DEPARTURE LAST
                VALUE   (LST)  VALUE       VALUE  FROM      YEAR
                                                  NORMAL
..................................................................
TEMPERATURE (F)
 YESTERDAY
  MAXIMUM         42   1014 AM  67    1914  39      3       45
  MINIMUM         30   1159 PM -21    1985  20     10       15
  AVERAGE         36                        29      7       30

PRECIPITATION (IN)
  YESTERDAY        0.01          0.64 1961   0.01   0.00     0.00
  MONTH TO DATE    0.64                      0.49   0.15     0.18
  SINCE OCT 1      1.11                      1.35  -0.24     1.11
  SINCE JAN 1     18.29                     14.10   4.19    10.84

SNOWFALL (IN)
  YESTERDAY        0.2           6.8  1983   0.3   -0.1      0.0
  MONTH TO DATE    6.5                       6.6   -0.1      2.8
  SINCE SEP 1      7.6                      11.9   -4.3      9.7
  SINCE JUL 1      7.6                      12.2   -4.6      9.7
  SNOW DEPTH       0

DEGREE DAYS
 HEATING
  YESTERDAY       29                        36     -7       35
  MONTH TO DATE  913                       767    146      796
  SINCE SEP 1   1575                      1666    -91     1643
  SINCE JUL 1   1645                      1787   -142     1667

 COOLING
  YESTERDAY        0                         0      0        0
  MONTH TO DATE    0                         0      0        0
  SINCE SEP 1     26                        22      4       80
  SINCE JAN 1    350                       298     52      449
..................................................................


WIND (MPH)
  HIGHEST WIND SPEED    30   HIGHEST WIND DIRECTION    SW (220)
  HIGHEST GUST SPEED    37   HIGHEST GUST DIRECTION    SW (230)
  AVERAGE WIND SPEED    11.8


SKY COVER
  AVERAGE SKY COVER 1.0


WEATHER CONDITIONS
 THE FOLLOWING WEATHER WAS RECORDED YESTERDAY.
  LIGHT RAIN
  LIGHT SNOW
  FOG
  HAZE


RELATIVE HUMIDITY (PERCENT)
 HIGHEST    92           500 PM
 LOWEST     44          1200 AM
 AVERAGE    68

..........................................................


THE GREAT FALLS MT CLIMATE NORMALS FOR TODAY
                         NORMAL    RECORD    YEAR
 MAXIMUM TEMPERATURE (F)   38        66      1933
 MINIMUM TEMPERATURE (F)   20       -21      1985


SUNRISE AND SUNSET
NOVEMBER 26 2014......SUNRISE   746 AM MST   SUNSET   439 PM MST
NOVEMBER 27 2014......SUNRISE   747 AM MST   SUNSET   439 PM MST


-  INDICATES NEGATIVE NUMBERS.
R  INDICATES RECORD WAS SET OR TIED.
MM INDICATES DATA IS MISSING.
T  INDICATES TRACE AMOUNT.




$$
