000
CDGM40 PGUM 262107
CLIGUM


CLIMATE REPORT
NATIONAL WEATHER SERVICE TIYAN, GUAM
657 AM CHST TUE JAN 27 2015


...................................

...THE GUAM INTERNATIONAL AIRPORT GU CLIMATE SUMMARY FOR JANUARY 26 2015...

CLIMATE NORMAL PERIOD 1981 TO 2010
CLIMATE RECORD PERIOD 1945 TO 2015


WEATHER ITEM   OBSERVED TIME   RECORD YEAR NORMAL DEPARTURE LAST
                VALUE   (LST)  VALUE       VALUE  FROM      YEAR
                                                  NORMAL
..................................................................
TEMPERATURE (F)
 YESTERDAY
  MAXIMUM         87    424 PM  89    1989  85      2       81
                                      1972
                                      1971
  MINIMUM         78    906 PM  72    2005  75      3       76
                                      1983
                                      1973
  AVERAGE         83                        80      3       79

PRECIPITATION (IN)
  YESTERDAY        0.08          3.25 1976   0.15  -0.07     0.32
  MONTH TO DATE    8.22                      4.31   3.91     8.80
  SINCE DEC 1     12.09                     10.29   1.80    12.13
  SINCE JAN 1      8.22                      4.31   3.91     8.80

SNOWFALL (IN)
  YESTERDAY        0.0
  MONTH TO DATE    0.0
  SINCE DEC 1      0.0
  SINCE JUL 1      0.0
  SNOW DEPTH       0

DEGREE DAYS
 HEATING
  YESTERDAY        0                         0      0        0
  MONTH TO DATE    0                         0      0        0
  SINCE DEC 1      0                         0      0        0
  SINCE JUL 1      0                         0      0        0

 COOLING
  YESTERDAY       18                        15      3       14
  MONTH TO DATE  431                       393     38      425
  SINCE DEC 1   1009                       895    114      955
  SINCE JAN 1    431                       393     38      425
..................................................................


WIND (MPH)
  RESULTANT WIND SPEED  10   RESULTANT WIND DIRECTION   E (80)
  HIGHEST WIND SPEED    20   HIGHEST WIND DIRECTION     E (70)
  HIGHEST GUST SPEED    26   HIGHEST GUST DIRECTION     E (100)
  AVERAGE WIND SPEED    11.0


SKY COVER
  POSSIBLE SUNSHINE  MM
  AVERAGE SKY COVER 0.4


WEATHER CONDITIONS
 THE FOLLOWING WEATHER WAS RECORDED YESTERDAY.
  LIGHT RAIN
  FOG


RELATIVE HUMIDITY (PERCENT)
 HIGHEST    91           800 PM
 LOWEST     63          1100 AM
 AVERAGE    77

..........................................................


THE GUAM INTERNATIONAL AIRPORT GU CLIMATE NORMALS FOR TODAY
                         NORMAL    RECORD    YEAR
 MAXIMUM TEMPERATURE (F)   85        89      1989
                                             1982
                                             1964
 MINIMUM TEMPERATURE (F)   75        70      1973


SUNRISE AND SUNSET
JANUARY 27 2015.......SUNRISE   648 AM CHST  SUNSET   619 PM CHST
JANUARY 28 2015.......SUNRISE   648 AM CHST  SUNSET   619 PM CHST


-  INDICATES NEGATIVE NUMBERS.
R  INDICATES RECORD WAS SET OR TIED.
MM INDICATES DATA IS MISSING.
T  INDICATES TRACE AMOUNT.




$$
