000
CDGM40 PGUM 240627
CLIGUM


CLIMATE REPORT
NATIONAL WEATHER SERVICE TIYAN, GUAM
427 PM CHST FRI OCT 24 2014


...................................

...THE GUAM INTERNATIONAL AIRPORT GU CLIMATE SUMMARY FOR OCTOBER 24 2014...
VALID TODAY AS OF 0400 PM LOCAL TIME.

CLIMATE NORMAL PERIOD 1981 TO 2010
CLIMATE RECORD PERIOD 1945 TO 2014


WEATHER ITEM   OBSERVED TIME   RECORD YEAR NORMAL DEPARTURE LAST
                VALUE   (LST)  VALUE       VALUE  FROM      YEAR
                                                  NORMAL
..................................................................
TEMPERATURE (F)
 TODAY
  MAXIMUM         90    124 PM  91    1990  87      3       87
                                      1981
                                      1969
  MINIMUM         78    625 AM  71    1991  77      1       78
  AVERAGE         84                        82      2       83

PRECIPITATION (IN)
  TODAY            0.00          2.81 1989   0.36  -0.36     0.00
  MONTH TO DATE   14.91                      9.39   5.52    20.23
  SINCE SEP 1     29.63                     23.56   6.07    52.48
  SINCE JAN 1    105.22                     80.08  25.14    91.70

SNOWFALL (IN)
  TODAY            0.0
  MONTH TO DATE    0.0
  SINCE SEP 1      0.0
  SINCE JUL 1      0.0
  SNOW DEPTH       0

DEGREE DAYS
 HEATING
  TODAY            0
  MONTH TO DATE    0
  SINCE SEP 1      0
  SINCE JUL 1      0

 COOLING
  TODAY           19                        17      2       18
  MONTH TO DATE  421                       408     13      398
  SINCE SEP 1    952                       901     51      908
  SINCE JAN 1   5252                      4888    364     5421
..................................................................


WIND (MPH)
  RESULTANT WIND SPEED   5   RESULTANT WIND DIRECTION  SE (130)
  HIGHEST WIND SPEED    10   HIGHEST WIND DIRECTION    SE (130)
  HIGHEST GUST SPEED    13   HIGHEST GUST DIRECTION     E (90)
  AVERAGE WIND SPEED     4.8


SKY COVER
  POSSIBLE SUNSHINE  MM
  AVERAGE SKY COVER 0.2


WEATHER CONDITIONS
 THE FOLLOWING WEATHER WAS RECORDED TODAY.
  NO SIGNIFICANT WEATHER WAS OBSERVED.


RELATIVE HUMIDITY (PERCENT)
 HIGHEST    97           400 AM
 LOWEST     68           100 PM
 AVERAGE    83

..........................................................


THE GUAM INTERNATIONAL AIRPORT GU CLIMATE NORMALS FOR TOMORROW
                         NORMAL    RECORD    YEAR
 MAXIMUM TEMPERATURE (F)   87        91      1990
                                             1986
                                             1979
 MINIMUM TEMPERATURE (F)   77        72      1988
                                             1966
                                             1964


SUNRISE AND SUNSET
OCTOBER 24 2014.......SUNRISE   613 AM CHST  SUNSET   557 PM CHST
OCTOBER 25 2014.......SUNRISE   613 AM CHST  SUNSET   557 PM CHST


-  INDICATES NEGATIVE NUMBERS.
R  INDICATES RECORD WAS SET OR TIED.
MM INDICATES DATA IS MISSING.
T  INDICATES TRACE AMOUNT.




$$
