000
CDGM40 PGUM 281845
CLIGUM


CLIMATE REPORT
NATIONAL WEATHER SERVICE TIYAN, GUAM
445 AM CHST SUN MAY 29 2016


...................................

...THE GUAM INTERNATIONAL AIRPORT GU CLIMATE SUMMARY FOR MAY 28 2016...

CLIMATE NORMAL PERIOD 1981 TO 2010
CLIMATE RECORD PERIOD 1945 TO 2016


WEATHER ITEM   OBSERVED TIME   RECORD YEAR NORMAL DEPARTURE LAST
                VALUE   (LST)  VALUE       VALUE  FROM      YEAR
                                                  NORMAL
..................................................................
TEMPERATURE (F)
 YESTERDAY
  MAXIMUM         91   1135 AM  92    2013  88      3       86
                                      1987
                                      1984
  MINIMUM         80    600 AM  74    1990  78      2       77
                                      1967
                                      1965
  AVERAGE         86                        83      3       82

PRECIPITATION (IN)
  YESTERDAY        0.44          1.09 1980   0.16   0.28     0.70
  MONTH TO DATE    1.53                      3.84  -2.31     9.06
  SINCE MAR 1      4.47                     10.19  -5.72    19.80
  SINCE JAN 1     10.72                     19.68  -8.96    28.54

SNOWFALL (IN)
  YESTERDAY        0.0
  MONTH TO DATE    0.0
  SINCE MAR 1      0.0
  SINCE JUL 1      0.0
  SNOW DEPTH       0

DEGREE DAYS
 HEATING
  YESTERDAY        0                         0      0        0
  MONTH TO DATE    0                         0      0        0
  SINCE MAR 1      0                         0      0        0
  SINCE JUL 1      0                         0      0        0

 COOLING
  YESTERDAY       21                        18      3       17
  MONTH TO DATE  566                       492     74      489
  SINCE MAR 1   1654                      1486    168     1501
  SINCE JAN 1   2626                      2376    250     2454
..................................................................


WIND (MPH)
  RESULTANT WIND SPEED   3   RESULTANT WIND DIRECTION  SE (120)
  HIGHEST WIND SPEED    14   HIGHEST WIND DIRECTION    NW (330)
  HIGHEST GUST SPEED    20   HIGHEST GUST DIRECTION     W (290)
  AVERAGE WIND SPEED     4.0


SKY COVER
  POSSIBLE SUNSHINE  MM
  AVERAGE SKY COVER 0.5


WEATHER CONDITIONS
 THE FOLLOWING WEATHER WAS RECORDED YESTERDAY.
  THUNDERSTORM
  HEAVY RAIN
  RAIN
  LIGHT RAIN


RELATIVE HUMIDITY (PERCENT)
 HIGHEST    79           100 AM
 LOWEST     56          1100 AM
 AVERAGE    68

..........................................................


THE GUAM INTERNATIONAL AIRPORT GU CLIMATE NORMALS FOR TODAY
                         NORMAL    RECORD    YEAR
 MAXIMUM TEMPERATURE (F)   88        92      1987
                                             1984
                                             1981
 MINIMUM TEMPERATURE (F)   78        73      1980


SUNRISE AND SUNSET
MAY 29 2016...........SUNRISE   553 AM CHST  SUNSET   644 PM CHST
MAY 30 2016...........SUNRISE   553 AM CHST  SUNSET   644 PM CHST


-  INDICATES NEGATIVE NUMBERS.
R  INDICATES RECORD WAS SET OR TIED.
MM INDICATES DATA IS MISSING.
T  INDICATES TRACE AMOUNT.




$$
