000
CDUS44 KAMA 302145
CLIGUY


CLIMATE REPORT
NATIONAL WEATHER SERVICE AMARILLO TX
442 PM CDT SUN APR 30 2017


...................................

...THE GUYMON CLIMATE SUMMARY FOR APRIL 30 2017...
VALID TODAY AS OF 0400 PM LOCAL TIME.

CLIMATE NORMAL PERIOD 1981 TO 2010
CLIMATE RECORD PERIOD 1998 TO 2017


WEATHER ITEM   OBSERVED TIME   RECORD YEAR NORMAL DEPARTURE LAST
                VALUE   (LST)  VALUE       VALUE  FROM      YEAR
                                                  NORMAL
..................................................................
TEMPERATURE (F)
 TODAY
  MAXIMUM         MM        MM  MM      MM  75     MM       59
  MINIMUM         MM        MM  MM      MM  45     MM       36
  AVERAGE         MM                        60     MM       48

PRECIPITATION (IN)
  TODAY            0.24         MM      MM   0.05   0.19     0.00
  MONTH TO DATE    4.04                      1.51   2.53     5.26
  SINCE MAR 1      5.99                      2.94   3.05     5.52
  SINCE JAN 1      8.01                      3.81   4.20     5.95

SNOWFALL (IN)
  TODAY           MM            MM      MM  MM     MM        0.0
  MONTH TO DATE    3.0                      MM     MM        0.0
  SINCE MAR 1      3.0                      MM     MM        0.0
  SINCE JUL 1      3.8                      MM     MM        0.0
  SNOW DEPTH      MM

DEGREE DAYS
 HEATING
  TODAY           MM                         6     MM       17
  MONTH TO DATE  250                       306    -56      239
  SINCE MAR 1    664                       886   -222      683
  SINCE JUL 1   3567                      4353   -786     3650

 COOLING
  TODAY           MM                         1     MM        0
  MONTH TO DATE   42                        13     29       11
  SINCE MAR 1     57                        15     42       17
  SINCE JAN 1     65                        15     50       20
..................................................................


WIND (MPH)
  RESULTANT WIND SPEED  28   RESULTANT WIND DIRECTION   N (340)
  HIGHEST WIND SPEED    36   HIGHEST WIND DIRECTION     N (340)
  HIGHEST GUST SPEED    50   HIGHEST GUST DIRECTION     N (340)
  AVERAGE WIND SPEED    27.8


SKY COVER
  AVERAGE SKY COVER 1.0


WEATHER CONDITIONS
 THE FOLLOWING WEATHER WAS RECORDED TODAY.
  SNOW
  LIGHT SNOW
  FOG


RELATIVE HUMIDITY (PERCENT)
 HIGHEST   100          1200 AM
 LOWEST    100          1200 AM
 AVERAGE   100

..........................................................


THE GUYMON CLIMATE NORMALS FOR TOMORROW
                         NORMAL    RECORD    YEAR
 MAXIMUM TEMPERATURE (F)   75        MM        MM
 MINIMUM TEMPERATURE (F)   45        MM        MM


SUNRISE AND SUNSET
APRIL 30 2017.........SUNRISE   653 AM CDT   SUNSET   834 PM CDT
MAY  1 2017...........SUNRISE   652 AM CDT   SUNSET   835 PM CDT


-  INDICATES NEGATIVE NUMBERS.
R  INDICATES RECORD WAS SET OR TIED.
MM INDICATES DATA IS MISSING.
T  INDICATES TRACE AMOUNT.




$$
