000
CDUS44 KAMA 240646
CLIGUY


CLIMATE REPORT
NATIONAL WEATHER SERVICE AMARILLO TX
146 AM CDT FRI OCT 24 2014


...................................

...THE GUYMON CLIMATE SUMMARY FOR OCTOBER 23 2014...

CLIMATE NORMAL PERIOD 1981 TO 2010
CLIMATE RECORD PERIOD 1998 TO 2014


WEATHER ITEM   OBSERVED TIME   NORMAL DEPARTURE LAST
                VALUE   (LST)  VALUE  FROM      YEAR
                                      NORMAL
......................................................
TEMPERATURE (F)
 YESTERDAY
  MAXIMUM         80    349 PM  70     10       78
  MINIMUM         49    723 AM  40      9       39
  AVERAGE         65            55     10       59

PRECIPITATION (IN)
  YESTERDAY        0.00          0.05  -0.05     0.00
  MONTH TO DATE    1.88          1.30   0.58     0.69
  SINCE SEP 1      3.73          3.09   0.64     3.46
  SINCE JAN 1     12.17         17.86  -5.69    14.01

SNOWFALL (IN)
  YESTERDAY        0.0                           0.0
  MONTH TO DATE    T                              T
  SINCE SEP 1      T                              T
  SINCE JUL 1      T                              T
  SNOW DEPTH       0

DEGREE DAYS
 HEATING
  YESTERDAY        0            11    -11        6
  MONTH TO DATE   85           169    -84      174
  SINCE SEP 1    111           211   -100      182
  SINCE JUL 1    115           212    -97      182

 COOLING
  YESTERDAY        0             0      0        0
  MONTH TO DATE   17            25     -8       25
  SINCE SEP 1    244           230     14      295
  SINCE JAN 1   1690          1479    211     1846
......................................................


WIND (MPH)
  RESULTANT WIND SPEED   3   RESULTANT WIND DIRECTION   S (170)
  HIGHEST WIND SPEED    10   HIGHEST WIND DIRECTION    SE (140)
  HIGHEST GUST SPEED    14   HIGHEST GUST DIRECTION     S (160)
  AVERAGE WIND SPEED     5.0


SKY COVER
  AVERAGE SKY COVER 0.4


WEATHER CONDITIONS
 THE FOLLOWING WEATHER WAS RECORDED YESTERDAY.
  FOG
  FOG W/VISIBILITY <= 1/4 MILE


RELATIVE HUMIDITY (PERCENT)
 HIGHEST   100           300 AM
 LOWEST     45           400 PM
 AVERAGE    73

..........................................................


THE GUYMON CLIMATE NORMALS FOR TODAY
                         NORMAL
 MAXIMUM TEMPERATURE (F)   69
 MINIMUM TEMPERATURE (F)   40


SUNRISE AND SUNSET
OCTOBER 24 2014.......SUNRISE   802 AM CDT   SUNSET   658 PM CDT
OCTOBER 25 2014.......SUNRISE   803 AM CDT   SUNSET   657 PM CDT


-  INDICATES NEGATIVE NUMBERS.
R  INDICATES RECORD WAS SET OR TIED.
MM INDICATES DATA IS MISSING.
T  INDICATES TRACE AMOUNT.




$$
