072
CDUS44 KAMA 012129
CLIGUY


CLIMATE REPORT
NATIONAL WEATHER SERVICE AMARILLO TX
428 PM CDT SUN MAY 1 2016


...................................

...THE GUYMON CLIMATE SUMMARY FOR MAY 1 2016...
VALID TODAY AS OF 0400 PM LOCAL TIME.

CLIMATE NORMAL PERIOD 1981 TO 2010
CLIMATE RECORD PERIOD 1998 TO 2016


WEATHER ITEM   OBSERVED TIME   RECORD YEAR NORMAL DEPARTURE LAST
                VALUE   (LST)  VALUE       VALUE  FROM      YEAR
                                                  NORMAL
..................................................................
TEMPERATURE (F)
 TODAY
  MAXIMUM         48    920 AM  MM      MM  75    -27       83
  MINIMUM         41    133 AM  MM      MM  45     -4       48
  AVERAGE         45                        60    -15       66

PRECIPITATION (IN)
  TODAY            0.12         MM      MM   0.03   0.09     0.00
  MONTH TO DATE    0.12                      0.03   0.09     0.00
  SINCE MAR 1      5.64                      2.97   2.67     2.47
  SINCE JAN 1      6.07                      3.84   2.23     4.42

SNOWFALL (IN)
  TODAY            0.0          MM      MM  MM     MM        0.0
  MONTH TO DATE    0.0                      MM     MM        0.0
  SINCE MAR 1      T                        MM     MM        2.0
  SINCE JUL 1      T                        MM     MM       23.3
  SNOW DEPTH       0

DEGREE DAYS
 HEATING
  TODAY           20                         6     14        0
  MONTH TO DATE   20                         6     14        0
  SINCE MAR 1    703                       892   -189      666
  SINCE JUL 1   3670                      4359   -689     3883

 COOLING
  TODAY            0                         1     -1        1
  MONTH TO DATE    0                         1     -1        1
  SINCE MAR 1     17                        16      1       18
  SINCE JAN 1     20                        16      4       18
..................................................................


WIND (MPH)
  RESULTANT WIND SPEED  19   RESULTANT WIND DIRECTION   N (340)
  HIGHEST WIND SPEED    33   HIGHEST WIND DIRECTION     N (350)
  HIGHEST GUST SPEED    43   HIGHEST GUST DIRECTION     N (350)
  AVERAGE WIND SPEED    20.2


SKY COVER
  AVERAGE SKY COVER 0.9


WEATHER CONDITIONS
 THE FOLLOWING WEATHER WAS RECORDED TODAY.
  LIGHT RAIN


RELATIVE HUMIDITY (PERCENT)
 HIGHEST    83           300 PM
 LOWEST     60           900 AM
 AVERAGE    72

..........................................................


THE GUYMON CLIMATE NORMALS FOR TOMORROW
                         NORMAL    RECORD    YEAR
 MAXIMUM TEMPERATURE (F)   75        MM        MM
 MINIMUM TEMPERATURE (F)   46        MM        MM


SUNRISE AND SUNSET
MAY  1 2016...........SUNRISE   652 AM CDT   SUNSET   835 PM CDT
MAY  2 2016...........SUNRISE   651 AM CDT   SUNSET   836 PM CDT


-  INDICATES NEGATIVE NUMBERS.
R  INDICATES RECORD WAS SET OR TIED.
MM INDICATES DATA IS MISSING.
T  INDICATES TRACE AMOUNT.




$$
