000
CDUS44 KAMA 230639
CLIGUY


CLIMATE REPORT
NATIONAL WEATHER SERVICE AMARILLO TX
139 AM CDT MON OCT 23 2017


...................................

...THE GUYMON CLIMATE SUMMARY FOR OCTOBER 22 2017...

CLIMATE NORMAL PERIOD 1981 TO 2010
CLIMATE RECORD PERIOD 1998 TO 2017


WEATHER ITEM   OBSERVED TIME   RECORD YEAR NORMAL DEPARTURE LAST
                VALUE   (LST)  VALUE       VALUE  FROM      YEAR
                                                  NORMAL
..................................................................
TEMPERATURE (F)
 YESTERDAY
  MAXIMUM         72    418 PM  88    2016  70      2       88
  MINIMUM         31R   718 AM  33    2006  40     -9       36
  AVERAGE         52                        55     -3       62

PRECIPITATION (IN)
  YESTERDAY        0.00          1.67 2015   0.05  -0.05     0.00
  MONTH TO DATE    1.34                      1.25   0.09     0.65
  SINCE SEP 1      6.13                      3.04   3.09     0.66
  SINCE JAN 1     21.69                     17.81   3.88    15.10

SNOWFALL (IN)
  YESTERDAY        0.0          MM      MM  MM     MM        0.0
  MONTH TO DATE    0.0                      MM     MM        0.0
  SINCE SEP 1      0.0                      MM     MM        0.0
  SINCE JUL 1      0.0                      MM     MM        0.0
  SNOW DEPTH       0

DEGREE DAYS
 HEATING
  YESTERDAY       13                        10      3        3
  MONTH TO DATE  108                       158    -50       83
  SINCE SEP 1    140                       200    -60       94
  SINCE JUL 1    140                       201    -61       94

 COOLING
  YESTERDAY        0                         0      0        0
  MONTH TO DATE   47                        25     22       76
  SINCE SEP 1    271                       230     41      341
  SINCE JAN 1   1592                      1479    113     1778
..................................................................


WIND (MPH)
  RESULTANT WIND SPEED   7   RESULTANT WIND DIRECTION  SW (240)
  HIGHEST WIND SPEED    20   HIGHEST WIND DIRECTION     W (250)
  HIGHEST GUST SPEED    26   HIGHEST GUST DIRECTION     W (250)
  AVERAGE WIND SPEED     8.7


SKY COVER
  AVERAGE SKY COVER 0.0


WEATHER CONDITIONS
 THE FOLLOWING WEATHER WAS RECORDED YESTERDAY.
  NO SIGNIFICANT WEATHER WAS OBSERVED.


RELATIVE HUMIDITY (PERCENT)
 HIGHEST    64           700 AM
 LOWEST     15           100 PM
 AVERAGE    40

..........................................................


THE GUYMON CLIMATE NORMALS FOR TODAY
                         NORMAL    RECORD    YEAR
 MAXIMUM TEMPERATURE (F)   70        92      2012
                                             2003
 MINIMUM TEMPERATURE (F)   40        28      2009


SUNRISE AND SUNSET
OCTOBER 23 2017.......SUNRISE   801 AM CDT   SUNSET   659 PM CDT
OCTOBER 24 2017.......SUNRISE   802 AM CDT   SUNSET   658 PM CDT


-  INDICATES NEGATIVE NUMBERS.
R  INDICATES RECORD WAS SET OR TIED.
MM INDICATES DATA IS MISSING.
T  INDICATES TRACE AMOUNT.




$$
