000
CDUS44 KAMA 200737
CLIGUY


CLIMATE REPORT
NATIONAL WEATHER SERVICE AMARILLO TX
136 AM CST SAT DEC 20 2014


...................................

...THE GUYMON CLIMATE SUMMARY FOR DECEMBER 19 2014...

CLIMATE NORMAL PERIOD 1981 TO 2010
CLIMATE RECORD PERIOD 1998 TO 2014


WEATHER ITEM   OBSERVED TIME   RECORD YEAR NORMAL DEPARTURE LAST
                VALUE   (LST)  VALUE       VALUE  FROM      YEAR
                                                  NORMAL
..................................................................
TEMPERATURE (F)
 YESTERDAY
  MAXIMUM         46    340 PM  64    2013  47     -1       64
                                      2007
  MINIMUM         29   1157 PM  14    2000  21      8       30
  AVERAGE         38                        34      4       47

PRECIPITATION (IN)
  YESTERDAY        0.00         MM      MM   0.02  -0.02     0.00
  MONTH TO DATE    0.76                      0.42   0.34     0.02
  SINCE DEC 1      0.76                      0.42   0.34     0.02
  SINCE JAN 1     13.07                     19.08  -6.01    15.02

SNOWFALL (IN)
  YESTERDAY        0.0          MM      MM  MM     MM        0.0
  MONTH TO DATE    0.0                      MM     MM        0.5
  SINCE DEC 1      0.0                      MM     MM        0.5
  SINCE JUL 1      3.0                      MM     MM        4.2
  SNOW DEPTH       0

DEGREE DAYS
 HEATING
  YESTERDAY       27                        31     -4       18
  MONTH TO DATE  424                       553   -129      570
  SINCE DEC 1    424                       553   -129      570
  SINCE JUL 1   1231                      1444   -213     1456

 COOLING
  YESTERDAY        0                         0      0        0
  MONTH TO DATE    0                         0      0        0
  SINCE DEC 1      0                         0      0        0
  SINCE JAN 1   1706                      1482    224     1846
..................................................................


WIND (MPH)
  RESULTANT WIND SPEED   5   RESULTANT WIND DIRECTION   S (200)
  HIGHEST WIND SPEED    14   HIGHEST WIND DIRECTION     S (200)
  HIGHEST GUST SPEED    17   HIGHEST GUST DIRECTION     S (190)
  AVERAGE WIND SPEED     5.5


SKY COVER
  AVERAGE SKY COVER 0.6


WEATHER CONDITIONS
 THE FOLLOWING WEATHER WAS RECORDED YESTERDAY.
  FOG


RELATIVE HUMIDITY (PERCENT)
 HIGHEST   100           300 AM
 LOWEST     65           300 PM
 AVERAGE    83

..........................................................


THE GUYMON CLIMATE NORMALS FOR TODAY
                         NORMAL    RECORD    YEAR
 MAXIMUM TEMPERATURE (F)   47        74      2004
 MINIMUM TEMPERATURE (F)   21         8      1998


SUNRISE AND SUNSET
DECEMBER 20 2014......SUNRISE   754 AM CST   SUNSET   533 PM CST
DECEMBER 21 2014......SUNRISE   755 AM CST   SUNSET   534 PM CST


-  INDICATES NEGATIVE NUMBERS.
R  INDICATES RECORD WAS SET OR TIED.
MM INDICATES DATA IS MISSING.
T  INDICATES TRACE AMOUNT.




$$
