000
CDUS44 KJAN 240745
CLIGWO


CLIMATE REPORT
NATIONAL WEATHER SERVICE JACKSON MS
143 AM CST FRI FEB 24 2017


...................................

...THE GREENWOOD CLIMATE SUMMARY FOR FEBRUARY 23 2017...

CLIMATE NORMAL PERIOD 1981 TO 2010
CLIMATE RECORD PERIOD 1948 TO 2017


WEATHER ITEM   OBSERVED TIME   RECORD YEAR NORMAL DEPARTURE LAST
                VALUE   (LST)  VALUE       VALUE  FROM      YEAR
                                                  NORMAL
..................................................................
TEMPERATURE (F)
 YESTERDAY
  MAXIMUM         80    334 PM  84    2012  61     19       63
  MINIMUM         49    645 AM  21    1989  39     10       50
  AVERAGE         65                        50     15       57

PRECIPITATION (IN)
  YESTERDAY        0.00          1.57 2016   0.17  -0.17     1.57
  MONTH TO DATE    2.64                      3.65  -1.01     4.21
  SINCE DEC 1     11.56                     13.82  -2.26    12.49
  SINCE JAN 1      6.87                      8.17  -1.30     7.39

SNOWFALL (IN)
  YESTERDAY        0.0

DEGREE DAYS
 HEATING
  YESTERDAY        0                        15    -15        8
  MONTH TO DATE  205                       419   -214      345
  SINCE DEC 1   1145                      1690   -545     1340
  SINCE JUL 1   1437                      2158   -721     1568

 COOLING
  YESTERDAY        0                         0      0        0
  MONTH TO DATE   14                         0     14        7
  SINCE DEC 1     37                         7     30       73
  SINCE JAN 1     24                         2     22        8
..................................................................


WIND (MPH)
  HIGHEST WIND SPEED    14   HIGHEST WIND DIRECTION    SW (220)
  HIGHEST GUST SPEED    22   HIGHEST GUST DIRECTION     S (170)
  AVERAGE WIND SPEED     6.9


SKY COVER
  POSSIBLE SUNSHINE  MM
  AVERAGE SKY COVER 0.0


WEATHER CONDITIONS
 THE FOLLOWING WEATHER WAS RECORDED YESTERDAY.
  NO SIGNIFICANT WEATHER WAS OBSERVED.


RELATIVE HUMIDITY (PERCENT)
 HIGHEST    96          1200 AM
 LOWEST     42           200 PM
 AVERAGE    69

..........................................................


THE GREENWOOD CLIMATE NORMALS FOR TODAY
                         NORMAL    RECORD    YEAR
 MAXIMUM TEMPERATURE (F)   61        83      2011
 MINIMUM TEMPERATURE (F)   39        18      1989


SUNRISE AND SUNSET
FEBRUARY 24 2017......SUNRISE   634 AM CST   SUNSET   553 PM CST
FEBRUARY 25 2017......SUNRISE   633 AM CST   SUNSET   554 PM CST


-  INDICATES NEGATIVE NUMBERS.
R  INDICATES RECORD WAS SET OR TIED.
MM INDICATES DATA IS MISSING.
T  INDICATES TRACE AMOUNT.




$$
