000
CDUS44 KJAN 240627
CLIGWO


CLIMATE REPORT
NATIONAL WEATHER SERVICE JACKSON MS
124 AM CDT SUN MAY 24 2015


...................................

...THE GREENWOOD CLIMATE SUMMARY FOR MAY 23 2015...

CLIMATE NORMAL PERIOD 1981 TO 2010
CLIMATE RECORD PERIOD 1948 TO 2015


WEATHER ITEM   OBSERVED TIME   RECORD YEAR NORMAL DEPARTURE LAST
                VALUE   (LST)  VALUE       VALUE  FROM      YEAR
                                                  NORMAL
..................................................................
TEMPERATURE (F)
 YESTERDAY
  MAXIMUM         86    336 PM  96    1996  85      1       90
                                      1969
  MINIMUM         57    409 AM  49    1963  63     -6       61
  AVERAGE         72                        74     -2       76

PRECIPITATION (IN)
  YESTERDAY        0.00          1.21 2009   0.16  -0.16     0.00
  MONTH TO DATE    2.52                      3.78  -1.26     0.89
  SINCE MAR 1     14.06                     13.22   0.84    14.59
  SINCE JAN 1     23.45                     22.16   1.29    20.87

SNOWFALL (IN)
  YESTERDAY        0.0

DEGREE DAYS
 HEATING
  YESTERDAY        0                         0      0        0
  MONTH TO DATE   14                        15     -1       34
  SINCE MAR 1    348                       455   -107      617
  SINCE JUL 1   2869                      2686    183     3271

 COOLING
  YESTERDAY        7                         9     -2       11
  MONTH TO DATE  171                       148     23      144
  SINCE MAR 1    282                       245     37      207
  SINCE JAN 1    282                       250     32      207
..................................................................


WIND (MPH)
  HIGHEST WIND SPEED    12   HIGHEST WIND DIRECTION    SE (150)
  HIGHEST GUST SPEED    19   HIGHEST GUST DIRECTION    SE (140)
  AVERAGE WIND SPEED     6.1


SKY COVER
  POSSIBLE SUNSHINE  MM
  AVERAGE SKY COVER 0.1


WEATHER CONDITIONS
 THE FOLLOWING WEATHER WAS RECORDED YESTERDAY.
  NO SIGNIFICANT WEATHER WAS OBSERVED.


RELATIVE HUMIDITY (PERCENT)
 HIGHEST    80           300 AM
 LOWEST     44           200 PM
 AVERAGE    62

..........................................................


THE GREENWOOD CLIMATE NORMALS FOR TODAY
                         NORMAL    RECORD    YEAR
 MAXIMUM TEMPERATURE (F)   85        95      1996
                                             1970
 MINIMUM TEMPERATURE (F)   63        49      1951


SUNRISE AND SUNSET
MAY 24 2015...........SUNRISE   555 AM CDT   SUNSET   800 PM CDT
MAY 25 2015...........SUNRISE   554 AM CDT   SUNSET   801 PM CDT


-  INDICATES NEGATIVE NUMBERS.
R  INDICATES RECORD WAS SET OR TIED.
MM INDICATES DATA IS MISSING.
T  INDICATES TRACE AMOUNT.




$$
