000
CDUS44 KJAN 210744
CLIGWO


CLIMATE REPORT
NATIONAL WEATHER SERVICE JACKSON MS
141 AM CST TUE NOV 21 2017


...................................

...THE GREENWOOD CLIMATE SUMMARY FOR NOVEMBER 20 2017...

CLIMATE NORMAL PERIOD 1981 TO 2010
CLIMATE RECORD PERIOD 1948 TO 2017


WEATHER ITEM   OBSERVED TIME   RECORD YEAR NORMAL DEPARTURE LAST
                VALUE   (LST)  VALUE       VALUE  FROM      YEAR
                                                  NORMAL
..................................................................
TEMPERATURE (F)
 YESTERDAY
  MAXIMUM         58    203 PM  80    1979  65     -7       59
  MINIMUM         26    408 AM  25    1951  41    -15       26
  AVERAGE         42                        53    -11       43

PRECIPITATION (IN)
  YESTERDAY        0.00          1.67 1973   0.17  -0.17     0.00
  MONTH TO DATE    1.83                      2.77  -0.94     0.78
  SINCE SEP 1      4.96                     10.30  -5.34     3.48
  SINCE JAN 1     40.82                     44.37  -3.55    39.98

SNOWFALL (IN)
  YESTERDAY        0.0

DEGREE DAYS
 HEATING
  YESTERDAY       23                        13     10       22
  MONTH TO DATE  149                       195    -46      133
  SINCE SEP 1    271                       326    -55      161
  SINCE JUL 1    271                       326    -55      161

 COOLING
  YESTERDAY        0                         0      0        0
  MONTH TO DATE   43                        14     29       24
  SINCE SEP 1    506                       414     92      612
  SINCE JAN 1   2341                      2156    185     2559
..................................................................


WIND (MPH)
  HIGHEST WIND SPEED     9   HIGHEST WIND DIRECTION     S (180)
  HIGHEST GUST SPEED    10   HIGHEST GUST DIRECTION     S (200)
  AVERAGE WIND SPEED     2.3


SKY COVER
  POSSIBLE SUNSHINE  MM
  AVERAGE SKY COVER 0.0


WEATHER CONDITIONS
 THE FOLLOWING WEATHER WAS RECORDED YESTERDAY.
  HAZE


RELATIVE HUMIDITY (PERCENT)
 HIGHEST    92           600 AM
 LOWEST     35           400 PM
 AVERAGE    64

..........................................................


THE GREENWOOD CLIMATE NORMALS FOR TODAY
                         NORMAL    RECORD    YEAR
 MAXIMUM TEMPERATURE (F)   64        81      2011
 MINIMUM TEMPERATURE (F)   41        23      1981


SUNRISE AND SUNSET
NOVEMBER 21 2017......SUNRISE   638 AM CST   SUNSET   455 PM CST
NOVEMBER 22 2017......SUNRISE   639 AM CST   SUNSET   454 PM CST


-  INDICATES NEGATIVE NUMBERS.
R  INDICATES RECORD WAS SET OR TIED.
MM INDICATES DATA IS MISSING.
T  INDICATES TRACE AMOUNT.




$$
