688
CDUS44 KJAN 142221
CLIGWO


CLIMATE REPORT
NATIONAL WEATHER SERVICE JACKSON MS
415 PM CST SUN FEB 14 2016


...................................

...THE GREENWOOD CLIMATE SUMMARY FOR FEBRUARY 14 2016...
VALID TODAY AS OF 0400 PM LOCAL TIME.

CLIMATE NORMAL PERIOD 1981 TO 2010
CLIMATE RECORD PERIOD 1948 TO 2016


WEATHER ITEM   OBSERVED TIME   RECORD YEAR NORMAL DEPARTURE LAST
                VALUE   (LST)  VALUE       VALUE  FROM      YEAR
                                                  NORMAL
..................................................................
TEMPERATURE (F)
 TODAY
  MAXIMUM         60    359 PM  80    1990  58      2       66
  MINIMUM         34    143 AM   8    1960  37     -3       27
  AVERAGE         47                        47      0       47

PRECIPITATION (IN)
  TODAY            0.00          1.60 1992   0.16  -0.16     0.00
  MONTH TO DATE    0.43                      2.20  -1.77     0.22
  SINCE DEC 1      8.71                     12.37  -3.66    10.18
  SINCE JAN 1      3.61                      6.72  -3.11     4.66

SNOWFALL (IN)
  TODAY            0.0

DEGREE DAYS
 HEATING
  TODAY           18                        18      0       18
  MONTH TO DATE  275                       271      4      306
  SINCE DEC 1   1270                      1542   -272     1519
  SINCE JUL 1   1498                      2010   -512     2107

 COOLING
  TODAY            0                         0      0        0
  MONTH TO DATE    4                         0      4        0
  SINCE DEC 1     70                         7     63        1
  SINCE JAN 1      5                         2      3        0
..................................................................


WIND (MPH)
  HIGHEST WIND SPEED    21   HIGHEST WIND DIRECTION     S (170)
  HIGHEST GUST SPEED    25   HIGHEST GUST DIRECTION     S (170)
  AVERAGE WIND SPEED     8.8


SKY COVER
  POSSIBLE SUNSHINE  MM
  AVERAGE SKY COVER 0.9


WEATHER CONDITIONS
 THE FOLLOWING WEATHER WAS RECORDED TODAY.
  NO SIGNIFICANT WEATHER WAS OBSERVED.


RELATIVE HUMIDITY (PERCENT)
 HIGHEST    38           300 AM
 LOWEST     30          1200 PM
 AVERAGE    34

..........................................................


THE GREENWOOD CLIMATE NORMALS FOR TOMORROW
                         NORMAL    RECORD    YEAR
 MAXIMUM TEMPERATURE (F)   58        79      1989
 MINIMUM TEMPERATURE (F)   37        21      1960


SUNRISE AND SUNSET
FEBRUARY 14 2016......SUNRISE   646 AM CST   SUNSET   544 PM CST
FEBRUARY 15 2016......SUNRISE   645 AM CST   SUNSET   545 PM CST


-  INDICATES NEGATIVE NUMBERS.
R  INDICATES RECORD WAS SET OR TIED.
MM INDICATES DATA IS MISSING.
T  INDICATES TRACE AMOUNT.




$$
