000
CDUS44 KJAN 240704
CLIGWO


CLIMATE REPORT
NATIONAL WEATHER SERVICE JACKSON MS
155 AM CDT WED MAY 24 2017


...................................

...THE GREENWOOD CLIMATE SUMMARY FOR MAY 23 2017...

CLIMATE NORMAL PERIOD 1981 TO 2010
CLIMATE RECORD PERIOD 1948 TO 2017


WEATHER ITEM   OBSERVED TIME   RECORD YEAR NORMAL DEPARTURE LAST
                VALUE   (LST)  VALUE       VALUE  FROM      YEAR
                                                  NORMAL
..................................................................
TEMPERATURE (F)
 YESTERDAY
  MAXIMUM         77    511 PM  96    1996  85     -8       85
                                      1969
  MINIMUM         64   1159 PM  49    1963  63      1       54
  AVERAGE         71                        74     -3       70

PRECIPITATION (IN)
  YESTERDAY        0.08          1.21 2009   0.16  -0.08     0.00
  MONTH TO DATE    2.00                      3.78  -1.78     1.34
  SINCE MAR 1     11.93                     13.22  -1.29    18.19
  SINCE JAN 1     20.21                     22.16  -1.95    25.64

SNOWFALL (IN)
  YESTERDAY        0.0

DEGREE DAYS
 HEATING
  YESTERDAY        0                         0      0        0
  MONTH TO DATE   20                        15      5       16
  SINCE MAR 1    295                       455   -160      268
  SINCE JUL 1   1778                      2686   -908     1929

 COOLING
  YESTERDAY        6                         9     -3        5
  MONTH TO DATE  146                       148     -2       94
  SINCE MAR 1    346                       245    101      217
  SINCE JAN 1    380                       250    130      225
..................................................................


WIND (MPH)
  HIGHEST WIND SPEED    10   HIGHEST WIND DIRECTION    SW (220)
  HIGHEST GUST SPEED    14   HIGHEST GUST DIRECTION    SW (240)
  AVERAGE WIND SPEED     3.2


SKY COVER
  POSSIBLE SUNSHINE  MM
  AVERAGE SKY COVER 0.8


WEATHER CONDITIONS
 THE FOLLOWING WEATHER WAS RECORDED YESTERDAY.
  LIGHT RAIN
  FOG


RELATIVE HUMIDITY (PERCENT)
 HIGHEST   100          1200 AM
 LOWEST     60           500 PM
 AVERAGE    80

..........................................................


THE GREENWOOD CLIMATE NORMALS FOR TODAY
                         NORMAL    RECORD    YEAR
 MAXIMUM TEMPERATURE (F)   85        95      1996
                                             1970
 MINIMUM TEMPERATURE (F)   63        49      1951


SUNRISE AND SUNSET
MAY 24 2017...........SUNRISE   554 AM CDT   SUNSET   800 PM CDT
MAY 25 2017...........SUNRISE   554 AM CDT   SUNSET   801 PM CDT


-  INDICATES NEGATIVE NUMBERS.
R  INDICATES RECORD WAS SET OR TIED.
MM INDICATES DATA IS MISSING.
T  INDICATES TRACE AMOUNT.




$$
