000
CDUS44 KJAN 040729
CLIGWO


CLIMATE REPORT
NATIONAL WEATHER SERVICE JACKSON MS
227 AM CDT FRI SEP 4 2015


...................................

...THE GREENWOOD CLIMATE SUMMARY FOR SEPTEMBER 3 2015...

CLIMATE NORMAL PERIOD 1981 TO 2010
CLIMATE RECORD PERIOD 1948 TO 2015


WEATHER ITEM   OBSERVED TIME   RECORD YEAR NORMAL DEPARTURE LAST
                VALUE   (LST)  VALUE       VALUE  FROM      YEAR
                                                  NORMAL
..................................................................
TEMPERATURE (F)
 YESTERDAY
  MAXIMUM         96    355 PM 101    2000  91      5       90
  MINIMUM         68    556 AM  52    1952  67      1       69
  AVERAGE         82                        79      3       80

PRECIPITATION (IN)
  YESTERDAY        0.00          1.49 1988   0.11  -0.11     0.00
  MONTH TO DATE    T                         0.33  -0.33     0.29
  SINCE SEP 1      T                         0.33  -0.33     0.29
  SINCE JAN 1     34.06                     34.40  -0.34    41.05

SNOWFALL (IN)
  YESTERDAY        0.0

DEGREE DAYS
 HEATING
  YESTERDAY        0                         0      0        0
  MONTH TO DATE    0                         0      0        0
  SINCE SEP 1      0                         0      0        0
  SINCE JUL 1      0                         0      0        0

 COOLING
  YESTERDAY       17                        14      3       15
  MONTH TO DATE   50                        42      8       47
  SINCE SEP 1     50                        42      8       47
  SINCE JAN 1   1899                      1784    115     1603
..................................................................


WIND (MPH)
  HIGHEST WIND SPEED     9   HIGHEST WIND DIRECTION    NW (320)
  HIGHEST GUST SPEED    11   HIGHEST GUST DIRECTION    NW (310)
  AVERAGE WIND SPEED     2.4


SKY COVER
  POSSIBLE SUNSHINE  MM
  AVERAGE SKY COVER 0.0


WEATHER CONDITIONS
 THE FOLLOWING WEATHER WAS RECORDED YESTERDAY.
  FOG


RELATIVE HUMIDITY (PERCENT)
 HIGHEST    93          1200 AM
 LOWEST     33           300 PM
 AVERAGE    63

..........................................................


THE GREENWOOD CLIMATE NORMALS FOR TODAY
                         NORMAL    RECORD    YEAR
 MAXIMUM TEMPERATURE (F)   90       102      2000
                                             1990
 MINIMUM TEMPERATURE (F)   67        48      1974


SUNRISE AND SUNSET
SEPTEMBER  4 2015.....SUNRISE   636 AM CDT   SUNSET   722 PM CDT
SEPTEMBER  5 2015.....SUNRISE   637 AM CDT   SUNSET   721 PM CDT


-  INDICATES NEGATIVE NUMBERS.
R  INDICATES RECORD WAS SET OR TIED.
MM INDICATES DATA IS MISSING.
T  INDICATES TRACE AMOUNT.




$$
