000
CDUS44 KJAN 010827
CLIGWO


CLIMATE REPORT
NATIONAL WEATHER SERVICE JACKSON MS
325 AM CDT SAT AUG 1 2015


...................................

...THE GREENWOOD CLIMATE SUMMARY FOR JULY 31 2015...

CLIMATE NORMAL PERIOD 1981 TO 2010
CLIMATE RECORD PERIOD 1948 TO 2015


WEATHER ITEM   OBSERVED TIME   RECORD YEAR NORMAL DEPARTURE LAST
                VALUE   (LST)  VALUE       VALUE  FROM      YEAR
                                                  NORMAL
..................................................................
TEMPERATURE (F)
 YESTERDAY
  MAXIMUM         93    343 PM 103    1986  92      1       85
  MINIMUM         65    538 AM  61    1971  71     -6       68
  AVERAGE         79                        82     -3       77

PRECIPITATION (IN)
  YESTERDAY        0.00          3.54 1973   0.09  -0.09     0.02
  MONTH TO DATE    2.08                      3.60  -1.52     5.59
  SINCE JUN 1      4.37                      7.91  -3.54    14.62
  SINCE JAN 1     32.30                     31.24   1.06    37.74

SNOWFALL (IN)
  YESTERDAY        0.0

DEGREE DAYS
 HEATING
  YESTERDAY        0                         0      0        0
  MONTH TO DATE    0                         0      0        0
  SINCE JUN 1      0                         0      0        0
  SINCE JUL 1      0                         0      0        0

 COOLING
  YESTERDAY       14                        16     -2       12
  MONTH TO DATE  564                       505     59      372
  SINCE JUN 1   1002                       918     84      796
  SINCE JAN 1   1366                      1248    118     1090
..................................................................


WIND (MPH)
  HIGHEST WIND SPEED    17   HIGHEST WIND DIRECTION    NE (40)
  HIGHEST GUST SPEED    23   HIGHEST GUST DIRECTION     N (20)
  AVERAGE WIND SPEED     7.1


SKY COVER
  POSSIBLE SUNSHINE  MM
  AVERAGE SKY COVER 0.0


WEATHER CONDITIONS
 THE FOLLOWING WEATHER WAS RECORDED YESTERDAY.
  NO SIGNIFICANT WEATHER WAS OBSERVED.


RELATIVE HUMIDITY (PERCENT)
 HIGHEST    93           500 AM
 LOWEST     36          1200 PM
 AVERAGE    65

..........................................................


THE GREENWOOD CLIMATE NORMALS FOR TODAY
                         NORMAL    RECORD    YEAR
 MAXIMUM TEMPERATURE (F)   92       101      2010
 MINIMUM TEMPERATURE (F)   71        65      1949
                                             1948


SUNRISE AND SUNSET
AUGUST  1 2015........SUNRISE   613 AM CDT   SUNSET   800 PM CDT
AUGUST  2 2015........SUNRISE   613 AM CDT   SUNSET   759 PM CDT


-  INDICATES NEGATIVE NUMBERS.
R  INDICATES RECORD WAS SET OR TIED.
MM INDICATES DATA IS MISSING.
T  INDICATES TRACE AMOUNT.




$$
