000
CDUS44 KJAN 290657
CLIGWO


CLIMATE REPORT
NATIONAL WEATHER SERVICE JACKSON MS
1254 AM CST MON DEC 29 2014


...................................

...THE GREENWOOD CLIMATE SUMMARY FOR DECEMBER 28 2014...

CLIMATE NORMAL PERIOD 1981 TO 2010
CLIMATE RECORD PERIOD 1948 TO 2014


WEATHER ITEM   OBSERVED TIME   RECORD YEAR NORMAL DEPARTURE LAST
                VALUE   (LST)  VALUE       VALUE  FROM      YEAR
                                                  NORMAL
..................................................................
TEMPERATURE (F)
 YESTERDAY
  MAXIMUM         51    303 AM  74    1984  54     -3       45
  MINIMUM         43   1159 PM  20    2010  34      9       38
  AVERAGE         47                        44      3       42

PRECIPITATION (IN)
  YESTERDAY        0.34          6.15 1954   0.16   0.18     0.29
  MONTH TO DATE    5.48                      5.19   0.29     4.69
  SINCE DEC 1      5.48                      5.19   0.29     4.69
  SINCE JAN 1     56.08                     51.31   4.77    58.39

SNOWFALL (IN)
  YESTERDAY        0.0

DEGREE DAYS
 HEATING
  YESTERDAY       18                        21     -3       23
  MONTH TO DATE  419                       534   -115      574
  SINCE DEC 1    419                       534   -115      574
  SINCE JUL 1   1007                      1002      5     1141

 COOLING
  YESTERDAY        0                         0      0        0
  MONTH TO DATE    1                         0      1       11
  SINCE DEC 1      1                         0      1       11
  SINCE JAN 1   2044                      2159   -115     2109
..................................................................


WIND (MPH)
  HIGHEST WIND SPEED    14   HIGHEST WIND DIRECTION     N (340)
  HIGHEST GUST SPEED    22   HIGHEST GUST DIRECTION    NW (320)
  AVERAGE WIND SPEED     7.6


SKY COVER
  POSSIBLE SUNSHINE  MM
  AVERAGE SKY COVER 0.7


WEATHER CONDITIONS
 THE FOLLOWING WEATHER WAS RECORDED YESTERDAY.
  LIGHT RAIN
  FOG


RELATIVE HUMIDITY (PERCENT)
 HIGHEST    96           700 PM
 LOWEST     89           600 PM
 AVERAGE    93

..........................................................


THE GREENWOOD CLIMATE NORMALS FOR TODAY
                         NORMAL    RECORD    YEAR
 MAXIMUM TEMPERATURE (F)   54        78      1990
 MINIMUM TEMPERATURE (F)   34        18      1983


SUNRISE AND SUNSET
DECEMBER 29 2014......SUNRISE   704 AM CST   SUNSET   501 PM CST
DECEMBER 30 2014......SUNRISE   704 AM CST   SUNSET   502 PM CST


-  INDICATES NEGATIVE NUMBERS.
R  INDICATES RECORD WAS SET OR TIED.
MM INDICATES DATA IS MISSING.
T  INDICATES TRACE AMOUNT.




$$
