000
CDUS44 KJAN 040633
CLIGWO


CLIMATE REPORT
NATIONAL WEATHER SERVICE JACKSON MS
131 AM CDT SAT JUL 4 2015


...................................

...THE GREENWOOD CLIMATE SUMMARY FOR JULY 3 2015...

CLIMATE NORMAL PERIOD 1981 TO 2010
CLIMATE RECORD PERIOD 1948 TO 2015


WEATHER ITEM   OBSERVED TIME   RECORD YEAR NORMAL DEPARTURE LAST
                VALUE   (LST)  VALUE       VALUE  FROM      YEAR
                                                  NORMAL
..................................................................
TEMPERATURE (F)
 YESTERDAY
  MAXIMUM         86    256 PM 103    1970  91     -5       86
  MINIMUM         70   1142 PM  60    2013  71     -1       66
  AVERAGE         78                        81     -3       76

PRECIPITATION (IN)
  YESTERDAY        0.35          1.60 1972   0.13   0.22     0.00
  MONTH TO DATE    0.35                      0.40  -0.05     0.04
  SINCE JUN 1      2.64                      4.71  -2.07     9.07
  SINCE JAN 1     30.57                     28.04   2.53    32.19

SNOWFALL (IN)
  YESTERDAY        0.0

DEGREE DAYS
 HEATING
  YESTERDAY        0                         0      0        0
  MONTH TO DATE    0                         0      0        0
  SINCE JUN 1      0                         0      0        0
  SINCE JUL 1      0                         0      0        0

 COOLING
  YESTERDAY       13                        16     -3       11
  MONTH TO DATE   43                        48     -5       43
  SINCE JUN 1    481                       461     20      467
  SINCE JAN 1    845                       791     54      761
..................................................................


WIND (MPH)
  HIGHEST WIND SPEED    15   HIGHEST WIND DIRECTION    SW (220)
  HIGHEST GUST SPEED    22   HIGHEST GUST DIRECTION    NW (310)
  AVERAGE WIND SPEED     8.9


SKY COVER
  POSSIBLE SUNSHINE  MM
  AVERAGE SKY COVER 0.2


WEATHER CONDITIONS
 THE FOLLOWING WEATHER WAS RECORDED YESTERDAY.
  THUNDERSTORM
  HEAVY RAIN
  RAIN
  LIGHT RAIN
  FOG


RELATIVE HUMIDITY (PERCENT)
 HIGHEST    90          1100 PM
 LOWEST     61           300 PM
 AVERAGE    76

..........................................................


THE GREENWOOD CLIMATE NORMALS FOR TODAY
                         NORMAL    RECORD    YEAR
 MAXIMUM TEMPERATURE (F)   92        99      1978
                                             1969
 MINIMUM TEMPERATURE (F)   71        61      2014


SUNRISE AND SUNSET
JULY  4 2015..........SUNRISE   555 AM CDT   SUNSET   814 PM CDT
JULY  5 2015..........SUNRISE   556 AM CDT   SUNSET   814 PM CDT


-  INDICATES NEGATIVE NUMBERS.
R  INDICATES RECORD WAS SET OR TIED.
MM INDICATES DATA IS MISSING.
T  INDICATES TRACE AMOUNT.




$$
