000
CDUS44 KJAN 240623
CLIGWO


CLIMATE REPORT
NATIONAL WEATHER SERVICE JACKSON MS
121 AM CDT TUE MAY 24 2016


...................................

...THE GREENWOOD CLIMATE SUMMARY FOR MAY 23 2016...

CLIMATE NORMAL PERIOD 1981 TO 2010
CLIMATE RECORD PERIOD 1948 TO 2016


WEATHER ITEM   OBSERVED TIME   RECORD YEAR NORMAL DEPARTURE LAST
                VALUE   (LST)  VALUE       VALUE  FROM      YEAR
                                                  NORMAL
..................................................................
TEMPERATURE (F)
 YESTERDAY
  MAXIMUM         85    312 PM  96    1996  85      0       86
                                      1969
  MINIMUM         54    454 AM  49    1963  63     -9       57
  AVERAGE         70                        74     -4       72

PRECIPITATION (IN)
  YESTERDAY        0.00          1.21 2009   0.16  -0.16     0.00
  MONTH TO DATE    1.34                      3.78  -2.44     2.52
  SINCE MAR 1     18.19                     13.22   4.97    14.06
  SINCE JAN 1     25.64                     22.16   3.48    23.45

SNOWFALL (IN)
  YESTERDAY        0.0

DEGREE DAYS
 HEATING
  YESTERDAY        0                         0      0        0
  MONTH TO DATE   16                        15      1       14
  SINCE MAR 1    268                       455   -187      348
  SINCE JUL 1   1929                      2686   -757     2869

 COOLING
  YESTERDAY        5                         9     -4        7
  MONTH TO DATE   94                       148    -54      171
  SINCE MAR 1    217                       245    -28      282
  SINCE JAN 1    225                       250    -25      282
..................................................................


WIND (MPH)
  HIGHEST WIND SPEED    12   HIGHEST WIND DIRECTION     E (100)
  HIGHEST GUST SPEED    14   HIGHEST GUST DIRECTION     E (100)
  AVERAGE WIND SPEED     3.5


SKY COVER
  POSSIBLE SUNSHINE  MM
  AVERAGE SKY COVER 0.0


WEATHER CONDITIONS
 THE FOLLOWING WEATHER WAS RECORDED YESTERDAY.
  NO SIGNIFICANT WEATHER WAS OBSERVED.


RELATIVE HUMIDITY (PERCENT)
 HIGHEST    89           500 AM
 LOWEST     29           200 PM
 AVERAGE    59

..........................................................


THE GREENWOOD CLIMATE NORMALS FOR TODAY
                         NORMAL    RECORD    YEAR
 MAXIMUM TEMPERATURE (F)   85        95      1996
                                             1970
 MINIMUM TEMPERATURE (F)   63        49      1951


SUNRISE AND SUNSET
MAY 24 2016...........SUNRISE   554 AM CDT   SUNSET   801 PM CDT
MAY 25 2016...........SUNRISE   554 AM CDT   SUNSET   801 PM CDT


-  INDICATES NEGATIVE NUMBERS.
R  INDICATES RECORD WAS SET OR TIED.
MM INDICATES DATA IS MISSING.
T  INDICATES TRACE AMOUNT.




$$
