000
CDUS41 KGYX 050836
CLIGYX


CLIMATE REPORT
NATIONAL WEATHER SERVICE GRAY ME
436 AM EDT WED AUG 5 2015


...................................

...THE GRAY ME CLIMATE SUMMARY FOR AUGUST 4 2015...

CLIMATE NORMAL PERIOD 1981 TO 2010
CLIMATE RECORD PERIOD 1995 TO 2015


WEATHER ITEM   OBSERVED TIME   RECORD YEAR NORMAL DEPARTURE LAST
                VALUE   (LST)  VALUE       VALUE  FROM      YEAR
                                                  NORMAL
..................................................................
TEMPERATURE (F)
 YESTERDAY
  MAXIMUM         82        MM  MM      MM  80      2       77
  MINIMUM         62        MM  MM      MM  60      2       55
  AVERAGE         72                        70      2       66

PRECIPITATION (IN)
  YESTERDAY        0.42         MM      MM   0.13   0.29      T
  MONTH TO DATE    0.45                      0.52  -0.07     0.01
  SINCE JUN 1      8.85                      9.12  -0.27     9.99
  SINCE JAN 1     21.90                     28.41  -6.51    28.34

SNOWFALL (IN)
  YESTERDAY        0.0          MM      MM   0.0    0.0      0.0
  MONTH TO DATE    0.0                       0.0    0.0      0.0
  SINCE JUN 1      0.0                       0.0    0.0      0.0
  SINCE JUL 1      0.0                       0.0    0.0      0.0
  SNOW DEPTH       0

DEGREE DAYS
 HEATING
  YESTERDAY        0                         0      0        0
  MONTH TO DATE    0                         0      0        0
  SINCE JUN 1    170                       108     62       74
  SINCE JUL 1     13                        14     -1        0

 COOLING
  YESTERDAY        7                         5      2        1
  MONTH TO DATE   28                        20      8        7
  SINCE JUN 1    194                       235    -41      234
  SINCE JAN 1    234                       246    -12      235
..................................................................







THE GRAY ME CLIMATE NORMALS FOR TODAY
                         NORMAL
 MAXIMUM TEMPERATURE (F)   80
 MINIMUM TEMPERATURE (F)   60


SUNRISE AND SUNSET
AUGUST  5 2015........SUNRISE   534 AM EDT   SUNSET   800 PM EDT
AUGUST  6 2015........SUNRISE   535 AM EDT   SUNSET   758 PM EDT


-  INDICATES NEGATIVE NUMBERS.
R  INDICATES RECORD WAS SET OR TIED.
MM INDICATES DATA IS MISSING.
T  INDICATES TRACE AMOUNT.




$$
