000
CDUS41 KGYX 240911
CLIGYX


CLIMATE REPORT
NATIONAL WEATHER SERVICE GRAY ME
411 AM EST FRI NOV 24 2017


...................................

...THE GRAY ME CLIMATE SUMMARY FOR NOVEMBER 23 2017...

CLIMATE NORMAL PERIOD 1981 TO 2010
CLIMATE RECORD PERIOD 1995 TO 2017


WEATHER ITEM   OBSERVED TIME   RECORD YEAR NORMAL DEPARTURE LAST
                VALUE   (LST)  VALUE       VALUE  FROM      YEAR
                                                  NORMAL
..................................................................
TEMPERATURE (F)
 YESTERDAY
  MAXIMUM         37        MM  MM      MM  43     -6       41
  MINIMUM         25        MM  MM      MM  28     -3       28
  AVERAGE         31                        36     -5       35

PRECIPITATION (IN)
  YESTERDAY        0.00         MM      MM   0.17  -0.17     0.00
  MONTH TO DATE    2.37                      4.16  -1.79     2.78
  SINCE SEP 1     10.60                     13.49  -2.89    11.66
  SINCE JAN 1     38.53                     44.97  -6.44    40.83

SNOWFALL (IN)
  YESTERDAY        0.0          MM      MM   0.1   -0.1      0.0
  MONTH TO DATE    1.2                       1.6   -0.4      1.1
  SINCE SEP 1      1.2                       1.7   -0.5      1.1
  SINCE JUL 1      1.2                       1.7   -0.5      1.1
  SNOW DEPTH      MM

DEGREE DAYS
 HEATING
  YESTERDAY       34                        29      5       30
  MONTH TO DATE  629                       579     50      520
  SINCE SEP 1    949                      1243   -294     1043
  SINCE JUL 1    980                      1279   -299     1062

 COOLING
  YESTERDAY        0                         0      0        0
  MONTH TO DATE    0                         0      0        0
  SINCE SEP 1     93                        30     63       80
  SINCE JAN 1    531                       389    142      607
..................................................................







THE GRAY ME CLIMATE NORMALS FOR TODAY
                         NORMAL
 MAXIMUM TEMPERATURE (F)   42
 MINIMUM TEMPERATURE (F)   28


SUNRISE AND SUNSET
NOVEMBER 24 2017......SUNRISE   647 AM EST   SUNSET   408 PM EST
NOVEMBER 25 2017......SUNRISE   649 AM EST   SUNSET   407 PM EST


-  INDICATES NEGATIVE NUMBERS.
R  INDICATES RECORD WAS SET OR TIED.
MM INDICATES DATA IS MISSING.
T  INDICATES TRACE AMOUNT.




$$
