961
CDUS41 KGYX 280911
CLIGYX


CLIMATE REPORT
NATIONAL WEATHER SERVICE GRAY ME
411 AM EST TUE FEB 28 2017


...................................

...THE GRAY ME CLIMATE SUMMARY FOR FEBRUARY 27 2017...

CLIMATE NORMAL PERIOD 1981 TO 2010
CLIMATE RECORD PERIOD 1995 TO 2017


WEATHER ITEM   OBSERVED TIME   RECORD YEAR NORMAL DEPARTURE LAST
                VALUE   (LST)  VALUE       VALUE  FROM      YEAR
                                                  NORMAL
..................................................................
TEMPERATURE (F)
 YESTERDAY
  MAXIMUM         49        MM  MM      MM  37     12       32
  MINIMUM         22        MM  MM      MM  19      3       11
  AVERAGE         36                        28      8       22

PRECIPITATION (IN)
  YESTERDAY        0.00         MM      MM   0.13  -0.13     0.00
  MONTH TO DATE    3.70                      3.18   0.52     4.52
  SINCE DEC 1     11.50                     10.77   0.73    12.81
  SINCE JAN 1      6.68                      6.71  -0.03     8.25

SNOWFALL (IN)
  YESTERDAY        0.0          MM      MM   0.6   -0.6      0.0
  MONTH TO DATE   44.6                      15.8   28.8     16.0
  SINCE DEC 1     88.5                      55.3   33.2     37.1
  SINCE JUL 1     89.8                      58.4   31.4     37.3
  SNOW DEPTH      12

DEGREE DAYS
 HEATING
  YESTERDAY       29                        37     -8       43
  MONTH TO DATE 1013                      1092    -79     1046
  SINCE DEC 1   3390                      3625   -235     3173
  SINCE JUL 1   4669                      5122   -453     4472

 COOLING
  YESTERDAY        0                         0      0        0
  MONTH TO DATE    0                         0      0        0
  SINCE DEC 1      0                         0      0        0
  SINCE JAN 1      0                         0      0        0
..................................................................







THE GRAY ME CLIMATE NORMALS FOR TODAY
                         NORMAL
 MAXIMUM TEMPERATURE (F)   37
 MINIMUM TEMPERATURE (F)   20


SUNRISE AND SUNSET
FEBRUARY 28 2017......SUNRISE   619 AM EST   SUNSET   528 PM EST
MARCH  1 2017.........SUNRISE   617 AM EST   SUNSET   530 PM EST


-  INDICATES NEGATIVE NUMBERS.
R  INDICATES RECORD WAS SET OR TIED.
MM INDICATES DATA IS MISSING.
T  INDICATES TRACE AMOUNT.




$$
