000
CDUS41 KGYX 230801
CLIGYX


CLIMATE REPORT
NATIONAL WEATHER SERVICE GRAY ME
401 AM EDT WED JUL 23 2014


...................................

...THE GRAY ME CLIMATE SUMMARY FOR JULY 22 2014...

CLIMATE NORMAL PERIOD 1981 TO 2010
CLIMATE RECORD PERIOD 1995 TO 2014


WEATHER ITEM   OBSERVED NORMAL DEPARTURE LAST
                VALUE   VALUE  FROM      YEAR
                               NORMAL
...............................................
TEMPERATURE (F)
 YESTERDAY
  MAXIMUM         81     80      1       72
  MINIMUM         59     60     -1       60
  AVERAGE         70     70      0       66

PRECIPITATION (IN)
  YESTERDAY        0.00   0.14  -0.14      T
  MONTH TO DATE    4.16   3.16   0.00     1.97
  SINCE JUN 1      7.16   7.46  -0.30     7.97
  SINCE JAN 1     25.51  26.75  -1.24    22.26

SNOWFALL (IN)
  YESTERDAY        0.0    0.0    0.0      0.0
  MONTH TO DATE    0.0    0.0    0.0      0.0
  SINCE JUN 1      0.0    0.0    0.0      0.0
  SINCE JUL 1      0.0    0.0    0.0      0.0
  SNOW DEPTH       0

DEGREE DAYS
 HEATING
  YESTERDAY        0      0      0        0
  MONTH TO DATE    0      7     -7        5
  SINCE JUN 1     74    101    -27       76
  SINCE JUL 1      0      7     -7        5

 COOLING
  YESTERDAY        5      5      0        1
  MONTH TO DATE  132    103     29      193
  SINCE JUN 1    197    168     29      288
  SINCE JAN 1    198    179     19      305
...............................................





WEATHER CONDITIONS
 THE FOLLOWING WEATHER WAS RECORDED YESTERDAY.
  NO SIGNIFICANT WEATHER WAS OBSERVED.


..........................................................


THE GRAY ME CLIMATE NORMALS FOR TODAY
                         NORMAL
 MAXIMUM TEMPERATURE (F)   80
 MINIMUM TEMPERATURE (F)   60


SUNRISE AND SUNSET
JULY 23 2014..........SUNRISE   520 AM EDT   SUNSET   814 PM EDT
JULY 24 2014..........SUNRISE   521 AM EDT   SUNSET   813 PM EDT


-  INDICATES NEGATIVE NUMBERS.
R  INDICATES RECORD WAS SET OR TIED.
MM INDICATES DATA IS MISSING.
T  INDICATES TRACE AMOUNT.




$$
