000
CDUS41 KGYX 200916
CLIGYX


CLIMATE REPORT
NATIONAL WEATHER SERVICE GRAY ME
415 AM EST FRI JAN 20 2017


...................................

...THE GRAY ME CLIMATE SUMMARY FOR JANUARY 19 2017...

CLIMATE NORMAL PERIOD 1981 TO 2010
CLIMATE RECORD PERIOD 1995 TO 2017


WEATHER ITEM   OBSERVED TIME   RECORD YEAR NORMAL DEPARTURE LAST
                VALUE   (LST)  VALUE       VALUE  FROM      YEAR
                                                  NORMAL
..................................................................
TEMPERATURE (F)
 YESTERDAY
  MAXIMUM         36        MM  MM      MM  29      7       17
  MINIMUM         22        MM  MM      MM  12     10        9
  AVERAGE         29                        20      9       13

PRECIPITATION (IN)
  YESTERDAY        0.09         MM      MM   0.11  -0.02     0.00
  MONTH TO DATE    1.53                      2.18  -0.65     3.71
  SINCE DEC 1      6.35                      6.24   0.11     8.27
  SINCE JAN 1      1.53                      2.18  -0.65     3.71

SNOWFALL (IN)
  YESTERDAY        1.5          MM      MM   0.7    0.8      0.0
  MONTH TO DATE    6.5                      13.3   -6.8     15.5
  SINCE DEC 1     42.0                      31.6   10.4     20.7
  SINCE JUL 1     43.3                      34.7    8.6     20.9
  SNOW DEPTH       9

DEGREE DAYS
 HEATING
  YESTERDAY       36                        45     -9       52
  MONTH TO DATE  752                       833    -81      765
  SINCE DEC 1   1973                      2002    -29     1666
  SINCE JUL 1   3252                      3499   -247     2965

 COOLING
  YESTERDAY        0                         0      0        0
  MONTH TO DATE    0                         0      0        0
  SINCE DEC 1      0                         0      0        0
  SINCE JAN 1      0                         0      0        0
..................................................................







THE GRAY ME CLIMATE NORMALS FOR TODAY
                         NORMAL
 MAXIMUM TEMPERATURE (F)   29
 MINIMUM TEMPERATURE (F)   12


SUNRISE AND SUNSET
JANUARY 20 2017.......SUNRISE   709 AM EST   SUNSET   436 PM EST
JANUARY 21 2017.......SUNRISE   708 AM EST   SUNSET   437 PM EST


-  INDICATES NEGATIVE NUMBERS.
R  INDICATES RECORD WAS SET OR TIED.
MM INDICATES DATA IS MISSING.
T  INDICATES TRACE AMOUNT.




$$
