000
CDUS41 KGYX 050805
CLIGYX


CLIMATE REPORT
NATIONAL WEATHER SERVICE GRAY ME
404 AM EDT SUN JUL 5 2015


...................................

...THE GRAY ME CLIMATE SUMMARY FOR JULY 4 2015...

CLIMATE NORMAL PERIOD 1981 TO 2010
CLIMATE RECORD PERIOD 1995 TO 2015


WEATHER ITEM   OBSERVED TIME   RECORD YEAR NORMAL DEPARTURE LAST
                VALUE   (LST)  VALUE       VALUE  FROM      YEAR
                                                  NORMAL
..................................................................
TEMPERATURE (F)
 YESTERDAY
  MAXIMUM         73        MM  MM      MM  78     -5       71
  MINIMUM         56        MM  MM      MM  59     -3       62
  AVERAGE         65                        69     -4       67

PRECIPITATION (IN)
  YESTERDAY        T            MM      MM   0.14  -0.14     1.51
  MONTH TO DATE    0.37                      0.59  -0.22     2.18
  SINCE JUN 1      6.44                      4.89   1.55     5.18
  SINCE JAN 1     19.49                     24.18  -4.69    23.53

SNOWFALL (IN)
  YESTERDAY        0.0          MM      MM   0.0    0.0      0.0
  MONTH TO DATE    0.0                       0.0    0.0      0.0
  SINCE JUN 1      0.0                       0.0    0.0      0.0
  SINCE JUL 1      0.0                       0.0    0.0      0.0
  SNOW DEPTH       0

DEGREE DAYS
 HEATING
  YESTERDAY        0                         1     -1        0
  MONTH TO DATE    4                         4      0        0
  SINCE JUN 1    161                        98     63       74
  SINCE JUL 1      4                         4      0        0

 COOLING
  YESTERDAY        0                         4     -4        2
  MONTH TO DATE    3                        16    -13       34
  SINCE JUN 1     38                        81    -43       99
  SINCE JAN 1     78                        92    -14      100
..................................................................







THE GRAY ME CLIMATE NORMALS FOR TODAY
                         NORMAL
 MAXIMUM TEMPERATURE (F)   78
 MINIMUM TEMPERATURE (F)   59


SUNRISE AND SUNSET
JULY  5 2015..........SUNRISE   505 AM EDT   SUNSET   826 PM EDT
JULY  6 2015..........SUNRISE   505 AM EDT   SUNSET   826 PM EDT


-  INDICATES NEGATIVE NUMBERS.
R  INDICATES RECORD WAS SET OR TIED.
MM INDICATES DATA IS MISSING.
T  INDICATES TRACE AMOUNT.




$$
