000
CDUS44 KJAN 171055
CLIHBG


CLIMATE REPORT
NATIONAL WEATHER SERVICE JACKSON MS
454 AM CST FRI NOV 17 2017


...................................

...THE HATTIESBURG CLIMATE SUMMARY FOR NOVEMBER 16 2017...

CLIMATE NORMAL PERIOD 1981 TO 2010
CLIMATE RECORD PERIOD 1948 TO 2017


WEATHER ITEM   OBSERVED TIME   RECORD YEAR NORMAL DEPARTURE LAST
                VALUE   (LST)  VALUE       VALUE  FROM      YEAR
                                                  NORMAL
..................................................................
TEMPERATURE (F)
 YESTERDAY
  MAXIMUM         76    201 PM  87    1964  70      6       79
  MINIMUM         48    708 AM  28    1982  45      3       43
  AVERAGE         62                        57      5       61

PRECIPITATION (IN)
  YESTERDAY        0.00          1.35 2000   0.16  -0.16     0.00
  MONTH TO DATE    0.44                      2.09  -1.65     0.10
  SINCE SEP 1      5.36                      9.92  -4.56     4.29
  SINCE JAN 1     61.78                     52.08   9.70    55.30

SNOWFALL (IN)
  YESTERDAY        0.0

DEGREE DAYS
 HEATING
  YESTERDAY        3                         8     -5        4
  MONTH TO DATE   70                       105    -35       55
  SINCE SEP 1    154                       180    -26       74
  SINCE JUL 1    154                       180    -26       74

 COOLING
  YESTERDAY        0                         1     -1        0
  MONTH TO DATE   48                        20     28       24
  SINCE SEP 1    597                       511     86      688
  SINCE JAN 1   2542                      2382    160     2802
..................................................................


WIND (MPH)
  HIGHEST WIND SPEED     8   HIGHEST WIND DIRECTION     N (360)
  HIGHEST GUST SPEED    11   HIGHEST GUST DIRECTION     N (360)
  AVERAGE WIND SPEED     1.2


SKY COVER
  POSSIBLE SUNSHINE  MM
  AVERAGE SKY COVER 0.5


WEATHER CONDITIONS
 THE FOLLOWING WEATHER WAS RECORDED YESTERDAY.
  FOG
  FOG W/VISIBILITY <= 1/4 MILE


RELATIVE HUMIDITY (PERCENT)
 HIGHEST   100          1200 AM
 LOWEST     57           400 PM
 AVERAGE    79

..........................................................


THE HATTIESBURG CLIMATE NORMALS FOR TODAY
                         NORMAL    RECORD    YEAR
 MAXIMUM TEMPERATURE (F)   70        83      1985
                                             1957
 MINIMUM TEMPERATURE (F)   45        26      1970


SUNRISE AND SUNSET
NOVEMBER 17 2017......SUNRISE   626 AM CST   SUNSET   458 PM CST
NOVEMBER 18 2017......SUNRISE   627 AM CST   SUNSET   457 PM CST


-  INDICATES NEGATIVE NUMBERS.
R  INDICATES RECORD WAS SET OR TIED.
MM INDICATES DATA IS MISSING.
T  INDICATES TRACE AMOUNT.




$$
