171
CDUS44 KJAN 200819
CLIHBG


CLIMATE REPORT
NATIONAL WEATHER SERVICE JACKSON MS
317 AM CDT WED SEP 20 2017


...................................

...THE HATTIESBURG CLIMATE SUMMARY FOR SEPTEMBER 19 2017...

CLIMATE NORMAL PERIOD 1981 TO 2010
CLIMATE RECORD PERIOD 1948 TO 2017


WEATHER ITEM   OBSERVED TIME   RECORD YEAR NORMAL DEPARTURE LAST
                VALUE   (LST)  VALUE       VALUE  FROM      YEAR
                                                  NORMAL
..................................................................
TEMPERATURE (F)
 YESTERDAY
  MAXIMUM         91   1234 PM  98    2005  87      4       91
                                      1972
  MINIMUM         71    604 AM  45    1981  65      6       72
  AVERAGE         81                        76      5       82

PRECIPITATION (IN)
  YESTERDAY        1.19          2.84 1957   0.12   1.07     0.00
  MONTH TO DATE    1.99                      2.72  -0.73     3.48
  SINCE SEP 1      1.99                      2.72  -0.73     3.48
  SINCE JAN 1     58.41                     44.88  13.53    54.49

SNOWFALL (IN)
  YESTERDAY        0.0

DEGREE DAYS
 HEATING
  YESTERDAY        0                         0      0        0
  MONTH TO DATE    0                         0      0        0
  SINCE SEP 1      0                         0      0        0
  SINCE JUL 1      0                         0      0        0

 COOLING
  YESTERDAY       16                        11      5       17
  MONTH TO DATE  196                       254    -58      322
  SINCE SEP 1    196                       254    -58      322
  SINCE JAN 1   2141                      2125     16     2436
..................................................................


WIND (MPH)
  HIGHEST WIND SPEED    22   HIGHEST WIND DIRECTION     S (160)
  HIGHEST GUST SPEED    28   HIGHEST GUST DIRECTION     E (110)
  AVERAGE WIND SPEED     3.2


SKY COVER
  POSSIBLE SUNSHINE  MM
  AVERAGE SKY COVER 0.3


WEATHER CONDITIONS
 THE FOLLOWING WEATHER WAS RECORDED YESTERDAY.
  THUNDERSTORM
  HEAVY RAIN
  RAIN
  LIGHT RAIN
  FOG


RELATIVE HUMIDITY (PERCENT)
 HIGHEST   100          1200 AM
 LOWEST     63          1200 PM
 AVERAGE    82

..........................................................


THE HATTIESBURG CLIMATE NORMALS FOR TODAY
                         NORMAL    RECORD    YEAR
 MAXIMUM TEMPERATURE (F)   87        98      2015
                                             1972
                                             1955
 MINIMUM TEMPERATURE (F)   65        45      1981


SUNRISE AND SUNSET
SEPTEMBER 20 2017.....SUNRISE   644 AM CDT   SUNSET   656 PM CDT
SEPTEMBER 21 2017.....SUNRISE   645 AM CDT   SUNSET   655 PM CDT


-  INDICATES NEGATIVE NUMBERS.
R  INDICATES RECORD WAS SET OR TIED.
MM INDICATES DATA IS MISSING.
T  INDICATES TRACE AMOUNT.




$$
