000
CDUS44 KJAN 042130
CLIHBG


CLIMATE REPORT
NATIONAL WEATHER SERVICE JACKSON MS
428 PM CDT FRI SEP 4 2015


...................................

...THE HATTIESBURG CLIMATE SUMMARY FOR SEPTEMBER 4 2015...
VALID TODAY AS OF 0400 PM LOCAL TIME.

CLIMATE NORMAL PERIOD 1981 TO 2010
CLIMATE RECORD PERIOD 1948 TO 2015


WEATHER ITEM   OBSERVED TIME   RECORD YEAR NORMAL DEPARTURE LAST
                VALUE   (LST)  VALUE       VALUE  FROM      YEAR
                                                  NORMAL
..................................................................
TEMPERATURE (F)
 TODAY
  MAXIMUM         97    250 PM 100    2000  91      6       94
  MINIMUM         71    355 AM  50    1952  69      2       71
  AVERAGE         84                        80      4       83

PRECIPITATION (IN)
  TODAY            0.00          2.82 2011   0.14  -0.14     0.56
  MONTH TO DATE    T                         0.55  -0.55     0.99
  SINCE SEP 1      T                         0.55  -0.55     0.99
  SINCE JAN 1     37.21                     42.71  -5.50    38.27

SNOWFALL (IN)
  TODAY            0.0

DEGREE DAYS
 HEATING
  TODAY            0                         0      0        0
  MONTH TO DATE    0                         0      0        0
  SINCE SEP 1      0                         0      0        0
  SINCE JUL 1      0                         0      0        0

 COOLING
  TODAY           19                        15      4       18
  MONTH TO DATE   76                        60     16       72
  SINCE SEP 1     76                        60     16       72
  SINCE JAN 1   2293                      1931    362     1951
..................................................................


WIND (MPH)
  HIGHEST WIND SPEED    10   HIGHEST WIND DIRECTION     N (20)
  HIGHEST GUST SPEED    14   HIGHEST GUST DIRECTION     S (170)
  AVERAGE WIND SPEED     1.9


SKY COVER
  POSSIBLE SUNSHINE  MM
  AVERAGE SKY COVER 0.3


WEATHER CONDITIONS
 THE FOLLOWING WEATHER WAS RECORDED TODAY.
  FOG


RELATIVE HUMIDITY (PERCENT)
 HIGHEST    93           100 AM
 LOWEST     30           300 PM
 AVERAGE    62

..........................................................


THE HATTIESBURG CLIMATE NORMALS FOR TOMORROW
                         NORMAL    RECORD    YEAR
 MAXIMUM TEMPERATURE (F)   90       100      1951
 MINIMUM TEMPERATURE (F)   69        56      1952


SUNRISE AND SUNSET
SEPTEMBER  4 2015.....SUNRISE   635 AM CDT   SUNSET   717 PM CDT
SEPTEMBER  5 2015.....SUNRISE   635 AM CDT   SUNSET   716 PM CDT


-  INDICATES NEGATIVE NUMBERS.
R  INDICATES RECORD WAS SET OR TIED.
MM INDICATES DATA IS MISSING.
T  INDICATES TRACE AMOUNT.




$$
