144
CDUS44 KJAN 090627
CLIHBG


CLIMATE REPORT
NATIONAL WEATHER SERVICE JACKSON MS
1225 AM CST FRI DEC 9 2016


...................................

...THE HATTIESBURG CLIMATE SUMMARY FOR DECEMBER 8 2016...

CLIMATE NORMAL PERIOD 1981 TO 2010
CLIMATE RECORD PERIOD 1948 TO 2016


WEATHER ITEM   OBSERVED TIME   RECORD YEAR NORMAL DEPARTURE LAST
                VALUE   (LST)  VALUE       VALUE  FROM      YEAR
                                                  NORMAL
..................................................................
TEMPERATURE (F)
 YESTERDAY
  MAXIMUM         55    250 PM  83    1998  63     -8       70
  MINIMUM         40   1159 PM  22    2006  40      0       36
  AVERAGE         48                        52     -4       53

PRECIPITATION (IN)
  YESTERDAY        0.00          2.52 1989   0.17  -0.17     0.00
  MONTH TO DATE    1.09                      1.26  -0.17     0.72
  SINCE DEC 1      1.09                      1.26  -0.17     0.72
  SINCE JAN 1     57.94                     55.52   2.42    52.23

SNOWFALL (IN)
  YESTERDAY        0.0

DEGREE DAYS
 HEATING
  YESTERDAY       17                        14      3       12
  MONTH TO DATE   90                       105    -15       92
  SINCE DEC 1     90                       105    -15       92
  SINCE JUL 1    286                       433   -147      270

 COOLING
  YESTERDAY        0                         1     -1        0
  MONTH TO DATE    0                         8     -8        3
  SINCE DEC 1      0                         8     -8        3
  SINCE JAN 1   2810                      2398    412     2857
..................................................................


WIND (MPH)
  HIGHEST WIND SPEED    18   HIGHEST WIND DIRECTION     N (360)
  HIGHEST GUST SPEED    23   HIGHEST GUST DIRECTION     N (360)
  AVERAGE WIND SPEED     8.5


SKY COVER
  POSSIBLE SUNSHINE  MM
  AVERAGE SKY COVER 0.5


WEATHER CONDITIONS
 THE FOLLOWING WEATHER WAS RECORDED YESTERDAY.
  NO SIGNIFICANT WEATHER WAS OBSERVED.


RELATIVE HUMIDITY (PERCENT)
 HIGHEST    93           200 AM
 LOWEST     38           300 PM
 AVERAGE    66

..........................................................


THE HATTIESBURG CLIMATE NORMALS FOR TODAY
                         NORMAL    RECORD    YEAR
 MAXIMUM TEMPERATURE (F)   63        81      2007
                                             1966
 MINIMUM TEMPERATURE (F)   40        19      2010


SUNRISE AND SUNSET
DECEMBER  9 2016......SUNRISE   645 AM CST   SUNSET   455 PM CST
DECEMBER 10 2016......SUNRISE   645 AM CST   SUNSET   455 PM CST


-  INDICATES NEGATIVE NUMBERS.
R  INDICATES RECORD WAS SET OR TIED.
MM INDICATES DATA IS MISSING.
T  INDICATES TRACE AMOUNT.




$$
