000
CDUS44 KJAN 160856
CLIHBG


CLIMATE REPORT
NATIONAL WEATHER SERVICE JACKSON MS
247 AM CST TUE JAN 16 2018


...................................

...THE HATTIESBURG CLIMATE SUMMARY FOR JANUARY 15 2018...

CLIMATE NORMAL PERIOD 1981 TO 2010
CLIMATE RECORD PERIOD 1948 TO 2018


WEATHER ITEM   OBSERVED TIME   RECORD YEAR NORMAL DEPARTURE LAST
                VALUE   (LST)  VALUE       VALUE  FROM      YEAR
                                                  NORMAL
..................................................................
TEMPERATURE (F)
 YESTERDAY
  MAXIMUM         59    310 PM  79    1971  60     -1       73
                                      1950
  MINIMUM         24    655 AM  16    1964  37    -13       54
  AVERAGE         42                        48     -6       64

PRECIPITATION (IN)
  YESTERDAY        0.00          1.93 1989   0.16  -0.16     0.00
  MONTH TO DATE    1.65                      2.67  -1.02     4.90
  SINCE DEC 1      6.37                      7.58  -1.21    11.96
  SINCE JAN 1      1.65                      2.67  -1.02     4.90

SNOWFALL (IN)
  YESTERDAY        0.0

DEGREE DAYS
 HEATING
  YESTERDAY       23                        17      6        1
  MONTH TO DATE  344                       248     96      166
  SINCE DEC 1    830                       705    125      504
  SINCE JUL 1   1135                      1033    102      700

 COOLING
  YESTERDAY        0                         0      0        0
  MONTH TO DATE    0                         0      0        6
  SINCE DEC 1      5                        13     -8       45
  SINCE JAN 1      0                         0      0        6
..................................................................


WIND (MPH)
  HIGHEST WIND SPEED    10   HIGHEST WIND DIRECTION     S (170)
  HIGHEST GUST SPEED    13   HIGHEST GUST DIRECTION     S (170)
  AVERAGE WIND SPEED     0.9


SKY COVER
  POSSIBLE SUNSHINE  MM
  AVERAGE SKY COVER 0.0


WEATHER CONDITIONS
 THE FOLLOWING WEATHER WAS RECORDED YESTERDAY.
  NO SIGNIFICANT WEATHER WAS OBSERVED.


RELATIVE HUMIDITY (PERCENT)
 HIGHEST   100           100 AM
 LOWEST     22           100 PM
 AVERAGE    61

..........................................................


THE HATTIESBURG CLIMATE NORMALS FOR TODAY
                         NORMAL    RECORD    YEAR
 MAXIMUM TEMPERATURE (F)   60        80      1952
 MINIMUM TEMPERATURE (F)   37        21      1972


SUNRISE AND SUNSET
JANUARY 16 2018.......SUNRISE   656 AM CST   SUNSET   518 PM CST
JANUARY 17 2018.......SUNRISE   656 AM CST   SUNSET   519 PM CST


-  INDICATES NEGATIVE NUMBERS.
R  INDICATES RECORD WAS SET OR TIED.
MM INDICATES DATA IS MISSING.
T  INDICATES TRACE AMOUNT.




$$
