000
CDUS44 KJAN 240623
CLIHBG


CLIMATE REPORT
NATIONAL WEATHER SERVICE JACKSON MS
121 AM CDT TUE MAY 24 2016


...................................

...THE HATTIESBURG CLIMATE SUMMARY FOR MAY 23 2016...

CLIMATE NORMAL PERIOD 1981 TO 2010
CLIMATE RECORD PERIOD 1948 TO 2016


WEATHER ITEM   OBSERVED TIME   RECORD YEAR NORMAL DEPARTURE LAST
                VALUE   (LST)  VALUE       VALUE  FROM      YEAR
                                                  NORMAL
..................................................................
TEMPERATURE (F)
 YESTERDAY
  MAXIMUM         86    503 PM  97    1956  87     -1       88
  MINIMUM         55    526 AM  47    2002  64     -9       60
  AVERAGE         71                        75     -4       74

PRECIPITATION (IN)
  YESTERDAY        0.00          1.98 1959   0.16  -0.16     0.00
  MONTH TO DATE    2.46                      3.66  -1.20     3.71
  SINCE MAR 1     21.78                     14.09   7.69    12.79
  SINCE JAN 1     31.15                     25.22   5.93    20.62

SNOWFALL (IN)
  YESTERDAY        0.0

DEGREE DAYS
 HEATING
  YESTERDAY        0                         0      0        0
  MONTH TO DATE    4                         5     -1        1
  SINCE MAR 1    145                       305   -160      131
  SINCE JUL 1   1383                      1983   -600     1912

 COOLING
  YESTERDAY        6                        10     -4        9
  MONTH TO DATE  153                       184    -31      203
  SINCE MAR 1    333                       309     24      476
  SINCE JAN 1    358                       324     34      482
..................................................................


WIND (MPH)
  HIGHEST WIND SPEED    10   HIGHEST WIND DIRECTION     S (170)
  HIGHEST GUST SPEED    13   HIGHEST GUST DIRECTION     W (250)
  AVERAGE WIND SPEED     2.2


SKY COVER
  POSSIBLE SUNSHINE  MM
  AVERAGE SKY COVER 0.0


WEATHER CONDITIONS
 THE FOLLOWING WEATHER WAS RECORDED YESTERDAY.
  NO SIGNIFICANT WEATHER WAS OBSERVED.


RELATIVE HUMIDITY (PERCENT)
 HIGHEST    93           100 AM
 LOWEST     31           400 PM
 AVERAGE    62

..........................................................


THE HATTIESBURG CLIMATE NORMALS FOR TODAY
                         NORMAL    RECORD    YEAR
 MAXIMUM TEMPERATURE (F)   87        96      2005
                                             1956
 MINIMUM TEMPERATURE (F)   64        45      1951


SUNRISE AND SUNSET
MAY 24 2016...........SUNRISE   556 AM CDT   SUNSET   752 PM CDT
MAY 25 2016...........SUNRISE   556 AM CDT   SUNSET   753 PM CDT


-  INDICATES NEGATIVE NUMBERS.
R  INDICATES RECORD WAS SET OR TIED.
MM INDICATES DATA IS MISSING.
T  INDICATES TRACE AMOUNT.




$$
