000
CDUS44 KJAN 280819
CLIHBG


CLIMATE REPORT
NATIONAL WEATHER SERVICE JACKSON MS
314 AM CDT MON JUL 28 2014


...................................

...THE HATTIESBURG CLIMATE SUMMARY FOR JULY 27 2014...

CLIMATE NORMAL PERIOD 1981 TO 2010
CLIMATE RECORD PERIOD 1948 TO 2014


WEATHER ITEM   OBSERVED TIME   RECORD YEAR NORMAL DEPARTURE LAST
                VALUE   (LST)  VALUE       VALUE  FROM      YEAR
                                                  NORMAL
..................................................................
TEMPERATURE (F)
 YESTERDAY
  MAXIMUM         95    250 PM  98    2008  93      2       82
  MINIMUM         77    521 AM  64    1953  72      5       71
  AVERAGE         86                        82      4       77

PRECIPITATION (IN)
  YESTERDAY        0.00          2.40 1995   0.15  -0.15     1.05
  MONTH TO DATE    2.26                      4.78  -2.52     5.85
  SINCE JUN 1      7.20                     10.28  -3.08    10.93
  SINCE JAN 1     35.68                     36.82  -1.14    48.14

SNOWFALL (IN)
  YESTERDAY        0.0

DEGREE DAYS
 HEATING
  YESTERDAY        0                         0      0        0
  MONTH TO DATE    0                         0      0        0
  SINCE JUN 1      0                         0      0        0
  SINCE JUL 1      0                         0      0        0

 COOLING
  YESTERDAY       21                        17      4       12
  MONTH TO DATE  425                       454    -29      396
  SINCE JUN 1    892                       877     15      866
  SINCE JAN 1   1268                      1292    -24     1208
..................................................................


WIND (MPH)
  HIGHEST WIND SPEED    12   HIGHEST WIND DIRECTION    SW (240)
  HIGHEST GUST SPEED    MM   HIGHEST GUST DIRECTION    MM
  AVERAGE WIND SPEED     5.6


SKY COVER
  POSSIBLE SUNSHINE  MM
  AVERAGE SKY COVER 0.1


WEATHER CONDITIONS
 THE FOLLOWING WEATHER WAS RECORDED YESTERDAY.
  NO SIGNIFICANT WEATHER WAS OBSERVED.


RELATIVE HUMIDITY (PERCENT)
 HIGHEST    91           300 AM
 LOWEST     52           100 PM
 AVERAGE    72

..........................................................


THE HATTIESBURG CLIMATE NORMALS FOR TODAY
                         NORMAL    RECORD    YEAR
 MAXIMUM TEMPERATURE (F)   93       100      1952
 MINIMUM TEMPERATURE (F)   72        64      1994


SUNRISE AND SUNSET
JULY 28 2014..........SUNRISE   611 AM CDT   SUNSET   755 PM CDT
JULY 29 2014..........SUNRISE   612 AM CDT   SUNSET   755 PM CDT


-  INDICATES NEGATIVE NUMBERS.
R  INDICATES RECORD WAS SET OR TIED.
MM INDICATES DATA IS MISSING.
T  INDICATES TRACE AMOUNT.




$$
