000
CDUS44 KJAN 240834
CLIHBG


CLIMATE REPORT
NATIONAL WEATHER SERVICE JACKSON MS
231 AM CST MON NOV 24 2014


...................................

...THE HATTIESBURG CLIMATE SUMMARY FOR NOVEMBER 23 2014...

CLIMATE NORMAL PERIOD 1981 TO 2010
CLIMATE RECORD PERIOD 1948 TO 2014


WEATHER ITEM   OBSERVED TIME   RECORD YEAR NORMAL DEPARTURE LAST
                VALUE   (LST)  VALUE       VALUE  FROM      YEAR
                                                  NORMAL
..................................................................
TEMPERATURE (F)
 YESTERDAY
  MAXIMUM         72    403 PM  82    2010  67      5       64
                                      1973
  MINIMUM         60    728 AM  23    1956  43     17       45
  AVERAGE         66                        55     11       55

PRECIPITATION (IN)
  YESTERDAY        0.42          1.61 1963   0.14   0.28     0.02
  MONTH TO DATE    1.68                      3.12  -1.44     1.86
  SINCE SEP 1      8.83                     10.95  -2.12     8.19
  SINCE JAN 1     46.11                     53.11  -7.00    60.36

SNOWFALL (IN)
  YESTERDAY        0.0

DEGREE DAYS
 HEATING
  YESTERDAY        0                        10    -10       10
  MONTH TO DATE  281                       172    109      166
  SINCE SEP 1    326                       247     79      211
  SINCE JUL 1    326                       247     79      211

 COOLING
  YESTERDAY        1                         1      0        0
  MONTH TO DATE    2                        27    -25       18
  SINCE SEP 1    585                       518     67      629
  SINCE JAN 1   2464                      2389     75     2408
..................................................................


WIND (MPH)
  HIGHEST WIND SPEED    24   HIGHEST WIND DIRECTION     S (200)
  HIGHEST GUST SPEED    34   HIGHEST GUST DIRECTION    SW (210)
  AVERAGE WIND SPEED     9.2


SKY COVER
  POSSIBLE SUNSHINE  MM
  AVERAGE SKY COVER 0.7


WEATHER CONDITIONS
 THE FOLLOWING WEATHER WAS RECORDED YESTERDAY.
  HEAVY RAIN
  RAIN
  LIGHT RAIN
  FOG


RELATIVE HUMIDITY (PERCENT)
 HIGHEST   100           700 AM
 LOWEST     66           400 PM
 AVERAGE    83

..........................................................


THE HATTIESBURG CLIMATE NORMALS FOR TODAY
                         NORMAL    RECORD    YEAR
 MAXIMUM TEMPERATURE (F)   67        82      1973
 MINIMUM TEMPERATURE (F)   43        22      1970


SUNRISE AND SUNSET
NOVEMBER 24 2014......SUNRISE   632 AM CST   SUNSET   455 PM CST
NOVEMBER 25 2014......SUNRISE   633 AM CST   SUNSET   455 PM CST


-  INDICATES NEGATIVE NUMBERS.
R  INDICATES RECORD WAS SET OR TIED.
MM INDICATES DATA IS MISSING.
T  INDICATES TRACE AMOUNT.




$$
