000
CDUS44 KJAN 261047
CLIHBG


CLIMATE REPORT
NATIONAL WEATHER SERVICE JACKSON MS
445 AM CST MON JAN 26 2015


...................................

...THE HATTIESBURG CLIMATE SUMMARY FOR JANUARY 25 2015...

CLIMATE NORMAL PERIOD 1981 TO 2010
CLIMATE RECORD PERIOD 1948 TO 2015


WEATHER ITEM   OBSERVED TIME   RECORD YEAR NORMAL DEPARTURE LAST
                VALUE   (LST)  VALUE       VALUE  FROM      YEAR
                                                  NORMAL
..................................................................
TEMPERATURE (F)
 YESTERDAY
  MAXIMUM         67    355 PM  79    1950  60      7       59
  MINIMUM         33    718 AM  12    1963  37     -4       22
  AVERAGE         50                        48      2       41

PRECIPITATION (IN)
  YESTERDAY        0.00          2.30 1990   0.18  -0.18     0.00
  MONTH TO DATE    5.35                      4.51   0.84     2.30
  SINCE DEC 1     11.55                      9.42   2.13     6.22
  SINCE JAN 1      5.35                      4.51   0.84     2.30

SNOWFALL (IN)
  YESTERDAY        0.0

DEGREE DAYS
 HEATING
  YESTERDAY       15                        17     -2       24
  MONTH TO DATE  456                       418     38      555
  SINCE DEC 1    789                       875    -86     1009
  SINCE JUL 1   1205                      1203      2     1376

 COOLING
  YESTERDAY        0                         0      0        0
  MONTH TO DATE    6                         0      6        0
  SINCE DEC 1     13                        13      0       34
  SINCE JAN 1      6                         0      6        0
..................................................................


WIND (MPH)
  HIGHEST WIND SPEED    21   HIGHEST WIND DIRECTION    SW (230)
  HIGHEST GUST SPEED    29   HIGHEST GUST DIRECTION    SW (230)
  AVERAGE WIND SPEED     7.7


SKY COVER
  POSSIBLE SUNSHINE  MM
  AVERAGE SKY COVER 0.0


WEATHER CONDITIONS
 THE FOLLOWING WEATHER WAS RECORDED YESTERDAY.
  NO SIGNIFICANT WEATHER WAS OBSERVED.


RELATIVE HUMIDITY (PERCENT)
 HIGHEST    96           700 AM
 LOWEST     34           400 PM
 AVERAGE    65

..........................................................


THE HATTIESBURG CLIMATE NORMALS FOR TODAY
                         NORMAL    RECORD    YEAR
 MAXIMUM TEMPERATURE (F)   60        84      1950
 MINIMUM TEMPERATURE (F)   37        22      1951


SUNRISE AND SUNSET
JANUARY 26 2015.......SUNRISE   653 AM CST   SUNSET   527 PM CST
JANUARY 27 2015.......SUNRISE   652 AM CST   SUNSET   528 PM CST


-  INDICATES NEGATIVE NUMBERS.
R  INDICATES RECORD WAS SET OR TIED.
MM INDICATES DATA IS MISSING.
T  INDICATES TRACE AMOUNT.




$$
