000
CDUS44 KJAN 020848
CLIHBG


CLIMATE REPORT
NATIONAL WEATHER SERVICE JACKSON MS
341 AM CDT THU OCT 2 2014


...................................

...THE HATTIESBURG CLIMATE SUMMARY FOR OCTOBER 1 2014...

CLIMATE NORMAL PERIOD 1981 TO 2010
CLIMATE RECORD PERIOD 1948 TO 2014


WEATHER ITEM   OBSERVED TIME   RECORD YEAR NORMAL DEPARTURE LAST
                VALUE   (LST)  VALUE       VALUE  FROM      YEAR
                                                  NORMAL
..................................................................
TEMPERATURE (F)
 YESTERDAY
  MAXIMUM         88    224 PM  94    1954  84      4       86
  MINIMUM         66    654 AM  45    1984  61      5       67
  AVERAGE         77                        72      5       77

PRECIPITATION (IN)
  YESTERDAY        0.00          4.04 1985   0.14  -0.14     0.04
  MONTH TO DATE    0.00                      0.14  -0.14     0.04
  SINCE SEP 1      5.65                      4.22   1.43     5.08
  SINCE JAN 1     42.93                     46.38  -3.45    57.25

SNOWFALL (IN)
  YESTERDAY        0.0

DEGREE DAYS
 HEATING
  YESTERDAY        0                         1     -1        0
  MONTH TO DATE    0                         1     -1        0
  SINCE SEP 1      0                         3     -3        0
  SINCE JUL 1      0                         3     -3        0

 COOLING
  YESTERDAY       12                         8      4       12
  MONTH TO DATE   12                         8      4       12
  SINCE SEP 1    437                       364     73      442
  SINCE JAN 1   2316                      2235     81     2221
..................................................................


WIND (MPH)
  HIGHEST WIND SPEED    13   HIGHEST WIND DIRECTION    SE (150)
  HIGHEST GUST SPEED    24   HIGHEST GUST DIRECTION    SE (150)
  AVERAGE WIND SPEED     3.5


SKY COVER
  POSSIBLE SUNSHINE  MM
  AVERAGE SKY COVER 0.2


WEATHER CONDITIONS
 THE FOLLOWING WEATHER WAS RECORDED YESTERDAY.
  FOG
  FOG W/VISIBILITY <= 1/4 MILE


RELATIVE HUMIDITY (PERCENT)
 HIGHEST   100           700 AM
 LOWEST     50           200 PM
 AVERAGE    75

..........................................................


THE HATTIESBURG CLIMATE NORMALS FOR TODAY
                         NORMAL    RECORD    YEAR
 MAXIMUM TEMPERATURE (F)   83        95      2006
 MINIMUM TEMPERATURE (F)   60        41      1984


SUNRISE AND SUNSET
OCTOBER  2 2014.......SUNRISE   651 AM CDT   SUNSET   641 PM CDT
OCTOBER  3 2014.......SUNRISE   652 AM CDT   SUNSET   640 PM CDT


-  INDICATES NEGATIVE NUMBERS.
R  INDICATES RECORD WAS SET OR TIED.
MM INDICATES DATA IS MISSING.
T  INDICATES TRACE AMOUNT.




$$
