000
CDUS44 KJAN 300841
CLIHBG


CLIMATE REPORT
NATIONAL WEATHER SERVICE JACKSON MS
339 AM CDT THU MAR 30 2017


...................................

...THE HATTIESBURG CLIMATE SUMMARY FOR MARCH 29 2017...

CLIMATE NORMAL PERIOD 1981 TO 2010
CLIMATE RECORD PERIOD 1948 TO 2017


WEATHER ITEM   OBSERVED TIME   RECORD YEAR NORMAL DEPARTURE LAST
                VALUE   (LST)  VALUE       VALUE  FROM      YEAR
                                                  NORMAL
..................................................................
TEMPERATURE (F)
 YESTERDAY
  MAXIMUM         84    224 PM  87    2007  74     10       79
  MINIMUM         66   1222 AM  27    1955  49     17       48
  AVERAGE         75                        62     13       64

PRECIPITATION (IN)
  YESTERDAY        0.00          3.65 1951   0.19  -0.19     0.07
  MONTH TO DATE    2.43                      5.13  -2.70    11.15
  SINCE MAR 1      2.43                      5.13  -2.70    11.15
  SINCE JAN 1     14.03                     16.26  -2.23    20.52

SNOWFALL (IN)
  YESTERDAY        0.0

DEGREE DAYS
 HEATING
  YESTERDAY        0                         5     -5        1
  MONTH TO DATE  143                       207    -64      113
  SINCE MAR 1    143                       207    -64      113
  SINCE JUL 1   1110                      1885   -775     1351

 COOLING
  YESTERDAY       10                         2      8        0
  MONTH TO DATE   85                        30     55       54
  SINCE MAR 1     85                        30     55       54
  SINCE JAN 1    154                        45    109       79
..................................................................


WIND (MPH)
  HIGHEST WIND SPEED    18   HIGHEST WIND DIRECTION     S (160)
  HIGHEST GUST SPEED    25   HIGHEST GUST DIRECTION     S (170)
  AVERAGE WIND SPEED     8.7


SKY COVER
  POSSIBLE SUNSHINE  MM
  AVERAGE SKY COVER 0.6


WEATHER CONDITIONS
 THE FOLLOWING WEATHER WAS RECORDED YESTERDAY.
  FOG


RELATIVE HUMIDITY (PERCENT)
 HIGHEST    93          1200 AM
 LOWEST     40           200 PM
 AVERAGE    67

..........................................................


THE HATTIESBURG CLIMATE NORMALS FOR TODAY
                         NORMAL    RECORD    YEAR
 MAXIMUM TEMPERATURE (F)   74        89      1974
 MINIMUM TEMPERATURE (F)   49        28      1964


SUNRISE AND SUNSET
MARCH 30 2017.........SUNRISE   648 AM CDT   SUNSET   715 PM CDT
MARCH 31 2017.........SUNRISE   647 AM CDT   SUNSET   716 PM CDT


-  INDICATES NEGATIVE NUMBERS.
R  INDICATES RECORD WAS SET OR TIED.
MM INDICATES DATA IS MISSING.
T  INDICATES TRACE AMOUNT.




$$
