000
CDUS44 KJAN 220844
CLIHBG


CLIMATE REPORT
NATIONAL WEATHER SERVICE JACKSON MS
341 AM CDT WED OCT 22 2014


...................................

...THE HATTIESBURG CLIMATE SUMMARY FOR OCTOBER 21 2014...

CLIMATE NORMAL PERIOD 1981 TO 2010
CLIMATE RECORD PERIOD 1948 TO 2014


WEATHER ITEM   OBSERVED TIME   RECORD YEAR NORMAL DEPARTURE LAST
                VALUE   (LST)  VALUE       VALUE  FROM      YEAR
                                                  NORMAL
..................................................................
TEMPERATURE (F)
 YESTERDAY
  MAXIMUM         80    331 PM  88    2005  78      2       71
                                      1979
  MINIMUM         49    625 AM  34    1989  53     -4       47
                                      1952
  AVERAGE         65                        65      0       59

PRECIPITATION (IN)
  YESTERDAY        0.00          3.22 1959   0.12  -0.12      T
  MONTH TO DATE    1.50                      2.59  -1.09     0.71
  SINCE SEP 1      7.15                      6.67   0.48     5.75
  SINCE JAN 1     44.43                     48.83  -4.40    57.92

SNOWFALL (IN)
  YESTERDAY        0.0

DEGREE DAYS
 HEATING
  YESTERDAY        0                         3     -3        6
  MONTH TO DATE   19                        33    -14       12
  SINCE SEP 1     19                        35    -16       12
  SINCE JUL 1     19                        35    -16       12

 COOLING
  YESTERDAY        0                         3     -3        0
  MONTH TO DATE  140                       107     33      158
  SINCE SEP 1    565                       463    102      588
  SINCE JAN 1   2444                      2334    110     2367
..................................................................


WIND (MPH)
  HIGHEST WIND SPEED    12   HIGHEST WIND DIRECTION     N (360)
  HIGHEST GUST SPEED    17   HIGHEST GUST DIRECTION    NW (320)
  AVERAGE WIND SPEED     2.5


SKY COVER
  POSSIBLE SUNSHINE  MM
  AVERAGE SKY COVER 0.0


WEATHER CONDITIONS
 THE FOLLOWING WEATHER WAS RECORDED YESTERDAY.
  NO SIGNIFICANT WEATHER WAS OBSERVED.


RELATIVE HUMIDITY (PERCENT)
 HIGHEST   100           400 AM
 LOWEST     36           200 PM
 AVERAGE    68

..........................................................


THE HATTIESBURG CLIMATE NORMALS FOR TODAY
                         NORMAL    RECORD    YEAR
 MAXIMUM TEMPERATURE (F)   78        90      2003
 MINIMUM TEMPERATURE (F)   52        27      1952


SUNRISE AND SUNSET
OCTOBER 22 2014.......SUNRISE   705 AM CDT   SUNSET   618 PM CDT
OCTOBER 23 2014.......SUNRISE   706 AM CDT   SUNSET   617 PM CDT


-  INDICATES NEGATIVE NUMBERS.
R  INDICATES RECORD WAS SET OR TIED.
MM INDICATES DATA IS MISSING.
T  INDICATES TRACE AMOUNT.




$$
