000
CDUS44 KJAN 140633
CLIHBG


CLIMATE REPORT
NATIONAL WEATHER SERVICE JACKSON MS
1231 AM CST SUN FEB 14 2016


...................................

...THE HATTIESBURG CLIMATE SUMMARY FOR FEBRUARY 13 2016...

CLIMATE NORMAL PERIOD 1981 TO 2010
CLIMATE RECORD PERIOD 1948 TO 2016


WEATHER ITEM   OBSERVED TIME   RECORD YEAR NORMAL DEPARTURE LAST
                VALUE   (LST)  VALUE       VALUE  FROM      YEAR
                                                  NORMAL
..................................................................
TEMPERATURE (F)
 YESTERDAY
  MAXIMUM         59    421 PM  84    1962  63     -4       53
  MINIMUM         35   1159 PM  18    1958  40     -5       29
  AVERAGE         47                        51     -4       41

PRECIPITATION (IN)
  YESTERDAY        0.00          2.97 1966   0.20  -0.20     0.00
  MONTH TO DATE    0.92                      2.37  -1.45     0.59
  SINCE DEC 1     15.45                     13.02   2.43    12.14
  SINCE JAN 1      5.44                      8.11  -2.67     5.94

SNOWFALL (IN)
  YESTERDAY        0.0

DEGREE DAYS
 HEATING
  YESTERDAY       18                        14      4       24
  MONTH TO DATE  182                       199    -17      208
  SINCE DEC 1    920                      1170   -250     1082
  SINCE JUL 1   1098                      1498   -400     1498

 COOLING
  YESTERDAY        0                         0      0        0
  MONTH TO DATE   12                         0     12        0
  SINCE DEC 1     83                        19     64       13
  SINCE JAN 1     12                         6      6        6
..................................................................


WIND (MPH)
  HIGHEST WIND SPEED    14   HIGHEST WIND DIRECTION    NE (30)
  HIGHEST GUST SPEED    19   HIGHEST GUST DIRECTION     N (20)
  AVERAGE WIND SPEED     5.6


SKY COVER
  POSSIBLE SUNSHINE  MM
  AVERAGE SKY COVER 0.0


WEATHER CONDITIONS
 THE FOLLOWING WEATHER WAS RECORDED YESTERDAY.
  NO SIGNIFICANT WEATHER WAS OBSERVED.


RELATIVE HUMIDITY (PERCENT)
 HIGHEST    70           900 PM
 LOWEST     24           300 PM
 AVERAGE    47

..........................................................


THE HATTIESBURG CLIMATE NORMALS FOR TODAY
                         NORMAL    RECORD    YEAR
 MAXIMUM TEMPERATURE (F)   63        82      1959
 MINIMUM TEMPERATURE (F)   40        20      1971


SUNRISE AND SUNSET
FEBRUARY 14 2016......SUNRISE   640 AM CST   SUNSET   543 PM CST
FEBRUARY 15 2016......SUNRISE   639 AM CST   SUNSET   544 PM CST


-  INDICATES NEGATIVE NUMBERS.
R  INDICATES RECORD WAS SET OR TIED.
MM INDICATES DATA IS MISSING.
T  INDICATES TRACE AMOUNT.




$$
