000
CDUS44 KJAN 010810
CLIHBG


CLIMATE REPORT
NATIONAL WEATHER SERVICE JACKSON MS
309 AM CDT SUN MAY 1 2016


...................................

...THE HATTIESBURG CLIMATE SUMMARY FOR APRIL 30 2016...

CLIMATE NORMAL PERIOD 1981 TO 2010
CLIMATE RECORD PERIOD 1948 TO 2016


WEATHER ITEM   OBSERVED TIME   RECORD YEAR NORMAL DEPARTURE LAST
                VALUE   (LST)  VALUE       VALUE  FROM      YEAR
                                                  NORMAL
..................................................................
TEMPERATURE (F)
 YESTERDAY
  MAXIMUM         82   1152 AM  91    1970  82      0       81
  MINIMUM         64   1149 PM  44    1965  57      7       47
  AVERAGE         73                        69      4       64

PRECIPITATION (IN)
  YESTERDAY        0.95          3.34 1991   0.12   0.83     0.00
  MONTH TO DATE    6.00                      4.93   1.07     3.37
  SINCE MAR 1     19.32                     10.43   8.89     9.08
  SINCE JAN 1     28.69                     21.56   7.13    16.91

SNOWFALL (IN)
  YESTERDAY        0.0

DEGREE DAYS
 HEATING
  YESTERDAY        0                         1     -1        1
  MONTH TO DATE   28                        83    -55       14
  SINCE MAR 1    141                       300   -159      130
  SINCE JUL 1   1379                      1978   -599     1911

 COOLING
  YESTERDAY        8                         5      3        0
  MONTH TO DATE  114                        92     22      181
  SINCE MAR 1    180                       125     55      273
  SINCE JAN 1    205                       140     65      279
..................................................................


WIND (MPH)
  HIGHEST WIND SPEED    37   HIGHEST WIND DIRECTION    SE (140)
  HIGHEST GUST SPEED    47   HIGHEST GUST DIRECTION    SE (130)
  AVERAGE WIND SPEED     8.1


SKY COVER
  POSSIBLE SUNSHINE  MM
  AVERAGE SKY COVER 0.6


WEATHER CONDITIONS
 THE FOLLOWING WEATHER WAS RECORDED YESTERDAY.
  THUNDERSTORM
  HEAVY RAIN
  RAIN
  LIGHT RAIN
  FOG


RELATIVE HUMIDITY (PERCENT)
 HIGHEST    93           400 AM
 LOWEST     67          1200 PM
 AVERAGE    80

..........................................................


THE HATTIESBURG CLIMATE NORMALS FOR TODAY
                         NORMAL    RECORD    YEAR
 MAXIMUM TEMPERATURE (F)   82        91      2002
 MINIMUM TEMPERATURE (F)   57        40      1988


SUNRISE AND SUNSET
MAY  1 2016...........SUNRISE   612 AM CDT   SUNSET   737 PM CDT
MAY  2 2016...........SUNRISE   611 AM CDT   SUNSET   737 PM CDT


-  INDICATES NEGATIVE NUMBERS.
R  INDICATES RECORD WAS SET OR TIED.
MM INDICATES DATA IS MISSING.
T  INDICATES TRACE AMOUNT.




$$
