000
CDUS41 KLWX 050527
CLIHGR


CLIMATE REPORT
NATIONAL WEATHER SERVICE BALTIMORE MD/WASHINGTON DC
1224 AM EST MON DEC 5 2016


...................................

...THE HAGERSTOWN MD CLIMATE SUMMARY FOR DECEMBER 4 2016...

CLIMATE NORMAL PERIOD 1981 TO 2010
CLIMATE RECORD PERIOD 9999 TO 9999


WEATHER ITEM   OBSERVED TIME   RECORD YEAR NORMAL DEPARTURE LAST
                VALUE   (LST)  VALUE       VALUE  FROM      YEAR
                                                  NORMAL
..................................................................
TEMPERATURE (F)
 YESTERDAY
  MAXIMUM         44    222 PM  MM      MM  45     -1       51
  MINIMUM         34    454 AM  MM      MM  30      4       33
  AVERAGE         39                        38      1       42

PRECIPITATION (IN)
  YESTERDAY        0.04         MM      MM   0.11  -0.07     0.00
  MONTH TO DATE    0.07                      0.45  -0.38     0.77
  SINCE DEC 1      0.07                      0.45  -0.38     0.77
  SINCE JAN 1     25.57                     36.85 -11.28    25.78

DEGREE DAYS
 HEATING
  YESTERDAY       26                        27     -1       23
  MONTH TO DATE   85                       107    -22       87
  SINCE DEC 1     85                       107    -22       87
  SINCE JUL 1    793                      1112   -319      819

 COOLING
  YESTERDAY        0                         0      0        0
  MONTH TO DATE    0                         0      0        0
  SINCE DEC 1      0                         0      0        0
  SINCE JAN 1   1551                       969    582     1347
..................................................................


WIND (MPH)
  HIGHEST WIND SPEED    15   HIGHEST WIND DIRECTION     S (170)
  HIGHEST GUST SPEED    19   HIGHEST GUST DIRECTION     S (170)
  AVERAGE WIND SPEED     5.0


SKY COVER
  POSSIBLE SUNSHINE  MM
  AVERAGE SKY COVER 0.5


WEATHER CONDITIONS
 THE FOLLOWING WEATHER WAS RECORDED YESTERDAY.
  LIGHT RAIN
  FOG


RELATIVE HUMIDITY (PERCENT)
 HIGHEST    75           500 AM
 LOWEST     49           200 PM
 AVERAGE    62

..........................................................


THE HAGERSTOWN MD CLIMATE NORMALS FOR TODAY
                         NORMAL    RECORD    YEAR
 MAXIMUM TEMPERATURE (F)   44        MM        MM
 MINIMUM TEMPERATURE (F)   30        MM        MM


SUNRISE AND SUNSET
DECEMBER  5 2016......SUNRISE   717 AM EST   SUNSET   446 PM EST
DECEMBER  6 2016......SUNRISE   718 AM EST   SUNSET   446 PM EST


-  INDICATES NEGATIVE NUMBERS.
R  INDICATES RECORD WAS SET OR TIED.
MM INDICATES DATA IS MISSING.
T  INDICATES TRACE AMOUNT.




$$
