000
CDUS41 KLWX 302123
CLIHGR


CLIMATE REPORT
NATIONAL WEATHER SERVICE BALTIMORE MD/WASHINGTON DC
523 PM EDT TUE SEP 30 2014


...................................

...THE HAGERSTOWN MD CLIMATE SUMMARY FOR SEPTEMBER 30 2014...
VALID TODAY AS OF 0500 PM LOCAL TIME.

CLIMATE NORMAL PERIOD 1981 TO 2010
CLIMATE RECORD PERIOD 9999 TO 9999


WEATHER ITEM   OBSERVED TIME   RECORD YEAR NORMAL DEPARTURE LAST
                VALUE   (LST)  VALUE       VALUE  FROM      YEAR
                                                  NORMAL
..................................................................
TEMPERATURE (F)
 TODAY
  MAXIMUM         77    351 PM  MM      MM  70      7       75
  MINIMUM         56    639 AM  MM      MM  50      6       49
  AVERAGE         67                        60      7       62

PRECIPITATION (IN)
  TODAY            0.00         MM      MM   0.14  -0.14     0.00
  MONTH TO DATE    1.78                      3.67  -1.89     3.21
  SINCE SEP 1      1.78                      3.67  -1.89     3.21
  SINCE JAN 1     28.69                     30.30  -1.61    22.36

DEGREE DAYS
 HEATING
  TODAY            0                         6     -6        3
  MONTH TO DATE   52                        67    -15       80
  SINCE SEP 1     52                        69    -17       80
  SINCE JUL 1     54                        74    -20       83

 COOLING
  TODAY            2                         1      1        0
  MONTH TO DATE  119                        91     28      104
  SINCE SEP 1    119                        91     28      104
  SINCE JAN 1    932                       959    -27     1089
..................................................................


WIND (MPH)
  HIGHEST WIND SPEED    13   HIGHEST WIND DIRECTION     S (170)
  HIGHEST GUST SPEED    15   HIGHEST GUST DIRECTION     S (180)
  AVERAGE WIND SPEED     2.9


SKY COVER
  POSSIBLE SUNSHINE  MM
  AVERAGE SKY COVER 0.3


WEATHER CONDITIONS
 THE FOLLOWING WEATHER WAS RECORDED TODAY.
  FOG
  FOG W/VISIBILITY <= 1/4 MILE
  HAZE


RELATIVE HUMIDITY (PERCENT)
 HIGHEST    97           800 AM
 LOWEST     58           300 PM
 AVERAGE    78

..........................................................


THE HAGERSTOWN MD CLIMATE NORMALS FOR TOMORROW
                         NORMAL    RECORD    YEAR
 MAXIMUM TEMPERATURE (F)   70        MM        MM
 MINIMUM TEMPERATURE (F)   50        MM        MM


SUNRISE AND SUNSET
SEPTEMBER 30 2014.....SUNRISE   706 AM EDT   SUNSET   655 PM EDT
OCTOBER  1 2014.......SUNRISE   707 AM EDT   SUNSET   653 PM EDT


-  INDICATES NEGATIVE NUMBERS.
R  INDICATES RECORD WAS SET OR TIED.
MM INDICATES DATA IS MISSING.
T  INDICATES TRACE AMOUNT.




$$
