317
CDUS41 KLWX 270524
CLIHGR


CLIMATE REPORT
NATIONAL WEATHER SERVICE BALTIMORE MD/WASHINGTON DC
123 AM EDT MON MAR 27 2017


...................................

...THE HAGERSTOWN MD CLIMATE SUMMARY FOR MARCH 26 2017...

CLIMATE NORMAL PERIOD 1981 TO 2010
CLIMATE RECORD PERIOD 9999 TO 9999


WEATHER ITEM   OBSERVED TIME   RECORD YEAR NORMAL DEPARTURE LAST
                VALUE   (LST)  VALUE       VALUE  FROM      YEAR
                                                  NORMAL
..................................................................
TEMPERATURE (F)
 YESTERDAY
  MAXIMUM         56   1201 AM  MM      MM  55      1       57
  MINIMUM         46   1159 PM  MM      MM  36     10       33
  AVERAGE         51                        45      6       45

PRECIPITATION (IN)
  YESTERDAY        0.05         MM      MM   0.14  -0.09     0.00
  MONTH TO DATE    1.67                      2.69  -1.02     1.21
  SINCE MAR 1      1.67                      2.69  -1.02     1.21
  SINCE JAN 1      5.77                      7.92  -2.15     6.58

DEGREE DAYS
 HEATING
  YESTERDAY       14                        20     -6       20
  MONTH TO DATE  635                       634      1      387
  SINCE MAR 1    635                       634      1      387
  SINCE JUL 1   3642                      4537   -895     3624

 COOLING
  YESTERDAY        0                         0      0        0
  MONTH TO DATE    1                         0      1        4
  SINCE MAR 1      1                         0      1        4
  SINCE JAN 1      2                         0      2        4
..................................................................


WIND (MPH)
  HIGHEST WIND SPEED    16   HIGHEST WIND DIRECTION     E (70)
  HIGHEST GUST SPEED    19   HIGHEST GUST DIRECTION    NE (60)
  AVERAGE WIND SPEED     7.7


SKY COVER
  POSSIBLE SUNSHINE  MM
  AVERAGE SKY COVER 0.8


WEATHER CONDITIONS
 THE FOLLOWING WEATHER WAS RECORDED YESTERDAY.
  LIGHT RAIN
  FOG
  HAZE


RELATIVE HUMIDITY (PERCENT)
 HIGHEST    93           600 PM
 LOWEST     72          1200 AM
 AVERAGE    83

..........................................................


THE HAGERSTOWN MD CLIMATE NORMALS FOR TODAY
                         NORMAL    RECORD    YEAR
 MAXIMUM TEMPERATURE (F)   55        MM        MM
 MINIMUM TEMPERATURE (F)   36        MM        MM


SUNRISE AND SUNSET
MARCH 27 2017.........SUNRISE   703 AM EDT   SUNSET   730 PM EDT
MARCH 28 2017.........SUNRISE   701 AM EDT   SUNSET   731 PM EDT


-  INDICATES NEGATIVE NUMBERS.
R  INDICATES RECORD WAS SET OR TIED.
MM INDICATES DATA IS MISSING.
T  INDICATES TRACE AMOUNT.




$$
