000
CDUS46 KPQR 041143
CLIHIO


CLIMATE REPORT
NATIONAL WEATHER SERVICE PORTLAND OREGON
442 AM PDT FRI SEP 4 2015


...................................

...THE HILLSBORO OR CLIMATE SUMMARY FOR SEPTEMBER 3 2015...

CLIMATE NORMAL PERIOD 1981 TO 2010
CLIMATE RECORD PERIOD 1929 TO 2015


WEATHER ITEM   OBSERVED TIME   RECORD YEAR NORMAL DEPARTURE LAST
                VALUE   (LST)  VALUE       VALUE  FROM      YEAR
                                                  NORMAL
..................................................................
TEMPERATURE (F)
 YESTERDAY
  MAXIMUM         67   1112 AM  96    2003  79    -12       73
  MINIMUM         42    532 AM  39    1984  49     -7       44
  AVERAGE         55                        64     -9       59

PRECIPITATION (IN)
  YESTERDAY        0.03          1.38 1979   0.04  -0.01
  MONTH TO DATE    0.08                      0.11  -0.03
  SINCE OCT 1     30.43                     38.57  -8.14
  SINCE JAN 1     15.60                     22.18  -6.58

SNOWFALL (IN)
  YESTERDAY       MM
  MONTH TO DATE    0.0
  SINCE SEP 1      0.0
  SINCE JUL 1      0.0
  SNOW DEPTH       0

DEGREE DAYS
 HEATING
  YESTERDAY       10                         3      7
  MONTH TO DATE   14                         9      5
  SINCE JUL 1     27                       116    -89

 COOLING
  YESTERDAY        0                         1     -1
  MONTH TO DATE    0                         5     -5
  SINCE JAN 1    478                       183    295
..................................................................


WIND (MPH)
  HIGHEST WIND SPEED    15   HIGHEST WIND DIRECTION    SW (230)
  HIGHEST GUST SPEED    19   HIGHEST GUST DIRECTION     W (260)
  AVERAGE WIND SPEED     3.4


SKY COVER
  POSSIBLE SUNSHINE  MM
  AVERAGE SKY COVER 0.3


WEATHER CONDITIONS
 THE FOLLOWING WEATHER WAS RECORDED YESTERDAY.
  LIGHT RAIN


RELATIVE HUMIDITY (PERCENT)
 HIGHEST   100           400 AM
 LOWEST     42          1100 AM
 AVERAGE    71

..........................................................


THE HILLSBORO OR CLIMATE NORMALS FOR TODAY
                         NORMAL    RECORD    YEAR
 MAXIMUM TEMPERATURE (F)   78        98      1955
 MINIMUM TEMPERATURE (F)   48        31      1930


SUNRISE AND SUNSET
SEPTEMBER  4 2015.....SUNRISE   637 AM PDT   SUNSET   744 PM PDT
SEPTEMBER  5 2015.....SUNRISE   638 AM PDT   SUNSET   742 PM PDT


-  INDICATES NEGATIVE NUMBERS.
R  INDICATES RECORD WAS SET OR TIED.
MM INDICATES DATA IS MISSING.
T  INDICATES TRACE AMOUNT.




$$
