000
CDUS46 KPQR 231141
CLIHIO


CLIMATE REPORT
NATIONAL WEATHER SERVICE PORTLAND OREGON
440 AM PDT TUE SEP 23 2014


...................................

...THE HILLSBORO OR CLIMATE SUMMARY FOR SEPTEMBER 22 2014...

CLIMATE NORMAL PERIOD 1981 TO 2010
CLIMATE RECORD PERIOD 1929 TO 2014


WEATHER ITEM   OBSERVED TIME   RECORD YEAR NORMAL DEPARTURE LAST
                VALUE   (LST)  VALUE       VALUE  FROM      YEAR
                                                  NORMAL
..................................................................
TEMPERATURE (F)
 YESTERDAY
  MAXIMUM         73    346 PM  97    1952  73      0       62
  MINIMUM         58   1242 AM  34    1961  45     13       54
  AVERAGE         66                        59      7       58

PRECIPITATION (IN)
  YESTERDAY        0.03          0.53 1973   0.06  -0.03
  MONTH TO DATE    0.04                      0.83  -0.79
  SINCE OCT 1     24.96                     39.29 -14.33
  SINCE JAN 1     20.28                     22.90  -2.62

SNOWFALL (IN)
  YESTERDAY        0.0
  MONTH TO DATE    0.0
  SINCE SEP 1      0.0
  SINCE JUL 1      0.0
  SNOW DEPTH       0

DEGREE DAYS
 HEATING
  YESTERDAY        0                         6     -6
  MONTH TO DATE   14                        92    -78
  SINCE JUL 1     23                       199   -176

 COOLING
  YESTERDAY        1                         0      1
  MONTH TO DATE   45                        16     29
  SINCE JAN 1    395                       194    201
..................................................................


WIND (MPH)
  HIGHEST WIND SPEED     9   HIGHEST WIND DIRECTION     S (170)
  HIGHEST GUST SPEED    12   HIGHEST GUST DIRECTION     S (200)
  AVERAGE WIND SPEED     4.6


SKY COVER
  POSSIBLE SUNSHINE  MM
  AVERAGE SKY COVER 0.7


WEATHER CONDITIONS
 THE FOLLOWING WEATHER WAS RECORDED YESTERDAY.
  LIGHT RAIN


RELATIVE HUMIDITY (PERCENT)
 HIGHEST    87          1200 AM
 LOWEST     53           300 PM
 AVERAGE    70

..........................................................


THE HILLSBORO OR CLIMATE NORMALS FOR TODAY
                         NORMAL    RECORD    YEAR
 MAXIMUM TEMPERATURE (F)   72        95      1952
 MINIMUM TEMPERATURE (F)   45        31      1930


SUNRISE AND SUNSET
SEPTEMBER 23 2014.....SUNRISE   700 AM PDT   SUNSET   707 PM PDT
SEPTEMBER 24 2014.....SUNRISE   701 AM PDT   SUNSET   705 PM PDT


-  INDICATES NEGATIVE NUMBERS.
R  INDICATES RECORD WAS SET OR TIED.
MM INDICATES DATA IS MISSING.
T  INDICATES TRACE AMOUNT.




$$
