000
CDUS46 KPQR 241144
CLIHIO


CLIMATE REPORT
NATIONAL WEATHER SERVICE PORTLAND OREGON
443 AM PDT WED MAY 24 2017


...................................

...THE HILLSBORO OR CLIMATE SUMMARY FOR MAY 23 2017...

CLIMATE NORMAL PERIOD 1981 TO 2010
CLIMATE RECORD PERIOD 1929 TO 2017


WEATHER ITEM   OBSERVED TIME   RECORD YEAR NORMAL DEPARTURE LAST
                VALUE   (LST)  VALUE       VALUE  FROM      YEAR
                                                  NORMAL
..................................................................
TEMPERATURE (F)
 YESTERDAY
  MAXIMUM         85    108 PM  91    1999  69     16       66
  MINIMUM         49   1147 PM  32    1964  46      3       50
  AVERAGE         67                        57     10       58

PRECIPITATION (IN)
  YESTERDAY        0.00          0.82 1945   0.08  -0.08
  MONTH TO DATE    1.76                      1.78  -0.02
  SINCE OCT 1     46.13                     35.38  10.75
  SINCE JAN 1     26.45                     18.99   7.46

SNOWFALL (IN)
  YESTERDAY        0.0
  MONTH TO DATE    0.0
  SINCE MAR 1      0.0
  SINCE JUL 1      0.0
  SNOW DEPTH       0

DEGREE DAYS
 HEATING
  YESTERDAY        0                         8     -8
  MONTH TO DATE  202                       228    -26
  SINCE JUL 1   4750                      4790    -40

 COOLING
  YESTERDAY        2                         0      2
  MONTH TO DATE   21                         0     21
  SINCE JAN 1     21                         0     21
..................................................................


WIND (MPH)
  HIGHEST WIND SPEED    25   HIGHEST WIND DIRECTION    NW (330)
  HIGHEST GUST SPEED    32   HIGHEST GUST DIRECTION    NW (330)
  AVERAGE WIND SPEED     9.1


SKY COVER
  POSSIBLE SUNSHINE  MM
  AVERAGE SKY COVER 0.1


WEATHER CONDITIONS
 THE FOLLOWING WEATHER WAS RECORDED YESTERDAY.
  NO SIGNIFICANT WEATHER WAS OBSERVED.


RELATIVE HUMIDITY (PERCENT)
 HIGHEST    93           300 AM
 LOWEST     29           100 PM
 AVERAGE    61

..........................................................


THE HILLSBORO OR CLIMATE NORMALS FOR TODAY
                         NORMAL    RECORD    YEAR
 MAXIMUM TEMPERATURE (F)   69        92      1992
 MINIMUM TEMPERATURE (F)   46        33      1935


SUNRISE AND SUNSET
MAY 24 2017...........SUNRISE   532 AM PDT   SUNSET   846 PM PDT
MAY 25 2017...........SUNRISE   531 AM PDT   SUNSET   847 PM PDT


-  INDICATES NEGATIVE NUMBERS.
R  INDICATES RECORD WAS SET OR TIED.
MM INDICATES DATA IS MISSING.
T  INDICATES TRACE AMOUNT.




$$
