000
CDUS46 KPQR 231148
CLIHIO


CLIMATE REPORT
NATIONAL WEATHER SERVICE PORTLAND OREGON
448 AM PDT MON OCT 23 2017


...................................

...THE HILLSBORO OR CLIMATE SUMMARY FOR OCTOBER 22 2017...

CLIMATE NORMAL PERIOD 1981 TO 2010
CLIMATE RECORD PERIOD 1929 TO 2017


WEATHER ITEM   OBSERVED TIME   RECORD YEAR NORMAL DEPARTURE LAST
                VALUE   (LST)  VALUE       VALUE  FROM      YEAR
                                                  NORMAL
..................................................................
TEMPERATURE (F)
 YESTERDAY
  MAXIMUM         62    325 PM  78    2013  60      2       63
  MINIMUM         43   1158 PM  30    2008  39      4       46
                                      1980
  AVERAGE         53                        50      3       55

PRECIPITATION (IN)
  YESTERDAY        0.38          1.22 2014   0.13   0.25
  MONTH TO DATE    2.00                      2.02  -0.02
  SINCE OCT 1      2.00                      2.02  -0.02
  SINCE JAN 1     31.08                     25.53   5.55

SNOWFALL (IN)
  YESTERDAY       MM
  MONTH TO DATE    0.0
  SINCE SEP 1      0.0
  SINCE JUL 1      0.0
  SNOW DEPTH      MM

DEGREE DAYS
 HEATING
  YESTERDAY       12                        15     -3
  MONTH TO DATE  283                       271     12
  SINCE JUL 1    403                       533   -130

 COOLING
  YESTERDAY        0                         0      0
  MONTH TO DATE    0                         0      0
  SINCE JAN 1    496                       197    299
..................................................................


WIND (MPH)
  HIGHEST WIND SPEED    17   HIGHEST WIND DIRECTION    SW (220)
  HIGHEST GUST SPEED    23   HIGHEST GUST DIRECTION     S (190)
  AVERAGE WIND SPEED     5.8


SKY COVER
  POSSIBLE SUNSHINE  MM
  AVERAGE SKY COVER 0.4


WEATHER CONDITIONS
 THE FOLLOWING WEATHER WAS RECORDED YESTERDAY.
  FOG W/VISIBILITY <= 1/4 MILE


RELATIVE HUMIDITY (PERCENT)
 HIGHEST    78           200 PM
 LOWEST     72           100 PM
 AVERAGE    75

..........................................................


THE HILLSBORO OR CLIMATE NORMALS FOR TODAY
                         NORMAL    RECORD    YEAR
 MAXIMUM TEMPERATURE (F)   60        77      1965
 MINIMUM TEMPERATURE (F)   39        28      1945


SUNRISE AND SUNSET
OCTOBER 23 2017.......SUNRISE   739 AM PDT   SUNSET   612 PM PDT
OCTOBER 24 2017.......SUNRISE   741 AM PDT   SUNSET   610 PM PDT


-  INDICATES NEGATIVE NUMBERS.
R  INDICATES RECORD WAS SET OR TIED.
MM INDICATES DATA IS MISSING.
T  INDICATES TRACE AMOUNT.




$$
