000
CDUS46 KPQR 051141
CLIHIO


CLIMATE REPORT
NATIONAL WEATHER SERVICE PORTLAND OREGON
440 AM PDT SUN JUL 5 2015


...................................

...THE HILLSBORO OR CLIMATE SUMMARY FOR JULY 4 2015...

CLIMATE NORMAL PERIOD 1981 TO 2010
CLIMATE RECORD PERIOD 1929 TO 2015


WEATHER ITEM   OBSERVED TIME   RECORD YEAR NORMAL DEPARTURE LAST
                VALUE   (LST)  VALUE       VALUE  FROM      YEAR
                                                  NORMAL
..................................................................
TEMPERATURE (F)
 YESTERDAY
  MAXIMUM         96    559 PM  97    1972  77     19       80
  MINIMUM         54    459 AM  40    1949  50      4       53
  AVERAGE         75                        64     11       67

PRECIPITATION (IN)
  YESTERDAY        0.00          0.55 1986   0.03  -0.03
  MONTH TO DATE    0.00                      0.13  -0.13
  SINCE OCT 1     29.48                     37.41  -7.93
  SINCE JAN 1     14.65                     21.02  -6.37

SNOWFALL (IN)
  YESTERDAY        0.0
  MONTH TO DATE    0.0
  SINCE JUN 1      0.0
  SINCE JUL 1      0.0
  SNOW DEPTH       0

DEGREE DAYS
 HEATING
  YESTERDAY        0                         3     -3
  MONTH TO DATE    0                        12    -12
  SINCE JUL 1      0                        12    -12

 COOLING
  YESTERDAY       10                         2      8
  MONTH TO DATE   47                         5     42
  SINCE JAN 1    187                        31    156
..................................................................


WIND (MPH)
  HIGHEST WIND SPEED    10   HIGHEST WIND DIRECTION     W (290)
  HIGHEST GUST SPEED    12   HIGHEST GUST DIRECTION     S (200)
  AVERAGE WIND SPEED     3.2


SKY COVER
  POSSIBLE SUNSHINE  MM
  AVERAGE SKY COVER 0.0


WEATHER CONDITIONS
 THE FOLLOWING WEATHER WAS RECORDED YESTERDAY.
  NO SIGNIFICANT WEATHER WAS OBSERVED.


RELATIVE HUMIDITY (PERCENT)
 HIGHEST    86           500 AM
 LOWEST     23           400 PM
 AVERAGE    55

..........................................................


THE HILLSBORO OR CLIMATE NORMALS FOR TODAY
                         NORMAL    RECORD    YEAR
 MAXIMUM TEMPERATURE (F)   78        98      1958
 MINIMUM TEMPERATURE (F)   50        41      1940


SUNRISE AND SUNSET
JULY  5 2015..........SUNRISE   529 AM PDT   SUNSET   903 PM PDT
JULY  6 2015..........SUNRISE   530 AM PDT   SUNSET   903 PM PDT


-  INDICATES NEGATIVE NUMBERS.
R  INDICATES RECORD WAS SET OR TIED.
MM INDICATES DATA IS MISSING.
T  INDICATES TRACE AMOUNT.




$$
