000
CDUS46 KPQR 251145
CLIHIO


CLIMATE REPORT
NATIONAL WEATHER SERVICE PORTLAND OREGON
444 AM PDT FRI JUL 25 2014


...................................

...THE HILLSBORO OR CLIMATE SUMMARY FOR JULY 24 2014...

CLIMATE NORMAL PERIOD 1981 TO 2010
CLIMATE RECORD PERIOD 1929 TO 2014


WEATHER ITEM   OBSERVED TIME   RECORD YEAR NORMAL DEPARTURE LAST
                VALUE   (LST)  VALUE       VALUE  FROM      YEAR
                                                  NORMAL
..................................................................
TEMPERATURE (F)
 YESTERDAY
  MAXIMUM         71    448 PM 100    2006  82    -11       91
                                      2004
  MINIMUM         53   1142 PM  41    1932  52      1       53
  AVERAGE         62                        67     -5       72

PRECIPITATION (IN)
  YESTERDAY        0.02          0.50 1949   0.01   0.01
  MONTH TO DATE    0.52                      0.46   0.06
  SINCE OCT 1     24.78                     37.74 -12.96
  SINCE JAN 1     20.10                     21.35  -1.25

SNOWFALL (IN)
  YESTERDAY        0.0
  MONTH TO DATE    0.0
  SINCE JUN 1      0.0
  SINCE JUL 1      0.0
  SNOW DEPTH       0

DEGREE DAYS
 HEATING
  YESTERDAY        3                         1      2
  MONTH TO DATE    5                        47    -42
  SINCE JUL 1      5                        47    -42

 COOLING
  YESTERDAY        0                         3     -3
  MONTH TO DATE  124                        54     70
  SINCE JAN 1    136                        80     56
..................................................................


WIND (MPH)
  HIGHEST WIND SPEED    14   HIGHEST WIND DIRECTION     S (180)
  HIGHEST GUST SPEED    20   HIGHEST GUST DIRECTION     W (250)
  AVERAGE WIND SPEED     7.8


SKY COVER
  POSSIBLE SUNSHINE  MM
  AVERAGE SKY COVER 0.8


WEATHER CONDITIONS
 THE FOLLOWING WEATHER WAS RECORDED YESTERDAY.
  NO SIGNIFICANT WEATHER WAS OBSERVED.


RELATIVE HUMIDITY (PERCENT)
 HIGHEST    86           300 AM
 LOWEST     53           200 PM
 AVERAGE    70

..........................................................


THE HILLSBORO OR CLIMATE NORMALS FOR TODAY
                         NORMAL    RECORD    YEAR
 MAXIMUM TEMPERATURE (F)   82       100      1988
 MINIMUM TEMPERATURE (F)   52        36      1930


SUNRISE AND SUNSET
JULY 25 2014..........SUNRISE   548 AM PDT   SUNSET   848 PM PDT
JULY 26 2014..........SUNRISE   549 AM PDT   SUNSET   847 PM PDT


-  INDICATES NEGATIVE NUMBERS.
R  INDICATES RECORD WAS SET OR TIED.
MM INDICATES DATA IS MISSING.
T  INDICATES TRACE AMOUNT.




$$
