000
CDUS46 KHNX 200821
CLIHJO


CLIMATE REPORT
NATIONAL WEATHER SERVICE SAN JOAQUIN VALLEY, CA
121 AM PDT MON OCT 20 2014


...................................

...THE HANFORD CA CLIMATE SUMMARY FOR OCTOBER 19 2014...

CLIMATE NORMAL PERIOD 1981 TO 2010
CLIMATE RECORD PERIOD 1998 TO 2014


WEATHER ITEM   OBSERVED TIME   RECORD YEAR NORMAL DEPARTURE
                VALUE   (LST)  VALUE       VALUE  FROM
                                                  NORMAL
...............................................................
TEMPERATURE (F)
 YESTERDAY
  MAXIMUM         82    400 PM  86    2013  78      4
  MINIMUM         50    641 AM  39    2006  47      3
  AVERAGE         66                        62      4

PRECIPITATION (IN)
  YESTERDAY        0.00          0.73 2004   0.01  -0.01
  MONTH TO DATE    0.00                      0.19  -0.19
  SINCE JUL 1      0.01                      0.40  -0.39
  SINCE JAN 1      2.44                      7.16  -4.72

SNOWFALL (IN)
  YESTERDAY        0.0
  MONTH TO DATE    0.0
  SINCE SEP 1      0.0
  SINCE JUL 1      0.0
  SNOW DEPTH       0

DEGREE DAYS
 HEATING
  YESTERDAY        0
  MONTH TO DATE    0
  SINCE SEP 1      0
  SINCE JUL 1      0

 COOLING
  YESTERDAY        1
  MONTH TO DATE  121
  SINCE SEP 1    510
  SINCE JAN 1   2267
...............................................................


WIND (MPH)
  HIGHEST WIND SPEED     8   HIGHEST WIND DIRECTION    NE (50)
  HIGHEST GUST SPEED    11   HIGHEST GUST DIRECTION     W (260)
  AVERAGE WIND SPEED     2.3




RELATIVE HUMIDITY (PERCENT)
 HIGHEST    89
 LOWEST     31
 AVERAGE    60

..........................................................


THE HANFORD CA CLIMATE NORMALS FOR TODAY
                         NORMAL    RECORD    YEAR
 MAXIMUM TEMPERATURE (F)   78        88      2003
 MINIMUM TEMPERATURE (F)   47        41      2006


SUNRISE AND SUNSET
OCTOBER 20 2014.......SUNRISE   710 AM PDT   SUNSET   616 PM PDT
OCTOBER 21 2014.......SUNRISE   711 AM PDT   SUNSET   615 PM PDT


-  INDICATES NEGATIVE NUMBERS.
R  INDICATES RECORD WAS SET OR TIED.
MM INDICATES DATA IS MISSING.
T  INDICATES TRACE AMOUNT.




$$
