000
CDUS46 KHNX 060828
CLIHJO


CLIMATE REPORT
NATIONAL WEATHER SERVICE SAN JOAQUIN VALLEY, CA
1226 AM PST SAT FEB 6 2016


...................................

...THE HANFORD CA CLIMATE SUMMARY FOR FEBRUARY 5 2016...

CLIMATE NORMAL PERIOD 1981 TO 2010
CLIMATE RECORD PERIOD 1998 TO 2016


WEATHER ITEM   OBSERVED TIME   RECORD YEAR NORMAL DEPARTURE
                VALUE   (LST)  VALUE       VALUE  FROM
                                                  NORMAL
...............................................................
TEMPERATURE (F)
 YESTERDAY
  MAXIMUM         63    419 PM  78    2015  59      4
  MINIMUM         31    636 AM  29    2002  38     -7
  AVERAGE         47                        48     -1

PRECIPITATION (IN)
  YESTERDAY        0.00          T    2009   0.06  -0.06
  MONTH TO DATE    0.00                      0.24  -0.24
  SINCE OCT 1      5.47                      5.41   0.06
  SINCE JAN 1      2.87                      2.28   0.59

SNOWFALL (IN)
  YESTERDAY        0.0
  MONTH TO DATE    0.0
  SINCE DEC 1      0.0
  SINCE JUL 1      0.0
  SNOW DEPTH       0

DEGREE DAYS
 HEATING
  YESTERDAY       18
  MONTH TO DATE  103
  SINCE DEC 1   1215
  SINCE JUL 1   1665

 COOLING
  YESTERDAY        0
  MONTH TO DATE    0
  SINCE DEC 1      0
  SINCE JAN 1      0
...............................................................


WIND (MPH)
  HIGHEST WIND SPEED     7   HIGHEST WIND DIRECTION    NW (300)
  HIGHEST GUST SPEED    10   HIGHEST GUST DIRECTION     E (80)
  AVERAGE WIND SPEED     1.7




RELATIVE HUMIDITY (PERCENT)
 HIGHEST   100
 LOWEST     51
 AVERAGE    76

..........................................................


THE HANFORD CA CLIMATE NORMALS FOR TODAY
                         NORMAL    RECORD    YEAR
 MAXIMUM TEMPERATURE (F)   59        79      2015
 MINIMUM TEMPERATURE (F)   38        31      2004


SUNRISE AND SUNSET
FEBRUARY  6 2016......SUNRISE   656 AM PST   SUNSET   530 PM PST
FEBRUARY  7 2016......SUNRISE   655 AM PST   SUNSET   531 PM PST


-  INDICATES NEGATIVE NUMBERS.
R  INDICATES RECORD WAS SET OR TIED.
MM INDICATES DATA IS MISSING.
T  INDICATES TRACE AMOUNT.




$$
