000
CDUS46 KHNX 280823
CLIHJO


CLIMATE REPORT
NATIONAL WEATHER SERVICE SAN JOAQUIN VALLEY, CA
123 AM PDT THU APR 28 2016


...................................

...THE HANFORD CA CLIMATE SUMMARY FOR APRIL 27 2016...

CLIMATE NORMAL PERIOD 1981 TO 2010
CLIMATE RECORD PERIOD 1998 TO 2016


WEATHER ITEM   OBSERVED TIME   RECORD YEAR NORMAL DEPARTURE
                VALUE   (LST)  VALUE       VALUE  FROM
                                                  NORMAL
...............................................................
TEMPERATURE (F)
 YESTERDAY
  MAXIMUM         74    158 PM  98    2005  79     -5
  MINIMUM         51   1159 PM  44    2011  49      2
  AVERAGE         63                        64     -1

PRECIPITATION (IN)
  YESTERDAY        0.14R         T    2007   0.03   0.11
  MONTH TO DATE    0.57                      0.72  -0.15
  SINCE OCT 1      8.05                      9.25  -1.20
  SINCE JAN 1      5.45                      6.12  -0.67

SNOWFALL (IN)
  YESTERDAY        0.0
  MONTH TO DATE    0.0
  SINCE MAR 1      0.0
  SINCE JUL 1      0.0
  SNOW DEPTH       0

DEGREE DAYS
 HEATING
  YESTERDAY        2
  MONTH TO DATE   39
  SINCE MAR 1    260
  SINCE JUL 1   2150

 COOLING
  YESTERDAY        0
  MONTH TO DATE   39
  SINCE MAR 1     40
  SINCE JAN 1     40
...............................................................


WIND (MPH)
  HIGHEST WIND SPEED    30   HIGHEST WIND DIRECTION    NW (300)
  HIGHEST GUST SPEED    39   HIGHEST GUST DIRECTION    NW (300)
  AVERAGE WIND SPEED     9.9




RELATIVE HUMIDITY (PERCENT)
 HIGHEST    77
 LOWEST     21
 AVERAGE    49

..........................................................


THE HANFORD CA CLIMATE NORMALS FOR TODAY
                         NORMAL    RECORD    YEAR
 MAXIMUM TEMPERATURE (F)   79        96      2015
                                             2004
 MINIMUM TEMPERATURE (F)   49        41      1999


SUNRISE AND SUNSET
APRIL 28 2016.........SUNRISE   608 AM PDT   SUNSET   744 PM PDT
APRIL 29 2016.........SUNRISE   607 AM PDT   SUNSET   745 PM PDT


-  INDICATES NEGATIVE NUMBERS.
R  INDICATES RECORD WAS SET OR TIED.
MM INDICATES DATA IS MISSING.
T  INDICATES TRACE AMOUNT.




$$
