000
CDUS46 KHNX 270024
CLIHJO


CLIMATE REPORT
NATIONAL WEATHER SERVICE SAN JOAQUIN VALLEY, CA
522 PM PDT FRI AUG 26 2016


...................................

...THE HANFORD CA CLIMATE SUMMARY FOR AUGUST 26 2016...
VALID AS OF 0400 PM LOCAL TIME.

CLIMATE NORMAL PERIOD 1981 TO 2010
CLIMATE RECORD PERIOD 1998 TO 2016


WEATHER ITEM   OBSERVED TIME   RECORD YEAR NORMAL DEPARTURE LAST
                VALUE   (LST)  VALUE       VALUE  FROM      YEAR
                                                  NORMAL
..................................................................
TEMPERATURE (F)
 TODAY
  MAXIMUM         94    324 PM 105    2010  95     -1      102
  MINIMUM         59    356 AM  56    2009  60     -1       72
                                      2002
  AVERAGE         77                        77      0       87

PRECIPITATION (IN)
  TODAY            0.00          T    2007   0.00   0.00     0.00
  MONTH TO DATE    0.00                      0.01  -0.01     0.00
  SINCE OCT 1      8.26                      9.92  -1.66     5.41
  SINCE JAN 1      5.66                      6.79  -1.13     2.29

SNOWFALL (IN)
  TODAY            0.0
  MONTH TO DATE    0.0
  SINCE JUN 1      0.0
  SINCE JUL 1      0.0
  SNOW DEPTH       0

DEGREE DAYS
 HEATING
  TODAY            0                                         0
  MONTH TO DATE    0                                         0
  SINCE JUN 1      0                                         0
  SINCE JUL 1      0                                         0

 COOLING
  TODAY           12                                        22
  MONTH TO DATE  417                                       429
  SINCE JUN 1   1360                                      1434
  SINCE JAN 1   1589                                      1740
..................................................................


WIND (MPH)
  HIGHEST WIND SPEED    13   HIGHEST WIND DIRECTION    NW (310)
  HIGHEST GUST SPEED    16   HIGHEST GUST DIRECTION    NW (310)
  AVERAGE WIND SPEED     5.8




RELATIVE HUMIDITY (PERCENT)
 HIGHEST    78
 LOWEST     18
 AVERAGE    48

..........................................................


THE HANFORD CA CLIMATE NORMALS FOR TOMORROW
                         NORMAL    RECORD    YEAR
 MAXIMUM TEMPERATURE (F)   94       103      2015
 MINIMUM TEMPERATURE (F)   60        54      2004


SUNRISE AND SUNSET
AUGUST 26 2016........SUNRISE   626 AM PDT   SUNSET   734 PM PDT
AUGUST 27 2016........SUNRISE   626 AM PDT   SUNSET   733 PM PDT


-  INDICATES NEGATIVE NUMBERS.
R  INDICATES RECORD WAS SET OR TIED.
MM INDICATES DATA IS MISSING.
T  INDICATES TRACE AMOUNT.




$$
