000
CDUS46 KHNX 050822
CLIHJO


CLIMATE REPORT
NATIONAL WEATHER SERVICE SAN JOAQUIN VALLEY, CA
121 AM PDT SUN JUL 5 2015


...................................

...THE HANFORD CA CLIMATE SUMMARY FOR JULY 4 2015...

CLIMATE NORMAL PERIOD 1981 TO 2010
CLIMATE RECORD PERIOD 1998 TO 2015


WEATHER ITEM   OBSERVED TIME   RECORD YEAR NORMAL DEPARTURE
                VALUE   (LST)  VALUE       VALUE  FROM
                                                  NORMAL
...............................................................
TEMPERATURE (F)
 YESTERDAY
  MAXIMUM        103    457 PM 107    2013  94      9
  MINIMUM         73    422 AM  56    1999  62     11
  AVERAGE         88                        78     10

PRECIPITATION (IN)
  YESTERDAY        0.00          0.00   MM   0.00   0.00
  MONTH TO DATE    T                         0.00   0.00
  SINCE OCT 1      5.04                      9.89  -4.85
  SINCE JAN 1      1.92                      6.76  -4.84

SNOWFALL (IN)
  YESTERDAY        0.0
  MONTH TO DATE    0.0
  SINCE JUN 1      0.0
  SINCE JUL 1      0.0
  SNOW DEPTH       0

DEGREE DAYS
 HEATING
  YESTERDAY        0
  MONTH TO DATE    0
  SINCE JUN 1      0
  SINCE JUL 1      0

 COOLING
  YESTERDAY       23
  MONTH TO DATE   90
  SINCE JUN 1    559
  SINCE JAN 1    865
...............................................................


WIND (MPH)
  HIGHEST WIND SPEED    16   HIGHEST WIND DIRECTION    NW (320)
  HIGHEST GUST SPEED    21   HIGHEST GUST DIRECTION    NW (320)
  AVERAGE WIND SPEED     8.1




RELATIVE HUMIDITY (PERCENT)
 HIGHEST    57
 LOWEST     21
 AVERAGE    39

..........................................................


THE HANFORD CA CLIMATE NORMALS FOR TODAY
                         NORMAL    RECORD    YEAR
 MAXIMUM TEMPERATURE (F)   95       107      2007
 MINIMUM TEMPERATURE (F)   62        58      2010
                                             1999


SUNRISE AND SUNSET
JULY  5 2015..........SUNRISE   546 AM PDT   SUNSET   820 PM PDT
JULY  6 2015..........SUNRISE   547 AM PDT   SUNSET   819 PM PDT


-  INDICATES NEGATIVE NUMBERS.
R  INDICATES RECORD WAS SET OR TIED.
MM INDICATES DATA IS MISSING.
T  INDICATES TRACE AMOUNT.




$$
