000
CDUS46 KHNX 240022
CLIHJO


CLIMATE REPORT
NATIONAL WEATHER SERVICE SAN JOAQUIN VALLEY, CA
421 PM PST SUN NOV 23 2014


...................................

...THE HANFORD CA CLIMATE SUMMARY FOR NOVEMBER 23 2014...
VALID AS OF 0400 PM LOCAL TIME.

CLIMATE NORMAL PERIOD 1981 TO 2010
CLIMATE RECORD PERIOD 1998 TO 2014


WEATHER ITEM   OBSERVED TIME   RECORD YEAR NORMAL DEPARTURE LAST
                VALUE   (LST)  VALUE       VALUE  FROM      YEAR
                                                  NORMAL
..................................................................
TEMPERATURE (F)
 TODAY
  MAXIMUM         58    336 PM  72    1998  61     -3       63
  MINIMUM         47   1223 AM  24    2003  37     10       39
  AVERAGE         53                        49      4       51

PRECIPITATION (IN)
  TODAY            0.00          0.15 2010   0.03  -0.03     0.00
  MONTH TO DATE    0.22                      0.87  -0.65     0.26
  SINCE JUL 1      0.81                      1.58  -0.77     0.27
  SINCE JAN 1      3.24                      8.34  -5.10     1.87

SNOWFALL (IN)
  TODAY            0.0
  MONTH TO DATE    0.0
  SINCE SEP 1      0.0
  SINCE JUL 1      0.0
  SNOW DEPTH       0

DEGREE DAYS
 HEATING
  TODAY           12                                        14
  MONTH TO DATE  201                                       208
  SINCE SEP 1    226                                       294
  SINCE JUL 1    226                                       294

 COOLING
  TODAY            0                                         0
  MONTH TO DATE    0                                         0
  SINCE SEP 1    517                                       334
  SINCE JAN 1   2274                                      2057
..................................................................


WIND (MPH)
  HIGHEST WIND SPEED    18   HIGHEST WIND DIRECTION    NW (320)
  HIGHEST GUST SPEED    24   HIGHEST GUST DIRECTION    NW (320)
  AVERAGE WIND SPEED     6.3




RELATIVE HUMIDITY (PERCENT)
 HIGHEST   100
 LOWEST     67
 AVERAGE    84

..........................................................


THE HANFORD CA CLIMATE NORMALS FOR TOMORROW
                         NORMAL    RECORD    YEAR
 MAXIMUM TEMPERATURE (F)   61        71      2005
 MINIMUM TEMPERATURE (F)   37        28      2003


SUNRISE AND SUNSET
NOVEMBER 23 2014......SUNRISE   644 AM PST   SUNSET   446 PM PST
NOVEMBER 24 2014......SUNRISE   645 AM PST   SUNSET   445 PM PST


-  INDICATES NEGATIVE NUMBERS.
R  INDICATES RECORD WAS SET OR TIED.
MM INDICATES DATA IS MISSING.
T  INDICATES TRACE AMOUNT.




$$
