903
CDUS43 KGLD 120048
CLIHLC

CLIMATE REPORT
NATIONAL WEATHER SERVICE GOODLAND
545 PM MST THU FEB 11 2016
...................................

...THE HILL CITY KS CLIMATE SUMMARY FOR FEBRUARY 11 2016...
VALID TODAY AS OF 0500 PM LOCAL TIME.

CLIMATE NORMAL PERIOD 1981 TO 2010
CLIMATE RECORD PERIOD 1896 TO 2016

WEATHER ITEM   OBSERVED TIME   RECORD YEAR NORMAL DEPARTURE LAST
                VALUE   (LST)  VALUE       VALUE  FROM      YEAR
                                                  NORMAL
..................................................................
TEMPERATURE (F)
 TODAY
  MAXIMUM         53    459 PM  80    1999  45      8       50
                                      1951
  MINIMUM         23    706 AM -14    1981  19      4       25
  AVERAGE         38                        32      6       38

PRECIPITATION (IN)
  TODAY            0.00                      0.01  -0.01     0.00
  MONTH TO DATE    0.56                      0.20   0.36      T
  SINCE DEC 1      2.70                      1.34   1.36     0.75
  SINCE JAN 1      0.84                      0.65   0.19     0.23

..................................................................

THE HILL CITY KS CLIMATE NORMALS FOR TOMORROW
                         NORMAL    RECORD    YEAR
 MAXIMUM TEMPERATURE (F)   45        80      1962
 MINIMUM TEMPERATURE (F)   19        -6      1965

-  INDICATES NEGATIVE NUMBERS.
R  INDICATES RECORD WAS SET OR TIED.
MM INDICATES DATA IS MISSING.
T  INDICATES TRACE AMOUNT.

$$
