000
CDUS43 KGLD 270040 RRA
CLIHLC

CLIMATE REPORT
NATIONAL WEATHER SERVICE GOODLAND
537 PM MST WED NOV 26 2014

...................................

...THE HILL CITY KS CLIMATE SUMMARY FOR NOVEMBER 26 2014...
VALID TODAY AS OF 0500 PM LOCAL TIME.

CLIMATE NORMAL PERIOD 1981 TO 2010
CLIMATE RECORD PERIOD 1896 TO 2014

WEATHER ITEM   OBSERVED TIME   RECORD YEAR NORMAL DEPARTURE LAST
                VALUE   (LST)  VALUE       VALUE  FROM      YEAR
                                                  NORMAL
..................................................................
TEMPERATURE (F)
 TODAY
  MAXIMUM         46    100 AM  79    1914  48     -2       39
  MINIMUM         36   1001 AM  -1    1975  23     13       10
                                      1952
  AVERAGE         41                        36      5       25

PRECIPITATION (IN)
  TODAY            0.00                      0.02  -0.02     0.00
  MONTH TO DATE    0.02                      0.87  -0.85     0.69
  SINCE SEP 1      1.63                      4.27  -2.64     4.62
  SINCE JAN 1     21.45                     22.15  -0.70    17.56

..................................................................

THE HILL CITY KS CLIMATE NORMALS FOR TOMORROW
                         NORMAL    RECORD    YEAR
 MAXIMUM TEMPERATURE (F)   48        76      2009
 MINIMUM TEMPERATURE (F)   23        -4      1952

-  INDICATES NEGATIVE NUMBERS.
R  INDICATES RECORD WAS SET OR TIED.
MM INDICATES DATA IS MISSING.
T  INDICATES TRACE AMOUNT.

$$
