000
CDUS41 KPBZ 232142
CLIHLG


CLIMATE REPORT
NATIONAL WEATHER SERVICE PITTSBURGH PA
541 PM EDT SUN JUL 23 2017


...................................

...THE WHEELING CLIMATE SUMMARY FOR JULY 23 2017...
VALID TODAY AS OF 0500 PM LOCAL TIME.

CLIMATE NORMAL PERIOD 1981 TO 2010
CLIMATE RECORD PERIOD 1878 TO 2017


WEATHER ITEM   OBSERVED TIME   RECORD YEAR NORMAL DEPARTURE LAST
                VALUE   (LST)  VALUE       VALUE  FROM      YEAR
                                                  NORMAL
..................................................................
TEMPERATURE (F)
 TODAY
  MAXIMUM         79    359 PM 100    1933  82     -3       96
  MINIMUM         70   1247 PM  47    1944  63      7       71
  AVERAGE         75                        72      3       84

PRECIPITATION (IN)
  TODAY            0.10          1.20 1883   0.14  -0.04     0.01
  MONTH TO DATE    3.26                      3.00   0.26     1.81
  SINCE JAN 1     28.44                     22.90   5.54    18.41

DEGREE DAYS
 HEATING
  TODAY            0                         0      0        0
  MONTH TO DATE    0                         0      0        2
  SINCE JUN 1     32                        38     -6       14
  SINCE JUL 1      0                         0      0        2

 COOLING
  TODAY           10                         8      2       19
  MONTH TO DATE  207                       171     36      238
  SINCE JUN 1    370                       307     63      446
  SINCE JAN 1    439                       353     86      509
..................................................................


WIND (MPH)
  HIGHEST WIND SPEED    15   HIGHEST WIND DIRECTION    SW (240)
  HIGHEST GUST SPEED    19   HIGHEST GUST DIRECTION    SW (220)
  AVERAGE WIND SPEED     6.1


SKY COVER
  POSSIBLE SUNSHINE  MM
  AVERAGE SKY COVER 1.0


WEATHER CONDITIONS
 THE FOLLOWING WEATHER WAS RECORDED TODAY.
  THUNDERSTORM
  RAIN
  LIGHT RAIN
  FOG


RELATIVE HUMIDITY (PERCENT)
 HIGHEST    93          1200 AM
 LOWEST     79           400 PM
 AVERAGE    86

..........................................................


THE WHEELING CLIMATE NORMALS FOR TOMORROW
                         NORMAL    RECORD    YEAR
 MAXIMUM TEMPERATURE (F)   82       104      1934
 MINIMUM TEMPERATURE (F)   63        45      1932


SUNRISE AND SUNSET
JULY 23 2017..........SUNRISE   613 AM EDT   SUNSET   845 PM EDT
JULY 24 2017..........SUNRISE   614 AM EDT   SUNSET   844 PM EDT


-  INDICATES NEGATIVE NUMBERS.
R  INDICATES RECORD WAS SET OR TIED.
MM INDICATES DATA IS MISSING.
T  INDICATES TRACE AMOUNT.




$$
