000
CDUS45 KTFX 110742
CLIHLN


CLIMATE REPORT
NATIONAL WEATHER SERVICE GREAT FALLS MT
141 AM MDT FRI JUL 11 2014


...................................

...THE HELENA MT CLIMATE SUMMARY FOR JULY 10 2014...

CLIMATE NORMAL PERIOD 1981 TO 2010
CLIMATE RECORD PERIOD 1866 TO 2014


WEATHER ITEM   OBSERVED TIME   RECORD YEAR NORMAL DEPARTURE LAST
                VALUE   (LST)  VALUE       VALUE  FROM      YEAR
                                                  NORMAL
..................................................................
TEMPERATURE (F)
 YESTERDAY
  MAXIMUM         94    527 PM 102    1973  85      9       95
  MINIMUM         57    418 AM  42    1946  54      3       54
                                      1880
  AVERAGE         76                        69      7       75

PRECIPITATION (IN)
  YESTERDAY        0.00          0.98 1983   0.05  -0.05     0.00
                                      1955
  MONTH TO DATE    0.09                      0.43  -0.34      T
  SINCE OCT 1      7.28                      8.16  -0.88     8.83
  SINCE JAN 1      6.28                      6.59  -0.31     5.53

SNOWFALL (IN)
  YESTERDAY        0.0           T    1995   0.0    0.0      0.0
                                      2001
                                      1995
  MONTH TO DATE    0.0                       0.0    0.0      0.0
  SINCE JUN 1      0.0                       T      0.0      0.0
  SINCE JUL 1      0.0                       0.0    0.0      0.0
  SNOW DEPTH       0

DEGREE DAYS
 HEATING
  YESTERDAY        0                         1     -1        0
  MONTH TO DATE    0                        15    -15        0
  SINCE JUN 1    127                       151    -24      146
  SINCE JUL 1      0                        15    -15        0

 COOLING
  YESTERDAY       11                         5      6       10
  MONTH TO DATE   84                        45     39       97
  SINCE JUN 1     87                        94     -7      139
  SINCE JAN 1     91                       102    -11      146
..................................................................


WIND (MPH)
  HIGHEST WIND SPEED    24   HIGHEST WIND DIRECTION    SW (240)
  HIGHEST GUST SPEED    30   HIGHEST GUST DIRECTION    SW (240)
  AVERAGE WIND SPEED     5.5


SKY COVER
  AVERAGE SKY COVER 0.0


WEATHER CONDITIONS
 THE FOLLOWING WEATHER WAS RECORDED YESTERDAY.
  NO SIGNIFICANT WEATHER WAS OBSERVED.


RELATIVE HUMIDITY (PERCENT)
 HIGHEST    67           100 AM
 LOWEST     11           700 PM
 AVERAGE    39

..........................................................


THE HELENA MT CLIMATE NORMALS FOR TODAY
                         NORMAL    RECORD    YEAR
 MAXIMUM TEMPERATURE (F)   85       100      2002
                                             1886
 MINIMUM TEMPERATURE (F)   54        41      1997
                                             1951


SUNRISE AND SUNSET
JULY 11 2014..........SUNRISE   546 AM MDT   SUNSET   920 PM MDT
JULY 12 2014..........SUNRISE   547 AM MDT   SUNSET   920 PM MDT


-  INDICATES NEGATIVE NUMBERS.
R  INDICATES RECORD WAS SET OR TIED.
MM INDICATES DATA IS MISSING.
T  INDICATES TRACE AMOUNT.




$$
