809
CDUS45 KTFX 092330
CLIHLN


CLIMATE REPORT
NATIONAL WEATHER SERVICE GREAT FALLS MT
430 PM MST TUE FEB 9 2016


...................................

...THE HELENA MT CLIMATE SUMMARY FOR FEBRUARY 9 2016...
VALID TODAY AS OF 0400 PM LOCAL TIME.

CLIMATE NORMAL PERIOD 1981 TO 2010
CLIMATE RECORD PERIOD 1866 TO 2016


WEATHER ITEM   OBSERVED TIME   RECORD YEAR NORMAL DEPARTURE LAST
                VALUE   (LST)  VALUE       VALUE  FROM      YEAR
                                                  NORMAL
..................................................................
TEMPERATURE (F)
 TODAY
  MAXIMUM         51    357 PM  57    1951  37     14       51
  MINIMUM         28    758 AM -35    1933  16     12       34
  AVERAGE         40                        26     14       43

PRECIPITATION (IN)
  TODAY            0.00          0.36 1894   0.01  -0.01     0.22
  MONTH TO DATE    T                         0.09  -0.09     0.23
  SINCE OCT 1      2.01                      2.02  -0.01     3.15
  SINCE JAN 1      0.31                      0.45  -0.14     0.87

SNOWFALL (IN)
  TODAY            0.0           5.0  1905   0.2   -0.2      0.0
  MONTH TO DATE    T                         1.7   -1.7      0.1
  SINCE DEC 1     11.3                      15.2   -3.9     11.9
  SINCE JUL 1     14.8                      24.0   -9.2     22.7

DEGREE DAYS
 HEATING
  TODAY           25                        39    -14       22
  MONTH TO DATE  300                       353    -53      234
  SINCE DEC 1   2832                      2989   -157     2680
  SINCE JUL 1   4461                      4871   -410     4392

 COOLING
  TODAY            0                         0      0        0
  MONTH TO DATE    0                         0      0        0
  SINCE DEC 1      0                         0      0        0
  SINCE JAN 1      0                         0      0        0
..................................................................


WIND (MPH)
  HIGHEST WIND SPEED     8   HIGHEST WIND DIRECTION    NW (320)
  HIGHEST GUST SPEED    10   HIGHEST GUST DIRECTION    NW (310)
  AVERAGE WIND SPEED     2.9


SKY COVER
  AVERAGE SKY COVER 0.0


WEATHER CONDITIONS
 THE FOLLOWING WEATHER WAS RECORDED TODAY.
  NO SIGNIFICANT WEATHER WAS OBSERVED.


RELATIVE HUMIDITY (PERCENT)
 HIGHEST    92           300 AM
 LOWEST     50           400 PM
 AVERAGE    71

..........................................................


THE HELENA MT CLIMATE NORMALS FOR TOMORROW
                         NORMAL    RECORD    YEAR
 MAXIMUM TEMPERATURE (F)   37        66      1951
 MINIMUM TEMPERATURE (F)   16       -28      1981


SUNRISE AND SUNSET
FEBRUARY  9 2016......SUNRISE   742 AM MST   SUNSET   543 PM MST
FEBRUARY 10 2016......SUNRISE   740 AM MST   SUNSET   545 PM MST


-  INDICATES NEGATIVE NUMBERS.
R  INDICATES RECORD WAS SET OR TIED.
MM INDICATES DATA IS MISSING.
T  INDICATES TRACE AMOUNT.




$$
