000
CDUS45 KTFX 271019
CLIHLN


CLIMATE REPORT
NATIONAL WEATHER SERVICE GREAT FALLS MT
418 AM MDT FRI MAY 27 2016


...................................

...THE HELENA MT CLIMATE SUMMARY FOR MAY 26 2016...

CLIMATE NORMAL PERIOD 1981 TO 2010
CLIMATE RECORD PERIOD 1866 TO 2016


WEATHER ITEM   OBSERVED TIME   RECORD YEAR NORMAL DEPARTURE LAST
                VALUE   (LST)  VALUE       VALUE  FROM      YEAR
                                                  NORMAL
..................................................................
TEMPERATURE (F)
 YESTERDAY
  MAXIMUM         69    108 PM  88    1966  70     -1       74
                                      1936
  MINIMUM         43    136 AM  29    1975  44     -1       52
  AVERAGE         56                        57     -1       63

PRECIPITATION (IN)
  YESTERDAY        0.06          0.71 1908   0.08  -0.02     0.09
  MONTH TO DATE    1.42                      1.48  -0.06     1.45
  SINCE OCT 1      4.79                      5.28  -0.49     5.43
  SINCE JAN 1      3.09                      3.71  -0.62     3.15

SNOWFALL (IN)
  YESTERDAY        0.0           0.4  1918   0.1   -0.1      0.0
  MONTH TO DATE    T                         0.9   -0.9      0.0
  SINCE MAR 1      T                        10.8  -10.8       T
  SINCE JUL 1     14.8                      38.1  -23.3     24.3
  SNOW DEPTH       0

DEGREE DAYS
 HEATING
  YESTERDAY        9                         9      0        2
  MONTH TO DATE  299                       311    -12      305
  SINCE MAR 1   1508                      1804   -296     1492
  SINCE JUL 1   6448                      7365   -917     6500

 COOLING
  YESTERDAY        0                         0      0        0
  MONTH TO DATE    0                         0      0        0
  SINCE MAR 1      0                         0      0        0
  SINCE JAN 1      0                         0      0        0
..................................................................


WIND (MPH)
  HIGHEST WIND SPEED    31   HIGHEST WIND DIRECTION     N (10)
  HIGHEST GUST SPEED    37   HIGHEST GUST DIRECTION     N (360)
  AVERAGE WIND SPEED     4.5


SKY COVER
  AVERAGE SKY COVER 0.6


WEATHER CONDITIONS
 THE FOLLOWING WEATHER WAS RECORDED YESTERDAY.
  THUNDERSTORM
  LIGHT RAIN


RELATIVE HUMIDITY (PERCENT)
 HIGHEST    92           500 AM
 LOWEST     40           100 PM
 AVERAGE    66

..........................................................


THE HELENA MT CLIMATE NORMALS FOR TODAY
                         NORMAL    RECORD    YEAR
 MAXIMUM TEMPERATURE (F)   70        90      1986
                                             1936
 MINIMUM TEMPERATURE (F)   44        27      1995


SUNRISE AND SUNSET
MAY 27 2016...........SUNRISE   541 AM MDT   SUNSET   910 PM MDT
MAY 28 2016...........SUNRISE   541 AM MDT   SUNSET   911 PM MDT


-  INDICATES NEGATIVE NUMBERS.
R  INDICATES RECORD WAS SET OR TIED.
MM INDICATES DATA IS MISSING.
T  INDICATES TRACE AMOUNT.




$$
