000
CDUS45 KTFX 312217
CLIHLN


CLIMATE REPORT
NATIONAL WEATHER SERVICE GREAT FALLS MT
416 PM MDT FRI JUL 31 2015


...................................

...THE HELENA MT CLIMATE SUMMARY FOR JULY 31 2015...
VALID TODAY AS OF 0400 PM LOCAL TIME.

CLIMATE NORMAL PERIOD 1981 TO 2010
CLIMATE RECORD PERIOD 1866 TO 2015


WEATHER ITEM   OBSERVED TIME   RECORD YEAR NORMAL DEPARTURE LAST
                VALUE   (LST)  VALUE       VALUE  FROM      YEAR
                                                  NORMAL
..................................................................
TEMPERATURE (F)
 TODAY
  MAXIMUM         94    259 PM  99    2000  88      6       94
  MINIMUM         53    534 AM  39    1995  55     -2       60
  AVERAGE         74                        72      2       77

PRECIPITATION (IN)
  TODAY            0.00          0.48 1948   0.04  -0.04      T
  MONTH TO DATE    1.28                      1.19   0.09     0.56
  SINCE OCT 1      8.12                      8.92  -0.80     7.75
  SINCE JAN 1      5.84                      7.35  -1.51     6.75

SNOWFALL (IN)
  TODAY            0.0           0.0  1999   0.0    0.0      0.0
                                      2001
                                      1995
  MONTH TO DATE    0.0                       0.0    0.0      0.0
  SINCE JUN 1      0.0                       T      0.0      0.0
  SINCE JUL 1      0.0                       0.0    0.0      0.0
  SNOW DEPTH       0

DEGREE DAYS
 HEATING
  TODAY            0                         0      0        0
  MONTH TO DATE   15                        26    -11        0
  SINCE JUN 1     47                       163   -116      127
  SINCE JUL 1     15                        27    -12        0

 COOLING
  TODAY            9                         7      2       12
  MONTH TO DATE  181                       181      0      264
  SINCE JUN 1    358                       230    128      267
  SINCE JAN 1    358                       238    120      271
..................................................................


WIND (MPH)
  HIGHEST WIND SPEED    16   HIGHEST WIND DIRECTION     W (290)
  HIGHEST GUST SPEED    22   HIGHEST GUST DIRECTION    NW (300)
  AVERAGE WIND SPEED     2.6


SKY COVER
  AVERAGE SKY COVER 0.0


WEATHER CONDITIONS
 THE FOLLOWING WEATHER WAS RECORDED TODAY.
  NO SIGNIFICANT WEATHER WAS OBSERVED.


RELATIVE HUMIDITY (PERCENT)
 HIGHEST    61           600 AM
 LOWEST     10           300 PM
 AVERAGE    36

..........................................................


THE HELENA MT CLIMATE NORMALS FOR TOMORROW
                         NORMAL    RECORD    YEAR
 MAXIMUM TEMPERATURE (F)   88        99      2000
 MINIMUM TEMPERATURE (F)   55        42      1995


SUNRISE AND SUNSET
JULY 31 2015..........SUNRISE   607 AM MDT   SUNSET   901 PM MDT
AUGUST  1 2015........SUNRISE   608 AM MDT   SUNSET   859 PM MDT


-  INDICATES NEGATIVE NUMBERS.
R  INDICATES RECORD WAS SET OR TIED.
MM INDICATES DATA IS MISSING.
T  INDICATES TRACE AMOUNT.




$$
