000
CDUS45 KTFX 291015
CLIHLN


CLIMATE REPORT
NATIONAL WEATHER SERVICE GREAT FALLS MT
413 AM MDT FRI AUG 29 2014


...................................

...THE HELENA MT CLIMATE SUMMARY FOR AUGUST 28 2014...

CLIMATE NORMAL PERIOD 1981 TO 2010
CLIMATE RECORD PERIOD 1866 TO 2014


WEATHER ITEM   OBSERVED TIME   RECORD YEAR NORMAL DEPARTURE LAST
                VALUE   (LST)  VALUE       VALUE  FROM      YEAR
                                                  NORMAL
..................................................................
TEMPERATURE (F)
 YESTERDAY
  MAXIMUM         89    302 PM  97    2012  81      8       85
  MINIMUM         52    603 AM  36    1977  49      3       56
  AVERAGE         71                        65      6       71

PRECIPITATION (IN)
  YESTERDAY        0.00          0.64 1964   0.04  -0.04     0.04
  MONTH TO DATE    2.10                      1.08   1.02     1.69
  SINCE OCT 1      9.85                     10.00  -0.15    11.40
  SINCE JAN 1      8.85                      8.43   0.42     8.10

SNOWFALL (IN)
  YESTERDAY        0.0           0.0  1999   0.0    0.0      0.0
                                      1995
  MONTH TO DATE    0.0                       0.2   -0.2      0.0
  SINCE JUN 1      0.0                       0.2   -0.2      0.0
  SINCE JUL 1      0.0                       0.2   -0.2      0.0
  SNOW DEPTH       0

DEGREE DAYS
 HEATING
  YESTERDAY        0                         3     -3        0
  MONTH TO DATE   43                        31     12        3
  SINCE JUN 1    170                       194    -24      149
  SINCE JUL 1     43                        58    -15        3

 COOLING
  YESTERDAY        6                         3      3        6
  MONTH TO DATE  175                       139     36      182
  SINCE JUN 1    442                       369     73      483
  SINCE JAN 1    446                       377     69      490
..................................................................


WIND (MPH)
  HIGHEST WIND SPEED    22   HIGHEST WIND DIRECTION     N (340)
  HIGHEST GUST SPEED    29   HIGHEST GUST DIRECTION     N (340)
  AVERAGE WIND SPEED     5.3


SKY COVER
  AVERAGE SKY COVER 0.0


WEATHER CONDITIONS
 THE FOLLOWING WEATHER WAS RECORDED YESTERDAY.
  NO SIGNIFICANT WEATHER WAS OBSERVED.


RELATIVE HUMIDITY (PERCENT)
 HIGHEST    77           500 AM
 LOWEST     17           400 PM
 AVERAGE    47

..........................................................


THE HELENA MT CLIMATE NORMALS FOR TODAY
                         NORMAL    RECORD    YEAR
 MAXIMUM TEMPERATURE (F)   80        99      2005
 MINIMUM TEMPERATURE (F)   49        37      1975
                                             1907


SUNRISE AND SUNSET
AUGUST 29 2014........SUNRISE   644 AM MDT   SUNSET   813 PM MDT
AUGUST 30 2014........SUNRISE   645 AM MDT   SUNSET   811 PM MDT


-  INDICATES NEGATIVE NUMBERS.
R  INDICATES RECORD WAS SET OR TIED.
MM INDICATES DATA IS MISSING.
T  INDICATES TRACE AMOUNT.




$$
