000
CDHW40 PHFO 241245
CLIHNL


CLIMATE REPORT
NATIONAL WEATHER SERVICE HONOLULU HI
245 AM HST MON JUL 24 2017


...................................

...THE HONOLULU HI CLIMATE SUMMARY FOR JULY 23 2017...

CLIMATE NORMAL PERIOD 1981 TO 2010
CLIMATE RECORD PERIOD 1946 TO 2017


WEATHER ITEM   OBSERVED TIME   RECORD YEAR NORMAL DEPARTURE LAST
                VALUE   (LST)  VALUE       VALUE  FROM      YEAR
                                                  NORMAL
..................................................................
TEMPERATURE (F)
 YESTERDAY
  MAXIMUM         88    148 PM  92    1987  88      0       86
                                      1986
  MINIMUM         75    457 AM  66    1955  75      0       76
  AVERAGE         82                        81      1       81

PRECIPITATION (IN)
  YESTERDAY        T             0.32 1964   0.02  -0.02      T
  MONTH TO DATE    0.02                      0.35  -0.33     0.68
  SINCE JUN 1      0.55                      0.61  -0.06     0.87
  SINCE JAN 1     14.04                      8.18   5.86     4.91

SNOWFALL (IN)
  YESTERDAY        0.0
  MONTH TO DATE    0.0
  SINCE JUN 1      0.0
  SINCE JUL 1      0.0
  SNOW DEPTH      MM

DEGREE DAYS
 HEATING
  YESTERDAY        0                         0      0        0
  MONTH TO DATE    0                         0      0        0
  SINCE JUN 1      0                         0      0        0
  SINCE JUL 1      0                         0      0        0

 COOLING
  YESTERDAY       17                        16      1       16
  MONTH TO DATE  371                       368      3      387
  SINCE JUN 1    832                       824      8      817
  SINCE JAN 1   2533                      2326    207     2531
..................................................................


WIND (MPH)
  HIGHEST WIND SPEED    22   HIGHEST WIND DIRECTION    NE (50)
  HIGHEST GUST SPEED    28   HIGHEST GUST DIRECTION    NE (50)
  AVERAGE WIND SPEED    11.3


SKY COVER
  POSSIBLE SUNSHINE  MM
  AVERAGE SKY COVER  MM


WEATHER CONDITIONS
 THE FOLLOWING WEATHER WAS RECORDED YESTERDAY.
  NO SIGNIFICANT WEATHER WAS OBSERVED.


RELATIVE HUMIDITY (PERCENT)
 HIGHEST    MM
 LOWEST     MM
 AVERAGE    MM

..........................................................


THE HONOLULU HI CLIMATE NORMALS FOR TODAY
                         NORMAL    RECORD    YEAR
 MAXIMUM TEMPERATURE (F)   88        92      1992
                                             1987
 MINIMUM TEMPERATURE (F)   75        69      1959


SUNRISE AND SUNSET
JULY 24 2017..........SUNRISE   602 AM HST   SUNSET   714 PM HST
JULY 25 2017..........SUNRISE   603 AM HST   SUNSET   714 PM HST


-  INDICATES NEGATIVE NUMBERS.
R  INDICATES RECORD WAS SET OR TIED.
MM INDICATES DATA IS MISSING.
T  INDICATES TRACE AMOUNT.




$$
