000
CDHW40 PHFO 050229
CLIHNL


CLIMATE REPORT
NATIONAL WEATHER SERVICE HONOLULU HI
429 PM HST TUE AUG 4 2015


...................................

...THE HONOLULU HI CLIMATE SUMMARY FOR AUGUST 4 2015...
VALID TODAY AS OF 0400 PM LOCAL TIME.

CLIMATE NORMAL PERIOD 1981 TO 2010
CLIMATE RECORD PERIOD 1946 TO 2015


WEATHER ITEM   OBSERVED TIME   RECORD YEAR NORMAL DEPARTURE LAST
                VALUE   (LST)  VALUE       VALUE  FROM      YEAR
                                                  NORMAL
..................................................................
TEMPERATURE (F)
 TODAY
  MAXIMUM         92    259 PM  93    1996  88      4       89
  MINIMUM         73    706 AM  68    1972  75     -2       79
  AVERAGE         83                        82      1       84

PRECIPITATION (IN)
  TODAY            0.00          2.92 2004   0.02  -0.02      T
  MONTH TO DATE    T                         0.09  -0.09      T
  SINCE JUN 1      0.66                      0.86  -0.20     1.70
  SINCE JAN 1      3.65                      8.43  -4.78    11.67

SNOWFALL (IN)
  TODAY            0.0
  MONTH TO DATE    0.0
  SINCE JUN 1      0.0
  SINCE JUL 1      0.0
  SNOW DEPTH       0

DEGREE DAYS
 HEATING
  TODAY            0                         0      0        0
  MONTH TO DATE    0                         0      0        0
  SINCE JUN 1      0                         0      0        0
  SINCE JUL 1      0                         0      0        0

 COOLING
  TODAY           18                        17      1       19
  MONTH TO DATE   76                        68      8       76
  SINCE JUN 1   1131                      1026    105     1079
  SINCE JAN 1   2606                      2528     78     2688
..................................................................


WIND (MPH)
  HIGHEST WIND SPEED    17   HIGHEST WIND DIRECTION    NE (50)
  HIGHEST GUST SPEED    23   HIGHEST GUST DIRECTION    NE (50)
  AVERAGE WIND SPEED     6.8


SKY COVER
  POSSIBLE SUNSHINE  MM
  AVERAGE SKY COVER 0.4


WEATHER CONDITIONS
 THE FOLLOWING WEATHER WAS RECORDED TODAY.
  NO SIGNIFICANT WEATHER WAS OBSERVED.


RELATIVE HUMIDITY (PERCENT)
 HIGHEST    82           300 AM
 LOWEST     47           200 PM
 AVERAGE    65

..........................................................


THE HONOLULU HI CLIMATE NORMALS FOR TOMORROW
                         NORMAL    RECORD    YEAR
 MAXIMUM TEMPERATURE (F)   88        92      1986
 MINIMUM TEMPERATURE (F)   75        70      1972


SUNRISE AND SUNSET
AUGUST  4 2015........SUNRISE   606 AM HST   SUNSET   709 PM HST
AUGUST  5 2015........SUNRISE   607 AM HST   SUNSET   709 PM HST


-  INDICATES NEGATIVE NUMBERS.
R  INDICATES RECORD WAS SET OR TIED.
MM INDICATES DATA IS MISSING.
T  INDICATES TRACE AMOUNT.




$$
