000
CDHW40 PHFO 250238
CLIHNL


CLIMATE REPORT
NATIONAL WEATHER SERVICE HONOLULU HI
438 PM HST SUN MAY 24 2015


...................................

...THE HONOLULU HI CLIMATE SUMMARY FOR MAY 24 2015...
VALID TODAY AS OF 0400 PM LOCAL TIME.

CLIMATE NORMAL PERIOD 1981 TO 2010
CLIMATE RECORD PERIOD 1946 TO 2015


WEATHER ITEM   OBSERVED TIME   RECORD YEAR NORMAL DEPARTURE LAST
                VALUE   (LST)  VALUE       VALUE  FROM      YEAR
                                                  NORMAL
..................................................................
TEMPERATURE (F)
 TODAY
  MAXIMUM         82    110 PM  90    1979  85     -3       81
  MINIMUM         71    617 AM  65    1975  72     -1       72
                                      1959
  AVERAGE         77                        78     -1       77

PRECIPITATION (IN)
  TODAY            0.00          1.10 2014   0.01  -0.01     1.10
  MONTH TO DATE    0.15                      0.51  -0.36     1.40
  SINCE MAR 1      1.14                      3.16  -2.02     4.34
  SINCE JAN 1      2.94                      7.46  -4.52     8.02

SNOWFALL (IN)
  TODAY            0.0
  MONTH TO DATE    0.0
  SINCE MAR 1      0.0
  SINCE JUL 1      0.0
  SNOW DEPTH       0

DEGREE DAYS
 HEATING
  TODAY            0                         0      0        0
  MONTH TO DATE    0                         0      0        0
  SINCE MAR 1      0                         0      0        0
  SINCE JUL 1      0                         0      0        0

 COOLING
  TODAY           12                        13     -1       12
  MONTH TO DATE  262                       298    -36      315
  SINCE MAR 1    878                       923    -45      990
  SINCE JAN 1   1388                      1405    -17     1509
..................................................................


WIND (MPH)
  HIGHEST WIND SPEED    18   HIGHEST WIND DIRECTION    NE (40)
  HIGHEST GUST SPEED    31   HIGHEST GUST DIRECTION     N (360)
  AVERAGE WIND SPEED     6.7


SKY COVER
  POSSIBLE SUNSHINE  MM
  AVERAGE SKY COVER 0.7


WEATHER CONDITIONS
 THE FOLLOWING WEATHER WAS RECORDED TODAY.
  NO SIGNIFICANT WEATHER WAS OBSERVED.


RELATIVE HUMIDITY (PERCENT)
 HIGHEST    68           100 AM
 LOWEST     45           100 PM
 AVERAGE    57

..........................................................


THE HONOLULU HI CLIMATE NORMALS FOR TOMORROW
                         NORMAL    RECORD    YEAR
 MAXIMUM TEMPERATURE (F)   85        89      2005
                                             1996
                                             1992
 MINIMUM TEMPERATURE (F)   72        66      1974
                                             1959


SUNRISE AND SUNSET
MAY 24 2015...........SUNRISE   551 AM HST   SUNSET   707 PM HST
MAY 25 2015...........SUNRISE   550 AM HST   SUNSET   707 PM HST


-  INDICATES NEGATIVE NUMBERS.
R  INDICATES RECORD WAS SET OR TIED.
MM INDICATES DATA IS MISSING.
T  INDICATES TRACE AMOUNT.




$$
