000
CDHW40 PHFO 310245
CLIHNL


CLIMATE REPORT
NATIONAL WEATHER SERVICE HONOLULU HI
445 PM HST SAT AUG 30 2014


...................................

...THE HONOLULU HI CLIMATE SUMMARY FOR AUGUST 30 2014...
VALID TODAY AS OF 0400 PM LOCAL TIME.

CLIMATE NORMAL PERIOD 1981 TO 2010
CLIMATE RECORD PERIOD 1946 TO 2014


WEATHER ITEM   OBSERVED TIME   RECORD YEAR NORMAL DEPARTURE LAST
                VALUE   (LST)  VALUE       VALUE  FROM      YEAR
                                                  NORMAL
..................................................................
TEMPERATURE (F)
 TODAY
  MAXIMUM         89    311 PM  93    1997  89      0       89
  MINIMUM         76    426 AM  68    1987  75      1       73
  AVERAGE         83                        82      1       81

PRECIPITATION (IN)
  TODAY            0.00          0.28 1956   0.02  -0.02      T
                                      1951
  MONTH TO DATE    0.56                      0.54   0.02     0.10
  SINCE JUN 1      2.26                      1.31   0.95     0.62
  SINCE JAN 1     12.23                      8.88   3.35     9.08

SNOWFALL (IN)
  TODAY            0.0
  MONTH TO DATE    0.0
  SINCE JUN 1      0.0
  SINCE JUL 1      0.0
  SNOW DEPTH       0

DEGREE DAYS
 HEATING
  TODAY            0                         0      0        0
  MONTH TO DATE    0                         0      0        0
  SINCE JUN 1      0                         0      0        0
  SINCE JUL 1      0                         0      0        0

 COOLING
  TODAY           18                        17      1       16
  MONTH TO DATE  530                       510     20      492
  SINCE JUN 1   1533                      1468     65     1384
  SINCE JAN 1   3142                      2970    172     2844
..................................................................


WIND (MPH)
  HIGHEST WIND SPEED    16   HIGHEST WIND DIRECTION     E (70)
  HIGHEST GUST SPEED    23   HIGHEST GUST DIRECTION    NE (60)
  AVERAGE WIND SPEED     6.7


SKY COVER
  POSSIBLE SUNSHINE  MM
  AVERAGE SKY COVER 0.5


WEATHER CONDITIONS
 THE FOLLOWING WEATHER WAS RECORDED TODAY.
  NO SIGNIFICANT WEATHER WAS OBSERVED.


RELATIVE HUMIDITY (PERCENT)
 HIGHEST    79           200 AM
 LOWEST     40           100 PM
 AVERAGE    60

..........................................................


THE HONOLULU HI CLIMATE NORMALS FOR TOMORROW
                         NORMAL    RECORD    YEAR
 MAXIMUM TEMPERATURE (F)   89        93      1984
 MINIMUM TEMPERATURE (F)   75        69      1987


SUNRISE AND SUNSET
AUGUST 30 2014........SUNRISE   615 AM HST   SUNSET   649 PM HST
AUGUST 31 2014........SUNRISE   615 AM HST   SUNSET   649 PM HST


-  INDICATES NEGATIVE NUMBERS.
R  INDICATES RECORD WAS SET OR TIED.
MM INDICATES DATA IS MISSING.
T  INDICATES TRACE AMOUNT.




$$
