000
CDHW40 PHFO 240226
CLIHNL


CLIMATE REPORT
NATIONAL WEATHER SERVICE HONOLULU HI
426 PM HST TUE SEP 23 2014


...................................

...THE HONOLULU HI CLIMATE SUMMARY FOR SEPTEMBER 23 2014...
VALID TODAY AS OF 0400 PM LOCAL TIME.

CLIMATE NORMAL PERIOD 1981 TO 2010
CLIMATE RECORD PERIOD 1946 TO 2014


WEATHER ITEM   OBSERVED TIME   RECORD YEAR NORMAL DEPARTURE LAST
                VALUE   (LST)  VALUE       VALUE  FROM      YEAR
                                                  NORMAL
..................................................................
TEMPERATURE (F)
 TODAY
  MAXIMUM         91    241 PM  93    1995  88      3       88
  MINIMUM         79    717 AM  67    1950  74      5       73
  AVERAGE         85                        81      4       81

PRECIPITATION (IN)
  TODAY            T             0.78 1985   0.03  -0.03      T
  MONTH TO DATE    0.23                      0.50  -0.27     0.59
  SINCE SEP 1      0.23                      0.50  -0.27     0.59
  SINCE JAN 1     12.46                      9.40   3.06     9.67

SNOWFALL (IN)
  TODAY            0.0
  MONTH TO DATE    0.0
  SINCE SEP 1      0.0
  SINCE JUL 1      0.0
  SNOW DEPTH       0

DEGREE DAYS
 HEATING
  TODAY            0                         0      0        0
  MONTH TO DATE    0                         0      0        0
  SINCE SEP 1      0                         0      0        0
  SINCE JUL 1      0                         0      0        0

 COOLING
  TODAY           20                        16      4       16
  MONTH TO DATE  415                       384     31      374
  SINCE SEP 1    415                       384     31      374
  SINCE JAN 1   3573                      3368    205     3234
..................................................................


WIND (MPH)
  HIGHEST WIND SPEED    24   HIGHEST WIND DIRECTION     E (70)
  HIGHEST GUST SPEED    32   HIGHEST GUST DIRECTION     E (80)
  AVERAGE WIND SPEED    13.4


SKY COVER
  POSSIBLE SUNSHINE  MM
  AVERAGE SKY COVER 0.5


WEATHER CONDITIONS
 THE FOLLOWING WEATHER WAS RECORDED TODAY.
  NO SIGNIFICANT WEATHER WAS OBSERVED.


RELATIVE HUMIDITY (PERCENT)
 HIGHEST    69           400 AM
 LOWEST     36           100 PM
 AVERAGE    53

..........................................................


THE HONOLULU HI CLIMATE NORMALS FOR TOMORROW
                         NORMAL    RECORD    YEAR
 MAXIMUM TEMPERATURE (F)   88        93      1966
 MINIMUM TEMPERATURE (F)   74        68      1955
                                             1893


SUNRISE AND SUNSET
SEPTEMBER 23 2014.....SUNRISE   621 AM HST   SUNSET   627 PM HST
SEPTEMBER 24 2014.....SUNRISE   621 AM HST   SUNSET   626 PM HST


-  INDICATES NEGATIVE NUMBERS.
R  INDICATES RECORD WAS SET OR TIED.
MM INDICATES DATA IS MISSING.
T  INDICATES TRACE AMOUNT.




$$
