000
CDUS44 KHGX 281336
CLIHOU

CLIMATE REPORT
NATIONAL WEATHER SERVICE HOUSTON/GALVESTON TX
836 AM CDT THU AUG 28 2014


...MORNING CLIMATE DATA...

                            MORNING LOW    PRECIP SINCE MIDNIGHT
HOUSTON INTERCONTINENTAL         76                0.00
GALVESTON SCHOLES FIELD          75                1.85
BRYAN/COLLEGE STATION            75                0.00
HOUSTON HOBBY                    77                0.01
...................................


...THE HOUSTON INTERCONTINENTAL CLIMATE SUMMARY FOR AUGUST 27 2014...

CLIMATE NORMAL PERIOD 1981 TO 2010
CLIMATE RECORD PERIOD 1892 TO 2014


WEATHER ITEM   OBSERVED TIME   RECORD YEAR NORMAL DEPARTURE LAST
                VALUE   (LST)  VALUE       VALUE  FROM      YEAR
                                                  NORMAL
..................................................................
TEMPERATURE (F)
 YESTERDAY
  MAXIMUM         94   1200 PM 109    2011  94      0       92
  MINIMUM         75   1100 PM  59    1891  74      1       73
  AVERAGE         85                        84      1       83

PRECIPITATION (IN)
  YESTERDAY        0.00          8.32 1945   0.14  -0.14     0.00
  MONTH TO DATE    0.39                      3.16  -2.77     3.33
  SINCE JUN 1      7.97                     12.88  -4.91    11.88
  SINCE JAN 1     27.04                     31.27  -4.23    21.20

DEGREE DAYS
 COOLING
  YESTERDAY       20                        19      1       18
  MONTH TO DATE  545                       535     10      552
  SINCE JUN 1   1666                      1656     10     1739
  SINCE JAN 1   2207                      2308   -101     2309
..................................................................


WIND (MPH)
  HIGHEST WIND SPEED    21   HIGHEST WIND DIRECTION    SE (140)
  HIGHEST GUST SPEED    18   HIGHEST GUST DIRECTION    NE (60)




RELATIVE HUMIDITY (PERCENT)
 HIGHEST    94
 LOWEST     46
 AVERAGE    70

..........................................................


THE HOUSTON INTERCONTINENTAL CLIMATE NORMALS FOR TODAY
                         NORMAL    RECORD    YEAR
 MAXIMUM TEMPERATURE (F)   94       107      2011
 MINIMUM TEMPERATURE (F)   74        63      1992


SUNRISE AND SUNSET
AUGUST 28 2014........SUNRISE   656 AM CDT   SUNSET   748 PM CDT
AUGUST 29 2014........SUNRISE   657 AM CDT   SUNSET   747 PM CDT


-  INDICATES NEGATIVE NUMBERS.
R  INDICATES RECORD WAS SET OR TIED.
MM INDICATES DATA IS MISSING.
T  INDICATES TRACE AMOUNT.




...................................

...THE HOUSTON/HOBBY AIRPORT CLIMATE SUMMARY FOR AUGUST 27 2014...

CLIMATE NORMAL PERIOD 1981 TO 2010
CLIMATE RECORD PERIOD 1930 TO 2014


WEATHER ITEM   OBSERVED TIME   RECORD YEAR NORMAL DEPARTURE LAST
                VALUE   (LST)  VALUE       VALUE  FROM      YEAR
                                                  NORMAL
..................................................................
TEMPERATURE (F)
 YESTERDAY
  MAXIMUM         92    149 PM 106    2011  92      0       92
  MINIMUM         79    634 AM  65    1930  75      4       75
  AVERAGE         86                        84      2       84

PRECIPITATION (IN)
  YESTERDAY        0.00         14.58 1945   0.20  -0.20     0.00
  MONTH TO DATE    1.74                      4.27  -2.53     1.47
  SINCE JUN 1      5.98                     16.03 -10.05     4.41
  SINCE JAN 1     22.82                     34.31 -11.49    22.87

DEGREE DAYS
 COOLING
  YESTERDAY       21                        19      2       19
  MONTH TO DATE  561                       513     48      549
  SINCE JUN 1   1685                      1606     79     1772
  SINCE JAN 1   2236                      2260    -24     2342
..................................................................


WIND (MPH)
  HIGHEST WIND SPEED    20   HIGHEST WIND DIRECTION    NE (40)
  HIGHEST GUST SPEED    28   HIGHEST GUST DIRECTION     E (80)




RELATIVE HUMIDITY (PERCENT)
 HIGHEST    85
 LOWEST     52
 AVERAGE    69

..........................................................


THE HOUSTON/HOBBY AIRPORT CLIMATE NORMALS FOR TODAY
                         NORMAL    RECORD    YEAR
 MAXIMUM TEMPERATURE (F)   92       103      2011
 MINIMUM TEMPERATURE (F)   75        65      1930


SUNRISE AND SUNSET
AUGUST 28 2014........SUNRISE   656 AM CDT   SUNSET   748 PM CDT
AUGUST 29 2014........SUNRISE   657 AM CDT   SUNSET   747 PM CDT


-  INDICATES NEGATIVE NUMBERS.
R  INDICATES RECORD WAS SET OR TIED.
MM INDICATES DATA IS MISSING.
T  INDICATES TRACE AMOUNT.


...MISCELLANEOUS CLIMATE DATA FOR YESTERDAY...

LOCATION                        HIGH    LOW     PRECIP

PEARLAND                         92      79      0.10
SUGAR LAND                       94      75      0.31
TOMBALL                          97      73      0.00
CONROE                           95      69      0.00
HUNTSVILLE                       95      71      0.00
ANGLETON/LAKE JACKSON            90      74      0.03
PALACIOS                         92      76       T
LEAGUE CITY (NWS)                88      79      0.02


THIS PRODUCT...ALONG WITH OTHER WEATHER...HYDROLOGIC...AND CLIMATE
PRODUCTS...IS AVAILABLE ON THE WEB AT HTTP://WWW.SRH.NOAA.GOV/HGX
OR AT HTTP://WEATHER.GOV



$$
