000
CDUS44 KHGX 291355
CLIHOU

CLIMATE REPORT
NATIONAL WEATHER SERVICE HOUSTON/GALVESTON TX
820 AM CDT TUE JUL 29 2014


...MORNING CLIMATE DATA...

                            MORNING LOW    PRECIP SINCE MIDNIGHT
HOUSTON INTERCONTINENTAL         79                0.00
GALVESTON SCHOLES FIELD          81                0.00
BRYAN/COLLEGE STATION            76                0.00
HOUSTON HOBBY                    80                0.00

...................................


...THE HOUSTON INTERCONTINENTAL CLIMATE SUMMARY FOR JULY 28 2014...

CLIMATE NORMAL PERIOD 1981 TO 2010
CLIMATE RECORD PERIOD 1892 TO 2014


WEATHER ITEM   OBSERVED TIME   RECORD YEAR NORMAL DEPARTURE LAST
                VALUE   (LST)  VALUE       VALUE  FROM      YEAR
                                                  NORMAL
..................................................................
TEMPERATURE (F)
 YESTERDAY
  MAXIMUM         99    422 PM 103    1995  95      4       93
  MINIMUM         77    417 AM  66    1891  75      2       75
  AVERAGE         88                        85      3       84

PRECIPITATION (IN)
  YESTERDAY        0.00          2.52 1904   0.10  -0.10     0.11
  MONTH TO DATE    1.46                      3.51  -2.05     4.09
  SINCE JUN 1      3.64                      9.44  -5.80     8.55
  SINCE JAN 1     22.71                     27.83  -5.12    17.87

DEGREE DAYS
 COOLING
  YESTERDAY       23                        20      3       19
  MONTH TO DATE  533                       542     -9      533
  SINCE JUN 1   1066                      1062      4     1124
  SINCE JAN 1   1607                      1714   -107     1694
..................................................................


WIND (MPH)
  HIGHEST WIND SPEED    13   HIGHEST WIND DIRECTION     S (170)
  HIGHEST GUST SPEED    20   HIGHEST GUST DIRECTION    NW (300)




RELATIVE HUMIDITY (PERCENT)
 HIGHEST    91
 LOWEST     33
 AVERAGE    62

..........................................................


THE HOUSTON INTERCONTINENTAL CLIMATE NORMALS FOR TODAY
                         NORMAL    RECORD    YEAR
 MAXIMUM TEMPERATURE (F)   95       101      1907
 MINIMUM TEMPERATURE (F)   75        64      1994


SUNRISE AND SUNSET
JULY 29 2014..........SUNRISE   639 AM CDT   SUNSET   817 PM CDT
JULY 30 2014..........SUNRISE   639 AM CDT   SUNSET   816 PM CDT


-  INDICATES NEGATIVE NUMBERS.
R  INDICATES RECORD WAS SET OR TIED.
MM INDICATES DATA IS MISSING.
T  INDICATES TRACE AMOUNT.




...................................

...THE HOUSTON/HOBBY AIRPORT CLIMATE SUMMARY FOR JULY 28 2014...

CLIMATE NORMAL PERIOD 1981 TO 2010
CLIMATE RECORD PERIOD 1930 TO 2014


WEATHER ITEM   OBSERVED TIME   RECORD YEAR NORMAL DEPARTURE LAST
                VALUE   (LST)  VALUE       VALUE  FROM      YEAR
                                                  NORMAL
..................................................................
TEMPERATURE (F)
 YESTERDAY
  MAXIMUM         97    509 PM 101    1999  93      4       94
  MINIMUM         76    556 AM  71    1994  76      0       78
                                      1980
                                      1942
  AVERAGE         87                        84      3       86

PRECIPITATION (IN)
  YESTERDAY        0.00          1.55 1943   0.12  -0.12     0.03
  MONTH TO DATE    1.12                      4.30  -3.18     1.58
  SINCE JUN 1      4.10                     11.40  -7.30     2.94
  SINCE JAN 1     20.94                     29.68  -8.74    21.40

DEGREE DAYS
 COOLING
  YESTERDAY       22                        19      3       21
  MONTH TO DATE  534                       526      8      558
  SINCE JUN 1   1063                      1036     27     1160
  SINCE JAN 1   1614                      1690    -76     1730
..................................................................


WIND (MPH)
  HIGHEST WIND SPEED    13   HIGHEST WIND DIRECTION     S (190)
  HIGHEST GUST SPEED    17   HIGHEST GUST DIRECTION     S (200)




RELATIVE HUMIDITY (PERCENT)
 HIGHEST    94
 LOWEST     38
 AVERAGE    66

..........................................................


THE HOUSTON/HOBBY AIRPORT CLIMATE NORMALS FOR TODAY
                         NORMAL    RECORD    YEAR
 MAXIMUM TEMPERATURE (F)   93       100      1944
 MINIMUM TEMPERATURE (F)   76        68      1994


SUNRISE AND SUNSET
JULY 29 2014..........SUNRISE   639 AM CDT   SUNSET   816 PM CDT
JULY 30 2014..........SUNRISE   640 AM CDT   SUNSET   815 PM CDT


-  INDICATES NEGATIVE NUMBERS.
R  INDICATES RECORD WAS SET OR TIED.
MM INDICATES DATA IS MISSING.
T  INDICATES TRACE AMOUNT.

..........................................................

...MISCELLANEOUS CLIMATE DATA FOR YESTERDAY...

LOCATION                        HIGH    LOW     PRECIP

PEARLAND                         97      76      0.00
SUGAR LAND                       98      74      0.00
TOMBALL                          96      74      0.00
CONROE                           96      76      0.00
HUNTSVILLE                       95      76      0.00
ANGLETON/LAKE JACKSON            94      70       T
PALACIOS                         92      82      0.00
LEAGUE CITY (NWS)                97      76      0.00


THIS PRODUCT...ALONG WITH OTHER WEATHER...HYDROLOGIC...AND CLIMATE
PRODUCTS...IS AVAILABLE ON THE WEB AT HTTP://WWW.SRH.NOAA.GOV/HGX
OR AT HTTP://WEATHER.GOV

$$
