000
CDUS44 KHGX 200821
CLIHOU


CLIMATE REPORT
NATIONAL WEATHER SERVICE HOUSTON/GALVESTON TX
220 AM CST SAT JAN 20 2018


...................................

...THE HOUSTON INTERCONTINENTAL CLIMATE SUMMARY FOR JANUARY 19 2018...

CLIMATE NORMAL PERIOD 1981 TO 2010
CLIMATE RECORD PERIOD 1892 TO 2018


WEATHER ITEM   OBSERVED TIME   RECORD YEAR NORMAL DEPARTURE LAST
                VALUE   (LST)  VALUE       VALUE  FROM      YEAR
                                                  NORMAL
..................................................................
TEMPERATURE (F)
 YESTERDAY
  MAXIMUM         57    300 PM  81    2000  63     -6       64
  MINIMUM         34    326 AM  10    1940  43     -9       55
  AVERAGE         46                        53     -7       60

PRECIPITATION (IN)
  YESTERDAY        0.02          2.00 1898   0.11  -0.09     0.43
  MONTH TO DATE    1.67                      2.03  -0.36     5.09
  SINCE DEC 1      5.39                      5.77  -0.38     8.65
  SINCE JAN 1      1.67                      2.03  -0.36     5.09

SNOWFALL (IN)
  YESTERDAY       MM             0.0  2002
  MONTH TO DATE    0.1
  SINCE DEC 1      0.8
  SINCE JUL 1      0.8

DEGREE DAYS
 HEATING
  YESTERDAY       19                        12      7        5
  MONTH TO DATE  398                       246    152      143
  SINCE DEC 1    762                       600    162      402
  SINCE JUL 1    873                       785     88      460
..................................................................


WIND (MPH)
  HIGHEST WIND SPEED    17   HIGHEST WIND DIRECTION    SE (140)
  HIGHEST GUST SPEED    23   HIGHEST GUST DIRECTION    SE (130)




RELATIVE HUMIDITY (PERCENT)
 HIGHEST   100
 LOWEST     52
 AVERAGE    76

..........................................................


THE HOUSTON INTERCONTINENTAL CLIMATE NORMALS FOR TODAY
                         NORMAL    RECORD    YEAR
 MAXIMUM TEMPERATURE (F)   63        81      2012
 MINIMUM TEMPERATURE (F)   43        20      1985
                                             1892


SUNRISE AND SUNSET
JANUARY 20 2018.......SUNRISE   717 AM CST   SUNSET   548 PM CST
JANUARY 21 2018.......SUNRISE   717 AM CST   SUNSET   549 PM CST


-  INDICATES NEGATIVE NUMBERS.
R  INDICATES RECORD WAS SET OR TIED.
MM INDICATES DATA IS MISSING.
T  INDICATES TRACE AMOUNT.


&&

...................................

...THE HOUSTON/HOBBY AIRPORT CLIMATE SUMMARY FOR JANUARY 19 2018...

CLIMATE NORMAL PERIOD 1981 TO 2010
CLIMATE RECORD PERIOD 1930 TO 2018


WEATHER ITEM   OBSERVED TIME   RECORD YEAR NORMAL DEPARTURE LAST
                VALUE   (LST)  VALUE       VALUE  FROM      YEAR
                                                  NORMAL
..................................................................
TEMPERATURE (F)
 YESTERDAY
  MAXIMUM         52   1159 PM  81    2000  63    -11       68
  MINIMUM         37    256 AM  12    1940  45     -8       56
  AVERAGE         45                        54     -9       62

PRECIPITATION (IN)
  YESTERDAY        0.24          3.41 1968   0.13   0.11     0.58
  MONTH TO DATE    1.93                      2.32  -0.39     2.60
  SINCE DEC 1      6.59                      6.35   0.24     6.29
  SINCE JAN 1      1.93                      2.32  -0.39     2.60

SNOWFALL (IN)
  YESTERDAY       MM            MM      MM
  MONTH TO DATE    T
  SINCE DEC 1      1.5
  SINCE JUL 1      1.5

DEGREE DAYS
 HEATING
  YESTERDAY       20                        11      9        3
  MONTH TO DATE  387                       227    160      126
  SINCE DEC 1    739                       547    192      338
  SINCE JUL 1    820                       703    117      375
..................................................................


WIND (MPH)
  HIGHEST WIND SPEED    15   HIGHEST WIND DIRECTION     E (100)
  HIGHEST GUST SPEED    20   HIGHEST GUST DIRECTION     E (100)




RELATIVE HUMIDITY (PERCENT)
 HIGHEST   100
 LOWEST     59
 AVERAGE    80

..........................................................


THE HOUSTON/HOBBY AIRPORT CLIMATE NORMALS FOR TODAY
                         NORMAL    RECORD    YEAR
 MAXIMUM TEMPERATURE (F)   63        82      1972
 MINIMUM TEMPERATURE (F)   45        19      1989


SUNRISE AND SUNSET
JANUARY 20 2018.......SUNRISE   716 AM CST   SUNSET   549 PM CST
JANUARY 21 2018.......SUNRISE   716 AM CST   SUNSET   550 PM CST


-  INDICATES NEGATIVE NUMBERS.
R  INDICATES RECORD WAS SET OR TIED.
MM INDICATES DATA IS MISSING.
T  INDICATES TRACE AMOUNT.




$$
