000
CDUS44 KHGX 211418
CLIHOU

CLIMATE REPORT
NATIONAL WEATHER SERVICE HOUSTON/GALVESTON TX
815 AM CST FRI NOV 21 2014


...MORNING CLIMATE DATA...

                            MORNING LOW    PRECIP SINCE MIDNIGHT
HOUSTON INTERCONTINENTAL         61                0.09
GALVESTON SCHOLES FIELD          64                0.05
BRYAN/COLLEGE STATION            60                 T
HOUSTON HOBBY                    63                0.19

...................................

...THE HOUSTON INTERCONTINENTAL CLIMATE SUMMARY FOR NOVEMBER 20 2014...

CLIMATE NORMAL PERIOD 1981 TO 2010
CLIMATE RECORD PERIOD 1892 TO 2014


WEATHER ITEM   OBSERVED TIME   RECORD YEAR NORMAL DEPARTURE LAST
                VALUE   (LST)  VALUE       VALUE  FROM      YEAR
                                                  NORMAL
..................................................................
TEMPERATURE (F)
 YESTERDAY
  MAXIMUM         76   1259 PM  84    2011  71      5       73
                                      1977
  MINIMUM         46    257 AM  27    1969  51     -5       48
  AVERAGE         61                        61      0       61

PRECIPITATION (IN)
  YESTERDAY        0.04          1.85 1907   0.13  -0.09     0.00
  MONTH TO DATE    2.49                      2.94  -0.45     0.21
  SINCE SEP 1      9.32                     12.76  -3.44    12.38
  SINCE JAN 1     37.21                     44.63  -7.42    33.58

SNOWFALL (IN)
  YESTERDAY       MM             0.0  2002
                                      2001
  MONTH TO DATE    0.0
  SINCE SEP 1      0.0
  SINCE JUL 1      0.0

DEGREE DAYS
 HEATING
  YESTERDAY        4                         6     -2        4
  MONTH TO DATE  198                        81    117       80
  SINCE SEP 1    198                       111     87       88
  SINCE JUL 1    198                       111     87       88
..................................................................


WIND (MPH)
  HIGHEST WIND SPEED    20   HIGHEST WIND DIRECTION    SE (150)
  HIGHEST GUST SPEED    25   HIGHEST GUST DIRECTION    SE (130)




RELATIVE HUMIDITY (PERCENT)
 HIGHEST   100
 LOWEST     53
 AVERAGE    77

..........................................................


THE HOUSTON INTERCONTINENTAL CLIMATE NORMALS FOR TODAY
                         NORMAL    RECORD    YEAR
 MAXIMUM TEMPERATURE (F)   71        84      2007
                                             1999
 MINIMUM TEMPERATURE (F)   50        29      1937


SUNRISE AND SUNSET
NOVEMBER 21 2014......SUNRISE   651 AM CST   SUNSET   523 PM CST
NOVEMBER 22 2014......SUNRISE   652 AM CST   SUNSET   523 PM CST


-  INDICATES NEGATIVE NUMBERS.
R  INDICATES RECORD WAS SET OR TIED.
MM INDICATES DATA IS MISSING.
T  INDICATES TRACE AMOUNT.




...................................

...THE HOUSTON/HOBBY AIRPORT CLIMATE SUMMARY FOR NOVEMBER 20 2014...

CLIMATE NORMAL PERIOD 1981 TO 2010
CLIMATE RECORD PERIOD 1930 TO 2014


WEATHER ITEM   OBSERVED TIME   RECORD YEAR NORMAL DEPARTURE LAST
                VALUE   (LST)  VALUE       VALUE  FROM      YEAR
                                                  NORMAL
..................................................................
TEMPERATURE (F)
 YESTERDAY
  MAXIMUM         74    223 PM  84    1965  71      3       72
  MINIMUM         50    641 AM  28    1937  52     -2       54
  AVERAGE         62                        62      0       63

PRECIPITATION (IN)
  YESTERDAY        0.07          1.33 1992   0.14  -0.07      T
  MONTH TO DATE    1.60                      2.94  -1.34     0.33
  SINCE SEP 1      9.15                     14.14  -4.99    16.07
  SINCE JAN 1     33.68                     49.24 -15.56    38.94

SNOWFALL (IN)
  YESTERDAY        0.0          MM      MM
  MONTH TO DATE    0.0
  SINCE SEP 1      0.0
  SINCE JUL 1      0.0

DEGREE DAYS
 HEATING
  YESTERDAY        3                         5     -2        2
  MONTH TO DATE  175                        69    106       62
  SINCE SEP 1    175                        90     85       65
  SINCE JUL 1    175                        90     85       65
..................................................................


WIND (MPH)
  HIGHEST WIND SPEED    16   HIGHEST WIND DIRECTION    SE (140)
  HIGHEST GUST SPEED    22   HIGHEST GUST DIRECTION     S (160)




RELATIVE HUMIDITY (PERCENT)
 HIGHEST   100
 LOWEST     53
 AVERAGE    77

..........................................................


THE HOUSTON/HOBBY AIRPORT CLIMATE NORMALS FOR TODAY
                         NORMAL    RECORD    YEAR
 MAXIMUM TEMPERATURE (F)   71        84      2007
                                             1965
                                             1933
 MINIMUM TEMPERATURE (F)   52        28      1937


SUNRISE AND SUNSET
NOVEMBER 21 2014......SUNRISE   651 AM CST   SUNSET   523 PM CST
NOVEMBER 22 2014......SUNRISE   651 AM CST   SUNSET   523 PM CST


-  INDICATES NEGATIVE NUMBERS.
R  INDICATES RECORD WAS SET OR TIED.
MM INDICATES DATA IS MISSING.
T  INDICATES TRACE AMOUNT.
............................................................

...MISCELLANEOUS CLIMATE DATA FOR YESTERDAY...

LOCATION                        HIGH    LOW     PRECIP
PEARLAND                         74      50      0.08
SUGAR LAND                       74      48      0.08
TOMBALL                          75      43      0.13
CONROE                           76      46      0.05
HUNTSVILLE                       73      47      0.05
ANGLETON/LAKE JACKSON            73      47      0.11
PALACIOS                         73      54      0.16
LEAGUE CITY (NWS)                74      49      0.04


THIS PRODUCT...ALONG WITH OTHER WEATHER...HYDROLOGIC...AND CLIMATE
PRODUCTS...IS AVAILABLE ON THE WEB AT HTTP://WWW.SRH.NOAA.GOV/HGX
OR AT HTTP://WEATHER.GOV


$$
