000
CDUS44 KHGX 191408
CLIHOU

CLIMATE REPORT
NATIONAL WEATHER SERVICE HOUSTON/GALVESTON TX
810 AM CST SUN FEB 19 2017


...MORNING CLIMATE DATA...

                            MORNING LOW    PRECIP SINCE MIDNIGHT
HOUSTON INTERCONTINENTAL         68                 T
GALVESTON SCHOLES FIELD          69                0.00
BRYAN/COLLEGE STATION            68                0.00
HOUSTON HOBBY                    68                0.01
...................................

...THE HOUSTON INTERCONTINENTAL CLIMATE SUMMARY FOR FEBRUARY 18 2017...

CLIMATE NORMAL PERIOD 1981 TO 2010
CLIMATE RECORD PERIOD 1892 TO 2017


WEATHER ITEM   OBSERVED TIME   RECORD YEAR NORMAL DEPARTURE LAST
                VALUE   (LST)  VALUE       VALUE  FROM      YEAR
                                                  NORMAL
..................................................................
TEMPERATURE (F)
 YESTERDAY
  MAXIMUM         84    352 PM  87    1986  67     17       77
  MINIMUM         53   1259 AM  19    1936  47      6       42
                                      1900
  AVERAGE         69                        57     12       60

PRECIPITATION (IN)
  YESTERDAY        0.00          2.09 1938   0.13  -0.13     0.00
  MONTH TO DATE    1.02                      2.04  -1.02     0.15
  SINCE DEC 1     10.67                      9.16   1.51     7.52
  SINCE JAN 1      7.11                      5.42   1.69     2.31

SNOWFALL (IN)
  YESTERDAY        0.0           0.0  2002
  MONTH TO DATE    0.0
  SINCE DEC 1      0.0
  SINCE JUL 1      0.0

DEGREE DAYS
 HEATING
  YESTERDAY        0                         9     -9        5
  MONTH TO DATE   59                       185   -126      137
  SINCE DEC 1    530                       924   -394      747
  SINCE JUL 1    588                      1109   -521      860
..................................................................


WIND (MPH)
  HIGHEST WIND SPEED    16   HIGHEST WIND DIRECTION     S (160)
  HIGHEST GUST SPEED    22   HIGHEST GUST DIRECTION     S (180)




RELATIVE HUMIDITY (PERCENT)
 HIGHEST   100
 LOWEST     42
 AVERAGE    71

..........................................................


THE HOUSTON INTERCONTINENTAL CLIMATE NORMALS FOR TODAY
                         NORMAL    RECORD    YEAR
 MAXIMUM TEMPERATURE (F)   67        88      1986
 MINIMUM TEMPERATURE (F)   47        20      1900


SUNRISE AND SUNSET
FEBRUARY 19 2017......SUNRISE   657 AM CST   SUNSET   614 PM CST
FEBRUARY 20 2017......SUNRISE   656 AM CST   SUNSET   614 PM CST


-  INDICATES NEGATIVE NUMBERS.
R  INDICATES RECORD WAS SET OR TIED.
MM INDICATES DATA IS MISSING.
T  INDICATES TRACE AMOUNT.


&&

...................................

...THE HOUSTON/HOBBY AIRPORT CLIMATE SUMMARY FOR FEBRUARY 18 2017...

CLIMATE NORMAL PERIOD 1981 TO 2010
CLIMATE RECORD PERIOD 1930 TO 2017


WEATHER ITEM   OBSERVED TIME   RECORD YEAR NORMAL DEPARTURE LAST
                VALUE   (LST)  VALUE       VALUE  FROM      YEAR
                                                  NORMAL
..................................................................
TEMPERATURE (F)
 YESTERDAY
  MAXIMUM         83    338 PM  87    1986  67     16       76
  MINIMUM         58   1220 AM  21    1936  49      9       49
  AVERAGE         71                        58     13       63

PRECIPITATION (IN)
  YESTERDAY        0.00          2.57 2012   0.12  -0.12     0.00
  MONTH TO DATE    1.11                      2.12  -1.01     0.20
  SINCE DEC 1      8.87                     10.02  -1.15     6.20
  SINCE JAN 1      5.18                      5.99  -0.81     2.71

SNOWFALL (IN)
  YESTERDAY        0.0          MM      MM
  MONTH TO DATE    0.0
  SINCE DEC 1      0.0
  SINCE JUL 1      0.0

DEGREE DAYS
 HEATING
  YESTERDAY        0                         8     -8        2
  MONTH TO DATE   52                       168   -116      111
  SINCE DEC 1    453                       843   -390      622
  SINCE JUL 1    490                       999   -509      696
..................................................................


WIND (MPH)
  HIGHEST WIND SPEED    17   HIGHEST WIND DIRECTION     S (160)
  HIGHEST GUST SPEED    23   HIGHEST GUST DIRECTION     S (170)




RELATIVE HUMIDITY (PERCENT)
 HIGHEST   100
 LOWEST     42
 AVERAGE    71

..........................................................


THE HOUSTON/HOBBY AIRPORT CLIMATE NORMALS FOR TODAY
                         NORMAL    RECORD    YEAR
 MAXIMUM TEMPERATURE (F)   67        87      1986
 MINIMUM TEMPERATURE (F)   49        26      1978


SUNRISE AND SUNSET
FEBRUARY 19 2017......SUNRISE   657 AM CST   SUNSET   614 PM CST
FEBRUARY 20 2017......SUNRISE   656 AM CST   SUNSET   614 PM CST


-  INDICATES NEGATIVE NUMBERS.
R  INDICATES RECORD WAS SET OR TIED.
MM INDICATES DATA IS MISSING.
T  INDICATES TRACE AMOUNT.

...MISCELLANEOUS CLIMATE DATA FOR YESTERDAY...

LOCATION                        HIGH    LOW     PRECIP
PEARLAND                         84      60      0.00
SUGAR LAND                       82      54      0.00
TOMBALL                          83      53      0.00
CONROE                           83      55      0.00
HUNTSVILLE                       83      58      0.00
ANGLETON/LAKE JACKSON            84      64      0.00
PALACIOS                         78      57      0.00
LEAGUE CITY (NWS)                81      60      0.00


THIS PRODUCT...ALONG WITH OTHER WEATHER...HYDROLOGIC...AND CLIMATE
PRODUCTS...IS AVAILABLE ON THE WEB AT HTTP://WWW.SRH.NOAA.GOV/HGX
OR AT HTTP://WEATHER.GOV

$$
