000
CDUS44 KHGX 011312
CLIHOU

CLIMATE REPORT
NATIONAL WEATHER SERVICE HOUSTON/GALVESTON TX
810 AM CDT TUE SEP 1 2015


...MORNING CLIMATE DATA...

                            MORNING LOW    PRECIP SINCE MIDNIGHT
HOUSTON INTERCONTINENTAL         72                0.00
GALVESTON SCHOLES FIELD          80                0.01
BRYAN/COLLEGE STATION            72                0.00
HOUSTON HOBBY                    75                0.00
...................................

...THE HOUSTON INTERCONTINENTAL CLIMATE SUMMARY FOR AUGUST 31 2015...

CLIMATE NORMAL PERIOD 1981 TO 2010
CLIMATE RECORD PERIOD 1892 TO 2015


WEATHER ITEM   OBSERVED TIME   RECORD YEAR NORMAL DEPARTURE LAST
                VALUE   (LST)  VALUE       VALUE  FROM      YEAR
                                                  NORMAL
..................................................................
TEMPERATURE (F)
 YESTERDAY
  MAXIMUM         89        MM 107    2000  93     -4       84
  MINIMUM         71        MM  62    1893  74     -3       74
  AVERAGE         80                        83     -3       79

PRECIPITATION (IN)
  YESTERDAY        0.00          5.98 1981   0.16  -0.16     0.83
  MONTH TO DATE    2.94                      3.76  -0.82     1.24
  SINCE JUN 1     14.94                     13.48   1.46     8.82
  SINCE JAN 1     45.38                     31.87  13.51    27.89

DEGREE DAYS
 COOLING
  YESTERDAY       15                        18     -3       14
  MONTH TO DATE  630                       609     21      614
  SINCE JUN 1   1813                      1730     83     1735
  SINCE JAN 1   2505                      2382    123     2276
..................................................................


WIND (MPH)
  HIGHEST WIND SPEED    16   HIGHEST WIND DIRECTION    SE (140)
  HIGHEST GUST SPEED    MM   HIGHEST GUST DIRECTION    MM




RELATIVE HUMIDITY (PERCENT)
 HIGHEST    93
 LOWEST     59
 AVERAGE    76

..........................................................


THE HOUSTON INTERCONTINENTAL CLIMATE NORMALS FOR TODAY
                         NORMAL    RECORD    YEAR
 MAXIMUM TEMPERATURE (F)   93       107      2000
 MINIMUM TEMPERATURE (F)   74        63      1915


SUNRISE AND SUNSET
SEPTEMBER  1 2015.....SUNRISE   658 AM CDT   SUNSET   744 PM CDT
SEPTEMBER  2 2015.....SUNRISE   659 AM CDT   SUNSET   743 PM CDT


-  INDICATES NEGATIVE NUMBERS.
R  INDICATES RECORD WAS SET OR TIED.
MM INDICATES DATA IS MISSING.
T  INDICATES TRACE AMOUNT.



&&
...................................

...THE HOUSTON/HOBBY AIRPORT CLIMATE SUMMARY FOR AUGUST 31 2015...

CLIMATE NORMAL PERIOD 1981 TO 2010
CLIMATE RECORD PERIOD 1930 TO 2015


WEATHER ITEM   OBSERVED TIME   RECORD YEAR NORMAL DEPARTURE LAST
                VALUE   (LST)  VALUE       VALUE  FROM      YEAR
                                                  NORMAL
..................................................................
TEMPERATURE (F)
 YESTERDAY
  MAXIMUM         86    948 AM 104    2000  91     -5       84
  MINIMUM         73    551 AM  68    1950  75     -2       75
  AVERAGE         80                        83     -3       80

PRECIPITATION (IN)
  YESTERDAY        T             6.70 1981   0.21  -0.21     1.50
  MONTH TO DATE   10.76                      5.06   5.70     3.45
  SINCE JUN 1     18.20                     16.82   1.38     7.69
  SINCE JAN 1     53.06                     35.10  17.96    24.53

DEGREE DAYS
 COOLING
  YESTERDAY       15                        18     -3       15
  MONTH TO DATE  634                       594     40      629
  SINCE JUN 1   1830                      1687    143     1753
  SINCE JAN 1   2569                      2341    228     2304
..................................................................


WIND (MPH)
  HIGHEST WIND SPEED    18   HIGHEST WIND DIRECTION    SE (130)
  HIGHEST GUST SPEED    63   HIGHEST GUST DIRECTION     W (270)




RELATIVE HUMIDITY (PERCENT)
 HIGHEST    87
 LOWEST     65
 AVERAGE    76

..........................................................


THE HOUSTON/HOBBY AIRPORT CLIMATE NORMALS FOR TODAY
                         NORMAL    RECORD    YEAR
 MAXIMUM TEMPERATURE (F)   91       104      2000
 MINIMUM TEMPERATURE (F)   75        66      1950


SUNRISE AND SUNSET
SEPTEMBER  1 2015.....SUNRISE   658 AM CDT   SUNSET   744 PM CDT
SEPTEMBER  2 2015.....SUNRISE   659 AM CDT   SUNSET   742 PM CDT


-  INDICATES NEGATIVE NUMBERS.
R  INDICATES RECORD WAS SET OR TIED.
MM INDICATES DATA IS MISSING.
T  INDICATES TRACE AMOUNT.

...MISCELLANEOUS CLIMATE DATA FOR YESTERDAY...

LOCATION                        HIGH    LOW     PRECIP
PEARLAND                         87      72       T
SUGAR LAND                       87      70      0.00
TOMBALL                          88      69      0.00
CONROE                           89      66      0.00
HUNTSVILLE                       91      71      0.00
ANGLETON/LAKE JACKSON            86      70      0.05
PALACIOS                         88      77       T
LEAGUE CITY (NWS)                83      73      1.27


THIS PRODUCT...ALONG WITH OTHER WEATHER...HYDROLOGIC...AND CLIMATE
PRODUCTS...IS AVAILABLE ON THE WEB AT HTTP://WWW.SRH.NOAA.GOV/HGX
OR AT HTTP://WEATHER.GOV

$$
