000
CDUS44 KHGX 190844
CLIHOU


CLIMATE REPORT
NATIONAL WEATHER SERVICE HOUSTON/GALVESTON TX
234 AM CST FRI DEC 19 2014


...................................

...THE HOUSTON INTERCONTINENTAL CLIMATE SUMMARY FOR DECEMBER 18 2014...

CLIMATE NORMAL PERIOD 1981 TO 2010
CLIMATE RECORD PERIOD 1892 TO 2014


WEATHER ITEM   OBSERVED TIME   RECORD YEAR NORMAL DEPARTURE LAST
                VALUE   (LST)  VALUE       VALUE  FROM      YEAR
                                                  NORMAL
..................................................................
TEMPERATURE (F)
 YESTERDAY
  MAXIMUM         70    320 PM  82    1980  64      6       70
  MINIMUM         57    910 AM  24    1996  44     13       37
                                      1979
  AVERAGE         64                        54     10       54

PRECIPITATION (IN)
  YESTERDAY        0.80          2.14 1965   0.11   0.69     0.00
  MONTH TO DATE    0.92                      2.28  -1.36     0.14
  SINCE DEC 1      0.92                      2.28  -1.36     0.14
  SINCE JAN 1     39.04                     48.31  -9.27    37.32

SNOWFALL (IN)
  YESTERDAY        0.0           0.0  2001
  MONTH TO DATE    0.0
  SINCE DEC 1      0.0
  SINCE JUL 1      0.0

DEGREE DAYS
 HEATING
  YESTERDAY        1                        12    -11       11
  MONTH TO DATE   86                       191   -105      271
  SINCE DEC 1     86                       191   -105      271
  SINCE JUL 1    334                       376    -42      520
..................................................................


WIND (MPH)
  HIGHEST WIND SPEED    16   HIGHEST WIND DIRECTION    NE (50)
  HIGHEST GUST SPEED    20   HIGHEST GUST DIRECTION    NE (50)




RELATIVE HUMIDITY (PERCENT)
 HIGHEST   100
 LOWEST     76
 AVERAGE    88

..........................................................


THE HOUSTON INTERCONTINENTAL CLIMATE NORMALS FOR TODAY
                         NORMAL    RECORD    YEAR
 MAXIMUM TEMPERATURE (F)   64        81      2012
                                             1978
 MINIMUM TEMPERATURE (F)   44        20      1929


SUNRISE AND SUNSET
DECEMBER 19 2014......SUNRISE   712 AM CST   SUNSET   525 PM CST
DECEMBER 20 2014......SUNRISE   712 AM CST   SUNSET   526 PM CST


-  INDICATES NEGATIVE NUMBERS.
R  INDICATES RECORD WAS SET OR TIED.
MM INDICATES DATA IS MISSING.
T  INDICATES TRACE AMOUNT.




...................................

...THE HOUSTON/HOBBY AIRPORT CLIMATE SUMMARY FOR DECEMBER 18 2014...

CLIMATE NORMAL PERIOD 1981 TO 2010
CLIMATE RECORD PERIOD 1930 TO 2014


WEATHER ITEM   OBSERVED TIME   RECORD YEAR NORMAL DEPARTURE LAST
                VALUE   (LST)  VALUE       VALUE  FROM      YEAR
                                                  NORMAL
..................................................................
TEMPERATURE (F)
 YESTERDAY
  MAXIMUM         71    326 PM  81    2012  64      7       69
  MINIMUM         60   1256 AM  24    1932  46     14       41
  AVERAGE         66                        55     11       55

PRECIPITATION (IN)
  YESTERDAY        0.27          1.65 1965   0.12   0.15     0.00
  MONTH TO DATE    1.40                      2.41  -1.01     0.14
  SINCE DEC 1      1.40                      2.41  -1.01     0.14
  SINCE JAN 1     37.92                     53.03 -15.11    42.33

SNOWFALL (IN)
  YESTERDAY        0.0          MM      MM
  MONTH TO DATE    0.0
  SINCE DEC 1      0.0
  SINCE JUL 1      0.0

DEGREE DAYS
 HEATING
  YESTERDAY        0                        11    -11       10
  MONTH TO DATE   71                       172   -101      247
  SINCE DEC 1     71                       172   -101      247
  SINCE JUL 1    285                       328    -43      464
..................................................................


WIND (MPH)
  HIGHEST WIND SPEED    15   HIGHEST WIND DIRECTION    NE (40)
  HIGHEST GUST SPEED    20   HIGHEST GUST DIRECTION     E (80)




RELATIVE HUMIDITY (PERCENT)
 HIGHEST   100
 LOWEST     78
 AVERAGE    89

..........................................................


THE HOUSTON/HOBBY AIRPORT CLIMATE NORMALS FOR TODAY
                         NORMAL    RECORD    YEAR
 MAXIMUM TEMPERATURE (F)   64        81      2012
 MINIMUM TEMPERATURE (F)   46        25      1996


SUNRISE AND SUNSET
DECEMBER 19 2014......SUNRISE   711 AM CST   SUNSET   526 PM CST
DECEMBER 20 2014......SUNRISE   711 AM CST   SUNSET   526 PM CST


-  INDICATES NEGATIVE NUMBERS.
R  INDICATES RECORD WAS SET OR TIED.
MM INDICATES DATA IS MISSING.
T  INDICATES TRACE AMOUNT.




$$
