000
CDUS44 KHGX 251312
CLIHOU

CLIMATE REPORT
NATIONAL WEATHER SERVICE HOUSTON/GALVESTON TX
810 AM CDT THU MAY 25 2017


...MORNING CLIMATE DATA...

                            MORNING LOW    PRECIP SINCE MIDNIGHT
HOUSTON INTERCONTINENTAL         60                0.00
GALVESTON SCHOLES FIELD          72                0.00
BRYAN/COLLEGE STATION            62                0.00
HOUSTON HOBBY                    63                0.00
...................................

...THE HOUSTON INTERCONTINENTAL CLIMATE SUMMARY FOR MAY 24 2017...

CLIMATE NORMAL PERIOD 1981 TO 2010
CLIMATE RECORD PERIOD 1892 TO 2017


WEATHER ITEM   OBSERVED TIME   RECORD YEAR NORMAL DEPARTURE LAST
                VALUE   (LST)  VALUE       VALUE  FROM      YEAR
                                                  NORMAL
..................................................................
TEMPERATURE (F)
 YESTERDAY
  MAXIMUM         84    501 PM  95    1955  88     -4       86
  MINIMUM         58    444 AM  54    1892  70    -12       72
  AVERAGE         71                        79     -8       79

PRECIPITATION (IN)
  YESTERDAY        0.00          3.96 1936   0.16  -0.16     0.00
  MONTH TO DATE    0.85                      3.91  -3.06     2.75
  SINCE MAR 1      8.16                     10.63  -2.47    20.39
  SINCE JAN 1     16.67                     17.21  -0.54    24.50

DEGREE DAYS
 COOLING
  YESTERDAY        6                        14     -8       14
  MONTH TO DATE  254                       269    -15      214
  SINCE MAR 1    623                       512    111      456
  SINCE JAN 1    802                       550    252      493
..................................................................


WIND (MPH)
  HIGHEST WIND SPEED    22   HIGHEST WIND DIRECTION    NW (320)
  HIGHEST GUST SPEED    28   HIGHEST GUST DIRECTION     W (280)


RELATIVE HUMIDITY (PERCENT)
 HIGHEST    90
 LOWEST     26
 AVERAGE    58

..........................................................


THE HOUSTON INTERCONTINENTAL CLIMATE NORMALS FOR TODAY
                         NORMAL    RECORD    YEAR
 MAXIMUM TEMPERATURE (F)   88        95      2011
                                             1927
 MINIMUM TEMPERATURE (F)   70        56      1979
                                             1891


SUNRISE AND SUNSET
MAY 25 2017...........SUNRISE   623 AM CDT   SUNSET   814 PM CDT
MAY 26 2017...........SUNRISE   623 AM CDT   SUNSET   815 PM CDT


-  INDICATES NEGATIVE NUMBERS.
R  INDICATES RECORD WAS SET OR TIED.
MM INDICATES DATA IS MISSING.
T  INDICATES TRACE AMOUNT.



&&
...................................

...THE HOUSTON/HOBBY AIRPORT CLIMATE SUMMARY FOR MAY 24 2017...

CLIMATE NORMAL PERIOD 1981 TO 2010
CLIMATE RECORD PERIOD 1930 TO 2017


WEATHER ITEM   OBSERVED TIME   RECORD YEAR NORMAL DEPARTURE LAST
                VALUE   (LST)  VALUE       VALUE  FROM      YEAR
                                                  NORMAL
..................................................................
TEMPERATURE (F)
 YESTERDAY
  MAXIMUM         84    518 PM  95    1955  87     -3       89
  MINIMUM         60    608 AM  57    1940  71    -11       75
  AVERAGE         72                        79     -7       82

PRECIPITATION (IN)
  YESTERDAY        0.00          3.50 1936   0.17  -0.17     0.00
  MONTH TO DATE    1.72                      3.51  -1.79     4.90
  SINCE MAR 1     12.85                      9.96   2.89    17.99
  SINCE JAN 1     18.97                     17.04   1.93    22.16

DEGREE DAYS
 COOLING
  YESTERDAY        7                        14     -7       17
  MONTH TO DATE  256                       272    -16      276
  SINCE MAR 1    645                       514    131      627
  SINCE JAN 1    832                       552    280      665
..................................................................


WIND (MPH)
  HIGHEST WIND SPEED    25   HIGHEST WIND DIRECTION     W (290)
  HIGHEST GUST SPEED    33   HIGHEST GUST DIRECTION    NW (300)


RELATIVE HUMIDITY (PERCENT)
 HIGHEST    87
 LOWEST     23
 AVERAGE    55

..........................................................


THE HOUSTON/HOBBY AIRPORT CLIMATE NORMALS FOR TODAY
                         NORMAL    RECORD    YEAR
 MAXIMUM TEMPERATURE (F)   87        94      2005
 MINIMUM TEMPERATURE (F)   71        57      1931


SUNRISE AND SUNSET
MAY 25 2017...........SUNRISE   623 AM CDT   SUNSET   813 PM CDT
MAY 26 2017...........SUNRISE   623 AM CDT   SUNSET   814 PM CDT


-  INDICATES NEGATIVE NUMBERS.
R  INDICATES RECORD WAS SET OR TIED.
MM INDICATES DATA IS MISSING.
T  INDICATES TRACE AMOUNT.

...MISCELLANEOUS CLIMATE DATA FOR YESTERDAY...

LOCATION                        HIGH    LOW     PRECIP
PEARLAND                         85      61      0.00
SUGAR LAND                       84      58      0.00
TOMBALL                          83      57      0.00
CONROE                           82      55      0.00
HUNTSVILLE                       80      56      0.00
ANGLETON/LAKE JACKSON            85      60      0.00
PALACIOS                         83      55      0.00
LEAGUE CITY (NWS)                84      59      0.00


THIS PRODUCT...ALONG WITH OTHER WEATHER...HYDROLOGIC...AND CLIMATE
PRODUCTS...IS AVAILABLE ON THE WEB AT HTTP://WWW.WEATHER.GOV/HGX

$$
