000
CDUS44 KBRO 232229
CLIHRL


CLIMATE REPORT
NATIONAL WEATHER SERVICE BROWNSVILLE TX
429 PM CST THU FEB 23 2017


...................................

...THE HARLINGEN CLIMATE SUMMARY FOR FEBRUARY 23 2017...
VALID TODAY AS OF 0400 PM LOCAL TIME.

CLIMATE NORMAL PERIOD 1981 TO 2010
CLIMATE RECORD PERIOD 1912 TO 2017


WEATHER ITEM   OBSERVED TIME   RECORD YEAR NORMAL DEPARTURE LAST
                VALUE   (LST)  VALUE       VALUE  FROM      YEAR
                                                  NORMAL
..................................................................
TEMPERATURE (F)
 TODAY
  MAXIMUM         96R   218 PM  93    2016  76     20       93
  MINIMUM         52    517 AM  32    1978  54     -2       57
  AVERAGE         74                        65      9       75

PRECIPITATION (IN)
  TODAY            0.00          0.73 1912   0.04  -0.04     0.00
  MONTH TO DATE    0.41                      1.23  -0.82     0.00
  SINCE DEC 1      2.64                      3.55  -0.91     2.21
  SINCE JAN 1      1.31                      2.29  -0.98     1.91

SNOWFALL (IN)
  TODAY            0.0
  MONTH TO DATE    0.0
  SINCE DEC 1      0.0
  SINCE JUL 1      0.0
  SNOW DEPTH       0

DEGREE DAYS
 HEATING
  TODAY            0                         3     -3        0
  MONTH TO DATE    9                       104    -95       51
  SINCE DEC 1    215                       495   -280      324
  SINCE JUL 1    230                       552   -322      360

 COOLING
  TODAY            9                         3      6       10
  MONTH TO DATE  183                        60    123       99
  SINCE DEC 1    471                       167    304      260
  SINCE JAN 1    314                       109    205      127
..................................................................


WIND (MPH)
  HIGHEST WIND SPEED    25   HIGHEST WIND DIRECTION    SE (150)
  HIGHEST GUST SPEED    31   HIGHEST GUST DIRECTION     S (190)
  AVERAGE WIND SPEED    12.3



WEATHER CONDITIONS
 THE FOLLOWING WEATHER WAS RECORDED TODAY.
  FOG
  FOG W/VISIBILITY <= 1/4 MILE
  HAZE


RELATIVE HUMIDITY (PERCENT)
 HIGHEST   100
 LOWEST     19
 AVERAGE    60

..........................................................


THE HARLINGEN CLIMATE NORMALS FOR TOMORROW
                         NORMAL    RECORD    YEAR
 MAXIMUM TEMPERATURE (F)   76        91      2007
                                             1943
 MINIMUM TEMPERATURE (F)   54        31      1968


SUNRISE AND SUNSET
FEBRUARY 23 2017......SUNRISE   659 AM CST   SUNSET   629 PM CST
FEBRUARY 24 2017......SUNRISE   658 AM CST   SUNSET   629 PM CST


-  INDICATES NEGATIVE NUMBERS.
R  INDICATES RECORD WAS SET OR TIED.
MM INDICATES DATA IS MISSING.
T  INDICATES TRACE AMOUNT.




$$
