000
CDUS44 KBRO 230627
CLIHRL


CLIMATE REPORT
NATIONAL WEATHER SERVICE BROWNSVILLE TX
125 AM CDT SAT JUL 23 2016


...................................

...THE HARLINGEN CLIMATE SUMMARY FOR JULY 22 2016...

CLIMATE NORMAL PERIOD 1981 TO 2010
CLIMATE RECORD PERIOD 1912 TO 2016


WEATHER ITEM   OBSERVED TIME   RECORD YEAR NORMAL DEPARTURE LAST
                VALUE   (LST)  VALUE       VALUE  FROM      YEAR
                                                  NORMAL
..................................................................
TEMPERATURE (F)
 YESTERDAY
  MAXIMUM         98   1259 PM 102    1913  96      2       98
  MINIMUM         73    616 AM  67    1924  75     -2       78
  AVERAGE         86                        85      1       88

PRECIPITATION (IN)
  YESTERDAY        0.00          0.69 1915   0.06  -0.06      T
  MONTH TO DATE    0.09                      1.51  -1.42     1.12
  SINCE JUN 1      5.22                      4.01   1.21     3.33
  SINCE JAN 1     12.11                     11.93   0.18    15.83

SNOWFALL (IN)
  YESTERDAY        0.0
  MONTH TO DATE    0.0
  SINCE JUN 1      0.0
  SINCE JUL 1      0.0

DEGREE DAYS
 HEATING
  YESTERDAY        0                         0      0        0
  MONTH TO DATE    0                         0      0        0
  SINCE JUN 1      0                         0      0        0
  SINCE JUL 1      0                         0      0        0

 COOLING
  YESTERDAY       21                        20      1       23
  MONTH TO DATE  507                       440     67      447
  SINCE JUN 1   1092                      1008     84     1014
  SINCE JAN 1   2453                      2109    344     2098
..................................................................


WIND (MPH)
  HIGHEST WIND SPEED    18   HIGHEST WIND DIRECTION     E (110)
  HIGHEST GUST SPEED    27   HIGHEST GUST DIRECTION     E (80)
  AVERAGE WIND SPEED     7.2



WEATHER CONDITIONS
 THE FOLLOWING WEATHER WAS RECORDED YESTERDAY.
  NO SIGNIFICANT WEATHER WAS OBSERVED.


RELATIVE HUMIDITY (PERCENT)
 HIGHEST   100
 LOWEST     42
 AVERAGE    71

..........................................................


THE HARLINGEN CLIMATE NORMALS FOR TODAY
                         NORMAL    RECORD    YEAR
 MAXIMUM TEMPERATURE (F)   96       104      1943
 MINIMUM TEMPERATURE (F)   75        67      1923


SUNRISE AND SUNSET
JULY 23 2016..........SUNRISE   652 AM CDT   SUNSET   822 PM CDT
JULY 24 2016..........SUNRISE   653 AM CDT   SUNSET   822 PM CDT


-  INDICATES NEGATIVE NUMBERS.
R  INDICATES RECORD WAS SET OR TIED.
MM INDICATES DATA IS MISSING.
T  INDICATES TRACE AMOUNT.




$$
