000
CDUS44 KBRO 190628
CLIHRL


CLIMATE REPORT
NATIONAL WEATHER SERVICE BROWNSVILLE TX
128 AM CDT TUE SEP 19 2017


...................................

...THE HARLINGEN CLIMATE SUMMARY FOR SEPTEMBER 18 2017...

CLIMATE NORMAL PERIOD 1981 TO 2010
CLIMATE RECORD PERIOD 1912 TO 2017


WEATHER ITEM   OBSERVED TIME   RECORD YEAR NORMAL DEPARTURE LAST
                VALUE   (LST)  VALUE       VALUE  FROM      YEAR
                                                  NORMAL
..................................................................
TEMPERATURE (F)
 YESTERDAY
  MAXIMUM         97    338 PM 100    2011  91      6       98
                                      1912
  MINIMUM         76    654 AM  60    1981  72      4       75
  AVERAGE         87                        81      6       87

PRECIPITATION (IN)
  YESTERDAY        0.00          5.05 1984   0.18  -0.18     0.00
  MONTH TO DATE    0.86                      3.25  -2.39     1.92
  SINCE SEP 1      0.86                      3.25  -2.39     1.92
  SINCE JAN 1     13.03                     17.46  -4.43    16.82

SNOWFALL (IN)
  YESTERDAY        0.0
  MONTH TO DATE    0.0
  SINCE SEP 1      0.0
  SINCE JUL 1      0.0

DEGREE DAYS
 HEATING
  YESTERDAY        0                         0      0        0
  MONTH TO DATE    0                         0      0        0
  SINCE SEP 1      0                         0      0        0
  SINCE JUL 1      0                         0      0        0

 COOLING
  YESTERDAY       22                        16      6       22
  MONTH TO DATE  318                       323     -5      373
  SINCE SEP 1    318                       323     -5      373
  SINCE JAN 1   3823                      3247    576     3692
..................................................................


WIND (MPH)
  HIGHEST WIND SPEED    24   HIGHEST WIND DIRECTION    SE (140)
  HIGHEST GUST SPEED    30   HIGHEST GUST DIRECTION    SE (140)
  AVERAGE WIND SPEED    10.8



WEATHER CONDITIONS
 THE FOLLOWING WEATHER WAS RECORDED YESTERDAY.
  FOG


RELATIVE HUMIDITY (PERCENT)
 HIGHEST   100
 LOWEST     48
 AVERAGE    74

..........................................................


THE HARLINGEN CLIMATE NORMALS FOR TODAY
                         NORMAL    RECORD    YEAR
 MAXIMUM TEMPERATURE (F)   91       101      1957
 MINIMUM TEMPERATURE (F)   72        59      1981


SUNRISE AND SUNSET
SEPTEMBER 19 2017.....SUNRISE   718 AM CDT   SUNSET   730 PM CDT
SEPTEMBER 20 2017.....SUNRISE   718 AM CDT   SUNSET   729 PM CDT


-  INDICATES NEGATIVE NUMBERS.
R  INDICATES RECORD WAS SET OR TIED.
MM INDICATES DATA IS MISSING.
T  INDICATES TRACE AMOUNT.




$$
