000
CDUS44 KBRO 250626
CLIHRL


CLIMATE REPORT
NATIONAL WEATHER SERVICE BROWNSVILLE TX
126 AM CDT THU AUG 25 2016


...................................

...THE HARLINGEN CLIMATE SUMMARY FOR AUGUST 24 2016...

CLIMATE NORMAL PERIOD 1981 TO 2010
CLIMATE RECORD PERIOD 1912 TO 2016


WEATHER ITEM   OBSERVED TIME   RECORD YEAR NORMAL DEPARTURE LAST
                VALUE   (LST)  VALUE       VALUE  FROM      YEAR
                                                  NORMAL
..................................................................
TEMPERATURE (F)
 YESTERDAY
  MAXIMUM         98    253 PM 102    2010  96      2       98
                                      1936
                                      1952
  MINIMUM         75    638 AM  61    1927  75      0       77
  AVERAGE         87                        85      2       88

PRECIPITATION (IN)
  YESTERDAY        0.00          2.20 1929   0.07  -0.07     0.00
  MONTH TO DATE    2.16                      1.03   1.13     2.24
  SINCE JUN 1      7.40                      5.46   1.94     5.57
  SINCE JAN 1     14.29                     13.38   0.91    18.07

SNOWFALL (IN)
  YESTERDAY        0.0
  MONTH TO DATE    0.0
  SINCE JUN 1      0.0
  SINCE JUL 1      0.0

DEGREE DAYS
 HEATING
  YESTERDAY        0                         0      0        0
  MONTH TO DATE    0                         0      0        0
  SINCE JUN 1      0                         0      0        0
  SINCE JUL 1      0                         0      0        0

 COOLING
  YESTERDAY       22                        20      2       23
  MONTH TO DATE  534                       498     36      552
  SINCE JUN 1   1814                      1689    125     1774
  SINCE JAN 1   3175                      2790    385     2858
..................................................................


WIND (MPH)
  HIGHEST WIND SPEED    23   HIGHEST WIND DIRECTION    SE (140)
  HIGHEST GUST SPEED    33   HIGHEST GUST DIRECTION    SE (140)
  AVERAGE WIND SPEED    11.7



WEATHER CONDITIONS
 THE FOLLOWING WEATHER WAS RECORDED YESTERDAY.
  NO SIGNIFICANT WEATHER WAS OBSERVED.


RELATIVE HUMIDITY (PERCENT)
 HIGHEST   100
 LOWEST     38
 AVERAGE    69

..........................................................


THE HARLINGEN CLIMATE NORMALS FOR TODAY
                         NORMAL    RECORD    YEAR
 MAXIMUM TEMPERATURE (F)   95       103      1924
 MINIMUM TEMPERATURE (F)   75        62      1927


SUNRISE AND SUNSET
AUGUST 25 2016........SUNRISE   708 AM CDT   SUNSET   757 PM CDT
AUGUST 26 2016........SUNRISE   708 AM CDT   SUNSET   756 PM CDT


-  INDICATES NEGATIVE NUMBERS.
R  INDICATES RECORD WAS SET OR TIED.
MM INDICATES DATA IS MISSING.
T  INDICATES TRACE AMOUNT.




$$
