000
CDUS44 KBRO 262227
CLIHRL


CLIMATE REPORT
NATIONAL WEATHER SERVICE BROWNSVILLE TX
426 PM CST MON JAN 26 2015


...................................

...THE HARLINGEN CLIMATE SUMMARY FOR JANUARY 26 2015...
VALID TODAY AS OF 0400 PM LOCAL TIME.

CLIMATE NORMAL PERIOD 1981 TO 2010
CLIMATE RECORD PERIOD 1912 TO 2015


WEATHER ITEM   OBSERVED TIME   RECORD YEAR NORMAL DEPARTURE LAST
                VALUE   (LST)  VALUE       VALUE  FROM      YEAR
                                                  NORMAL
..................................................................
TEMPERATURE (F)
 TODAY
  MAXIMUM         77    350 PM  88    1947  71      6       78
  MINIMUM         45    639 AM  32    1938  50     -5       40
                                      1940
  AVERAGE         61                        61      0       59

PRECIPITATION (IN)
  TODAY            0.00          0.93 1927   0.04  -0.04     0.00
  MONTH TO DATE    1.91                      0.84   1.07     0.19
  SINCE DEC 1      4.22                      2.10   2.12     3.91
  SINCE JAN 1      1.91                      0.84   1.07     0.19

SNOWFALL (IN)
  TODAY            0.0
  MONTH TO DATE    0.0
  SINCE DEC 1      0.0
  SINCE JUL 1      0.0
  SNOW DEPTH       0

DEGREE DAYS
 HEATING
  TODAY            4                         6     -2        6
  MONTH TO DATE  310                       172    138      203
  SINCE DEC 1    398                       363     35      445
  SINCE JUL 1    533                       420    113      577

 COOLING
  TODAY            0                         2     -2        0
  MONTH TO DATE    9                        48    -39       14
  SINCE DEC 1    100                       106     -6       77
  SINCE JAN 1      9                        48    -39       14
..................................................................


WIND (MPH)
  HIGHEST WIND SPEED     9   HIGHEST WIND DIRECTION     N (10)
  HIGHEST GUST SPEED    11   HIGHEST GUST DIRECTION    SW (240)
  AVERAGE WIND SPEED     4.8



WEATHER CONDITIONS
 THE FOLLOWING WEATHER WAS RECORDED TODAY.
  NO SIGNIFICANT WEATHER WAS OBSERVED.


RELATIVE HUMIDITY (PERCENT)
 HIGHEST    86
 LOWEST     20
 AVERAGE    53

..........................................................


THE HARLINGEN CLIMATE NORMALS FOR TOMORROW
                         NORMAL    RECORD    YEAR
 MAXIMUM TEMPERATURE (F)   71        88      1950
 MINIMUM TEMPERATURE (F)   51        30      1966


SUNRISE AND SUNSET
JANUARY 26 2015.......SUNRISE   718 AM CST   SUNSET   609 PM CST
JANUARY 27 2015.......SUNRISE   717 AM CST   SUNSET   610 PM CST


-  INDICATES NEGATIVE NUMBERS.
R  INDICATES RECORD WAS SET OR TIED.
MM INDICATES DATA IS MISSING.
T  INDICATES TRACE AMOUNT.




$$
