000
CDUS44 KBRO 280625
CLIHRL


CLIMATE REPORT
NATIONAL WEATHER SERVICE BROWNSVILLE TX
125 AM CDT MON JUL 28 2014


...................................

...THE HARLINGEN CLIMATE SUMMARY FOR JULY 27 2014...

CLIMATE NORMAL PERIOD 1981 TO 2010
CLIMATE RECORD PERIOD 1912 TO 2014


WEATHER ITEM   OBSERVED TIME   RECORD YEAR NORMAL DEPARTURE LAST
                VALUE   (LST)  VALUE       VALUE  FROM      YEAR
                                                  NORMAL
..................................................................
TEMPERATURE (F)
 YESTERDAY
  MAXIMUM         99    130 PM 105    1954  96      3      100
  MINIMUM         77    533 AM  68    1926  75      2       79
  AVERAGE         88                        85      3       90

PRECIPITATION (IN)
  YESTERDAY        0.00          1.32 1916   0.04  -0.04     0.00
  MONTH TO DATE    0.59                      1.74  -1.15     1.62
  SINCE JUN 1      0.88                      4.24  -3.36     2.42
  SINCE JAN 1      5.72                     12.16  -6.44     9.59

SNOWFALL (IN)
  YESTERDAY        0.0
  MONTH TO DATE    0.0
  SINCE JUN 1      0.0
  SINCE JUL 1      0.0

DEGREE DAYS
 HEATING
  YESTERDAY        0                         0      0        0
  MONTH TO DATE    0                         0      0        0
  SINCE JUN 1      0                         0      0        0
  SINCE JUL 1      0                         0      0        0

 COOLING
  YESTERDAY       23                        20      3       25
  MONTH TO DATE  559                       540     19      547
  SINCE JUN 1   1181                      1108     73     1182
  SINCE JAN 1   2117                      2209    -92     2277
..................................................................


WIND (MPH)
  HIGHEST WIND SPEED    29   HIGHEST WIND DIRECTION    SE (140)
  HIGHEST GUST SPEED    38   HIGHEST GUST DIRECTION     S (160)
  AVERAGE WIND SPEED    13.8



WEATHER CONDITIONS
 THE FOLLOWING WEATHER WAS RECORDED YESTERDAY.
  FOG
  HAZE


RELATIVE HUMIDITY (PERCENT)
 HIGHEST    97
 LOWEST     39
 AVERAGE    68

..........................................................


THE HARLINGEN CLIMATE NORMALS FOR TODAY
                         NORMAL    RECORD    YEAR
 MAXIMUM TEMPERATURE (F)   96       107      1954
 MINIMUM TEMPERATURE (F)   75        68      1922


SUNRISE AND SUNSET
JULY 28 2014..........SUNRISE   654 AM CDT   SUNSET   820 PM CDT
JULY 29 2014..........SUNRISE   655 AM CDT   SUNSET   819 PM CDT


-  INDICATES NEGATIVE NUMBERS.
R  INDICATES RECORD WAS SET OR TIED.
MM INDICATES DATA IS MISSING.
T  INDICATES TRACE AMOUNT.




$$
