000
CDUS44 KBRO 260634
CLIHRL


CLIMATE REPORT
NATIONAL WEATHER SERVICE BROWNSVILLE TX
133 AM CDT MON SEP 26 2016


...................................

...THE HARLINGEN CLIMATE SUMMARY FOR SEPTEMBER 25 2016...

CLIMATE NORMAL PERIOD 1981 TO 2010
CLIMATE RECORD PERIOD 1912 TO 2016


WEATHER ITEM   OBSERVED TIME   RECORD YEAR NORMAL DEPARTURE LAST
                VALUE   (LST)  VALUE       VALUE  FROM      YEAR
                                                  NORMAL
..................................................................
TEMPERATURE (F)
 YESTERDAY
  MAXIMUM         98    234 PM 102    2011  90      8       88
                                      1926
  MINIMUM         78    430 AM  55    1914  71      7       71
                                      1975
  AVERAGE         88                        80      8       80

PRECIPITATION (IN)
  YESTERDAY        T             2.86 1972   0.16  -0.16     0.33
  MONTH TO DATE    2.23                      4.47  -2.24     4.54
  SINCE SEP 1      2.23                      4.47  -2.24     4.54
  SINCE JAN 1     17.13                     18.68  -1.55    24.10

DEGREE DAYS
 HEATING
  YESTERDAY        0                         0      0        0
  MONTH TO DATE    0                         0      0        0
  SINCE SEP 1      0                         0      0        0
  SINCE JUL 1      0                         0      0        0

 COOLING
  YESTERDAY       23                        15      8       15
  MONTH TO DATE  522                       432     90      474
  SINCE SEP 1    522                       432     90      474
  SINCE JAN 1   3841                      3356    485     3465
..................................................................


WIND (MPH)
  HIGHEST WIND SPEED    25   HIGHEST WIND DIRECTION    SE (140)
  HIGHEST GUST SPEED    32   HIGHEST GUST DIRECTION     S (160)
  AVERAGE WIND SPEED    13.7



WEATHER CONDITIONS
 THE FOLLOWING WEATHER WAS RECORDED YESTERDAY.
  LIGHT RAIN


RELATIVE HUMIDITY (PERCENT)
 HIGHEST    91
 LOWEST     45
 AVERAGE    68

..........................................................


THE HARLINGEN CLIMATE NORMALS FOR TODAY
                         NORMAL    RECORD    YEAR
 MAXIMUM TEMPERATURE (F)   89       100      2011
                                             1956
 MINIMUM TEMPERATURE (F)   70        58      1914
                                             1960
                                             1975


SUNRISE AND SUNSET
SEPTEMBER 26 2016.....SUNRISE   721 AM CDT   SUNSET   722 PM CDT
SEPTEMBER 27 2016.....SUNRISE   722 AM CDT   SUNSET   721 PM CDT


-  INDICATES NEGATIVE NUMBERS.
R  INDICATES RECORD WAS SET OR TIED.
MM INDICATES DATA IS MISSING.
T  INDICATES TRACE AMOUNT.

$$
