000
CDUS44 KBRO 270636
CLIHRL


CLIMATE REPORT
NATIONAL WEATHER SERVICE BROWNSVILLE TX
135 AM CDT THU AUG 27 2015


...................................

...THE HARLINGEN CLIMATE SUMMARY FOR AUGUST 26 2015...

CLIMATE NORMAL PERIOD 1981 TO 2010
CLIMATE RECORD PERIOD 1912 TO 2015


WEATHER ITEM   OBSERVED TIME   RECORD YEAR NORMAL DEPARTURE LAST
                VALUE   (LST)  VALUE       VALUE  FROM      YEAR
                                                  NORMAL
..................................................................
TEMPERATURE (F)
 YESTERDAY
  MAXIMUM         95    411 PM 103    1924  95      0      101
                                      1948
  MINIMUM         75    616 AM  65    1926  75      0       72
  AVERAGE         85                        85      0       87

PRECIPITATION (IN)
  YESTERDAY        T             3.50 1945   0.10  -0.10     0.00
  MONTH TO DATE    2.24                      1.22   1.02     0.44
  SINCE JUN 1      5.57                      5.65  -0.08     1.32
  SINCE JAN 1     18.07                     13.57   4.50     6.16

SNOWFALL (IN)
  YESTERDAY        0.0
  MONTH TO DATE    0.0
  SINCE JUN 1      0.0
  SINCE JUL 1      0.0

DEGREE DAYS
 HEATING
  YESTERDAY        0                         0      0        0
  MONTH TO DATE    0                         0      0        0
  SINCE JUN 1      0                         0      0        0
  SINCE JUL 1      0                         0      0        0

 COOLING
  YESTERDAY       20                        20      0       22
  MONTH TO DATE  594                       538     56      586
  SINCE JUN 1   1816                      1729     87     1858
  SINCE JAN 1   2900                      2830     70     2794
..................................................................


WIND (MPH)
  HIGHEST WIND SPEED    18   HIGHEST WIND DIRECTION     E (70)
  HIGHEST GUST SPEED    23   HIGHEST GUST DIRECTION     E (70)
  AVERAGE WIND SPEED     6.3



WEATHER CONDITIONS
 THE FOLLOWING WEATHER WAS RECORDED YESTERDAY.
  THUNDERSTORM
  LIGHT RAIN


RELATIVE HUMIDITY (PERCENT)
 HIGHEST   100
 LOWEST     46
 AVERAGE    73

..........................................................


THE HARLINGEN CLIMATE NORMALS FOR TODAY
                         NORMAL    RECORD    YEAR
 MAXIMUM TEMPERATURE (F)   95       104      1948
 MINIMUM TEMPERATURE (F)   75        67      1961


SUNRISE AND SUNSET
AUGUST 27 2015........SUNRISE   708 AM CDT   SUNSET   756 PM CDT
AUGUST 28 2015........SUNRISE   709 AM CDT   SUNSET   755 PM CDT


-  INDICATES NEGATIVE NUMBERS.
R  INDICATES RECORD WAS SET OR TIED.
MM INDICATES DATA IS MISSING.
T  INDICATES TRACE AMOUNT.




$$
