000
CDUS44 KBRO 150733
CLIHRL


CLIMATE REPORT
NATIONAL WEATHER SERVICE BROWNSVILLE TX
132 AM CST FRI DEC 15 2017


...................................

...THE HARLINGEN CLIMATE SUMMARY FOR DECEMBER 14 2017...

CLIMATE NORMAL PERIOD 1981 TO 2010
CLIMATE RECORD PERIOD 1912 TO 2017


WEATHER ITEM   OBSERVED TIME   RECORD YEAR NORMAL DEPARTURE LAST
                VALUE   (LST)  VALUE       VALUE  FROM      YEAR
                                                  NORMAL
..................................................................
TEMPERATURE (F)
 YESTERDAY
  MAXIMUM         72    228 PM  87    1921  71      1       71
  MINIMUM         49    640 AM  26    1966  50     -1       64
  AVERAGE         61                        61      0       68

PRECIPITATION (IN)
  YESTERDAY        0.00          2.00 1937   0.05  -0.05     0.00
  MONTH TO DATE    0.80                      0.73   0.07     1.05
  SINCE DEC 1      0.80                      0.73   0.07     1.05
  SINCE JAN 1     19.13                     24.65  -5.52    21.31

SNOWFALL (IN)
  YESTERDAY        0.0
  MONTH TO DATE    1.0
  SINCE DEC 1      1.0
  SINCE JUL 1      1.0

DEGREE DAYS
 HEATING
  YESTERDAY        4                         6     -2        0
  MONTH TO DATE  114                        76     38       55
  SINCE DEC 1    114                        76     38       55
  SINCE JUL 1    157                       133     24       70

 COOLING
  YESTERDAY        0                         2     -2        3
  MONTH TO DATE   41                        33      8       48
  SINCE DEC 1     41                        33      8       48
  SINCE JAN 1   4696                      3967    729     4686
..................................................................


WIND (MPH)
  HIGHEST WIND SPEED    13   HIGHEST WIND DIRECTION    NW (320)
  HIGHEST GUST SPEED    16   HIGHEST GUST DIRECTION    NW (320)
  AVERAGE WIND SPEED     4.9



WEATHER CONDITIONS
 THE FOLLOWING WEATHER WAS RECORDED YESTERDAY.
  NO SIGNIFICANT WEATHER WAS OBSERVED.


RELATIVE HUMIDITY (PERCENT)
 HIGHEST   100
 LOWEST     61
 AVERAGE    81

..........................................................


THE HARLINGEN CLIMATE NORMALS FOR TODAY
                         NORMAL    RECORD    YEAR
 MAXIMUM TEMPERATURE (F)   71        87      2015
                                             1950
 MINIMUM TEMPERATURE (F)   50        30      1966


SUNRISE AND SUNSET
DECEMBER 15 2017......SUNRISE   711 AM CST   SUNSET   541 PM CST
DECEMBER 16 2017......SUNRISE   711 AM CST   SUNSET   542 PM CST


-  INDICATES NEGATIVE NUMBERS.
R  INDICATES RECORD WAS SET OR TIED.
MM INDICATES DATA IS MISSING.
T  INDICATES TRACE AMOUNT.




$$
