018
CDUS44 KLZK 140634
CLIHRO


CLIMATE REPORT
NATIONAL WEATHER SERVICE LITTLE ROCK AR
1234 AM CST SUN FEB 14 2016


...................................

...THE HARRISON CLIMATE SUMMARY FOR FEBRUARY 13 2016...

CLIMATE NORMAL PERIOD 1981 TO 2010
CLIMATE RECORD PERIOD 1891 TO 2016


WEATHER ITEM   OBSERVED TIME   RECORD YEAR NORMAL DEPARTURE LAST
                VALUE   (LST)  VALUE       VALUE  FROM      YEAR
                                                  NORMAL
..................................................................
TEMPERATURE (F)
 YESTERDAY
  MAXIMUM         41    425 PM  81    1962  50     -9       53
  MINIMUM         25    825 AM -20    1905  30     -5       24
  AVERAGE         33                        40     -7       39

PRECIPITATION (IN)
  YESTERDAY        0.00          2.44 1989   0.09  -0.09     0.00
  MONTH TO DATE    0.24                      1.17  -0.93     0.22
  SINCE DEC 1      9.63                      6.93   2.70     4.29
  SINCE JAN 1      1.19                      3.73  -2.54     2.04

SNOWFALL (IN)
  YESTERDAY        0.0           1.5  1948   0.1   -0.1      0.0
  MONTH TO DATE    T                         1.7   -1.7      0.2
  SINCE DEC 1      0.7                       7.2   -6.5      0.2
  SINCE JUL 1      0.7                       7.7   -7.0      0.8
  SNOW DEPTH       0

DEGREE DAYS
 HEATING
  YESTERDAY       32                        25      7       26
  MONTH TO DATE  339                       340     -1      334
  SINCE DEC 1   1763                      2062   -299     1956
  SINCE JUL 1   2349                      2826   -477     2810

 COOLING
  YESTERDAY        0                         0      0        0
  MONTH TO DATE    0                         0      0        0
  SINCE DEC 1      2                         0      2        0
  SINCE JAN 1      0                         0      0        0
..................................................................


WIND (MPH)
  HIGHEST WIND SPEED    23   HIGHEST WIND DIRECTION    SE (140)
  HIGHEST GUST SPEED    28   HIGHEST GUST DIRECTION    SE (130)
  AVERAGE WIND SPEED    11.0


SKY COVER
  POSSIBLE SUNSHINE  MM
  AVERAGE SKY COVER 0.4


WEATHER CONDITIONS
 THE FOLLOWING WEATHER WAS RECORDED YESTERDAY.
  NO SIGNIFICANT WEATHER WAS OBSERVED.


RELATIVE HUMIDITY (PERCENT)
 HIGHEST    55           500 AM
 LOWEST     20           500 PM
 AVERAGE    38

..........................................................


THE HARRISON CLIMATE NORMALS FOR TODAY
                         NORMAL    RECORD    YEAR
 MAXIMUM TEMPERATURE (F)   50        76      1962
 MINIMUM TEMPERATURE (F)   30        -6      1905


SUNRISE AND SUNSET
FEBRUARY 14 2016......SUNRISE   702 AM CST   SUNSET   552 PM CST
FEBRUARY 15 2016......SUNRISE   701 AM CST   SUNSET   553 PM CST


-  INDICATES NEGATIVE NUMBERS.
R  INDICATES RECORD WAS SET OR TIED.
MM INDICATES DATA IS MISSING.
T  INDICATES TRACE AMOUNT.




$$
