000
CDUS44 KLZK 270930
CLIHRO


CLIMATE REPORT
NATIONAL WEATHER SERVICE LITTLE ROCK AR
429 AM CDT THU AUG 27 2015


...................................

...THE HARRISON CLIMATE SUMMARY FOR AUGUST 26 2015...

CLIMATE NORMAL PERIOD 1981 TO 2010
CLIMATE RECORD PERIOD 1891 TO 2015


WEATHER ITEM   OBSERVED TIME   RECORD YEAR NORMAL DEPARTURE LAST
                VALUE   (LST)  VALUE       VALUE  FROM      YEAR
                                                  NORMAL
..................................................................
TEMPERATURE (F)
 YESTERDAY
  MAXIMUM         85    212 PM 105    1943  88     -3       94
  MINIMUM         56    505 AM  49    1934  65     -9       67
  AVERAGE         71                        76     -5       81

PRECIPITATION (IN)
  YESTERDAY        0.00          2.51 1975   0.12  -0.12     0.00
  MONTH TO DATE    2.54                      3.01  -0.47     1.01
  SINCE JUN 1     14.68                     10.39   4.29    11.23
  SINCE JAN 1     37.63                     28.39   9.24    26.54

SNOWFALL (IN)
  YESTERDAY        0.0          MM      MM   0.0    0.0      0.0
  MONTH TO DATE    0.0                       0.0    0.0      0.0
  SINCE JUN 1      0.0                       0.0    0.0      0.0
  SINCE JUL 1      0.0                       0.0    0.0      0.0
  SNOW DEPTH       0

DEGREE DAYS
 HEATING
  YESTERDAY        0                         0      0        0
  MONTH TO DATE    1                         0      1        0
  SINCE JUN 1      1                         6     -5        1
  SINCE JUL 1      1                         0      1        1

 COOLING
  YESTERDAY        6                        11     -5       16
  MONTH TO DATE  262                       343    -81      329
  SINCE JUN 1   1056                      1022     34      873
  SINCE JAN 1   1180                      1161     19     1060
..................................................................


WIND (MPH)
  HIGHEST WIND SPEED    10   HIGHEST WIND DIRECTION     N (20)
  HIGHEST GUST SPEED    16   HIGHEST GUST DIRECTION     N (20)
  AVERAGE WIND SPEED     1.9


SKY COVER
  POSSIBLE SUNSHINE  MM
  AVERAGE SKY COVER 0.0


WEATHER CONDITIONS
 THE FOLLOWING WEATHER WAS RECORDED YESTERDAY.
  NO SIGNIFICANT WEATHER WAS OBSERVED.


RELATIVE HUMIDITY (PERCENT)
 HIGHEST   100           600 AM
 LOWEST     44           200 PM
 AVERAGE    72

..........................................................


THE HARRISON CLIMATE NORMALS FOR TODAY
                         NORMAL    RECORD    YEAR
 MAXIMUM TEMPERATURE (F)   87       105      1936
 MINIMUM TEMPERATURE (F)   65        43      1910


SUNRISE AND SUNSET
AUGUST 27 2015........SUNRISE   640 AM CDT   SUNSET   748 PM CDT
AUGUST 28 2015........SUNRISE   641 AM CDT   SUNSET   746 PM CDT


-  INDICATES NEGATIVE NUMBERS.
R  INDICATES RECORD WAS SET OR TIED.
MM INDICATES DATA IS MISSING.
T  INDICATES TRACE AMOUNT.




$$
