000
CDUS44 KLZK 230635
CLIHRO


CLIMATE REPORT
NATIONAL WEATHER SERVICE LITTLE ROCK AR
134 AM CDT SAT SEP 23 2017


...................................

...THE HARRISON CLIMATE SUMMARY FOR SEPTEMBER 22 2017...

CLIMATE NORMAL PERIOD 1981 TO 2010
CLIMATE RECORD PERIOD 1891 TO 2017


WEATHER ITEM   OBSERVED TIME   RECORD YEAR NORMAL DEPARTURE LAST
                VALUE   (LST)  VALUE       VALUE  FROM      YEAR
                                                  NORMAL
..................................................................
TEMPERATURE (F)
 YESTERDAY
  MAXIMUM         91    300 PM  96    1955  78     13       88
  MINIMUM         66    547 AM  34    1953  55     11       60
  AVERAGE         79                        67     12       74

PRECIPITATION (IN)
  YESTERDAY        0.00          1.82 1916   0.14  -0.14     0.00
  MONTH TO DATE    0.38                      3.11  -2.73     1.08
  SINCE SEP 1      0.38                      3.11  -2.73     1.08
  SINCE JAN 1     35.56                     32.07   3.49    29.36

SNOWFALL (IN)
  YESTERDAY        0.0          MM      MM   0.0    0.0      0.0
  MONTH TO DATE    0.0                       0.0    0.0      0.0
  SINCE SEP 1      0.0                       0.0    0.0      0.0
  SINCE JUL 1      0.0                       0.0    0.0      0.0
  SNOW DEPTH       0

DEGREE DAYS
 HEATING
  YESTERDAY        0                         2     -2        0
  MONTH TO DATE    4                        17    -13        0
  SINCE SEP 1      4                        17    -13        0
  SINCE JUL 1      4                        18    -14        0

 COOLING
  YESTERDAY       14                         4     10        9
  MONTH TO DATE  153                       144      9      194
  SINCE SEP 1    153                       144      9      194
  SINCE JAN 1   1258                      1355    -97     1505
..................................................................


WIND (MPH)
  HIGHEST WIND SPEED    17   HIGHEST WIND DIRECTION     S (160)
  HIGHEST GUST SPEED    21   HIGHEST GUST DIRECTION     S (160)
  AVERAGE WIND SPEED     5.1


SKY COVER
  POSSIBLE SUNSHINE  MM
  AVERAGE SKY COVER 0.0


WEATHER CONDITIONS
 THE FOLLOWING WEATHER WAS RECORDED YESTERDAY.
  FOG


RELATIVE HUMIDITY (PERCENT)
 HIGHEST   100           500 AM
 LOWEST     41           400 PM
 AVERAGE    71

..........................................................


THE HARRISON CLIMATE NORMALS FOR TODAY
                         NORMAL    RECORD    YEAR
 MAXIMUM TEMPERATURE (F)   78        94      1935
 MINIMUM TEMPERATURE (F)   55        35      1953


SUNRISE AND SUNSET
SEPTEMBER 23 2017.....SUNRISE   702 AM CDT   SUNSET   708 PM CDT
SEPTEMBER 24 2017.....SUNRISE   702 AM CDT   SUNSET   706 PM CDT


-  INDICATES NEGATIVE NUMBERS.
R  INDICATES RECORD WAS SET OR TIED.
MM INDICATES DATA IS MISSING.
T  INDICATES TRACE AMOUNT.




$$
