000
CDUS44 KLZK 040645
CLIHRO


CLIMATE REPORT
NATIONAL WEATHER SERVICE LITTLE ROCK AR
144 AM CDT WED MAY 4 2016


...................................

...THE HARRISON CLIMATE SUMMARY FOR MAY 3 2016...

CLIMATE NORMAL PERIOD 1981 TO 2010
CLIMATE RECORD PERIOD 1891 TO 2016


WEATHER ITEM   OBSERVED TIME   RECORD YEAR NORMAL DEPARTURE LAST
                VALUE   (LST)  VALUE       VALUE  FROM      YEAR
                                                  NORMAL
..................................................................
TEMPERATURE (F)
 YESTERDAY
  MAXIMUM         67    219 PM  90    1952  73     -6       80
  MINIMUM         46    605 AM  30    1929  52     -6       51
  AVERAGE         57                        63     -6       66

PRECIPITATION (IN)
  YESTERDAY        0.00          2.09 1990   0.18  -0.18     0.00
  MONTH TO DATE    T                         0.51  -0.51     0.00
  SINCE MAR 1      7.06                      8.62  -1.56     8.70
  SINCE JAN 1      9.34                     13.82  -4.48    12.24

SNOWFALL (IN)
  YESTERDAY        0.0          MM      MM   0.0    0.0      0.0
  MONTH TO DATE    0.0                       0.0    0.0      0.0
  SINCE MAR 1      0.0                       2.3   -2.3      4.3
  SINCE JUL 1      3.7                      11.5   -7.8     13.6
  SNOW DEPTH       0

DEGREE DAYS
 HEATING
  YESTERDAY        8                         4      4        0
  MONTH TO DATE   22                        12     10       10
  SINCE MAR 1    538                       761   -223      713
  SINCE JUL 1   3151                      3933   -782     4108

 COOLING
  YESTERDAY        0                         2     -2        1
  MONTH TO DATE    0                         6     -6        1
  SINCE MAR 1     23                        43    -20       26
  SINCE JAN 1     23                        43    -20       26
..................................................................


WIND (MPH)
  HIGHEST WIND SPEED    14   HIGHEST WIND DIRECTION    NW (320)
  HIGHEST GUST SPEED    19   HIGHEST GUST DIRECTION     W (290)
  AVERAGE WIND SPEED     5.8


SKY COVER
  POSSIBLE SUNSHINE  MM
  AVERAGE SKY COVER 0.4


WEATHER CONDITIONS
 THE FOLLOWING WEATHER WAS RECORDED YESTERDAY.
  FOG


RELATIVE HUMIDITY (PERCENT)
 HIGHEST    93           100 AM
 LOWEST     39           400 PM
 AVERAGE    66

..........................................................


THE HARRISON CLIMATE NORMALS FOR TODAY
                         NORMAL    RECORD    YEAR
 MAXIMUM TEMPERATURE (F)   73        92      2014
 MINIMUM TEMPERATURE (F)   52        30      1907


SUNRISE AND SUNSET
MAY  4 2016...........SUNRISE   616 AM CDT   SUNSET   803 PM CDT
MAY  5 2016...........SUNRISE   615 AM CDT   SUNSET   804 PM CDT


-  INDICATES NEGATIVE NUMBERS.
R  INDICATES RECORD WAS SET OR TIED.
MM INDICATES DATA IS MISSING.
T  INDICATES TRACE AMOUNT.




$$
