000
CDUS44 KLZK 222158
CLIHRO


CLIMATE REPORT
NATIONAL WEATHER SERVICE LITTLE ROCK AR
358 PM CST SUN JAN 22 2017


...................................

...THE HARRISON CLIMATE SUMMARY FOR JANUARY 22 2017...
VALID TODAY AS OF 0300 PM LOCAL TIME.

CLIMATE NORMAL PERIOD 1981 TO 2010
CLIMATE RECORD PERIOD 1891 TO 2017


WEATHER ITEM   OBSERVED TIME   RECORD YEAR NORMAL DEPARTURE LAST
                VALUE   (LST)  VALUE       VALUE  FROM      YEAR
                                                  NORMAL
..................................................................
TEMPERATURE (F)
 TODAY
  MAXIMUM         54   1104 AM  76    1909  47      7       37
  MINIMUM         46    307 PM -14    1930  26     20       24
  AVERAGE         50                        37     13       31

PRECIPITATION (IN)
  TODAY            0.56          1.50 1932   0.08   0.48     0.00
  MONTH TO DATE    2.11                      1.84   0.27     0.95
  SINCE DEC 1      3.43                      5.04  -1.61     9.39
  SINCE JAN 1      2.11                      1.84   0.27     0.95

SNOWFALL (IN)
  TODAY            0.0           5.5  1937   0.2   -0.2      0.0
  MONTH TO DATE    0.4                       2.6   -2.2      0.7
  SINCE DEC 1      0.9                       3.9   -3.0      0.7
  SINCE JUL 1      0.9                       4.4   -3.5      0.7
  SNOW DEPTH       0

DEGREE DAYS
 HEATING
  TODAY           15                        28    -13       34
  MONTH TO DATE  544                       636    -92      689
  SINCE DEC 1   1353                      1471   -118     1250
  SINCE JUL 1   1803                      2235   -432     1836

 COOLING
  TODAY            0                         0      0        0
  MONTH TO DATE    0                         0      0        0
  SINCE DEC 1      0                         0      0        2
  SINCE JAN 1      0                         0      0        0
..................................................................


WIND (MPH)
  HIGHEST WIND SPEED    18   HIGHEST WIND DIRECTION     N (340)
  HIGHEST GUST SPEED    28   HIGHEST GUST DIRECTION    NW (330)
  AVERAGE WIND SPEED     6.2


SKY COVER
  POSSIBLE SUNSHINE  MM
  AVERAGE SKY COVER 0.8


WEATHER CONDITIONS
 THE FOLLOWING WEATHER WAS RECORDED TODAY.
  HEAVY RAIN
  RAIN
  LIGHT RAIN
  FOG


RELATIVE HUMIDITY (PERCENT)
 HIGHEST   100           400 AM
 LOWEST     89          1200 AM
 AVERAGE    95

..........................................................


THE HARRISON CLIMATE NORMALS FOR TOMORROW
                         NORMAL    RECORD    YEAR
 MAXIMUM TEMPERATURE (F)   47        75      1943
 MINIMUM TEMPERATURE (F)   27       -17      1926


SUNRISE AND SUNSET
JANUARY 22 2017.......SUNRISE   720 AM CST   SUNSET   529 PM CST
JANUARY 23 2017.......SUNRISE   720 AM CST   SUNSET   530 PM CST


-  INDICATES NEGATIVE NUMBERS.
R  INDICATES RECORD WAS SET OR TIED.
MM INDICATES DATA IS MISSING.
T  INDICATES TRACE AMOUNT.




$$
