000
CDUS44 KLZK 232159
CLIHRO


CLIMATE REPORT
NATIONAL WEATHER SERVICE LITTLE ROCK AR
358 PM CST THU FEB 23 2017


...................................

...THE HARRISON CLIMATE SUMMARY FOR FEBRUARY 23 2017...
VALID TODAY AS OF 0300 PM LOCAL TIME.

CLIMATE NORMAL PERIOD 1981 TO 2010
CLIMATE RECORD PERIOD 1891 TO 2017


WEATHER ITEM   OBSERVED TIME   RECORD YEAR NORMAL DEPARTURE LAST
                VALUE   (LST)  VALUE       VALUE  FROM      YEAR
                                                  NORMAL
..................................................................
TEMPERATURE (F)
 TODAY
  MAXIMUM         80    348 PM  84    1930  53     27       45
  MINIMUM         50    419 AM   5    1910  32     18       33
  AVERAGE         65                        42     23       39

PRECIPITATION (IN)
  TODAY            0.00          3.60 1985   0.11  -0.11     0.78
  MONTH TO DATE    1.37                      2.13  -0.76     1.02
  SINCE DEC 1      4.87                      7.89  -3.02    10.41
  SINCE JAN 1      3.55                      4.69  -1.14     1.97

SNOWFALL (IN)
  TODAY            0.0           4.0  1904   0.1   -0.1      0.5
  MONTH TO DATE    0.0                       2.7   -2.7      0.5
  SINCE DEC 1      0.9                       8.2   -7.3      1.2
  SINCE JUL 1      0.9                       8.7   -7.8      1.2
  SNOW DEPTH       0

DEGREE DAYS
 HEATING
  TODAY            0                        23    -23       26
  MONTH TO DATE  318                       578   -260      492
  SINCE DEC 1   1868                      2300   -432     1916
  SINCE JUL 1   2318                      3064   -746     2502

 COOLING
  TODAY            0                         0      0        0
  MONTH TO DATE    4                         0      4        0
  SINCE DEC 1      4                         0      4        2
  SINCE JAN 1      4                         0      4        0
..................................................................


WIND (MPH)
  HIGHEST WIND SPEED    25   HIGHEST WIND DIRECTION     S (170)
  HIGHEST GUST SPEED    31   HIGHEST GUST DIRECTION     S (160)
  AVERAGE WIND SPEED    12.0


SKY COVER
  POSSIBLE SUNSHINE  MM
  AVERAGE SKY COVER 0.1


WEATHER CONDITIONS
 THE FOLLOWING WEATHER WAS RECORDED TODAY.
  FOG
  FOG W/VISIBILITY <= 1/4 MILE


RELATIVE HUMIDITY (PERCENT)
 HIGHEST   100           100 AM
 LOWEST     35           200 PM
 AVERAGE    68

..........................................................


THE HARRISON CLIMATE NORMALS FOR TOMORROW
                         NORMAL    RECORD    YEAR
 MAXIMUM TEMPERATURE (F)   53        83      1918
 MINIMUM TEMPERATURE (F)   32         4      1910


SUNRISE AND SUNSET
FEBRUARY 23 2017......SUNRISE   650 AM CST   SUNSET   602 PM CST
FEBRUARY 24 2017......SUNRISE   649 AM CST   SUNSET   603 PM CST


-  INDICATES NEGATIVE NUMBERS.
R  INDICATES RECORD WAS SET OR TIED.
MM INDICATES DATA IS MISSING.
T  INDICATES TRACE AMOUNT.




$$
