000
CDUS44 KLZK 100633
CLIHRO


CLIMATE REPORT
NATIONAL WEATHER SERVICE LITTLE ROCK AR
1233 AM CST SAT DEC 10 2016


...................................

...THE HARRISON CLIMATE SUMMARY FOR DECEMBER 9 2016...

CLIMATE NORMAL PERIOD 1981 TO 2010
CLIMATE RECORD PERIOD 1891 TO 2016


WEATHER ITEM   OBSERVED TIME   RECORD YEAR NORMAL DEPARTURE LAST
                VALUE   (LST)  VALUE       VALUE  FROM      YEAR
                                                  NORMAL
..................................................................
TEMPERATURE (F)
 YESTERDAY
  MAXIMUM         33    425 PM  75    1965  49    -16       68
  MINIMUM         13    703 AM  -2    1917  30    -17       46
  AVERAGE         23                        39    -16       57

PRECIPITATION (IN)
  YESTERDAY        0.00          2.03 1971   0.11  -0.11     0.00
  MONTH TO DATE    0.53                      1.07  -0.54     0.00
  SINCE DEC 1      0.53                      1.07  -0.54     0.00
  SINCE JAN 1     34.62                     42.01  -7.39    54.20

SNOWFALL (IN)
  YESTERDAY        0.0           1.0  1961   0.0    0.0      0.0
  MONTH TO DATE    0.0                       0.0    0.0      0.0
  SINCE DEC 1      0.0                       0.0    0.0      0.0
  SINCE JUL 1      0.0                       0.5   -0.5       T
  SNOW DEPTH       0

DEGREE DAYS
 HEATING
  YESTERDAY       42                        26     16        8
  MONTH TO DATE  262                       219     43      173
  SINCE DEC 1    262                       219     43      173
  SINCE JUL 1    712                       983   -271      759

 COOLING
  YESTERDAY        0                         0      0        0
  MONTH TO DATE    0                         0      0        0
  SINCE DEC 1      0                         0      0        0
  SINCE JAN 1   1647                      1416    231     1464
..................................................................


WIND (MPH)
  HIGHEST WIND SPEED     8   HIGHEST WIND DIRECTION    SE (130)
  HIGHEST GUST SPEED    10   HIGHEST GUST DIRECTION    SE (140)
  AVERAGE WIND SPEED     3.9


SKY COVER
  POSSIBLE SUNSHINE  MM
  AVERAGE SKY COVER 0.4


WEATHER CONDITIONS
 THE FOLLOWING WEATHER WAS RECORDED YESTERDAY.
  HAZE


RELATIVE HUMIDITY (PERCENT)
 HIGHEST    88           200 AM
 LOWEST     43           200 PM
 AVERAGE    66

..........................................................


THE HARRISON CLIMATE NORMALS FOR TODAY
                         NORMAL    RECORD    YEAR
 MAXIMUM TEMPERATURE (F)   49        74      2015
 MINIMUM TEMPERATURE (F)   29         1      1919


SUNRISE AND SUNSET
DECEMBER 10 2016......SUNRISE   713 AM CST   SUNSET   458 PM CST
DECEMBER 11 2016......SUNRISE   714 AM CST   SUNSET   458 PM CST


-  INDICATES NEGATIVE NUMBERS.
R  INDICATES RECORD WAS SET OR TIED.
MM INDICATES DATA IS MISSING.
T  INDICATES TRACE AMOUNT.




$$
