000
CDUS42 KMHX 232126
CLIHSE


CLIMATE REPORT
NATIONAL WEATHER SERVICE NEWPORT/MOREHEAD CITY NC
526 PM EDT SUN APR 23 2017


...................................

...THE CAPE HATTERAS NC CLIMATE SUMMARY FOR APRIL 23 2017...
VALID TODAY AS OF 0500 PM LOCAL TIME.

CLIMATE NORMAL PERIOD 1981 TO 2010
CLIMATE RECORD PERIOD 1874 TO 2017


WEATHER ITEM   OBSERVED TIME   RECORD YEAR NORMAL DEPARTURE LAST
                VALUE   (LST)  VALUE       VALUE  FROM      YEAR
                                                  NORMAL
..................................................................
TEMPERATURE (F)
 TODAY
  MAXIMUM         65    223 PM  89    1985  68     -3       72
  MINIMUM         58    752 AM  37    1982  55      3       59
  AVERAGE         62                        61      1       66

PRECIPITATION (IN)
  TODAY            0.06          4.49 1928   0.12  -0.06     0.63
  MONTH TO DATE    4.37                      2.87   1.50     2.17
  SINCE MAR 1      9.65                      7.64   2.01     8.14
  SINCE JAN 1     15.96                     16.90  -0.94    21.25

SNOWFALL (IN)
  TODAY            0.0
  MONTH TO DATE    0.0
  SINCE NOV 1      T
  SINCE JUL 1      T
  SNOW DEPTH       0

DEGREE DAYS
 HEATING
  TODAY            3                         5     -2        0
  MONTH TO DATE   48                       163   -115      147
  SINCE MAR 1    403                       582   -179      344
  SINCE JUL 1   1725                      2506   -781     1657

 COOLING
  TODAY            0                         1     -1        1
  MONTH TO DATE   93                        14     79       11
  SINCE MAR 1    117                        17    100       37
  SINCE JAN 1    125                        17    108       38
..................................................................


WIND (MPH)
  HIGHEST WIND SPEED    17   HIGHEST WIND DIRECTION    NE (40)
  HIGHEST GUST SPEED    29   HIGHEST GUST DIRECTION    NE (30)
  AVERAGE WIND SPEED    10.3


SKY COVER
  POSSIBLE SUNSHINE  MM
  AVERAGE SKY COVER 1.0


WEATHER CONDITIONS
 THE FOLLOWING WEATHER WAS RECORDED TODAY.
  LIGHT RAIN
  FOG
  HAZE


RELATIVE HUMIDITY (PERCENT)
 HIGHEST    93           700 AM
 LOWEST     78           100 PM
 AVERAGE    86

..........................................................


THE CAPE HATTERAS NC CLIMATE NORMALS FOR TOMORROW
                         NORMAL    RECORD    YEAR
 MAXIMUM TEMPERATURE (F)   68        82      1990
                                             1985
 MINIMUM TEMPERATURE (F)   55        37      1982


SUNRISE AND SUNSET
APRIL 23 2017.........SUNRISE   620 AM EDT   SUNSET   742 PM EDT
APRIL 24 2017.........SUNRISE   619 AM EDT   SUNSET   743 PM EDT


-  INDICATES NEGATIVE NUMBERS.
R  INDICATES RECORD WAS SET OR TIED.
MM INDICATES DATA IS MISSING.
T  INDICATES TRACE AMOUNT.




$$
