000
CDUS42 KMHX 270627
CLIHSE


CLIMATE REPORT
NATIONAL WEATHER SERVICE NEWPORT/MOREHEAD CITY NC
126 AM EST FRI FEB 27 2015


...................................

...THE CAPE HATTERAS NC CLIMATE SUMMARY FOR FEBRUARY 26 2015...

CLIMATE NORMAL PERIOD 1981 TO 2010
CLIMATE RECORD PERIOD 1874 TO 2015


WEATHER ITEM   OBSERVED TIME   RECORD YEAR NORMAL DEPARTURE LAST
                VALUE   (LST)  VALUE       VALUE  FROM      YEAR
                                                  NORMAL
..................................................................
TEMPERATURE (F)
 YESTERDAY
  MAXIMUM         54    720 AM  72    2000  55     -1       47
  MINIMUM         33   1158 PM  21    1970  41     -8       36
                                      1967
  AVERAGE         44                        48     -4       42

PRECIPITATION (IN)
  YESTERDAY        0.97          2.13 1944   0.14   0.83     0.13
  MONTH TO DATE    7.34                      3.74   3.60     4.75
  SINCE DEC 1     14.40                     13.25   1.15    13.99
  SINCE JAN 1     11.95                      8.98   2.97    10.09

SNOWFALL (IN)
  YESTERDAY        0.0
  MONTH TO DATE    2.0
  SINCE NOV 1      2.0
  SINCE JUL 1      2.0
  SNOW DEPTH       0

DEGREE DAYS
 HEATING
  YESTERDAY       21                        17      4       23
  MONTH TO DATE  680                       477    203      444
  SINCE DEC 1   1716                      1572    144     1474
  SINCE JUL 1   2117                      1890    227     1789

 COOLING
  YESTERDAY        0                         0      0        0
  MONTH TO DATE    0                         0      0        0
  SINCE DEC 1      2                         3     -1        7
  SINCE JAN 1      2                         0      2        0
..................................................................


WIND (MPH)
  HIGHEST WIND SPEED    26   HIGHEST WIND DIRECTION     E (90)
  HIGHEST GUST SPEED    38   HIGHEST GUST DIRECTION     N (20)
  AVERAGE WIND SPEED    11.0


SKY COVER
  POSSIBLE SUNSHINE  MM
  AVERAGE SKY COVER 1.0


WEATHER CONDITIONS
 THE FOLLOWING WEATHER WAS RECORDED YESTERDAY.
  HEAVY RAIN
  RAIN
  LIGHT RAIN
  FOG


RELATIVE HUMIDITY (PERCENT)
 HIGHEST   100           200 AM
 LOWEST     89          1100 PM
 AVERAGE    95

..........................................................


THE CAPE HATTERAS NC CLIMATE NORMALS FOR TODAY
                         NORMAL    RECORD    YEAR
 MAXIMUM TEMPERATURE (F)   55        72      1977
 MINIMUM TEMPERATURE (F)   41        17      1970


SUNRISE AND SUNSET
FEBRUARY 27 2015......SUNRISE   635 AM EST   SUNSET   556 PM EST
FEBRUARY 28 2015......SUNRISE   634 AM EST   SUNSET   557 PM EST


-  INDICATES NEGATIVE NUMBERS.
R  INDICATES RECORD WAS SET OR TIED.
MM INDICATES DATA IS MISSING.
T  INDICATES TRACE AMOUNT.




$$
