000
CDUS42 KMHX 250529
CLIHSE


CLIMATE REPORT
NATIONAL WEATHER SERVICE NEWPORT/MOREHEAD CITY NC
128 AM EDT MON SEP 25 2017


...................................

...THE CAPE HATTERAS NC CLIMATE SUMMARY FOR SEPTEMBER 24 2017...

CLIMATE NORMAL PERIOD 1981 TO 2010
CLIMATE RECORD PERIOD 1874 TO 2017


WEATHER ITEM   OBSERVED TIME   RECORD YEAR NORMAL DEPARTURE LAST
                VALUE   (LST)  VALUE       VALUE  FROM      YEAR
                                                  NORMAL
..................................................................
TEMPERATURE (F)
 YESTERDAY
  MAXIMUM         81    201 PM  87    1975  78      3       85
                                      1931
  MINIMUM         71    203 AM  48    1983  67      4       71
                                      1967
  AVERAGE         76                        72      4       78

PRECIPITATION (IN)
  YESTERDAY        0.00          3.85 1947   0.19  -0.19     0.00
  MONTH TO DATE    6.84                      5.11   1.73     8.69
  SINCE SEP 1      6.84                      5.11   1.73     8.69
  SINCE JAN 1     49.20                     42.30   6.90    60.95

SNOWFALL (IN)
  YESTERDAY        0.0
  MONTH TO DATE    0.0
  SINCE NOV 1      T
  SINCE JUL 1      0.0
  SNOW DEPTH       0

DEGREE DAYS
 HEATING
  YESTERDAY        0                         0      0        0
  MONTH TO DATE    0                         0      0        0
  SINCE SEP 1      0                         0      0        0
  SINCE JUL 1      0                         0      0        0

 COOLING
  YESTERDAY       11                         8      3       13
  MONTH TO DATE  280                       245     35      339
  SINCE SEP 1    280                       245     35      339
  SINCE JAN 1   2041                      1551    490     1974
..................................................................


WIND (MPH)
  HIGHEST WIND SPEED    16   HIGHEST WIND DIRECTION    NE (40)
  HIGHEST GUST SPEED    26   HIGHEST GUST DIRECTION    NE (30)
  AVERAGE WIND SPEED     9.7


SKY COVER
  POSSIBLE SUNSHINE  MM
  AVERAGE SKY COVER 0.2


WEATHER CONDITIONS
 THE FOLLOWING WEATHER WAS RECORDED YESTERDAY.
  NO SIGNIFICANT WEATHER WAS OBSERVED.


RELATIVE HUMIDITY (PERCENT)
 HIGHEST    93          1200 AM
 LOWEST     67          1200 PM
 AVERAGE    80

..........................................................


THE CAPE HATTERAS NC CLIMATE NORMALS FOR TODAY
                         NORMAL    RECORD    YEAR
 MAXIMUM TEMPERATURE (F)   78        91      1986
 MINIMUM TEMPERATURE (F)   67        47      1990


SUNRISE AND SUNSET
SEPTEMBER 25 2017.....SUNRISE   653 AM EDT   SUNSET   655 PM EDT
SEPTEMBER 26 2017.....SUNRISE   654 AM EDT   SUNSET   653 PM EDT


-  INDICATES NEGATIVE NUMBERS.
R  INDICATES RECORD WAS SET OR TIED.
MM INDICATES DATA IS MISSING.
T  INDICATES TRACE AMOUNT.




$$
