000
CDUS42 KMHX 290525
CLIHSE


CLIMATE REPORT
NATIONAL WEATHER SERVICE NEWPORT/MOREHEAD CITY NC
125 AM EDT MON MAY 29 2017


...................................

...THE CAPE HATTERAS NC CLIMATE SUMMARY FOR MAY 28 2017...

CLIMATE NORMAL PERIOD 1981 TO 2010
CLIMATE RECORD PERIOD 1874 TO 2017


WEATHER ITEM   OBSERVED TIME   RECORD YEAR NORMAL DEPARTURE LAST
                VALUE   (LST)  VALUE       VALUE  FROM      YEAR
                                                  NORMAL
..................................................................
TEMPERATURE (F)
 YESTERDAY
  MAXIMUM         83   1212 PM  87    1991  77      6       86
  MINIMUM         72    129 AM  48    1983  64      8       69
  AVERAGE         78                        70      8       78

PRECIPITATION (IN)
  YESTERDAY        0.00          1.16 1938   0.11  -0.11     0.01
  MONTH TO DATE    5.77                      3.24   2.53     4.47
  SINCE MAR 1     19.08                     11.65   7.43    12.75
  SINCE JAN 1     25.39                     20.91   4.48    25.86

SNOWFALL (IN)
  YESTERDAY        0.0
  MONTH TO DATE    0.0
  SINCE NOV 1      T
  SINCE JUL 1      T
  SNOW DEPTH       0

DEGREE DAYS
 HEATING
  YESTERDAY        0                         1     -1        0
  MONTH TO DATE    3                        49    -46       21
  SINCE MAR 1    406                       659   -253      387
  SINCE JUL 1   1728                      2583   -855     1700

 COOLING
  YESTERDAY       13                         6      7       13
  MONTH TO DATE  192                        97     95      121
  SINCE MAR 1    370                       125    245      175
  SINCE JAN 1    378                       125    253      176
..................................................................


WIND (MPH)
  HIGHEST WIND SPEED    20   HIGHEST WIND DIRECTION    SW (220)
  HIGHEST GUST SPEED    28   HIGHEST GUST DIRECTION    SW (210)
  AVERAGE WIND SPEED     9.4


SKY COVER
  POSSIBLE SUNSHINE  MM
  AVERAGE SKY COVER 0.0


WEATHER CONDITIONS
 THE FOLLOWING WEATHER WAS RECORDED YESTERDAY.
  FOG
  HAZE


RELATIVE HUMIDITY (PERCENT)
 HIGHEST    87           400 AM
 LOWEST     69           200 PM
 AVERAGE    78

..........................................................


THE CAPE HATTERAS NC CLIMATE NORMALS FOR TODAY
                         NORMAL    RECORD    YEAR
 MAXIMUM TEMPERATURE (F)   77        91      1991
 MINIMUM TEMPERATURE (F)   64        49      1961


SUNRISE AND SUNSET
MAY 29 2017...........SUNRISE   550 AM EDT   SUNSET   810 PM EDT
MAY 30 2017...........SUNRISE   550 AM EDT   SUNSET   811 PM EDT


-  INDICATES NEGATIVE NUMBERS.
R  INDICATES RECORD WAS SET OR TIED.
MM INDICATES DATA IS MISSING.
T  INDICATES TRACE AMOUNT.




$$
