841
CDUS43 KGID 250706
CLIHSI


CLIMATE REPORT
NATIONAL WEATHER SERVICE HASTINGS NE
201 AM CDT THU MAY 25 2017


...................................

...THE HASTINGS NE CLIMATE SUMMARY FOR MAY 24 2017...

CLIMATE NORMAL PERIOD 1981 TO 2010
CLIMATE RECORD PERIOD 1894 TO 2017


WEATHER ITEM   OBSERVED TIME   RECORD YEAR NORMAL DEPARTURE LAST
                VALUE   (LST)  VALUE       VALUE  FROM      YEAR
                                                  NORMAL
..................................................................
TEMPERATURE (F)
 YESTERDAY
  MAXIMUM         66    447 PM  97    1967  75     -9       79
                                      1953
  MINIMUM         45    604 AM  32    1924  54     -9       61
  AVERAGE         56                        64     -8       70

PRECIPITATION (IN)
  YESTERDAY        0.00          1.86 1982   0.14  -0.14     0.02
  MONTH TO DATE    6.06                      3.71   2.35     1.39
  SINCE MAR 1     10.38                      8.06   2.32     7.62
  SINCE JAN 1     11.48                      8.96   2.52     9.54

SNOWFALL (IN)
  YESTERDAY        0.0          MM      MM   0.0    0.0      0.0
  MONTH TO DATE    0.6                       0.0    0.6      0.0
  SINCE MAR 1      2.0                       6.4   -4.4      2.1
  SINCE JUL 1     11.1                      28.8  -17.7     32.4
  6 AM SNOW DEPTH  0

DEGREE DAYS
 HEATING
  YESTERDAY        9                         3      6        0
  MONTH TO DATE  162                       151     11      173
  SINCE MAR 1   1212                      1360   -148     1103
  SINCE JUL 1   5142                      5990   -848     5013

 COOLING
  YESTERDAY        0                         3     -3        5
  MONTH TO DATE   46                        33     13       14
  SINCE MAR 1     54                        38     16       14
  SINCE JAN 1     54                        38     16       14
..................................................................


WIND (MPH)
  HIGHEST WIND SPEED    14   HIGHEST WIND DIRECTION    NW (330)
  HIGHEST GUST SPEED    20   HIGHEST GUST DIRECTION    SE (150)
  AVERAGE WIND SPEED     8.1


SKY COVER
  AVERAGE SKY COVER 0.2


WEATHER CONDITIONS
 THE FOLLOWING WEATHER WAS RECORDED YESTERDAY.
  NO SIGNIFICANT WEATHER WAS OBSERVED.


RELATIVE HUMIDITY (PERCENT)
 HIGHEST    89           600 AM
 LOWEST     43           500 PM
 AVERAGE    66

..........................................................


THE HASTINGS NE CLIMATE NORMALS FOR TODAY
                         NORMAL    RECORD    YEAR
 MAXIMUM TEMPERATURE (F)   75        96      1967
 MINIMUM TEMPERATURE (F)   54        38      1940


SUNRISE AND SUNSET
MAY 25 2017...........SUNRISE   609 AM CDT   SUNSET   853 PM CDT
MAY 26 2017...........SUNRISE   608 AM CDT   SUNSET   854 PM CDT


-  INDICATES NEGATIVE NUMBERS.
R  INDICATES RECORD WAS SET OR TIED.
MM INDICATES DATA IS MISSING.
T  INDICATES TRACE AMOUNT.




$$
