288
CDUS43 KGID 180623
CLIHSI


CLIMATE REPORT
NATIONAL WEATHER SERVICE HASTINGS NE
1223 AM CST SAT NOV 18 2017


...................................

...THE HASTINGS NE CLIMATE SUMMARY FOR NOVEMBER 17 2017...

CLIMATE NORMAL PERIOD 1981 TO 2010
CLIMATE RECORD PERIOD 1894 TO 2017


WEATHER ITEM   OBSERVED TIME   RECORD YEAR NORMAL DEPARTURE LAST
                VALUE   (LST)  VALUE       VALUE  FROM      YEAR
                                                  NORMAL
..................................................................
TEMPERATURE (F)
 YESTERDAY
  MAXIMUM         60    231 PM  73    1943  49     11       48
  MINIMUM         40   1108 PM   1    1909  27     13       39
  AVERAGE         50                        38     12       44

PRECIPITATION (IN)
  YESTERDAY        T             0.94 1971   0.05  -0.05     0.10
  MONTH TO DATE    T                         0.87  -0.87     0.92
  SINCE SEP 1      6.87                      5.42   1.45     2.94
  SINCE JAN 1     30.31                     26.08   4.23    19.51

SNOWFALL (IN)
  YESTERDAY        0.0           1.2  1958   0.1   -0.1      0.0
  MONTH TO DATE    0.0                       1.1   -1.1      0.0
  SINCE SEP 1      0.2                       2.3   -2.1      0.0
  SINCE JUL 1      0.2                       2.3   -2.1      0.0
  SNOW DEPTH       0

DEGREE DAYS
 HEATING
  YESTERDAY       15                        27    -12       21
  MONTH TO DATE  439                       395     44      218
  SINCE SEP 1    864                       882    -18      511
  SINCE JUL 1    868                       888    -20      515

 COOLING
  YESTERDAY        0                         0      0        0
  MONTH TO DATE    0                         0      0        0
  SINCE SEP 1    172                       124     48      147
  SINCE JAN 1   1129                      1077     52     1195
..................................................................


WIND (MPH)
  HIGHEST WIND SPEED    26   HIGHEST WIND DIRECTION     N (20)
  HIGHEST GUST SPEED    37   HIGHEST GUST DIRECTION     N (10)
  AVERAGE WIND SPEED    12.6


SKY COVER
  AVERAGE SKY COVER 0.5


WEATHER CONDITIONS
 THE FOLLOWING WEATHER WAS RECORDED YESTERDAY.
  LIGHT RAIN
  FOG


RELATIVE HUMIDITY (PERCENT)
 HIGHEST    93           900 AM
 LOWEST     43           400 PM
 AVERAGE    68

..........................................................


THE HASTINGS NE CLIMATE NORMALS FOR TODAY
                         NORMAL    RECORD    YEAR
 MAXIMUM TEMPERATURE (F)   48        75      1908
 MINIMUM TEMPERATURE (F)   27         3      2014


SUNRISE AND SUNSET
NOVEMBER 18 2017......SUNRISE   724 AM CST   SUNSET   513 PM CST
NOVEMBER 19 2017......SUNRISE   725 AM CST   SUNSET   513 PM CST


-  INDICATES NEGATIVE NUMBERS.
R  INDICATES RECORD WAS SET OR TIED.
MM INDICATES DATA IS MISSING.
T  INDICATES TRACE AMOUNT.




$$
