000
CDUS43 KGID 240640
CLIHSI


CLIMATE REPORT
NATIONAL WEATHER SERVICE HASTINGS NE
139 AM CDT MON APR 24 2017


...................................

...THE HASTINGS NE CLIMATE SUMMARY FOR APRIL 23 2017...

CLIMATE NORMAL PERIOD 1981 TO 2010
CLIMATE RECORD PERIOD 1894 TO 2017


WEATHER ITEM   OBSERVED TIME   RECORD YEAR NORMAL DEPARTURE LAST
                VALUE   (LST)  VALUE       VALUE  FROM      YEAR
                                                  NORMAL
..................................................................
TEMPERATURE (F)
 YESTERDAY
  MAXIMUM         71    302 PM  96    1989  65      6       80
  MINIMUM         39    626 AM  26    2013  41     -2       49
  AVERAGE         55                        53      2       65

PRECIPITATION (IN)
  YESTERDAY        0.00          1.78 1944   0.09  -0.09     0.00
  MONTH TO DATE    0.77                      1.75  -0.98     3.82
  SINCE MAR 1      1.85                      3.54  -1.69     4.36
  SINCE JAN 1      2.95                      4.44  -1.49     6.28

SNOWFALL (IN)
  YESTERDAY        0.0           6.6  1956   0.0    0.0      0.0
  MONTH TO DATE    0.0                       1.1   -1.1      0.0
  SINCE MAR 1      1.2                       6.3   -5.1      2.1
  SINCE JUL 1     10.3                      28.7  -18.4     32.4
  SNOW DEPTH       0

DEGREE DAYS
 HEATING
  YESTERDAY       10                        12     -2        0
  MONTH TO DATE  242                       358   -116      268
  SINCE MAR 1    905                      1135   -230      838
  SINCE JUL 1   4835                      5765   -930     4748

 COOLING
  YESTERDAY        0                         0      0        0
  MONTH TO DATE    8                         0      8        0
  SINCE MAR 1      8                         0      8        0
  SINCE JAN 1      8                         0      8        0
..................................................................


WIND (MPH)
  HIGHEST WIND SPEED    25   HIGHEST WIND DIRECTION     S (180)
  HIGHEST GUST SPEED    36   HIGHEST GUST DIRECTION     S (180)
  AVERAGE WIND SPEED    11.5


SKY COVER
  AVERAGE SKY COVER 0.0


WEATHER CONDITIONS
 THE FOLLOWING WEATHER WAS RECORDED YESTERDAY.
  NO SIGNIFICANT WEATHER WAS OBSERVED.


RELATIVE HUMIDITY (PERCENT)
 HIGHEST    64           100 AM
 LOWEST     18           300 PM
 AVERAGE    41

..........................................................


THE HASTINGS NE CLIMATE NORMALS FOR TODAY
                         NORMAL    RECORD    YEAR
 MAXIMUM TEMPERATURE (F)   66        94      2012
 MINIMUM TEMPERATURE (F)   42        21      1956


SUNRISE AND SUNSET
APRIL 24 2017.........SUNRISE   642 AM CDT   SUNSET   823 PM CDT
APRIL 25 2017.........SUNRISE   640 AM CDT   SUNSET   824 PM CDT


-  INDICATES NEGATIVE NUMBERS.
R  INDICATES RECORD WAS SET OR TIED.
MM INDICATES DATA IS MISSING.
T  INDICATES TRACE AMOUNT.




$$
