000
CDUS43 KGID 240647
CLIHSI


CLIMATE REPORT
NATIONAL WEATHER SERVICE HASTINGS NE
1245 AM CST TUE JAN 24 2017


...................................

...THE HASTINGS NE CLIMATE SUMMARY FOR JANUARY 23 2017...

CLIMATE NORMAL PERIOD 1981 TO 2010
CLIMATE RECORD PERIOD 1894 TO 2017


WEATHER ITEM   OBSERVED TIME   RECORD YEAR NORMAL DEPARTURE LAST
                VALUE   (LST)  VALUE       VALUE  FROM      YEAR
                                                  NORMAL
..................................................................
TEMPERATURE (F)
 YESTERDAY
  MAXIMUM         42    235 PM  70    1981  37      5       29
                                      1950
  MINIMUM         25    430 AM -23    1915  16      9       20
  AVERAGE         34                        26      8       25

PRECIPITATION (IN)
  YESTERDAY        0.00          1.70 1965   0.01  -0.01      T
  MONTH TO DATE    0.83                      0.25   0.58     0.34
  SINCE DEC 1      1.44                      0.86   0.58     2.52
  SINCE JAN 1      0.83                      0.25   0.58     0.34

SNOWFALL (IN)
  YESTERDAY        0.0           7.0  1965   0.2   -0.2       T
  MONTH TO DATE    3.7                       4.2   -0.5      5.4
  SINCE DEC 1      4.7                      10.3   -5.6     10.0
  SINCE JUL 1      4.8                      14.1   -9.3     14.2
  SNOW DEPTH       0

DEGREE DAYS
 HEATING
  YESTERDAY       31                        39     -8       40
  MONTH TO DATE  908                       901      7      915
  SINCE DEC 1   2090                      2060     30     1899
  SINCE JUL 1   2957                      3341   -384     2825

 COOLING
  YESTERDAY        0                         0      0        0
  MONTH TO DATE    0                         0      0        0
  SINCE DEC 1      0                         0      0        0
  SINCE JAN 1      0                         0      0        0
..................................................................


WIND (MPH)
  HIGHEST WIND SPEED    18   HIGHEST WIND DIRECTION    SE (130)
  HIGHEST GUST SPEED    24   HIGHEST GUST DIRECTION    SE (120)
  AVERAGE WIND SPEED     8.6


SKY COVER
  AVERAGE SKY COVER 0.4


WEATHER CONDITIONS
 THE FOLLOWING WEATHER WAS RECORDED YESTERDAY.
  FOG


RELATIVE HUMIDITY (PERCENT)
 HIGHEST    96           700 PM
 LOWEST     78           100 AM
 AVERAGE    87

..........................................................


THE HASTINGS NE CLIMATE NORMALS FOR TODAY
                         NORMAL    RECORD    YEAR
 MAXIMUM TEMPERATURE (F)   37        73      1981
 MINIMUM TEMPERATURE (F)   16       -23      1915


SUNRISE AND SUNSET
JANUARY 24 2017.......SUNRISE   750 AM CST   SUNSET   542 PM CST
JANUARY 25 2017.......SUNRISE   749 AM CST   SUNSET   543 PM CST


-  INDICATES NEGATIVE NUMBERS.
R  INDICATES RECORD WAS SET OR TIED.
MM INDICATES DATA IS MISSING.
T  INDICATES TRACE AMOUNT.




$$
