000
CDUS43 KGID 200704
CLIHSI


CLIMATE REPORT
NATIONAL WEATHER SERVICE HASTINGS NE
102 AM CST THU NOV 20 2014


...................................

...THE HASTINGS NE CLIMATE SUMMARY FOR NOVEMBER 19 2014...

CLIMATE NORMAL PERIOD 1981 TO 2010
CLIMATE RECORD PERIOD 1894 TO 2014


WEATHER ITEM   OBSERVED TIME   RECORD YEAR NORMAL DEPARTURE LAST
                VALUE   (LST)  VALUE       VALUE  FROM      YEAR
                                                  NORMAL
..................................................................
TEMPERATURE (F)
 YESTERDAY
  MAXIMUM         36    328 AM  79    2007  48    -12       60
  MINIMUM         16   1159 PM  10    1937  27    -11       32
  AVERAGE         26                        37    -11       46

PRECIPITATION (IN)
  YESTERDAY        0.00          1.40 1975   0.04  -0.04     0.00
  MONTH TO DATE    0.12                      0.95  -0.83     0.99
  SINCE SEP 1      3.66                      5.50  -1.84     7.00
  SINCE JAN 1     28.56                     26.16   2.40    25.06

SNOWFALL (IN)
  YESTERDAY        0.0           0.5  1981   0.1   -0.1      0.0
                                      1950
  MONTH TO DATE    1.7                       1.2    0.5       T
  SINCE SEP 1      1.7                       2.4   -0.7       T
  SINCE JUL 1      1.7                       2.4   -0.7       T
  SNOW DEPTH 6AM   T

DEGREE DAYS
 HEATING
  YESTERDAY       39                        28     11       19
  MONTH TO DATE  587                       450    137      430
  SINCE SEP 1   1007                       937     70      872
  SINCE JUL 1   1013                       943     70      878

 COOLING
  YESTERDAY        0                         0      0        0
  MONTH TO DATE    0                         0      0        0
  SINCE SEP 1     98                       124    -26      200
  SINCE JAN 1   1018                      1077    -59     1158
..................................................................


WIND (MPH)
  HIGHEST WIND SPEED    30   HIGHEST WIND DIRECTION     N (340)
  HIGHEST GUST SPEED    36   HIGHEST GUST DIRECTION     N (340)
  AVERAGE WIND SPEED    11.3


SKY COVER
  AVERAGE SKY COVER 0.2


WEATHER CONDITIONS
 THE FOLLOWING WEATHER WAS RECORDED YESTERDAY.
  NO SIGNIFICANT WEATHER WAS OBSERVED.


RELATIVE HUMIDITY (PERCENT)
 HIGHEST    80          1100 PM
 LOWEST     43          1200 PM
 AVERAGE    62

..........................................................


THE HASTINGS NE CLIMATE NORMALS FOR TODAY
                         NORMAL    RECORD    YEAR
 MAXIMUM TEMPERATURE (F)   47        74      2003
                                             1933
 MINIMUM TEMPERATURE (F)   26         0      1964


SUNRISE AND SUNSET
NOVEMBER 20 2014......SUNRISE   726 AM CST   SUNSET   512 PM CST
NOVEMBER 21 2014......SUNRISE   727 AM CST   SUNSET   512 PM CST


-  INDICATES NEGATIVE NUMBERS.
R  INDICATES RECORD WAS SET OR TIED.
MM INDICATES DATA IS MISSING.
T  INDICATES TRACE AMOUNT.




$$
