000
CDUS43 KGID 242228
CLIHSI


CLIMATE REPORT
NATIONAL WEATHER SERVICE HASTINGS NE
527 PM CDT MON JUL 24 2017


...................................

...THE HASTINGS NE CLIMATE SUMMARY FOR JULY 24 2017...
VALID TODAY AS OF 0500 PM LOCAL TIME.

CLIMATE NORMAL PERIOD 1981 TO 2010
CLIMATE RECORD PERIOD 1894 TO 2017


WEATHER ITEM   OBSERVED TIME   RECORD YEAR NORMAL DEPARTURE LAST
                VALUE   (LST)  VALUE       VALUE  FROM      YEAR
                                                  NORMAL
..................................................................
TEMPERATURE (F)
 TODAY
  MAXIMUM         92    341 PM 116    1936  88      4       86
  MINIMUM         67    506 AM  53    1911  67      0       68
  AVERAGE         80                        77      3       77

PRECIPITATION (IN)
  TODAY            0.00          1.93 2015   0.10  -0.10     0.00
  MONTH TO DATE    3.75                      3.02   0.73     1.77
  SINCE JUN 1      5.54                      6.82  -1.28     2.52
  SINCE JAN 1     17.38                     16.64   0.74    14.35

SNOWFALL (IN)
  TODAY            0.0                       0.0    0.0      0.0
  MONTH TO DATE    0.0                       0.0    0.0      0.0
  SINCE JUN 1      0.0                       0.0    0.0      0.0
  SINCE JUL 1      0.0                       0.0    0.0      0.0
  SNOW DEPTH       0

DEGREE DAYS
 HEATING
  TODAY            0                         0      0        0
  MONTH TO DATE    0                         0      0        3
  SINCE JUN 1      3                        21    -18        3
  SINCE JUL 1      0                         0      0        3

 COOLING
  TODAY           15                        12      3       12
  MONTH TO DATE  350                       291     59      306
  SINCE JUN 1    637                       516    121      657
  SINCE JAN 1    698                       575    123      686
..................................................................


WIND (MPH)
  HIGHEST WIND SPEED    16   HIGHEST WIND DIRECTION    SE (150)
  HIGHEST GUST SPEED    21   HIGHEST GUST DIRECTION    SE (150)
  AVERAGE WIND SPEED    10.9


SKY COVER
  AVERAGE SKY COVER 0.0


WEATHER CONDITIONS
 THE FOLLOWING WEATHER WAS RECORDED TODAY.
  NO SIGNIFICANT WEATHER WAS OBSERVED.


RELATIVE HUMIDITY (PERCENT)
 HIGHEST    76           500 AM
 LOWEST     47           200 PM
 AVERAGE    62

..........................................................


THE HASTINGS NE CLIMATE NORMALS FOR TOMORROW
                         NORMAL    RECORD    YEAR
 MAXIMUM TEMPERATURE (F)   88       112      1936
 MINIMUM TEMPERATURE (F)   67        52      1911


SUNRISE AND SUNSET
JULY 24 2017..........SUNRISE   624 AM CDT   SUNSET   856 PM CDT
JULY 25 2017..........SUNRISE   624 AM CDT   SUNSET   855 PM CDT


-  INDICATES NEGATIVE NUMBERS.
R  INDICATES RECORD WAS SET OR TIED.
MM INDICATES DATA IS MISSING.
T  INDICATES TRACE AMOUNT.




$$
