000
CDUS43 KGID 200717
CLIHSI


CLIMATE REPORT
NATIONAL WEATHER SERVICE HASTINGS NE
216 AM CDT SUN APR 20 2014


...................................

...THE HASTINGS NE CLIMATE SUMMARY FOR APRIL 19 2014...

CLIMATE NORMAL PERIOD 1981 TO 2010
CLIMATE RECORD PERIOD 1894 TO 2014


WEATHER ITEM   OBSERVED TIME   RECORD YEAR NORMAL DEPARTURE LAST
                VALUE   (LST)  VALUE       VALUE  FROM      YEAR
                                                  NORMAL
..................................................................
TEMPERATURE (F)
 YESTERDAY
  MAXIMUM         79    528 PM  87    1946  64     15       50
                                      1921
  MINIMUM         53    636 AM  23    1953  40     13       24
  AVERAGE         66                        52     14       37

PRECIPITATION (IN)
  YESTERDAY        0.00          1.46 2011   0.09  -0.09     0.00
  MONTH TO DATE    1.36                      1.37  -0.01     1.58
  SINCE MAR 1      1.51                      3.16  -1.65     3.83
  SINCE JAN 1      2.22                      4.06  -1.84     5.05

SNOWFALL (IN)
  YESTERDAY        0.0           6.0  1941   0.0    0.0      0.0
  MONTH TO DATE    2.2                       1.0    1.2      3.7
  SINCE MAR 1      3.4                       6.2   -2.8     11.6
  SINCE JUL 1     21.7                      28.6   -6.9     35.4
  SNOW DEPTH       0

DEGREE DAYS
 HEATING
  YESTERDAY        0                        13    -13       28
  MONTH TO DATE  309                       308      1      435
  SINCE MAR 1   1168                      1085     83     1317
  SINCE JUL 1   6048                      5715    333     5944

 COOLING
  YESTERDAY        1                         0      1        0
  MONTH TO DATE    4                         0      4        0
  SINCE MAR 1      4                         0      4        0
  SINCE JAN 1      4                         0      4        0
..................................................................


WIND (MPH)
  HIGHEST WIND SPEED    22   HIGHEST WIND DIRECTION     S (200)
  HIGHEST GUST SPEED    30   HIGHEST GUST DIRECTION    SW (210)
  AVERAGE WIND SPEED    10.0


SKY COVER
  AVERAGE SKY COVER 0.2


WEATHER CONDITIONS
 THE FOLLOWING WEATHER WAS RECORDED YESTERDAY.
  NO SIGNIFICANT WEATHER WAS OBSERVED.


RELATIVE HUMIDITY (PERCENT)
 HIGHEST    71           700 AM
 LOWEST     32           500 PM
 AVERAGE    52

..........................................................


THE HASTINGS NE CLIMATE NORMALS FOR TODAY
                         NORMAL    RECORD    YEAR
 MAXIMUM TEMPERATURE (F)   64        89      1987
 MINIMUM TEMPERATURE (F)   40        24      1953


SUNRISE AND SUNSET
APRIL 20 2014.........SUNRISE   648 AM CDT   SUNSET   818 PM CDT
APRIL 21 2014.........SUNRISE   646 AM CDT   SUNSET   819 PM CDT


-  INDICATES NEGATIVE NUMBERS.
R  INDICATES RECORD WAS SET OR TIED.
MM INDICATES DATA IS MISSING.
T  INDICATES TRACE AMOUNT.




$$
