000
CDUS43 KGID 170656
CLIHSI


CLIMATE REPORT
NATIONAL WEATHER SERVICE HASTINGS NE
1254 AM CST WED DEC 17 2014


...................................

...THE HASTINGS NE CLIMATE SUMMARY FOR DECEMBER 16 2014...

CLIMATE NORMAL PERIOD 1981 TO 2010
CLIMATE RECORD PERIOD 1894 TO 2014


WEATHER ITEM   OBSERVED TIME   RECORD YEAR NORMAL DEPARTURE LAST
                VALUE   (LST)  VALUE       VALUE  FROM      YEAR
                                                  NORMAL
..................................................................
TEMPERATURE (F)
 YESTERDAY
  MAXIMUM         27    100 AM  68    1962  36     -9       57
  MINIMUM         21   1159 PM -15    1989  18      3       24
  AVERAGE         24                        27     -3       41

PRECIPITATION (IN)
  YESTERDAY        0.00          0.45 1961   0.01  -0.01     0.00
  MONTH TO DATE    0.30                      0.42  -0.12     0.13
  SINCE DEC 1      0.30                      0.42  -0.12     0.13
  SINCE JAN 1     28.97                     26.92   2.05    25.20

SNOWFALL (IN)
  YESTERDAY        0.0           6.0  1961   0.2   -0.2      0.0
  MONTH TO DATE    T                         3.0   -3.0      4.4
  SINCE DEC 1      T                         3.0   -3.0      4.4
  SINCE JUL 1      1.7                       6.8   -5.1      4.8
  SNOW DEPTH       0

DEGREE DAYS
 HEATING
  YESTERDAY       41                        38      3       24
  MONTH TO DATE  480                       575    -95      694
  SINCE DEC 1    480                       575    -95      694
  SINCE JUL 1   1818                      1856    -38     1959

 COOLING
  YESTERDAY        0                         0      0        0
  MONTH TO DATE    0                         0      0        0
  SINCE DEC 1      0                         0      0        0
  SINCE JAN 1   1018                      1077    -59     1158
..................................................................


WIND (MPH)
  HIGHEST WIND SPEED    32   HIGHEST WIND DIRECTION     N (340)
  HIGHEST GUST SPEED    40   HIGHEST GUST DIRECTION    NW (330)
  AVERAGE WIND SPEED    14.5


SKY COVER
  AVERAGE SKY COVER 1.0


WEATHER CONDITIONS
 THE FOLLOWING WEATHER WAS RECORDED YESTERDAY.
  NO SIGNIFICANT WEATHER WAS OBSERVED.


RELATIVE HUMIDITY (PERCENT)
 HIGHEST    84           900 PM
 LOWEST     74           500 AM
 AVERAGE    79

..........................................................


THE HASTINGS NE CLIMATE NORMALS FOR TODAY
                         NORMAL    RECORD    YEAR
 MAXIMUM TEMPERATURE (F)   36        72      1939
 MINIMUM TEMPERATURE (F)   18       -11      1964
                                             1914


SUNRISE AND SUNSET
DECEMBER 17 2014......SUNRISE   752 AM CST   SUNSET   508 PM CST
DECEMBER 18 2014......SUNRISE   752 AM CST   SUNSET   509 PM CST


-  INDICATES NEGATIVE NUMBERS.
R  INDICATES RECORD WAS SET OR TIED.
MM INDICATES DATA IS MISSING.
T  INDICATES TRACE AMOUNT.




$$
