000
CDUS43 KGID 220623
CLIHSI


CLIMATE REPORT
NATIONAL WEATHER SERVICE HASTINGS NE
122 AM CDT FRI SEP 22 2017


...................................

...THE HASTINGS NE CLIMATE SUMMARY FOR SEPTEMBER 21 2017...

CLIMATE NORMAL PERIOD 1981 TO 2010
CLIMATE RECORD PERIOD 1894 TO 2017


WEATHER ITEM   OBSERVED TIME   RECORD YEAR NORMAL DEPARTURE LAST
                VALUE   (LST)  VALUE       VALUE  FROM      YEAR
                                                  NORMAL
..................................................................
TEMPERATURE (F)
 YESTERDAY
  MAXIMUM         95    419 PM  98    2005  75     20       89
  MINIMUM         53    617 AM  28    1995  52      1       72
  AVERAGE         74                        64     10       81

PRECIPITATION (IN)
  YESTERDAY        0.00          1.45 1990   0.09  -0.09     0.00
  MONTH TO DATE    0.35                      1.86  -1.51     1.33
  SINCE SEP 1      0.35                      1.86  -1.51     1.33
  SINCE JAN 1     23.79                     22.52   1.27    17.90

SNOWFALL (IN)
  YESTERDAY        0.0                       0.0    0.0      0.0
  MONTH TO DATE    0.0                       0.1   -0.1      0.0
  SINCE SEP 1      0.0                       0.1   -0.1      0.0
  SINCE JUL 1      0.0                       0.1   -0.1      0.0
  SNOW DEPTH       0

DEGREE DAYS
 HEATING
  YESTERDAY        0                         4     -4        0
  MONTH TO DATE   23                        41    -18       26
  SINCE SEP 1     23                        41    -18       26
  SINCE JUL 1     27                        47    -20       30

 COOLING
  YESTERDAY        9                         2      7       16
  MONTH TO DATE  126                        93     33      115
  SINCE SEP 1    126                        93     33      115
  SINCE JAN 1   1083                      1046     37     1163
..................................................................


WIND (MPH)
  HIGHEST WIND SPEED    25   HIGHEST WIND DIRECTION     S (170)
  HIGHEST GUST SPEED    33   HIGHEST GUST DIRECTION     S (180)
  AVERAGE WIND SPEED    11.0


SKY COVER
  AVERAGE SKY COVER 0.0


WEATHER CONDITIONS
 THE FOLLOWING WEATHER WAS RECORDED YESTERDAY.
  FOG
  HAZE


RELATIVE HUMIDITY (PERCENT)
 HIGHEST    89           600 AM
 LOWEST     31           400 PM
 AVERAGE    60

..........................................................


THE HASTINGS NE CLIMATE NORMALS FOR TODAY
                         NORMAL    RECORD    YEAR
 MAXIMUM TEMPERATURE (F)   75       100      1937
 MINIMUM TEMPERATURE (F)   51        26      1995


SUNRISE AND SUNSET
SEPTEMBER 22 2017.....SUNRISE   722 AM CDT   SUNSET   730 PM CDT
SEPTEMBER 23 2017.....SUNRISE   723 AM CDT   SUNSET   729 PM CDT


-  INDICATES NEGATIVE NUMBERS.
R  INDICATES RECORD WAS SET OR TIED.
MM INDICATES DATA IS MISSING.
T  INDICATES TRACE AMOUNT.




$$
