000
CDUS43 KGID 290705
CLIHSI


CLIMATE REPORT
NATIONAL WEATHER SERVICE HASTINGS NE
103 AM CST SAT NOV 29 2014


...................................

...THE HASTINGS NE CLIMATE SUMMARY FOR NOVEMBER 28 2014...

CLIMATE NORMAL PERIOD 1981 TO 2010
CLIMATE RECORD PERIOD 1894 TO 2014


WEATHER ITEM   OBSERVED TIME   RECORD YEAR NORMAL DEPARTURE LAST
                VALUE   (LST)  VALUE       VALUE  FROM      YEAR
                                                  NORMAL
..................................................................
TEMPERATURE (F)
 YESTERDAY
  MAXIMUM         74R   305 PM  70    1932  43     31       35
  MINIMUM         24    549 AM  -3    1976  23      1       21
  AVERAGE         49                        33     16       28

PRECIPITATION (IN)
  YESTERDAY        0.00          0.75 1905   0.02  -0.02     0.00
  MONTH TO DATE    0.23                      1.24  -1.01     1.00
  SINCE SEP 1      3.77                      5.79  -2.02     7.01
  SINCE JAN 1     28.67                     26.45   2.22    25.07

SNOWFALL (IN)
  YESTERDAY        0.0           4.5  1987   0.1   -0.1      0.0
  MONTH TO DATE    1.7                       2.3   -0.6      0.4
  SINCE SEP 1      1.7                       3.5   -1.8      0.4
  SINCE JUL 1      1.7                       3.5   -1.8      0.4
  SNOW DEPTH       0

DEGREE DAYS
 HEATING
  YESTERDAY       16                        32    -16       37
  MONTH TO DATE  854                       722    132      763
  SINCE SEP 1   1274                      1209     65     1205
  SINCE JUL 1   1280                      1215     65     1211

 COOLING
  YESTERDAY        0                         0      0        0
  MONTH TO DATE    0                         0      0        0
  SINCE SEP 1     98                       124    -26      200
  SINCE JAN 1   1018                      1077    -59     1158
..................................................................


WIND (MPH)
  HIGHEST WIND SPEED    21   HIGHEST WIND DIRECTION     W (250)
  HIGHEST GUST SPEED    26   HIGHEST GUST DIRECTION     W (250)
  AVERAGE WIND SPEED     7.2


SKY COVER
  AVERAGE SKY COVER 0.0


WEATHER CONDITIONS
 THE FOLLOWING WEATHER WAS RECORDED YESTERDAY.
  NO SIGNIFICANT WEATHER WAS OBSERVED.


RELATIVE HUMIDITY (PERCENT)
 HIGHEST    74           600 AM
 LOWEST     14           300 PM
 AVERAGE    44

..........................................................


THE HASTINGS NE CLIMATE NORMALS FOR TODAY
                         NORMAL    RECORD    YEAR
 MAXIMUM TEMPERATURE (F)   42        68      2003
 MINIMUM TEMPERATURE (F)   23         0      1976


SUNRISE AND SUNSET
NOVEMBER 29 2014......SUNRISE   736 AM CST   SUNSET   508 PM CST
NOVEMBER 30 2014......SUNRISE   737 AM CST   SUNSET   508 PM CST


-  INDICATES NEGATIVE NUMBERS.
R  INDICATES RECORD WAS SET OR TIED.
MM INDICATES DATA IS MISSING.
T  INDICATES TRACE AMOUNT.




$$
