442
CDUS43 KGID 272225
CLIHSI


CLIMATE REPORT
NATIONAL WEATHER SERVICE HASTINGS NE
524 PM CDT WED JUL 27 2016


...................................

...THE HASTINGS NE CLIMATE SUMMARY FOR JULY 27 2016...
VALID TODAY AS OF 0500 PM LOCAL TIME.

CLIMATE NORMAL PERIOD 1981 TO 2010
CLIMATE RECORD PERIOD 1894 TO 2016


WEATHER ITEM   OBSERVED TIME   RECORD YEAR NORMAL DEPARTURE LAST
                VALUE   (LST)  VALUE       VALUE  FROM      YEAR
                                                  NORMAL
..................................................................
TEMPERATURE (F)
 TODAY
  MAXIMUM         87    357 PM 109    1936  88     -1       90
  MINIMUM         63    632 AM  50    2005  67     -4       71
  AVERAGE         75                        77     -2       81

PRECIPITATION (IN)
  TODAY            0.07          2.53 1993   0.10  -0.03     0.00
  MONTH TO DATE    1.84                      3.31  -1.47     4.01
  SINCE JUN 1      2.59                      7.11  -4.52    12.06
  SINCE JAN 1     14.42                     16.93  -2.51    20.78

SNOWFALL (IN)
  TODAY            0.0                       0.0    0.0      0.0
  MONTH TO DATE    0.0                       0.0    0.0      0.0
  SINCE JUN 1      0.0                       0.0    0.0      0.0
  SINCE JUL 1      0.0                       0.0    0.0      0.0
  SNOW DEPTH       0

DEGREE DAYS
 HEATING
  TODAY            0                         0      0        0
  MONTH TO DATE    3                         0      3        4
  SINCE JUN 1      3                        21    -18        7
  SINCE JUL 1      3                         0      3        4

 COOLING
  TODAY           10                        12     -2       16
  MONTH TO DATE  338                       327     11      307
  SINCE JUN 1    689                       552    137      527
  SINCE JAN 1    718                       611    107      558
..................................................................


WIND (MPH)
  HIGHEST WIND SPEED    30   HIGHEST WIND DIRECTION    NW (330)
  HIGHEST GUST SPEED    40   HIGHEST GUST DIRECTION    NW (330)
  AVERAGE WIND SPEED     8.2


SKY COVER
  AVERAGE SKY COVER 0.2


WEATHER CONDITIONS
 THE FOLLOWING WEATHER WAS RECORDED TODAY.
  HEAVY RAIN


RELATIVE HUMIDITY (PERCENT)
 HIGHEST    93           600 AM
 LOWEST     50           400 PM
 AVERAGE    72

..........................................................


THE HASTINGS NE CLIMATE NORMALS FOR TOMORROW
                         NORMAL    RECORD    YEAR
 MAXIMUM TEMPERATURE (F)   88       105      1931
 MINIMUM TEMPERATURE (F)   67        51      1994


SUNRISE AND SUNSET
JULY 27 2016..........SUNRISE   627 AM CDT   SUNSET   853 PM CDT
JULY 28 2016..........SUNRISE   627 AM CDT   SUNSET   852 PM CDT


-  INDICATES NEGATIVE NUMBERS.
R  INDICATES RECORD WAS SET OR TIED.
MM INDICATES DATA IS MISSING.
T  INDICATES TRACE AMOUNT.




$$
