000
CDUS44 KHUN 102138
CLIHSV


CLIMATE REPORT
NATIONAL WEATHER SERVICE HUNTSVILLE AL
437 PM CDT THU JUL 10 2014


...................................

...THE HUNTSVILLE CLIMATE SUMMARY FOR JULY 10 2014...
VALID TODAY AS OF 0400 PM LOCAL TIME.

CLIMATE NORMAL PERIOD 1981 TO 2010
CLIMATE RECORD PERIOD 1894 TO 2014


WEATHER ITEM   OBSERVED TIME   RECORD YEAR NORMAL DEPARTURE LAST
                VALUE   (LST)  VALUE       VALUE  FROM      YEAR
                                                  NORMAL
..................................................................
TEMPERATURE (F)
 TODAY
  MAXIMUM         90    222 PM 105    1930  91     -1       94
  MINIMUM         73   1218 AM  55    1947  71      2       71
  AVERAGE         82                        80      2       83

PRECIPITATION (IN)
  TODAY            0.13          1.70 2013   0.14  -0.01     1.70
  MONTH TO DATE    1.68                      1.42   0.26     8.05
  SINCE JUN 1      8.81                      5.71   3.10    10.26
  SINCE JAN 1     32.28                     30.08   2.20    39.38

SNOWFALL (IN)
  TODAY            0.0
  MONTH TO DATE    0.0
  SINCE JUN 1      0.0
  SINCE JUL 1      0.0
  SNOW DEPTH       0

DEGREE DAYS
 HEATING
  TODAY            0                         0      0        0
  MONTH TO DATE    0                         0      0        0
  SINCE JUN 1      0                         1     -1        0
  SINCE JUL 1      0                         0      0        0

 COOLING
  TODAY           17                        16      1       18
  MONTH TO DATE  137                       152    -15      123
  SINCE JUN 1    538                       532      6      547
  SINCE JAN 1    809                       795     14      780
..................................................................


WIND (MPH)
  HIGHEST WIND SPEED    10   HIGHEST WIND DIRECTION    NW (330)
  HIGHEST GUST SPEED    14   HIGHEST GUST DIRECTION     N (350)
  AVERAGE WIND SPEED     2.3


SKY COVER
  POSSIBLE SUNSHINE  MM
  AVERAGE SKY COVER 0.8


WEATHER CONDITIONS
 THE FOLLOWING WEATHER WAS RECORDED TODAY.
  HEAVY RAIN
  RAIN
  LIGHT RAIN
  FOG


RELATIVE HUMIDITY (PERCENT)
 HIGHEST    93          1200 AM
 LOWEST     50           100 PM
 AVERAGE    72

..........................................................


THE HUNTSVILLE CLIMATE NORMALS FOR TOMORROW
                         NORMAL    RECORD    YEAR
 MAXIMUM TEMPERATURE (F)   91       102      1914
 MINIMUM TEMPERATURE (F)   71        56      1963
                                             1952


SUNRISE AND SUNSET
JULY 10 2014..........SUNRISE   542 AM CDT   SUNSET   802 PM CDT
JULY 11 2014..........SUNRISE   543 AM CDT   SUNSET   802 PM CDT


-  INDICATES NEGATIVE NUMBERS.
R  INDICATES RECORD WAS SET OR TIED.
MM INDICATES DATA IS MISSING.
T  INDICATES TRACE AMOUNT.




$$
