000
CDUS44 KHUN 282126
CLIHSV


CLIMATE REPORT
NATIONAL WEATHER SERVICE HUNTSVILLE AL
425 PM CDT THU AUG 28 2014


...................................

...THE HUNTSVILLE CLIMATE SUMMARY FOR AUGUST 28 2014...
VALID TODAY AS OF 0400 PM LOCAL TIME.

CLIMATE NORMAL PERIOD 1981 TO 2010
CLIMATE RECORD PERIOD 1894 TO 2014


WEATHER ITEM   OBSERVED TIME   RECORD YEAR NORMAL DEPARTURE LAST
                VALUE   (LST)  VALUE       VALUE  FROM      YEAR
                                                  NORMAL
..................................................................
TEMPERATURE (F)
 TODAY
  MAXIMUM         95    209 PM 103    1924  90      5       91
                                      1920
  MINIMUM         69        MM  56    1967  68      1       64
                                      1927
                                      1922
  AVERAGE         82                        79      3       78

PRECIPITATION (IN)
  TODAY            0.00          1.54 1923   0.11  -0.11     0.00
  MONTH TO DATE    2.09                      3.28  -1.19     1.81
  SINCE JUN 1     13.69                     11.62   2.07    14.50
  SINCE JAN 1     37.16                     35.99   1.17    43.62

SNOWFALL (IN)
  TODAY            0.0
  MONTH TO DATE    0.0
  SINCE JUN 1      0.0
  SINCE JUL 1      0.0
  SNOW DEPTH       0

DEGREE DAYS
 HEATING
  TODAY            0                         0      0        0
  MONTH TO DATE    0                         0      0        0
  SINCE JUN 1      0                         1     -1        0
  SINCE JUL 1      0                         0      0        0

 COOLING
  TODAY           17                        14      3       13
  MONTH TO DATE  440                       431      9      335
  SINCE JUN 1   1234                      1293    -59     1180
  SINCE JAN 1   1505                      1556    -51     1413
..................................................................


WIND (MPH)
  HIGHEST WIND SPEED    10   HIGHEST WIND DIRECTION     E (110)
  HIGHEST GUST SPEED    14   HIGHEST GUST DIRECTION     E (110)
  AVERAGE WIND SPEED     2.4


SKY COVER
  POSSIBLE SUNSHINE  MM
  AVERAGE SKY COVER 0.1


WEATHER CONDITIONS
 THE FOLLOWING WEATHER WAS RECORDED TODAY.
  NO SIGNIFICANT WEATHER WAS OBSERVED.


RELATIVE HUMIDITY (PERCENT)
 HIGHEST    90           400 AM
 LOWEST     33           200 PM
 AVERAGE    62

..........................................................


THE HUNTSVILLE CLIMATE NORMALS FOR TOMORROW
                         NORMAL    RECORD    YEAR
 MAXIMUM TEMPERATURE (F)   90       102      2000
                                             1990
                                             1924
 MINIMUM TEMPERATURE (F)   68        52      1992


SUNRISE AND SUNSET
AUGUST 28 2014........SUNRISE   617 AM CDT   SUNSET   719 PM CDT
AUGUST 29 2014........SUNRISE   618 AM CDT   SUNSET   717 PM CDT


-  INDICATES NEGATIVE NUMBERS.
R  INDICATES RECORD WAS SET OR TIED.
MM INDICATES DATA IS MISSING.
T  INDICATES TRACE AMOUNT.




$$
