000
CDUS44 KHUN 300806
CLIHSV


CLIMATE REPORT
NATIONAL WEATHER SERVICE HUNTSVILLE AL
206 AM CST FRI JAN 30 2015


...................................

...THE HUNTSVILLE CLIMATE SUMMARY FOR JANUARY 29 2015...

CLIMATE NORMAL PERIOD 1981 TO 2010
CLIMATE RECORD PERIOD 1894 TO 2015


WEATHER ITEM   OBSERVED TIME   RECORD YEAR NORMAL DEPARTURE LAST
                VALUE   (LST)  VALUE       VALUE  FROM      YEAR
                                                  NORMAL
..................................................................
TEMPERATURE (F)
 YESTERDAY
  MAXIMUM         65    320 PM  74    1911  52     13       31
  MINIMUM         37   1251 AM  -3    1966  32      5        5
  AVERAGE         51                        42      9       18

PRECIPITATION (IN)
  YESTERDAY        T             2.60 1912   0.16  -0.16     0.00
  MONTH TO DATE    3.97                      4.58  -0.61     3.30
  SINCE DEC 1      9.70                     10.35  -0.65     9.87
  SINCE JAN 1      3.97                      4.58  -0.61     3.30

SNOWFALL (IN)
  YESTERDAY        0.0
  MONTH TO DATE    T
  SINCE DEC 1      T
  SINCE JUL 1      T
  SNOW DEPTH       0

DEGREE DAYS
 HEATING
  YESTERDAY       14                        23     -9       47
  MONTH TO DATE  689                       688      1      894
  SINCE DEC 1   1232                      1342   -110     1526
  SINCE JUL 1   1848                      1869    -21     2161

 COOLING
  YESTERDAY        0                         0      0        0
  MONTH TO DATE    0                         0      0        0
  SINCE DEC 1      0                         2     -2        5
  SINCE JAN 1      0                         0      0        0
..................................................................


WIND (MPH)
  HIGHEST WIND SPEED    25   HIGHEST WIND DIRECTION    SW (220)
  HIGHEST GUST SPEED    32   HIGHEST GUST DIRECTION    SW (220)
  AVERAGE WIND SPEED    11.5


SKY COVER
  POSSIBLE SUNSHINE  MM
  AVERAGE SKY COVER 0.6


WEATHER CONDITIONS
 THE FOLLOWING WEATHER WAS RECORDED YESTERDAY.
  LIGHT RAIN


RELATIVE HUMIDITY (PERCENT)
 HIGHEST    70           100 AM
 LOWEST     40          1100 AM
 AVERAGE    55

..........................................................


THE HUNTSVILLE CLIMATE NORMALS FOR TODAY
                         NORMAL    RECORD    YEAR
 MAXIMUM TEMPERATURE (F)   52        77      2002
 MINIMUM TEMPERATURE (F)   33       -11      1966


SUNRISE AND SUNSET
JANUARY 30 2015.......SUNRISE   647 AM CST   SUNSET   514 PM CST
JANUARY 31 2015.......SUNRISE   646 AM CST   SUNSET   515 PM CST


-  INDICATES NEGATIVE NUMBERS.
R  INDICATES RECORD WAS SET OR TIED.
MM INDICATES DATA IS MISSING.
T  INDICATES TRACE AMOUNT.


$$
