095
CDUS44 KHUN 260811
CLIHSV


CLIMATE REPORT
NATIONAL WEATHER SERVICE HUNTSVILLE AL
211 AM CST SUN FEB 26 2017


...................................

...THE HUNTSVILLE CLIMATE SUMMARY FOR FEBRUARY 25 2017...

CLIMATE NORMAL PERIOD 1981 TO 2010
CLIMATE RECORD PERIOD 1894 TO 2017


WEATHER ITEM   OBSERVED TIME   RECORD YEAR NORMAL DEPARTURE LAST
                VALUE   (LST)  VALUE       VALUE  FROM      YEAR
                                                  NORMAL
..................................................................
TEMPERATURE (F)
 YESTERDAY
  MAXIMUM         64    108 AM  80    1918  59      5       48
  MINIMUM         36   1159 PM   7    1967  38     -2       38
  AVERAGE         50                        48      2       43

PRECIPITATION (IN)
  YESTERDAY        0.01          1.80 1934   0.18  -0.17     0.00
  MONTH TO DATE    1.09                      4.31  -3.22     6.38
  SINCE DEC 1     13.40                     14.97  -1.57    20.63
  SINCE JAN 1      7.49                      9.20  -1.71     9.95

SNOWFALL (IN)
  YESTERDAY        0.0
  MONTH TO DATE    0.0
  SINCE DEC 1      T
  SINCE JUL 1      T
  SNOW DEPTH       0

DEGREE DAYS
 HEATING
  YESTERDAY       15                        17     -2       22
  MONTH TO DATE  286                       494   -208      460
  SINCE DEC 1   1267                      1877   -610     1543
  SINCE JUL 1   1531                      2404   -873     1837

 COOLING
  YESTERDAY        0                         0      0        0
  MONTH TO DATE    4                         0      4        1
  SINCE DEC 1      9                         2      7       24
  SINCE JAN 1      5                         0      5        1
..................................................................


WIND (MPH)
  HIGHEST WIND SPEED    20   HIGHEST WIND DIRECTION    NW (320)
  HIGHEST GUST SPEED    26   HIGHEST GUST DIRECTION    NW (320)
  AVERAGE WIND SPEED    10.7


SKY COVER
  POSSIBLE SUNSHINE  MM
  AVERAGE SKY COVER 0.2


WEATHER CONDITIONS
 THE FOLLOWING WEATHER WAS RECORDED YESTERDAY.
  LIGHT RAIN


RELATIVE HUMIDITY (PERCENT)
 HIGHEST    60           700 AM
 LOWEST     35           400 PM
 AVERAGE    48

..........................................................


THE HUNTSVILLE CLIMATE NORMALS FOR TODAY
                         NORMAL    RECORD    YEAR
 MAXIMUM TEMPERATURE (F)   59        78      1951
 MINIMUM TEMPERATURE (F)   38        11      1967


SUNRISE AND SUNSET
FEBRUARY 26 2017......SUNRISE   620 AM CST   SUNSET   541 PM CST
FEBRUARY 27 2017......SUNRISE   618 AM CST   SUNSET   541 PM CST


-  INDICATES NEGATIVE NUMBERS.
R  INDICATES RECORD WAS SET OR TIED.
MM INDICATES DATA IS MISSING.
T  INDICATES TRACE AMOUNT.




$$
