020
CDUS44 KHUN 232122
CLIHSV


CLIMATE REPORT
NATIONAL WEATHER SERVICE HUNTSVILLE AL
422 PM CDT THU MAR 23 2017


...................................

...THE HUNTSVILLE CLIMATE SUMMARY FOR MARCH 23 2017...
VALID TODAY AS OF 0400 PM LOCAL TIME.

CLIMATE NORMAL PERIOD 1981 TO 2010
CLIMATE RECORD PERIOD 1894 TO 2017


WEATHER ITEM   OBSERVED TIME   RECORD YEAR NORMAL DEPARTURE LAST
                VALUE   (LST)  VALUE       VALUE  FROM      YEAR
                                                  NORMAL
..................................................................
TEMPERATURE (F)
 TODAY
  MAXIMUM         76    259 PM  85    1995  67      9       74
                                      1939
                                      1935
  MINIMUM         42    315 AM  20    1968  44     -2       52
  AVERAGE         59                        55      4       63

PRECIPITATION (IN)
  TODAY            0.00          2.75 1993   0.17  -0.17     0.00
  MONTH TO DATE    2.65                      3.84  -1.19     2.50
  SINCE MAR 1      2.65                      3.84  -1.19     2.50
  SINCE JAN 1     11.52                     13.57  -2.05    12.45

SNOWFALL (IN)
  TODAY            0.0
  MONTH TO DATE    T
  SINCE MAR 1      T
  SINCE JUL 1      T
  SNOW DEPTH       0

DEGREE DAYS
 HEATING
  TODAY            6                        10     -4        2
  MONTH TO DATE  307                       296     11      190
  SINCE MAR 1    307                       296     11      190
  SINCE JUL 1   1874                      2748   -874     2086

 COOLING
  TODAY            0                         1     -1        0
  MONTH TO DATE    7                         1      6       23
  SINCE MAR 1      7                         1      6       23
  SINCE JAN 1     12                         2     10       24
..................................................................


WIND (MPH)
  HIGHEST WIND SPEED    20   HIGHEST WIND DIRECTION    SE (150)
  HIGHEST GUST SPEED    27   HIGHEST GUST DIRECTION    SE (140)
  AVERAGE WIND SPEED    10.5


SKY COVER
  POSSIBLE SUNSHINE  MM
  AVERAGE SKY COVER 0.4


WEATHER CONDITIONS
 THE FOLLOWING WEATHER WAS RECORDED TODAY.
  NO SIGNIFICANT WEATHER WAS OBSERVED.


RELATIVE HUMIDITY (PERCENT)
 HIGHEST    70           300 AM
 LOWEST     36           200 PM
 AVERAGE    53

..........................................................


THE HUNTSVILLE CLIMATE NORMALS FOR TOMORROW
                         NORMAL    RECORD    YEAR
 MAXIMUM TEMPERATURE (F)   67        90      1929
 MINIMUM TEMPERATURE (F)   44        24      1968


SUNRISE AND SUNSET
MARCH 23 2017.........SUNRISE   646 AM CDT   SUNSET   701 PM CDT
MARCH 24 2017.........SUNRISE   645 AM CDT   SUNSET   702 PM CDT


-  INDICATES NEGATIVE NUMBERS.
R  INDICATES RECORD WAS SET OR TIED.
MM INDICATES DATA IS MISSING.
T  INDICATES TRACE AMOUNT.




$$
