000
CDUS44 KHUN 280801
CLIHSV


CLIMATE REPORT
NATIONAL WEATHER SERVICE HUNTSVILLE AL
201 AM CST SAT FEB 28 2015


...................................

...THE HUNTSVILLE CLIMATE SUMMARY FOR FEBRUARY 27 2015...

CLIMATE NORMAL PERIOD 1981 TO 2010
CLIMATE RECORD PERIOD 1894 TO 2015


WEATHER ITEM   OBSERVED TIME   RECORD YEAR NORMAL DEPARTURE LAST
                VALUE   (LST)  VALUE       VALUE  FROM      YEAR
                                                  NORMAL
..................................................................
TEMPERATURE (F)
 YESTERDAY
  MAXIMUM         38    447 PM  78    1962  60    -22       47
                                      1954
  MINIMUM         27    824 AM   9    1934  38    -11       19
  AVERAGE         33                        49    -16       33

PRECIPITATION (IN)
  YESTERDAY        0.00          2.50 1989   0.18  -0.18     0.00
  MONTH TO DATE    3.77                      4.66  -0.89     6.55
  SINCE DEC 1     13.47                     15.32  -1.85    16.42
  SINCE JAN 1      7.74                      9.55  -1.81     9.85

SNOWFALL (IN)
  YESTERDAY        0.0
  MONTH TO DATE    8.8
  SINCE DEC 1      8.8
  SINCE JUL 1      8.8
  SNOW DEPTH       3

DEGREE DAYS
 HEATING
  YESTERDAY       32                        16     16       32
  MONTH TO DATE  723                       526    197      588
  SINCE DEC 1   2003                      1909     94     2177
  SINCE JUL 1   2619                      2436    183     2812

 COOLING
  YESTERDAY        0                         0      0        0
  MONTH TO DATE    0                         0      0        1
  SINCE DEC 1      0                         2     -2        6
  SINCE JAN 1      0                         0      0        1
..................................................................


WIND (MPH)
  HIGHEST WIND SPEED    18   HIGHEST WIND DIRECTION     N (10)
  HIGHEST GUST SPEED    23   HIGHEST GUST DIRECTION     N (350)
  AVERAGE WIND SPEED    10.5


SKY COVER
  POSSIBLE SUNSHINE  MM
  AVERAGE SKY COVER 0.6


WEATHER CONDITIONS
 THE FOLLOWING WEATHER WAS RECORDED YESTERDAY.
  NO SIGNIFICANT WEATHER WAS OBSERVED.


RELATIVE HUMIDITY (PERCENT)
 HIGHEST    69          1200 AM
 LOWEST     44           400 PM
 AVERAGE    57

..........................................................


THE HUNTSVILLE CLIMATE NORMALS FOR TODAY
                         NORMAL    RECORD    YEAR
 MAXIMUM TEMPERATURE (F)   60        80      1918
 MINIMUM TEMPERATURE (F)   39        15      1935


SUNRISE AND SUNSET
FEBRUARY 28 2015......SUNRISE   618 AM CST   SUNSET   542 PM CST
MARCH  1 2015.........SUNRISE   617 AM CST   SUNSET   543 PM CST


-  INDICATES NEGATIVE NUMBERS.
R  INDICATES RECORD WAS SET OR TIED.
MM INDICATES DATA IS MISSING.
T  INDICATES TRACE AMOUNT.




$$
