000
CDUS44 KHUN 032123
CLIHSV


CLIMATE REPORT
NATIONAL WEATHER SERVICE HUNTSVILLE AL
422 PM CDT TUE MAY 3 2016


...................................

...THE HUNTSVILLE CLIMATE SUMMARY FOR MAY 3 2016...
VALID TODAY AS OF 0400 PM LOCAL TIME.

CLIMATE NORMAL PERIOD 1981 TO 2010
CLIMATE RECORD PERIOD 1894 TO 2016


WEATHER ITEM   OBSERVED TIME   RECORD YEAR NORMAL DEPARTURE LAST
                VALUE   (LST)  VALUE       VALUE  FROM      YEAR
                                                  NORMAL
..................................................................
TEMPERATURE (F)
 TODAY
  MAXIMUM         74    140 PM  91    1952  78     -4       82
                                      1930
  MINIMUM         59    542 AM  36    1971  56      3       52
  AVERAGE         67                        67      0       67

PRECIPITATION (IN)
  TODAY            0.00          3.84 1993   0.18  -0.18     0.00
  MONTH TO DATE    0.43                      0.53  -0.10     0.00
  SINCE MAR 1      7.16                     10.06  -2.90    12.56
  SINCE JAN 1     17.11                     19.79  -2.68    20.30

SNOWFALL (IN)
  TODAY            0.0
  MONTH TO DATE    0.0
  SINCE MAR 1      T
  SINCE JUL 1      0.4
  SNOW DEPTH       0

DEGREE DAYS
 HEATING
  TODAY            0                         2     -2        0
  MONTH TO DATE    0                         6     -6        8
  SINCE MAR 1    337                       528   -191      383
  SINCE JUL 1   2233                      2980   -747     3024

 COOLING
  TODAY            2                         4     -2        2
  MONTH TO DATE   11                        10      1        2
  SINCE MAR 1    101                        81     20       65
  SINCE JAN 1    102                        82     20       65
..................................................................


WIND (MPH)
  HIGHEST WIND SPEED    15   HIGHEST WIND DIRECTION    NW (330)
  HIGHEST GUST SPEED    22   HIGHEST GUST DIRECTION     N (340)
  AVERAGE WIND SPEED     8.1


SKY COVER
  POSSIBLE SUNSHINE  MM
  AVERAGE SKY COVER 0.7


WEATHER CONDITIONS
 THE FOLLOWING WEATHER WAS RECORDED TODAY.
  NO SIGNIFICANT WEATHER WAS OBSERVED.


RELATIVE HUMIDITY (PERCENT)
 HIGHEST    90           300 AM
 LOWEST     46           200 PM
 AVERAGE    68

..........................................................


THE HUNTSVILLE CLIMATE NORMALS FOR TOMORROW
                         NORMAL    RECORD    YEAR
 MAXIMUM TEMPERATURE (F)   78        90      1930
                                             1913
 MINIMUM TEMPERATURE (F)   56        36      1971


SUNRISE AND SUNSET
MAY  3 2016...........SUNRISE   554 AM CDT   SUNSET   734 PM CDT
MAY  4 2016...........SUNRISE   553 AM CDT   SUNSET   735 PM CDT


-  INDICATES NEGATIVE NUMBERS.
R  INDICATES RECORD WAS SET OR TIED.
MM INDICATES DATA IS MISSING.
T  INDICATES TRACE AMOUNT.




$$
