000
CDUS44 KHUN 190802
CLIHSV


CLIMATE REPORT
NATIONAL WEATHER SERVICE HUNTSVILLE AL
202 AM CST FRI JAN 19 2018


...................................

...THE HUNTSVILLE CLIMATE SUMMARY FOR JANUARY 18 2018...

CLIMATE NORMAL PERIOD 1981 TO 2010
CLIMATE RECORD PERIOD 1894 TO 2018


WEATHER ITEM   OBSERVED TIME   RECORD YEAR NORMAL DEPARTURE LAST
                VALUE   (LST)  VALUE       VALUE  FROM      YEAR
                                                  NORMAL
..................................................................
TEMPERATURE (F)
 YESTERDAY
  MAXIMUM         37    400 PM  74    1929  51    -14       63
  MINIMUM          9    520 AM   3    1977  32    -23       53
  AVERAGE         23                        41    -18       58

PRECIPITATION (IN)
  YESTERDAY        0.00          3.63 1987   0.15  -0.15      T
  MONTH TO DATE    1.19                      2.86  -1.67     0.90
  SINCE DEC 1      5.67                      8.63  -2.96     6.81
  SINCE JAN 1      1.19                      2.86  -1.67     0.90

SNOWFALL (IN)
  YESTERDAY        0.0
  MONTH TO DATE    0.4
  SINCE DEC 1      0.4
  SINCE JUL 1      0.4
  SNOW DEPTH       0

DEGREE DAYS
 HEATING
  YESTERDAY       42                        24     18        7
  MONTH TO DATE  585                       432    153      260
  SINCE DEC 1   1243                      1086    157      808
  SINCE JUL 1   1721                      1613    108     1072

 COOLING
  YESTERDAY        0                         0      0        0
  MONTH TO DATE    0                         0      0        1
  SINCE DEC 1      0                         2     -2        5
  SINCE JAN 1      0                         0      0        1
..................................................................


WIND (MPH)
  HIGHEST WIND SPEED     9   HIGHEST WIND DIRECTION     W (260)
  HIGHEST GUST SPEED    12   HIGHEST GUST DIRECTION     W (270)
  AVERAGE WIND SPEED     2.6


SKY COVER
  POSSIBLE SUNSHINE  MM
  AVERAGE SKY COVER 0.0


WEATHER CONDITIONS
 THE FOLLOWING WEATHER WAS RECORDED YESTERDAY.
  FOG


RELATIVE HUMIDITY (PERCENT)
 HIGHEST    92           600 AM
 LOWEST     38           400 PM
 AVERAGE    65

..........................................................


THE HUNTSVILLE CLIMATE NORMALS FOR TODAY
                         NORMAL    RECORD    YEAR
 MAXIMUM TEMPERATURE (F)   51        72      1982
                                             1929
 MINIMUM TEMPERATURE (F)   32        -2      1940


SUNRISE AND SUNSET
JANUARY 19 2018.......SUNRISE   652 AM CST   SUNSET   503 PM CST
JANUARY 20 2018.......SUNRISE   652 AM CST   SUNSET   504 PM CST


-  INDICATES NEGATIVE NUMBERS.
R  INDICATES RECORD WAS SET OR TIED.
MM INDICATES DATA IS MISSING.
T  INDICATES TRACE AMOUNT.




$$
