123
CDUS44 KHUN 100801
CLIHSV


CLIMATE REPORT
NATIONAL WEATHER SERVICE HUNTSVILLE AL
201 AM CST SAT DEC 10 2016


...................................

...THE HUNTSVILLE CLIMATE SUMMARY FOR DECEMBER 9 2016...

CLIMATE NORMAL PERIOD 1981 TO 2010
CLIMATE RECORD PERIOD 1894 TO 2016


WEATHER ITEM   OBSERVED TIME   RECORD YEAR NORMAL DEPARTURE LAST
                VALUE   (LST)  VALUE       VALUE  FROM      YEAR
                                                  NORMAL
..................................................................
TEMPERATURE (F)
 YESTERDAY
  MAXIMUM         39    329 PM  73    2007  55    -16       59
                                      1952
  MINIMUM         25    708 AM   5    1917  36    -11       44
  AVERAGE         32                        45    -13       52

PRECIPITATION (IN)
  YESTERDAY        0.00          3.25 2008   0.21  -0.21      T
  MONTH TO DATE    3.04                      1.77   1.27     1.51
  SINCE DEC 1      3.04                      1.77   1.27     1.51
  SINCE JAN 1     41.57                     50.34  -8.77    55.40

SNOWFALL (IN)
  YESTERDAY        0.0
  MONTH TO DATE    0.0
  SINCE DEC 1      0.0
  SINCE JUL 1      0.0
  SNOW DEPTH       0

DEGREE DAYS
 HEATING
  YESTERDAY       33                        20     13       13
  MONTH TO DATE  179                       170      9      139
  SINCE DEC 1    179                       170      9      139
  SINCE JUL 1    443                       697   -254      433

 COOLING
  YESTERDAY        0                         0      0        0
  MONTH TO DATE    0                         0      0        0
  SINCE DEC 1      0                         0      0        0
  SINCE JAN 1   2548                      1949    599     2279
..................................................................


WIND (MPH)
  HIGHEST WIND SPEED    14   HIGHEST WIND DIRECTION     N (10)
  HIGHEST GUST SPEED    17   HIGHEST GUST DIRECTION     N (350)
  AVERAGE WIND SPEED     6.7


SKY COVER
  POSSIBLE SUNSHINE  MM
  AVERAGE SKY COVER 0.0


WEATHER CONDITIONS
 THE FOLLOWING WEATHER WAS RECORDED YESTERDAY.
  NO SIGNIFICANT WEATHER WAS OBSERVED.


RELATIVE HUMIDITY (PERCENT)
 HIGHEST    69           100 AM
 LOWEST     44           300 PM
 AVERAGE    57

..........................................................


THE HUNTSVILLE CLIMATE NORMALS FOR TODAY
                         NORMAL    RECORD    YEAR
 MAXIMUM TEMPERATURE (F)   55        76      2007
 MINIMUM TEMPERATURE (F)   35         8      1937
                                             1917


SUNRISE AND SUNSET
DECEMBER 10 2016......SUNRISE   644 AM CST   SUNSET   437 PM CST
DECEMBER 11 2016......SUNRISE   644 AM CST   SUNSET   437 PM CST


-  INDICATES NEGATIVE NUMBERS.
R  INDICATES RECORD WAS SET OR TIED.
MM INDICATES DATA IS MISSING.
T  INDICATES TRACE AMOUNT.




$$
