000
CDUS43 KAPX 180526
CLIHTL


CLIMATE REPORT
NATIONAL WEATHER SERVICE GAYLORD MI
1226 AM EST THU JAN 18 2018


...................................

...THE HOUGHTON LAKE MI CLIMATE SUMMARY FOR JANUARY 17 2018...

CLIMATE NORMAL PERIOD 1981 TO 2010
CLIMATE RECORD PERIOD 1913 TO 2018


WEATHER ITEM   OBSERVED TIME   RECORD YEAR NORMAL DEPARTURE LAST
                VALUE   (LST)  VALUE       VALUE  FROM      YEAR
                                                  NORMAL
..................................................................
TEMPERATURE (F)
 YESTERDAY
  MAXIMUM         23    416 PM  51    1913  26     -3       35
  MINIMUM         -3    137 AM -19    1923   9    -12       31
  AVERAGE         10                        18     -8       33

PRECIPITATION (IN)
  YESTERDAY        T             0.52 1988   0.05  -0.05     0.48
  MONTH TO DATE    0.84                      0.90  -0.06     1.87
  SINCE DEC 1      2.32                      2.55  -0.23     4.09
  SINCE JAN 1      0.84                      0.90  -0.06     1.87

SNOWFALL (IN)
  YESTERDAY        T             7.4  2012   0.6   -0.6      0.0
  MONTH TO DATE    2.6                       9.3   -6.7     10.3
  SINCE OCT 1     22.6                      34.3  -11.7     52.5
  SINCE JUL 1     22.6                      34.3  -11.7     52.5
  SNOW DEPTH       3

DEGREE DAYS
 HEATING
  YESTERDAY       55                        47      8       32
  MONTH TO DATE  874                       790     84      769
  SINCE DEC 1   2272                      2064    208     2011
  SINCE JUL 1   3873                      3947    -74     3331
..................................................................


WIND (MPH)
  HIGHEST WIND SPEED    21   HIGHEST WIND DIRECTION    SW (230)
  HIGHEST GUST SPEED    31   HIGHEST GUST DIRECTION     W (250)
  AVERAGE WIND SPEED    11.3




RELATIVE HUMIDITY (PERCENT)
 HIGHEST    95
 LOWEST     59
 AVERAGE    77

..........................................................


THE HOUGHTON LAKE MI CLIMATE NORMALS FOR TODAY
                         NORMAL    RECORD    YEAR
 MAXIMUM TEMPERATURE (F)   26        54      1996
 MINIMUM TEMPERATURE (F)    9       -28      1948


SUNRISE AND SUNSET
JANUARY 18 2018.......SUNRISE   810 AM EST   SUNSET   529 PM EST
JANUARY 19 2018.......SUNRISE   809 AM EST   SUNSET   531 PM EST


-  INDICATES NEGATIVE NUMBERS.
R  INDICATES RECORD WAS SET OR TIED.
MM INDICATES DATA IS MISSING.
T  INDICATES TRACE AMOUNT.




$$
