000
CDUS43 KAPX 262235
CLIHTL


CLIMATE REPORT
NATIONAL WEATHER SERVICE GAYLORD MI
535 PM EST THU FEB 26 2015


...................................

...THE HOUGHTON LAKE MI CLIMATE SUMMARY FOR FEBRUARY 26 2015...
VALID TODAY AS OF 0500 PM LOCAL TIME.

CLIMATE NORMAL PERIOD 1981 TO 2010
CLIMATE RECORD PERIOD 1913 TO 2015


WEATHER ITEM   OBSERVED TIME   RECORD YEAR NORMAL DEPARTURE LAST
                VALUE   (LST)  VALUE       VALUE  FROM      YEAR
                                                  NORMAL
..................................................................
TEMPERATURE (F)
 TODAY
  MAXIMUM         11    431 PM  59    2000  33    -22       11
                                      1932
  MINIMUM        -12    754 AM -19    1963  13    -25       -8
  AVERAGE          0                        23    -23        2

PRECIPITATION (IN)
  TODAY            0.00          0.57 2009   0.05  -0.05      T
  MONTH TO DATE    0.62                      1.10  -0.48     1.12
  SINCE DEC 1      3.24                      4.26  -1.02     4.93
  SINCE JAN 1      1.81                      2.61  -0.80     2.73

SNOWFALL (IN)
  TODAY            0.0           6.2  1946   0.4              T
  MONTH TO DATE   10.9                      11.7            11.7
  SINCE OCT 1     41.6                      53.8            52.0
  SINCE JUL 1     41.6                      53.8            52.0

DEGREE DAYS
 HEATING
  TODAY           65                        42     23       63
  MONTH TO DATE 1525                      1177    348     1368
  SINCE DEC 1   4238                      3906    332     4438
  SINCE JUL 1   6241                      5789    452     6303
..................................................................


WIND (MPH)
  RESULTANT WIND SPEED   4   RESULTANT WIND DIRECTION   N (10)
  HIGHEST WIND SPEED    13   HIGHEST WIND DIRECTION    NW (320)
  HIGHEST GUST SPEED    18   HIGHEST GUST DIRECTION    NW (330)
  AVERAGE WIND SPEED     5.8


SKY COVER
  POSSIBLE SUNSHINE  MM
  AVERAGE SKY COVER 0.3


WEATHER CONDITIONS
 THE FOLLOWING WEATHER WAS RECORDED TODAY.
  NO SIGNIFICANT WEATHER WAS OBSERVED.


RELATIVE HUMIDITY (PERCENT)
 HIGHEST    83           600 AM
 LOWEST     41           500 PM
 AVERAGE    62

..........................................................


THE HOUGHTON LAKE MI CLIMATE NORMALS FOR TOMORROW
                         NORMAL    RECORD    YEAR
 MAXIMUM TEMPERATURE (F)   33        50      2000
 MINIMUM TEMPERATURE (F)   13       -27      1934


SUNRISE AND SUNSET
FEBRUARY 26 2015......SUNRISE   721 AM EST   SUNSET   622 PM EST
FEBRUARY 27 2015......SUNRISE   720 AM EST   SUNSET   624 PM EST


-  INDICATES NEGATIVE NUMBERS.
R  INDICATES RECORD WAS SET OR TIED.
MM INDICATES DATA IS MISSING.
T  INDICATES TRACE AMOUNT.




$$
