000
CDUS43 KAPX 180551
CLIHTL


CLIMATE REPORT
NATIONAL WEATHER SERVICE GAYLORD MI
1250 AM EST SAT NOV 18 2017


...................................

...THE HOUGHTON LAKE MI CLIMATE SUMMARY FOR NOVEMBER 17 2017...

CLIMATE NORMAL PERIOD 1981 TO 2010
CLIMATE RECORD PERIOD 1913 TO 2017


WEATHER ITEM   OBSERVED TIME   RECORD YEAR NORMAL DEPARTURE LAST
                VALUE   (LST)  VALUE       VALUE  FROM      YEAR
                                                  NORMAL
..................................................................
TEMPERATURE (F)
 YESTERDAY
  MAXIMUM         37    719 PM  68    1954  42     -5       63
                                      1953
  MINIMUM         22    634 AM   1    1959  27     -5       28
  AVERAGE         30                        34     -4       46

PRECIPITATION (IN)
  YESTERDAY        0.52          1.65 1928   0.08   0.44     0.00
  MONTH TO DATE    1.71                      1.34   0.37     0.07
  SINCE SEP 1      9.21                      7.00   2.21     5.91
  SINCE JAN 1     34.82                     26.12   8.70    29.52

SNOWFALL (IN)
  YESTERDAY        0.0           3.3  2008   0.3   -0.3      0.0
  MONTH TO DATE    2.4                       3.4   -1.0      0.0
  SINCE OCT 1      2.4                       4.0   -1.6      2.0
  SINCE JUL 1      2.4                       4.0   -1.6      2.0
  SNOW DEPTH       T

DEGREE DAYS
 HEATING
  YESTERDAY       35                        31      4       19
  MONTH TO DATE  541                       471     70      332
  SINCE SEP 1   1126                      1322   -196      915
  SINCE JUL 1   1216                      1449   -233      948
..................................................................


WIND (MPH)
  HIGHEST WIND SPEED    18   HIGHEST WIND DIRECTION     S (160)
  HIGHEST GUST SPEED    24   HIGHEST GUST DIRECTION     S (160)
  AVERAGE WIND SPEED     8.0




RELATIVE HUMIDITY (PERCENT)
 HIGHEST    92
 LOWEST     70
 AVERAGE    81

..........................................................


THE HOUGHTON LAKE MI CLIMATE NORMALS FOR TODAY
                         NORMAL    RECORD    YEAR
 MAXIMUM TEMPERATURE (F)   41        66      2016
                                             1953
 MINIMUM TEMPERATURE (F)   27         0      1924


SUNRISE AND SUNSET
NOVEMBER 18 2017......SUNRISE   739 AM EST   SUNSET   509 PM EST
NOVEMBER 19 2017......SUNRISE   740 AM EST   SUNSET   508 PM EST


-  INDICATES NEGATIVE NUMBERS.
R  INDICATES RECORD WAS SET OR TIED.
MM INDICATES DATA IS MISSING.
T  INDICATES TRACE AMOUNT.




$$
