000
CDUS43 KAPX 250528
CLIHTL


CLIMATE REPORT
NATIONAL WEATHER SERVICE GAYLORD MI
127 AM EDT SAT OCT 25 2014


...................................

...THE HOUGHTON LAKE MI CLIMATE SUMMARY FOR OCTOBER 24 2014...

CLIMATE NORMAL PERIOD 1981 TO 2010
CLIMATE RECORD PERIOD 1913 TO 2014


WEATHER ITEM   OBSERVED TIME   RECORD YEAR NORMAL DEPARTURE LAST
                VALUE   (LST)  VALUE       VALUE  FROM      YEAR
                                                  NORMAL
..................................................................
TEMPERATURE (F)
 YESTERDAY
  MAXIMUM         52    703 PM  80    1963  52      0       43
  MINIMUM         34   1204 AM  20    1922  34      0       31
  AVERAGE         43                        43      0       37

PRECIPITATION (IN)
  YESTERDAY        0.00          1.35 1951   0.08  -0.08     0.03
  MONTH TO DATE    2.53                      2.01   0.52     2.39
  SINCE SEP 1      5.76                      5.11   0.65     4.20
  SINCE JAN 1     25.64                     24.23   1.41    24.30

SNOWFALL (IN)
  YESTERDAY        0.0           5.0  1962   0.1   -0.1       T
  MONTH TO DATE    0.0                       0.3   -0.3       T
  SINCE OCT 1      0.0                       0.3   -0.3       T
  SINCE JUL 1      0.0                       0.3   -0.3       T
  SNOW DEPTH       0

DEGREE DAYS
 HEATING
  YESTERDAY       22                        22      0       28
  MONTH TO DATE  416                       434    -18      360
  SINCE SEP 1    667                       688    -21      622
  SINCE JUL 1    823                       815      8      747

 COOLING
  YESTERDAY        0                         0      0        0
  MONTH TO DATE    0                         0      0        0
  SINCE SEP 1     15                        20     -5       35
  SINCE JAN 1    210                       285    -75      381
..................................................................


WIND (MPH)
  HIGHEST WIND SPEED    10   HIGHEST WIND DIRECTION    SW (220)
  HIGHEST GUST SPEED    13   HIGHEST GUST DIRECTION    SW (210)
  AVERAGE WIND SPEED     3.2




RELATIVE HUMIDITY (PERCENT)
 HIGHEST   100
 LOWEST     80
 AVERAGE    90

..........................................................


THE HOUGHTON LAKE MI CLIMATE NORMALS FOR TODAY
                         NORMAL    RECORD    YEAR
 MAXIMUM TEMPERATURE (F)   52        78      1963
 MINIMUM TEMPERATURE (F)   33        15      1930


SUNRISE AND SUNSET
OCTOBER 25 2014.......SUNRISE   807 AM EDT   SUNSET   638 PM EDT
OCTOBER 26 2014.......SUNRISE   808 AM EDT   SUNSET   637 PM EDT


-  INDICATES NEGATIVE NUMBERS.
R  INDICATES RECORD WAS SET OR TIED.
MM INDICATES DATA IS MISSING.
T  INDICATES TRACE AMOUNT.




$$
