087
CDUS43 KAPX 260527
CLIHTL


CLIMATE REPORT
NATIONAL WEATHER SERVICE GAYLORD MI
127 AM EDT WED JUL 26 2017


...................................

...THE HOUGHTON LAKE MI CLIMATE SUMMARY FOR JULY 25 2017...

CLIMATE NORMAL PERIOD 1981 TO 2010
CLIMATE RECORD PERIOD 1913 TO 2017


WEATHER ITEM   OBSERVED TIME   RECORD YEAR NORMAL DEPARTURE LAST
                VALUE   (LST)  VALUE       VALUE  FROM      YEAR
                                                  NORMAL
..................................................................
TEMPERATURE (F)
 YESTERDAY
  MAXIMUM         80    441 PM  99    1941  80      0       84
  MINIMUM         47    554 AM  37    2004  55     -8       60
  AVERAGE         64                        67     -3       72

PRECIPITATION (IN)
  YESTERDAY        0.00          1.34 1986   0.09  -0.09     0.00
  MONTH TO DATE    1.87                      2.17  -0.30     2.76
  SINCE JUN 1      6.71                      5.27   1.44     5.52
  SINCE JAN 1     22.62                     15.13   7.49    19.59

DEGREE DAYS
 HEATING
  YESTERDAY        1                         1      0        0
  MONTH TO DATE    9                        37    -28       27
  SINCE JUN 1     77                       161    -84      132
  SINCE JUL 1      9                        37    -28       27

 COOLING
  YESTERDAY        0                         4     -4        7
  MONTH TO DATE   84                        97    -13      136
  SINCE JUN 1    167                       156     11      180
  SINCE JAN 1    181                       172      9      209
..................................................................


WIND (MPH)
  HIGHEST WIND SPEED    13   HIGHEST WIND DIRECTION     S (160)
  HIGHEST GUST SPEED    17   HIGHEST GUST DIRECTION     S (160)
  AVERAGE WIND SPEED     4.8




RELATIVE HUMIDITY (PERCENT)
 HIGHEST   100
 LOWEST     39
 AVERAGE    70

..........................................................


THE HOUGHTON LAKE MI CLIMATE NORMALS FOR TODAY
                         NORMAL    RECORD    YEAR
 MAXIMUM TEMPERATURE (F)   79        99      1941
 MINIMUM TEMPERATURE (F)   55        33      1920


SUNRISE AND SUNSET
JULY 26 2017..........SUNRISE   620 AM EDT   SUNSET   910 PM EDT
JULY 27 2017..........SUNRISE   621 AM EDT   SUNSET   909 PM EDT


-  INDICATES NEGATIVE NUMBERS.
R  INDICATES RECORD WAS SET OR TIED.
MM INDICATES DATA IS MISSING.
T  INDICATES TRACE AMOUNT.




$$
