000
CDUS43 KAPX 050527
CLIHTL


CLIMATE REPORT
NATIONAL WEATHER SERVICE GAYLORD MI
127 AM EDT SAT SEP 5 2015


...................................

...THE HOUGHTON LAKE MI CLIMATE SUMMARY FOR SEPTEMBER 4 2015...

CLIMATE NORMAL PERIOD 1981 TO 2010
CLIMATE RECORD PERIOD 1913 TO 2015


WEATHER ITEM   OBSERVED TIME   RECORD YEAR NORMAL DEPARTURE LAST
                VALUE   (LST)  VALUE       VALUE  FROM      YEAR
                                                  NORMAL
..................................................................
TEMPERATURE (F)
 YESTERDAY
  MAXIMUM         74    508 PM  94    1929  73      1       82
  MINIMUM         65    704 AM  28    1930  49     16       62
  AVERAGE         70                        61      9       72

PRECIPITATION (IN)
  YESTERDAY        0.03          0.97 2008   0.10  -0.07     0.35
  MONTH TO DATE    2.21                      0.41   1.80     0.88
  SINCE SEP 1      2.21                      0.41   1.80     0.88
  SINCE JAN 1     18.72                     19.53  -0.81    20.76

DEGREE DAYS
 HEATING
  YESTERDAY        0                         5     -5        0
  MONTH TO DATE    1                        19    -18        0
  SINCE SEP 1      1                        19    -18        0
  SINCE JUL 1     91                       146    -55      156

 COOLING
  YESTERDAY        5                         1      4        7
  MONTH TO DATE   22                         4     18       12
  SINCE SEP 1     22                         4     18       12
  SINCE JAN 1    280                       269     11      207
..................................................................


WIND (MPH)
  HIGHEST WIND SPEED    13   HIGHEST WIND DIRECTION     E (100)
  HIGHEST GUST SPEED    17   HIGHEST GUST DIRECTION     E (100)
  AVERAGE WIND SPEED     6.0




RELATIVE HUMIDITY (PERCENT)
 HIGHEST   100
 LOWEST     79
 AVERAGE    90

..........................................................


THE HOUGHTON LAKE MI CLIMATE NORMALS FOR TODAY
                         NORMAL    RECORD    YEAR
 MAXIMUM TEMPERATURE (F)   73        93      1933
 MINIMUM TEMPERATURE (F)   49        27      1920


SUNRISE AND SUNSET
SEPTEMBER  5 2015.....SUNRISE   706 AM EDT   SUNSET   808 PM EDT
SEPTEMBER  6 2015.....SUNRISE   707 AM EDT   SUNSET   806 PM EDT


-  INDICATES NEGATIVE NUMBERS.
R  INDICATES RECORD WAS SET OR TIED.
MM INDICATES DATA IS MISSING.
T  INDICATES TRACE AMOUNT.




$$
