000
CDUS43 KAPX 280530
CLIHTL


CLIMATE REPORT
NATIONAL WEATHER SERVICE GAYLORD MI
128 AM EDT TUE JUL 28 2015


...................................

...THE HOUGHTON LAKE MI CLIMATE SUMMARY FOR JULY 27 2015...

CLIMATE NORMAL PERIOD 1981 TO 2010
CLIMATE RECORD PERIOD 1913 TO 2015


WEATHER ITEM   OBSERVED TIME   RECORD YEAR NORMAL DEPARTURE LAST
                VALUE   (LST)  VALUE       VALUE  FROM      YEAR
                                                  NORMAL
..................................................................
TEMPERATURE (F)
 YESTERDAY
  MAXIMUM         91    411 PM  98    1941  79     12       81
  MINIMUM         55    545 AM  36    2001  55      0       61
                                      1920
  AVERAGE         73                        67      6       71

PRECIPITATION (IN)
  YESTERDAY        0.00          3.50 2000   0.10  -0.10     0.23
  MONTH TO DATE    1.39                      2.37  -0.98     2.67
  SINCE JUN 1      4.55                      5.47  -0.92     5.29
  SINCE JAN 1     13.17                     15.33  -2.16    17.77

DEGREE DAYS
 HEATING
  YESTERDAY        0                         1     -1        0
  MONTH TO DATE   48                        39      9       81
  SINCE JUN 1    165                       163      2      155
  SINCE JUL 1     48                        39      9       81

 COOLING
  YESTERDAY        8                         3      5        6
  MONTH TO DATE   82                       104    -22       47
  SINCE JUN 1    102                       163    -61      120
  SINCE JAN 1    127                       179    -52      135
..................................................................


WIND (MPH)
  HIGHEST WIND SPEED     9   HIGHEST WIND DIRECTION    SW (240)
  HIGHEST GUST SPEED    12   HIGHEST GUST DIRECTION     S (200)
  AVERAGE WIND SPEED     3.6




RELATIVE HUMIDITY (PERCENT)
 HIGHEST   100
 LOWEST     27
 AVERAGE    64

..........................................................


THE HOUGHTON LAKE MI CLIMATE NORMALS FOR TODAY
                         NORMAL    RECORD    YEAR
 MAXIMUM TEMPERATURE (F)   79        98      1931
 MINIMUM TEMPERATURE (F)   55        40      1978
                                             1943
                                             1925


SUNRISE AND SUNSET
JULY 28 2015..........SUNRISE   621 AM EDT   SUNSET   909 PM EDT
JULY 29 2015..........SUNRISE   622 AM EDT   SUNSET   907 PM EDT


-  INDICATES NEGATIVE NUMBERS.
R  INDICATES RECORD WAS SET OR TIED.
MM INDICATES DATA IS MISSING.
T  INDICATES TRACE AMOUNT.




$$
