000
CDUS43 KAPX 032131
CLIHTL


CLIMATE REPORT
NATIONAL WEATHER SERVICE GAYLORD MI
531 PM EDT FRI JUL 3 2015


...................................

...THE HOUGHTON LAKE MI CLIMATE SUMMARY FOR JULY 3 2015...
VALID TODAY AS OF 0500 PM LOCAL TIME.

CLIMATE NORMAL PERIOD 1981 TO 2010
CLIMATE RECORD PERIOD 1913 TO 2015


WEATHER ITEM   OBSERVED TIME   RECORD YEAR NORMAL DEPARTURE LAST
                VALUE   (LST)  VALUE       VALUE  FROM      YEAR
                                                  NORMAL
..................................................................
TEMPERATURE (F)
 TODAY
  MAXIMUM         74    359 PM 102    1921  80     -6       73
  MINIMUM         42    543 AM  33    1945  54    -12       52
  AVERAGE         58                        67     -9       63

PRECIPITATION (IN)
  TODAY            0.00          2.26 1974   0.08  -0.08     0.00
  MONTH TO DATE    0.00                      0.25  -0.25     0.08
  SINCE JUN 1      3.16                      3.35  -0.19     2.70
  SINCE JAN 1     11.78                     13.21  -1.43    15.18

DEGREE DAYS
 HEATING
  TODAY            7                         2      5        2
  MONTH TO DATE   23                         6     17        5
  SINCE JUN 1    140                       130     10       79
  SINCE JUL 1     23                         6     17        5

 COOLING
  TODAY            0                         3     -3        0
  MONTH TO DATE    0                         9     -9        7
  SINCE JUN 1     20                        68    -48       80
  SINCE JAN 1     45                        84    -39       95
..................................................................


WIND (MPH)
  RESULTANT WIND SPEED   2   RESULTANT WIND DIRECTION  SW (220)
  HIGHEST WIND SPEED     8   HIGHEST WIND DIRECTION    SW (240)
  HIGHEST GUST SPEED    11   HIGHEST GUST DIRECTION     W (270)
  AVERAGE WIND SPEED     2.8


SKY COVER
  POSSIBLE SUNSHINE  MM
  AVERAGE SKY COVER 0.0


WEATHER CONDITIONS
 THE FOLLOWING WEATHER WAS RECORDED TODAY.
  FOG


RELATIVE HUMIDITY (PERCENT)
 HIGHEST   100           300 AM
 LOWEST     39          1100 AM
 AVERAGE    70

..........................................................


THE HOUGHTON LAKE MI CLIMATE NORMALS FOR TOMORROW
                         NORMAL    RECORD    YEAR
 MAXIMUM TEMPERATURE (F)   80       105      1921
 MINIMUM TEMPERATURE (F)   54        29      1922


SUNRISE AND SUNSET
JULY  3 2015..........SUNRISE   559 AM EDT   SUNSET   926 PM EDT
JULY  4 2015..........SUNRISE   600 AM EDT   SUNSET   926 PM EDT


-  INDICATES NEGATIVE NUMBERS.
R  INDICATES RECORD WAS SET OR TIED.
MM INDICATES DATA IS MISSING.
T  INDICATES TRACE AMOUNT.




$$
