000
CDUS43 KAPX 262128
CLIHTL


CLIMATE REPORT
NATIONAL WEATHER SERVICE GAYLORD MI
528 PM EDT FRI MAY 26 2017


...................................

...THE HOUGHTON LAKE MI CLIMATE SUMMARY FOR MAY 26 2017...
VALID TODAY AS OF 0500 PM LOCAL TIME.

CLIMATE NORMAL PERIOD 1981 TO 2010
CLIMATE RECORD PERIOD 1913 TO 2017


WEATHER ITEM   OBSERVED TIME   RECORD YEAR NORMAL DEPARTURE LAST
                VALUE   (LST)  VALUE       VALUE  FROM      YEAR
                                                  NORMAL
..................................................................
TEMPERATURE (F)
 TODAY
  MAXIMUM         68    359 PM  90    1944  69     -1       81
  MINIMUM         53    156 AM  26    1930  45      8       58
  AVERAGE         61                        57      4       70

PRECIPITATION (IN)
  TODAY            0.00          1.25 1991   0.10  -0.10     0.09
  MONTH TO DATE    2.46                      2.33   0.13     3.76
  SINCE MAR 1     10.36                      6.65   3.71    10.63
  SINCE JAN 1     15.84                      9.37   6.47    13.75

DEGREE DAYS
 HEATING
  TODAY            4                         9     -5        0
  MONTH TO DATE  339                       318     21      307
  SINCE MAR 1   1958                      2107   -149     1990
  SINCE JUL 1   6808                      7979  -1171     6903

 COOLING
  TODAY            0                         1     -1        5
  MONTH TO DATE   13                         7      6        9
  SINCE MAR 1     14                         9      5        9
  SINCE JAN 1     14                         9      5        9
..................................................................


WIND (MPH)
  RESULTANT WIND SPEED   6   RESULTANT WIND DIRECTION  NW (320)
  HIGHEST WIND SPEED    14   HIGHEST WIND DIRECTION     N (350)
  HIGHEST GUST SPEED    17   HIGHEST GUST DIRECTION     N (360)
  AVERAGE WIND SPEED     7.6


SKY COVER
  POSSIBLE SUNSHINE  MM
  AVERAGE SKY COVER 1.0


WEATHER CONDITIONS
 THE FOLLOWING WEATHER WAS RECORDED TODAY.
  NO SIGNIFICANT WEATHER WAS OBSERVED.


RELATIVE HUMIDITY (PERCENT)
 HIGHEST    93           100 AM
 LOWEST     52           300 PM
 AVERAGE    73

..........................................................


THE HOUGHTON LAKE MI CLIMATE NORMALS FOR TOMORROW
                         NORMAL    RECORD    YEAR
 MAXIMUM TEMPERATURE (F)   70        89      1978
                                             1944
 MINIMUM TEMPERATURE (F)   45        23      1930
                                             1927


SUNRISE AND SUNSET
MAY 26 2017...........SUNRISE   601 AM EDT   SUNSET   911 PM EDT
MAY 27 2017...........SUNRISE   601 AM EDT   SUNSET   912 PM EDT


-  INDICATES NEGATIVE NUMBERS.
R  INDICATES RECORD WAS SET OR TIED.
MM INDICATES DATA IS MISSING.
T  INDICATES TRACE AMOUNT.




$$
