000
CDUS41 KRLX 052119
CLIHTS


CLIMATE REPORT
NATIONAL WEATHER SERVICE CHARLESTON WV
519 PM EDT THU MAY 5 2016


...................................

...THE HUNTINGTON WV CLIMATE SUMMARY FOR MAY 5 2016...
VALID TODAY AS OF 0500 PM LOCAL TIME.

CLIMATE NORMAL PERIOD 1981 TO 2010
CLIMATE RECORD PERIOD 1897 TO 2016


WEATHER ITEM   OBSERVED TIME   RECORD YEAR NORMAL DEPARTURE LAST
                VALUE   (LST)  VALUE       VALUE  FROM      YEAR
                                                  NORMAL
..................................................................
TEMPERATURE (F)
 TODAY
  MAXIMUM         58    316 PM  94    1950  73    -15       83
                                      1949
  MINIMUM         44    644 AM  32    2011  50     -6       57
  AVERAGE         51                        61    -10       70

PRECIPITATION (IN)
  TODAY            0.00          1.37 2003   0.15  -0.15     0.00
  MONTH TO DATE    2.36                      0.71   1.65     0.00
  SINCE MAR 1      9.27                      8.05   1.22    13.90
  SINCE JAN 1     16.73                     14.09   2.64    19.34

DEGREE DAYS
 HEATING
  TODAY           14                         5      9        0
  MONTH TO DATE   29                        27      2       20
  SINCE MAR 1    655                       914   -259      922
  SINCE JUL 1   3690                      4415   -725     4938

 COOLING
  TODAY            0                         1     -1        5
  MONTH TO DATE    8                         5      3        5
  SINCE MAR 1     55                        37     18       14
  SINCE JAN 1     55                        37     18       14
..................................................................


WIND (MPH)
  HIGHEST WIND SPEED    12   HIGHEST WIND DIRECTION    NW (310)
  HIGHEST GUST SPEED    18   HIGHEST GUST DIRECTION     W (280)
  AVERAGE WIND SPEED     5.0


SKY COVER
  POSSIBLE SUNSHINE  MM
  AVERAGE SKY COVER 0.9


WEATHER CONDITIONS
 THE FOLLOWING WEATHER WAS RECORDED TODAY.
  NO SIGNIFICANT WEATHER WAS OBSERVED.


RELATIVE HUMIDITY (PERCENT)
 HIGHEST    93           100 AM
 LOWEST     54          1200 PM
 AVERAGE    74

..........................................................


THE HUNTINGTON WV CLIMATE NORMALS FOR TOMORROW
                         NORMAL    RECORD    YEAR
 MAXIMUM TEMPERATURE (F)   73        94      1949
 MINIMUM TEMPERATURE (F)   50        32      1968
                                             1898


SUNRISE AND SUNSET
MAY  5 2016...........SUNRISE   628 AM EDT   SUNSET   826 PM EDT
MAY  6 2016...........SUNRISE   627 AM EDT   SUNSET   827 PM EDT


-  INDICATES NEGATIVE NUMBERS.
R  INDICATES RECORD WAS SET OR TIED.
MM INDICATES DATA IS MISSING.
T  INDICATES TRACE AMOUNT.




$$
