000
CDUS41 KRLX 270725
CLIHTS


CLIMATE REPORT
NATIONAL WEATHER SERVICE CHARLESTON WV
321 AM EDT TUE SEP 27 2016


...................................

...THE HUNTINGTON WV CLIMATE SUMMARY FOR SEPTEMBER 26 2016...

CLIMATE NORMAL PERIOD 1981 TO 2010
CLIMATE RECORD PERIOD 1897 TO 2016


WEATHER ITEM   OBSERVED TIME   RECORD YEAR NORMAL DEPARTURE LAST
                VALUE   (LST)  VALUE       VALUE  FROM      YEAR
                                                  NORMAL
..................................................................
TEMPERATURE (F)
 YESTERDAY
  MAXIMUM         84   1101 AM  95    1908  75      9       71
  MINIMUM         57   1159 PM  37    1899  52      5       60
  AVERAGE         71                        64      7       66

PRECIPITATION (IN)
  YESTERDAY        T             2.46 2002   0.09  -0.09     0.34
  MONTH TO DATE    0.34                      2.43  -2.09     3.90
  SINCE JAN 1     36.43                     32.68   3.75    38.70

SNOWFALL (IN)
  YESTERDAY        0.0
  MONTH TO DATE    0.0
  SINCE SEP 1      0.0
  SNOW DEPTH       0

DEGREE DAYS
 HEATING
  YESTERDAY        0                         4     -4        0
  MONTH TO DATE    0                        37    -37       23
  SINCE SEP 1      0                        37    -37       23
  SINCE JUL 1      0                        39    -39       23

 COOLING
  YESTERDAY        6                         2      4        1
  MONTH TO DATE  275                       125    150      148
  SINCE SEP 1    275                       125    150      148
  SINCE JAN 1   1525                      1102    423     1116
..................................................................


WIND (MPH)
  HIGHEST WIND SPEED    20   HIGHEST WIND DIRECTION    NW (330)
  HIGHEST GUST SPEED    25   HIGHEST GUST DIRECTION    NW (320)
  AVERAGE WIND SPEED     5.3


SKY COVER
  POSSIBLE SUNSHINE  MM


WEATHER CONDITIONS
 THE FOLLOWING WEATHER WAS RECORDED YESTERDAY.
  RAIN
  FOG


RELATIVE HUMIDITY (PERCENT)
 HIGHEST   100           500 AM
 LOWEST     54           300 PM
 AVERAGE    77

..........................................................


THE HUNTINGTON WV CLIMATE NORMALS FOR TODAY
                         NORMAL    RECORD    YEAR
 MAXIMUM TEMPERATURE (F)   74        94      1908
 MINIMUM TEMPERATURE (F)   52        32      1918


SUNRISE AND SUNSET
SEPTEMBER 27 2016.....SUNRISE   723 AM EDT   SUNSET   719 PM EDT
SEPTEMBER 28 2016.....SUNRISE   724 AM EDT   SUNSET   717 PM EDT


-  INDICATES NEGATIVE NUMBERS.
R  INDICATES RECORD WAS SET OR TIED.
MM INDICATES DATA IS MISSING.
T  INDICATES TRACE AMOUNT.




$$
