000
CDUS41 KRLX 032117
CLIHTS


CLIMATE REPORT
NATIONAL WEATHER SERVICE CHARLESTON WV
516 PM EDT MON AUG 3 2015


...................................

...THE HUNTINGTON WV CLIMATE SUMMARY FOR AUGUST 3 2015...
VALID TODAY AS OF 0500 PM LOCAL TIME.

CLIMATE NORMAL PERIOD 1981 TO 2010
CLIMATE RECORD PERIOD 1897 TO 2015


WEATHER ITEM   OBSERVED TIME   RECORD YEAR NORMAL DEPARTURE LAST
                VALUE   (LST)  VALUE       VALUE  FROM      YEAR
                                                  NORMAL
..................................................................
TEMPERATURE (F)
 TODAY
  MAXIMUM         88    338 PM 103    1930  86      2       79
  MINIMUM         60    542 AM  52    1965  65     -5       59
  AVERAGE         74                        76     -2       69

PRECIPITATION (IN)
  TODAY            0.00          1.90 1947   0.13  -0.13     0.00
  MONTH TO DATE    0.00                      0.40  -0.40     0.53
  SINCE JUN 1     13.17                      8.83   4.34     9.05
  SINCE JAN 1     33.60                     26.91   6.69    28.59

DEGREE DAYS
 HEATING
  TODAY            0                         0      0        0
  MONTH TO DATE    0                         0      0        0
  SINCE JUN 1     14                        12      2        3
  SINCE JUL 1      0                         0      0        3

 COOLING
  TODAY            9                        11     -2        4
  MONTH TO DATE   26                        33     -7       15
  SINCE JUN 1    596                       590      6      496
  SINCE JAN 1    762                       703     59      610
..................................................................


WIND (MPH)
  HIGHEST WIND SPEED    16   HIGHEST WIND DIRECTION     S (180)
  HIGHEST GUST SPEED    23   HIGHEST GUST DIRECTION     S (190)
  AVERAGE WIND SPEED     6.2


SKY COVER
  POSSIBLE SUNSHINE  MM
  AVERAGE SKY COVER 0.1


WEATHER CONDITIONS
 THE FOLLOWING WEATHER WAS RECORDED TODAY.
  NO SIGNIFICANT WEATHER WAS OBSERVED.


RELATIVE HUMIDITY (PERCENT)
 HIGHEST   100           400 AM
 LOWEST     45           200 PM
 AVERAGE    73

..........................................................


THE HUNTINGTON WV CLIMATE NORMALS FOR TOMORROW
                         NORMAL    RECORD    YEAR
 MAXIMUM TEMPERATURE (F)   86       107      1930
 MINIMUM TEMPERATURE (F)   65        50      1965


SUNRISE AND SUNSET
AUGUST  3 2015........SUNRISE   634 AM EDT   SUNSET   838 PM EDT
AUGUST  4 2015........SUNRISE   635 AM EDT   SUNSET   837 PM EDT


-  INDICATES NEGATIVE NUMBERS.
R  INDICATES RECORD WAS SET OR TIED.
MM INDICATES DATA IS MISSING.
T  INDICATES TRACE AMOUNT.




$$
