000
CDUS41 KRLX 200816
CLIHTS


CLIMATE REPORT
NATIONAL WEATHER SERVICE CHARLESTON WV
316 AM EST MON FEB 20 2017


...................................

...THE HUNTINGTON WV CLIMATE SUMMARY FOR FEBRUARY 19 2017...

CLIMATE NORMAL PERIOD 1981 TO 2010
CLIMATE RECORD PERIOD 1897 TO 2017


WEATHER ITEM   OBSERVED TIME   RECORD YEAR NORMAL DEPARTURE LAST
                VALUE   (LST)  VALUE       VALUE  FROM      YEAR
                                                  NORMAL
..................................................................
TEMPERATURE (F)
 YESTERDAY
  MAXIMUM         54    441 PM  76    1939  48      6       66
  MINIMUM         39   1141 PM  -3    2015  29     10       32
  AVERAGE         47                        38      9       49

PRECIPITATION (IN)
  YESTERDAY        0.06          1.14 1914   0.12  -0.06     0.00
  MONTH TO DATE    0.93                      2.04  -1.11     3.91
  SINCE JAN 1      4.91                      5.01  -0.10     5.90

SNOWFALL (IN)
  YESTERDAY        0.0
  MONTH TO DATE    T
  SINCE SEP 1      5.9
  SNOW DEPTH       0

DEGREE DAYS
 HEATING
  YESTERDAY       18                        27     -9       16
  MONTH TO DATE  407                       547   -140      582
  SINCE DEC 1   1934                      2384   -450     2141
  SINCE JUL 1   2532                      3271   -739     2861

 COOLING
  YESTERDAY        0                         0      0        0
  MONTH TO DATE    0                         0      0        0
  SINCE DEC 1      0                         1     -1        0
  SINCE JAN 1      0                         0      0        0
..................................................................


WIND (MPH)
  HIGHEST WIND SPEED    12   HIGHEST WIND DIRECTION    SW (240)
  HIGHEST GUST SPEED    15   HIGHEST GUST DIRECTION     W (250)
  AVERAGE WIND SPEED     3.5


SKY COVER
  POSSIBLE SUNSHINE  MM


WEATHER CONDITIONS
 THE FOLLOWING WEATHER WAS RECORDED YESTERDAY.
  LIGHT RAIN
  FOG
  HAZE


RELATIVE HUMIDITY (PERCENT)
 HIGHEST    93          1200 AM
 LOWEST     71           300 PM
 AVERAGE    82

..........................................................


THE HUNTINGTON WV CLIMATE NORMALS FOR TODAY
                         NORMAL    RECORD    YEAR
 MAXIMUM TEMPERATURE (F)   48        74      1955
 MINIMUM TEMPERATURE (F)   29       -16      2015


SUNRISE AND SUNSET
FEBRUARY 20 2017......SUNRISE   714 AM EST   SUNSET   614 PM EST
FEBRUARY 21 2017......SUNRISE   713 AM EST   SUNSET   615 PM EST


-  INDICATES NEGATIVE NUMBERS.
R  INDICATES RECORD WAS SET OR TIED.
MM INDICATES DATA IS MISSING.
T  INDICATES TRACE AMOUNT.




$$
