000
CDUS41 KRLX 290724
CLIHTS


CLIMATE REPORT
NATIONAL WEATHER SERVICE CHARLESTON WV
318 AM EDT TUE JUL 29 2014


...................................

...THE HUNTINGTON WV CLIMATE SUMMARY FOR JULY 28 2014...

CLIMATE NORMAL PERIOD 1981 TO 2010
CLIMATE RECORD PERIOD 1897 TO 2014


WEATHER ITEM   OBSERVED TIME   RECORD YEAR NORMAL DEPARTURE LAST
                VALUE   (LST)  VALUE       VALUE  FROM      YEAR
                                                  NORMAL
..................................................................
TEMPERATURE (F)
 YESTERDAY
  MAXIMUM         72    414 PM 108    1930  86    -14       76
  MINIMUM         60   1159 PM  49    1962  65     -5       57
  AVERAGE         66                        76    -10       67

PRECIPITATION (IN)
  YESTERDAY        0.11          1.63 1967   0.15  -0.04      T
  MONTH TO DATE    3.85                      4.11  -0.26     7.83
  SINCE JAN 1     27.91                     26.07   1.84    27.17

SNOWFALL (IN)
  YESTERDAY        0.0
  MONTH TO DATE    0.0
  SINCE SEP 1     36.8
  SNOW DEPTH       0

DEGREE DAYS
 HEATING
  YESTERDAY        0                         0      0        0
  MONTH TO DATE    1                         0      1        0
  SINCE JUN 1      1                        12    -11        0
  SINCE JUL 1      1                         0      1        0

 COOLING
  YESTERDAY        1                        11    -10        2
  MONTH TO DATE  232                       305    -73      324
  SINCE JUN 1    477                       530    -53      581
  SINCE JAN 1    591                       643    -52      751
..................................................................


WIND (MPH)
  HIGHEST WIND SPEED    14   HIGHEST WIND DIRECTION     N (340)
  HIGHEST GUST SPEED    20   HIGHEST GUST DIRECTION     W (270)
  AVERAGE WIND SPEED     5.8


SKY COVER
  POSSIBLE SUNSHINE  MM


WEATHER CONDITIONS
 THE FOLLOWING WEATHER WAS RECORDED YESTERDAY.
  HEAVY RAIN
  RAIN
  LIGHT RAIN
  FOG
  FOG W/VISIBILITY <= 1/4 MILE


RELATIVE HUMIDITY (PERCENT)
 HIGHEST   100           800 PM
 LOWEST     70          1200 PM
 AVERAGE    85

..........................................................


THE HUNTINGTON WV CLIMATE NORMALS FOR TODAY
                         NORMAL    RECORD    YEAR
 MAXIMUM TEMPERATURE (F)   86       101      1930
 MINIMUM TEMPERATURE (F)   65        52      1925


SUNRISE AND SUNSET
JULY 29 2014..........SUNRISE   630 AM EDT   SUNSET   843 PM EDT
JULY 30 2014..........SUNRISE   631 AM EDT   SUNSET   842 PM EDT


-  INDICATES NEGATIVE NUMBERS.
R  INDICATES RECORD WAS SET OR TIED.
MM INDICATES DATA IS MISSING.
T  INDICATES TRACE AMOUNT.




$$
