000
CDUS41 KRLX 050718
CLIHTS


CLIMATE REPORT
NATIONAL WEATHER SERVICE CHARLESTON WV
317 AM EDT SUN JUL 5 2015


...................................

...THE HUNTINGTON WV CLIMATE SUMMARY FOR JULY 4 2015...

CLIMATE NORMAL PERIOD 1981 TO 2010
CLIMATE RECORD PERIOD 1897 TO 2015


WEATHER ITEM   OBSERVED TIME   RECORD YEAR NORMAL DEPARTURE LAST
                VALUE   (LST)  VALUE       VALUE  FROM      YEAR
                                                  NORMAL
..................................................................
TEMPERATURE (F)
 YESTERDAY
  MAXIMUM         78    454 PM 101    1911  86     -8       81
  MINIMUM         65    656 AM  51    1963  65      0       56
                                      1909
  AVERAGE         72                        76     -4       69

PRECIPITATION (IN)
  YESTERDAY        0.01          3.00 1932   0.13  -0.12     0.00
  MONTH TO DATE    0.58                      0.50   0.08      T
  SINCE JAN 1     26.21                     22.46   3.75    24.06

SNOWFALL (IN)
  YESTERDAY        0.0
  MONTH TO DATE    0.0
  SINCE SEP 1     36.6
  SNOW DEPTH       0

DEGREE DAYS
 HEATING
  YESTERDAY        0                         0      0        0
  MONTH TO DATE    0                         0      0        0
  SINCE JUN 1     14                        12      2        0
  SINCE JUL 1      0                         0      0        0

 COOLING
  YESTERDAY        7                        11     -4        4
  MONTH TO DATE   20                        41    -21       40
  SINCE JUN 1    293                       266     27      285
  SINCE JAN 1    459                       379     80      399
..................................................................


WIND (MPH)
  HIGHEST WIND SPEED     8   HIGHEST WIND DIRECTION     N (360)
  HIGHEST GUST SPEED    11   HIGHEST GUST DIRECTION     N (360)
  AVERAGE WIND SPEED     1.9


SKY COVER
  POSSIBLE SUNSHINE  MM


WEATHER CONDITIONS
 THE FOLLOWING WEATHER WAS RECORDED YESTERDAY.
  LIGHT RAIN
  FOG
  FOG W/VISIBILITY <= 1/4 MILE
  HAZE


RELATIVE HUMIDITY (PERCENT)
 HIGHEST   100          1200 AM
 LOWEST     67           500 PM
 AVERAGE    84

..........................................................


THE HUNTINGTON WV CLIMATE NORMALS FOR TODAY
                         NORMAL    RECORD    YEAR
 MAXIMUM TEMPERATURE (F)   86       100      1911
 MINIMUM TEMPERATURE (F)   65        46      1968


SUNRISE AND SUNSET
JULY  5 2015..........SUNRISE   612 AM EDT   SUNSET   857 PM EDT
JULY  6 2015..........SUNRISE   613 AM EDT   SUNSET   857 PM EDT


-  INDICATES NEGATIVE NUMBERS.
R  INDICATES RECORD WAS SET OR TIED.
MM INDICATES DATA IS MISSING.
T  INDICATES TRACE AMOUNT.




$$
