000
CDUS41 KRLX 230719
CLIHTS


CLIMATE REPORT
NATIONAL WEATHER SERVICE CHARLESTON WV
318 AM EDT WED APR 23 2014


...................................

...THE HUNTINGTON WV CLIMATE SUMMARY FOR APRIL 22 2014...

CLIMATE NORMAL PERIOD 1981 TO 2010
CLIMATE RECORD PERIOD 1897 TO 2014


WEATHER ITEM   OBSERVED TIME   RECORD YEAR NORMAL DEPARTURE LAST
                VALUE   (LST)  VALUE       VALUE  FROM      YEAR
                                                  NORMAL
..................................................................
TEMPERATURE (F)
 YESTERDAY
  MAXIMUM         75    230 PM  91    1920  70      5       72
  MINIMUM         49   1159 PM  31    1953  46      3       43
                                      1943
  AVERAGE         62                        58      4       58

PRECIPITATION (IN)
  YESTERDAY        0.07          2.14 1931   0.12  -0.05     0.00
  MONTH TO DATE    1.34                      2.46  -1.12     2.07
  SINCE JAN 1     11.81                     12.40  -0.59    11.64

SNOWFALL (IN)
  YESTERDAY       MM
  MONTH TO DATE    T
  SINCE SEP 1     36.8
  SNOW DEPTH       0

DEGREE DAYS
 HEATING
  YESTERDAY        3                         8     -5        7
  MONTH TO DATE  163                       237    -74      194
  SINCE MAR 1    903                       833     70      955
  SINCE JUL 1   4664                      4334    330     4370

 COOLING
  YESTERDAY        0                         1     -1        0
  MONTH TO DATE   14                        21     -7       43
  SINCE MAR 1     14                        26    -12       43
  SINCE JAN 1     14                        26    -12       43
..................................................................


WIND (MPH)
  HIGHEST WIND SPEED    18   HIGHEST WIND DIRECTION    NW (330)
  HIGHEST GUST SPEED    29   HIGHEST GUST DIRECTION     W (270)
  AVERAGE WIND SPEED     8.0


SKY COVER
  POSSIBLE SUNSHINE  MM


WEATHER CONDITIONS
 THE FOLLOWING WEATHER WAS RECORDED YESTERDAY.
  LIGHT RAIN
  FOG


RELATIVE HUMIDITY (PERCENT)
 HIGHEST    93           600 AM
 LOWEST     27           600 PM
 AVERAGE    60

..........................................................


THE HUNTINGTON WV CLIMATE NORMALS FOR TODAY
                         NORMAL    RECORD    YEAR
 MAXIMUM TEMPERATURE (F)   70        91      1960
 MINIMUM TEMPERATURE (F)   47        26      1986


SUNRISE AND SUNSET
APRIL 23 2014.........SUNRISE   643 AM EDT   SUNSET   814 PM EDT
APRIL 24 2014.........SUNRISE   642 AM EDT   SUNSET   815 PM EDT


-  INDICATES NEGATIVE NUMBERS.
R  INDICATES RECORD WAS SET OR TIED.
MM INDICATES DATA IS MISSING.
T  INDICATES TRACE AMOUNT.




$$
