000
CDUS41 KRLX 282117
CLIHTS


CLIMATE REPORT
NATIONAL WEATHER SERVICE CHARLESTON WV
517 PM EDT SUN MAY 28 2017


...................................

...THE HUNTINGTON WV CLIMATE SUMMARY FOR MAY 28 2017...
VALID TODAY AS OF 0500 PM LOCAL TIME.

CLIMATE NORMAL PERIOD 1981 TO 2010
CLIMATE RECORD PERIOD 1897 TO 2017


WEATHER ITEM   OBSERVED TIME   RECORD YEAR NORMAL DEPARTURE LAST
                VALUE   (LST)  VALUE       VALUE  FROM      YEAR
                                                  NORMAL
..................................................................
TEMPERATURE (F)
 TODAY
  MAXIMUM         76    238 PM  95    1941  78     -2       87
  MINIMUM         64    547 AM  37    1994  56      8       66
  AVERAGE         70                        67      3       77

PRECIPITATION (IN)
  TODAY            T             3.73 1990   0.16  -0.16     0.00
  MONTH TO DATE    5.28                      4.21   1.07     5.27
  SINCE MAR 1     11.19                     11.55  -0.36    12.18
  SINCE JAN 1     17.99                     17.59   0.40    19.64

DEGREE DAYS
 HEATING
  TODAY            0                         2     -2        0
  MONTH TO DATE  102                       108     -6      127
  SINCE MAR 1    793                       995   -202      753
  SINCE JUL 1   3442                      4496  -1054     3788

 COOLING
  TODAY            5                         4      1       12
  MONTH TO DATE   82                        68     14       65
  SINCE MAR 1    152                       100     52      112
  SINCE JAN 1    153                       100     53      112
..................................................................


WIND (MPH)
  HIGHEST WIND SPEED    12   HIGHEST WIND DIRECTION    SW (230)
  HIGHEST GUST SPEED    19   HIGHEST GUST DIRECTION    SW (210)
  AVERAGE WIND SPEED     6.6


SKY COVER
  POSSIBLE SUNSHINE  MM
  AVERAGE SKY COVER 0.6


WEATHER CONDITIONS
 THE FOLLOWING WEATHER WAS RECORDED TODAY.
  LIGHT RAIN


RELATIVE HUMIDITY (PERCENT)
 HIGHEST    93          1200 AM
 LOWEST     68           100 PM
 AVERAGE    81

..........................................................


THE HUNTINGTON WV CLIMATE NORMALS FOR TOMORROW
                         NORMAL    RECORD    YEAR
 MAXIMUM TEMPERATURE (F)   78        96      1914
 MINIMUM TEMPERATURE (F)   56        38      1949


SUNRISE AND SUNSET
MAY 28 2017...........SUNRISE   610 AM EDT   SUNSET   845 PM EDT
MAY 29 2017...........SUNRISE   609 AM EDT   SUNSET   846 PM EDT


-  INDICATES NEGATIVE NUMBERS.
R  INDICATES RECORD WAS SET OR TIED.
MM INDICATES DATA IS MISSING.
T  INDICATES TRACE AMOUNT.




$$
