000
CDUS41 KRLX 010823
CLIHTS


CLIMATE REPORT
NATIONAL WEATHER SERVICE CHARLESTON WV
322 AM EST SUN MAR 1 2015


...................................

...THE HUNTINGTON WV CLIMATE SUMMARY FOR FEBRUARY 28 2015...

CLIMATE NORMAL PERIOD 1981 TO 2010
CLIMATE RECORD PERIOD 1897 TO 2015


WEATHER ITEM   OBSERVED TIME   RECORD YEAR NORMAL DEPARTURE LAST
                VALUE   (LST)  VALUE       VALUE  FROM      YEAR
                                                  NORMAL
..................................................................
TEMPERATURE (F)
 YESTERDAY
  MAXIMUM         37    506 PM  74    1939  51    -14       39
  MINIMUM         13    242 AM   0    1934  31    -18       12
  AVERAGE         25                        41    -16       26

PRECIPITATION (IN)
  YESTERDAY        0.00          1.36 1903   0.11  -0.11     0.00
  MONTH TO DATE    3.27                      3.07   0.20     5.06
  SINCE JAN 1      5.44                      6.04  -0.60     7.36

SNOWFALL (IN)
  YESTERDAY       MM
  MONTH TO DATE   21.1
  SINCE SEP 1     23.8
  SNOW DEPTH       T

DEGREE DAYS
 HEATING
  YESTERDAY       40                        24     16       39
  MONTH TO DATE 1108                       777    331      850
  SINCE DEC 1   2937                      2614    323     2810
  SINCE JUL 1   4016                      3501    515     3761

 COOLING
  YESTERDAY        0                         0      0        0
  MONTH TO DATE    0                         0      0        0
  SINCE DEC 1      0                         1     -1        2
  SINCE JAN 1      0                         0      0        0
..................................................................


WIND (MPH)
  HIGHEST WIND SPEED     9   HIGHEST WIND DIRECTION     N (20)
  HIGHEST GUST SPEED    11   HIGHEST GUST DIRECTION     N (20)
  AVERAGE WIND SPEED     4.6


SKY COVER
  POSSIBLE SUNSHINE  MM


WEATHER CONDITIONS
 THE FOLLOWING WEATHER WAS RECORDED YESTERDAY.
  NO SIGNIFICANT WEATHER WAS OBSERVED.


RELATIVE HUMIDITY (PERCENT)
 HIGHEST    67           200 AM
 LOWEST     35           200 PM
 AVERAGE    51

..........................................................


THE HUNTINGTON WV CLIMATE NORMALS FOR TODAY
                         NORMAL    RECORD    YEAR
 MAXIMUM TEMPERATURE (F)   51        75      1976
 MINIMUM TEMPERATURE (F)   31         0      2014


SUNRISE AND SUNSET
MARCH  1 2015.........SUNRISE   703 AM EST   SUNSET   623 PM EST
MARCH  2 2015.........SUNRISE   701 AM EST   SUNSET   624 PM EST


-  INDICATES NEGATIVE NUMBERS.
R  INDICATES RECORD WAS SET OR TIED.
MM INDICATES DATA IS MISSING.
T  INDICATES TRACE AMOUNT.




$$
