000
CDUS41 KRLX 190818
CLIHTS


CLIMATE REPORT
NATIONAL WEATHER SERVICE CHARLESTON WV
318 AM EST MON FEB 19 2018


...................................

...THE HUNTINGTON WV CLIMATE SUMMARY FOR FEBRUARY 18 2018...

CLIMATE NORMAL PERIOD 1981 TO 2010
CLIMATE RECORD PERIOD 1897 TO 2018


WEATHER ITEM   OBSERVED TIME   RECORD YEAR NORMAL DEPARTURE LAST
                VALUE   (LST)  VALUE       VALUE  FROM      YEAR
                                                  NORMAL
..................................................................
TEMPERATURE (F)
 YESTERDAY
  MAXIMUM         50    430 PM  71    1948  47      3       64
                                      1911
  MINIMUM         37   1159 PM  -1    1958  29      8       46
  AVERAGE         44                        38      6       55

PRECIPITATION (IN)
  YESTERDAY        0.00          2.83 2000   0.11  -0.11     0.09
  MONTH TO DATE    5.94                      1.92   4.02     0.87
  SINCE JAN 1      8.85                      4.89   3.96     4.85

SNOWFALL (IN)
  YESTERDAY        0.0           6.6  2015   0.3   -0.3      0.0
                                      2005
  MONTH TO DATE    0.2                       5.2   -5.0       T
  SINCE SEP 1      7.2                      16.7   -9.5      5.9
  SNOW DEPTH       0

DEGREE DAYS
 HEATING
  YESTERDAY       21                        27     -6       10
  MONTH TO DATE  457                       520    -63      389
  SINCE DEC 1   2381                      2357     24     1916
  SINCE JUL 1   3153                      3244    -91     2514

 COOLING
  YESTERDAY        0                         0      0        0
  MONTH TO DATE    1                         0      1        0
  SINCE DEC 1      1                         1      0        0
  SINCE JAN 1      1                         0      1        0
..................................................................


WIND (MPH)
  HIGHEST WIND SPEED    17   HIGHEST WIND DIRECTION     W (280)
  HIGHEST GUST SPEED    25   HIGHEST GUST DIRECTION     W (270)
  AVERAGE WIND SPEED     5.9


SKY COVER
  POSSIBLE SUNSHINE  MM
  AVERAGE SKY COVER 0.5


WEATHER CONDITIONS
 THE FOLLOWING WEATHER WAS RECORDED YESTERDAY.
  FOG


RELATIVE HUMIDITY (PERCENT)
 HIGHEST    86          1200 AM
 LOWEST     46           400 PM
 AVERAGE    66

..........................................................


THE HUNTINGTON WV CLIMATE NORMALS FOR TODAY
                         NORMAL    RECORD    YEAR
 MAXIMUM TEMPERATURE (F)   48        76      1939
 MINIMUM TEMPERATURE (F)   29        -3      2015


SUNRISE AND SUNSET
FEBRUARY 19 2018......SUNRISE   716 AM EST   SUNSET   613 PM EST
FEBRUARY 20 2018......SUNRISE   714 AM EST   SUNSET   614 PM EST


-  INDICATES NEGATIVE NUMBERS.
R  INDICATES RECORD WAS SET OR TIED.
MM INDICATES DATA IS MISSING.
T  INDICATES TRACE AMOUNT.




$$
