000
CDUS41 KRLX 230816
CLIHTS


CLIMATE REPORT
NATIONAL WEATHER SERVICE CHARLESTON WV
316 AM EST THU NOV 23 2017


...................................

...THE HUNTINGTON WV CLIMATE SUMMARY FOR NOVEMBER 22 2017...

CLIMATE NORMAL PERIOD 1981 TO 2010
CLIMATE RECORD PERIOD 1897 TO 2017


WEATHER ITEM   OBSERVED TIME   RECORD YEAR NORMAL DEPARTURE LAST
                VALUE   (LST)  VALUE       VALUE  FROM      YEAR
                                                  NORMAL
..................................................................
TEMPERATURE (F)
 YESTERDAY
  MAXIMUM         50   1237 AM  79    1931  54     -4       48
  MINIMUM         28   1159 PM   8    1964  35     -7       22
  AVERAGE         39                        44     -5       35

PRECIPITATION (IN)
  YESTERDAY        T             2.28 2011   0.12  -0.12     0.00
  MONTH TO DATE    2.21                      2.50  -0.29     0.68
  SINCE JAN 1     43.13                     38.34   4.79    40.89

SNOWFALL (IN)
  YESTERDAY        0.0           2.1  1989   0.0    0.0      0.0
  MONTH TO DATE    0.0                       0.4   -0.4       T
  SINCE SEP 1      0.0                       0.5   -0.5       T
  SNOW DEPTH       0

DEGREE DAYS
 HEATING
  YESTERDAY       26                        21      5       30
  MONTH TO DATE  375                       371      4      314
  SINCE SEP 1    620                       708    -88      460
  SINCE JUL 1    620                       710    -90      460

 COOLING
  YESTERDAY        0                         0      0        0
  MONTH TO DATE    3                         0      3        7
  SINCE SEP 1    189                       155     34      339
  SINCE JAN 1   1191                      1132     59     1589
..................................................................


WIND (MPH)
  HIGHEST WIND SPEED    21   HIGHEST WIND DIRECTION    NW (320)
  HIGHEST GUST SPEED    27   HIGHEST GUST DIRECTION    NW (320)
  AVERAGE WIND SPEED     7.4


SKY COVER
  POSSIBLE SUNSHINE  MM
  AVERAGE SKY COVER 0.5


WEATHER CONDITIONS
 THE FOLLOWING WEATHER WAS RECORDED YESTERDAY.
  NO SIGNIFICANT WEATHER WAS OBSERVED.


RELATIVE HUMIDITY (PERCENT)
 HIGHEST    76           500 AM
 LOWEST     42          1200 AM
 AVERAGE    59

..........................................................


THE HUNTINGTON WV CLIMATE NORMALS FOR TODAY
                         NORMAL    RECORD    YEAR
 MAXIMUM TEMPERATURE (F)   53        78      1931
 MINIMUM TEMPERATURE (F)   35        12      1956


SUNRISE AND SUNSET
NOVEMBER 23 2017......SUNRISE   721 AM EST   SUNSET   513 PM EST
NOVEMBER 24 2017......SUNRISE   722 AM EST   SUNSET   512 PM EST


-  INDICATES NEGATIVE NUMBERS.
R  INDICATES RECORD WAS SET OR TIED.
MM INDICATES DATA IS MISSING.
T  INDICATES TRACE AMOUNT.




$$
