000
CDUS43 KIND 060534
CLIHUF


CLIMATE REPORT
NATIONAL WEATHER SERVICE INDIANAPOLIS IN
1232 AM EST TUE DEC 6 2016


...................................

...THE TERRE HAUTE IN CLIMATE SUMMARY FOR DECEMBER 5 2016...

CLIMATE NORMAL PERIOD 1981 TO 2010
CLIMATE RECORD PERIOD 9999 TO 9999


WEATHER ITEM   OBSERVED TIME   NORMAL DEPARTURE LAST
                VALUE   (LST)  VALUE  FROM      YEAR
                                      NORMAL
......................................................
TEMPERATURE (F)
 YESTERDAY
  MAXIMUM         44    418 PM  43      1       42
  MINIMUM         30    837 PM  27      3       27
  AVERAGE         37            35      2       35

PRECIPITATION (IN)
  YESTERDAY        0.00          0.09  -0.09     0.00
  MONTH TO DATE    0.23          0.44  -0.21     0.12
  SINCE DEC 1      0.23          0.44  -0.21     0.12
  SINCE JAN 1     34.51         42.55  -8.04    33.57

DEGREE DAYS
 HEATING
  YESTERDAY       28            30     -2       30
  MONTH TO DATE  137           146     -9      151
  SINCE DEC 1    137           146     -9      151
  SINCE JUL 1    863          1224   -361      979

 COOLING
  YESTERDAY        0             0      0        0
  MONTH TO DATE    0             0      0        0
  SINCE DEC 1      0             0      0        0
  SINCE JAN 1   1391           993    398     1093
......................................................


WIND (MPH)
  HIGHEST WIND SPEED    12   HIGHEST WIND DIRECTION     W (270)
  HIGHEST GUST SPEED    14   HIGHEST GUST DIRECTION    NW (300)
  AVERAGE WIND SPEED     5.6


SKY COVER
  AVERAGE SKY COVER 0.5


WEATHER CONDITIONS
 THE FOLLOWING WEATHER WAS RECORDED YESTERDAY.
  NO SIGNIFICANT WEATHER WAS OBSERVED.


RELATIVE HUMIDITY (PERCENT)
 HIGHEST    92           900 PM
 LOWEST     65           300 PM
 AVERAGE    79

..........................................................


THE TERRE HAUTE IN CLIMATE NORMALS FOR TODAY
                         NORMAL
 MAXIMUM TEMPERATURE (F)   42
 MINIMUM TEMPERATURE (F)   27


SUNRISE AND SUNSET
DECEMBER  6 2016......SUNRISE   755 AM EST   SUNSET   525 PM EST
DECEMBER  7 2016......SUNRISE   756 AM EST   SUNSET   525 PM EST


-  INDICATES NEGATIVE NUMBERS.
R  INDICATES RECORD WAS SET OR TIED.
MM INDICATES DATA IS MISSING.
T  INDICATES TRACE AMOUNT.




$$
