000
CDUS43 KIND 010535
CLIHUF


CLIMATE REPORT
NATIONAL WEATHER SERVICE INDIANAPOLIS IN
133 AM EDT SAT OCT 1 2016


...................................

...THE TERRE HAUTE IN CLIMATE SUMMARY FOR SEPTEMBER 30 2016...

CLIMATE NORMAL PERIOD 1981 TO 2010
CLIMATE RECORD PERIOD 9999 TO 9999


WEATHER ITEM   OBSERVED TIME   NORMAL DEPARTURE LAST
                VALUE   (LST)  VALUE  FROM      YEAR
                                      NORMAL
......................................................
TEMPERATURE (F)
 YESTERDAY
  MAXIMUM         70    205 PM  72     -2       71
  MINIMUM         57   1016 PM  48      9       55
  AVERAGE         64            60      4       63

PRECIPITATION (IN)
  YESTERDAY        0.30          0.11   0.19     0.00
  MONTH TO DATE    3.62          3.42   0.20     2.23
  SINCE SEP 1      3.62          3.42   0.20     2.23
  SINCE JAN 1     30.58         34.70  -4.12    27.61

DEGREE DAYS
 HEATING
  YESTERDAY        1             6     -5        2
  MONTH TO DATE   13            72    -59       34
  SINCE SEP 1     13            73    -60       34
  SINCE JUL 1     17            78    -61       38

 COOLING
  YESTERDAY        0             1     -1        0
  MONTH TO DATE  191            99     92      151
  SINCE SEP 1    191            99     92      151
  SINCE JAN 1   1339           978    361     1080
......................................................


WIND (MPH)
  HIGHEST WIND SPEED    18   HIGHEST WIND DIRECTION     E (110)
  HIGHEST GUST SPEED    23   HIGHEST GUST DIRECTION     E (100)
  AVERAGE WIND SPEED     5.2


SKY COVER
  AVERAGE SKY COVER 0.9


WEATHER CONDITIONS
 THE FOLLOWING WEATHER WAS RECORDED YESTERDAY.
  THUNDERSTORM
  HEAVY RAIN
  RAIN
  LIGHT RAIN
  FOG


RELATIVE HUMIDITY (PERCENT)
 HIGHEST    97           700 PM
 LOWEST     63           200 PM
 AVERAGE    80

..........................................................


THE TERRE HAUTE IN CLIMATE NORMALS FOR TODAY
                         NORMAL
 MAXIMUM TEMPERATURE (F)   72
 MINIMUM TEMPERATURE (F)   47


SUNRISE AND SUNSET
OCTOBER  1 2016.......SUNRISE   746 AM EDT   SUNSET   731 PM EDT
OCTOBER  2 2016.......SUNRISE   747 AM EDT   SUNSET   729 PM EDT


-  INDICATES NEGATIVE NUMBERS.
R  INDICATES RECORD WAS SET OR TIED.
MM INDICATES DATA IS MISSING.
T  INDICATES TRACE AMOUNT.




$$
