000
CDUS43 KIND 240536
CLIHUF


CLIMATE REPORT
NATIONAL WEATHER SERVICE INDIANAPOLIS IN
132 AM EDT SAT JUN 24 2017


...................................

...THE TERRE HAUTE IN CLIMATE SUMMARY FOR JUNE 23 2017...

CLIMATE NORMAL PERIOD 1981 TO 2010
CLIMATE RECORD PERIOD 9999 TO 9999


WEATHER ITEM   OBSERVED TIME   NORMAL DEPARTURE LAST
                VALUE   (LST)  VALUE  FROM      YEAR
                                      NORMAL
......................................................
TEMPERATURE (F)
 YESTERDAY
  MAXIMUM         78    927 AM  85     -7       91
  MINIMUM         65   1105 PM  64      1       74
  AVERAGE         72            74     -2       83

PRECIPITATION (IN)
  YESTERDAY        0.78          0.11   0.67     0.00
  MONTH TO DATE    3.38          3.47  -0.09     2.80
  SINCE JUN 1      3.38          3.47  -0.09     2.80
  SINCE JAN 1     26.30         21.91   4.39    16.58

DEGREE DAYS
 HEATING
  YESTERDAY        0             0      0        0
  MONTH TO DATE    2            11     -9        1
  SINCE JUN 1      2            11     -9        1
  SINCE JUL 1   4245          5366  -1121     4418

 COOLING
  YESTERDAY        7             9     -2       18
  MONTH TO DATE  212           164     48      248
  SINCE JUN 1    212           164     48      248
  SINCE JAN 1    328           250     78      336
......................................................


WIND (MPH)
  HIGHEST WIND SPEED    17   HIGHEST WIND DIRECTION     N (350)
  HIGHEST GUST SPEED    25   HIGHEST GUST DIRECTION     N (360)
  AVERAGE WIND SPEED     8.0


SKY COVER
  AVERAGE SKY COVER 0.7


WEATHER CONDITIONS
 THE FOLLOWING WEATHER WAS RECORDED YESTERDAY.
  THUNDERSTORM
  HEAVY RAIN
  RAIN
  LIGHT RAIN
  FOG


RELATIVE HUMIDITY (PERCENT)
 HIGHEST    93           100 AM
 LOWEST     64           600 PM
 AVERAGE    79

..........................................................


THE TERRE HAUTE IN CLIMATE NORMALS FOR TODAY
                         NORMAL
 MAXIMUM TEMPERATURE (F)   85
 MINIMUM TEMPERATURE (F)   64


SUNRISE AND SUNSET
JUNE 24 2017..........SUNRISE   623 AM EDT   SUNSET   920 PM EDT
JUNE 25 2017..........SUNRISE   624 AM EDT   SUNSET   920 PM EDT


-  INDICATES NEGATIVE NUMBERS.
R  INDICATES RECORD WAS SET OR TIED.
MM INDICATES DATA IS MISSING.
T  INDICATES TRACE AMOUNT.




$$
