000
CDUS41 KCAR 212131
CLIHUL


CLIMATE REPORT
NATIONAL WEATHER SERVICE CARIBOU, ME
429 PM EST SUN JAN 21 2018


...................................

...THE HOULTON ME CLIMATE SUMMARY FOR JANUARY 21 2018...
VALID TODAY AS OF 0400 PM LOCAL TIME.

CLIMATE NORMAL PERIOD 1981 TO 2010
CLIMATE RECORD PERIOD 1948 TO 2018


WEATHER ITEM   OBSERVED TIME   RECORD YEAR NORMAL DEPARTURE LAST
                VALUE   (LST)  VALUE       VALUE  FROM      YEAR
                                                  NORMAL
..................................................................
TEMPERATURE (F)
 TODAY
  MAXIMUM         30   1200 AM  49    2006  22      8       33
  MINIMUM         17    752 AM -25    1970   0     17       27
  AVERAGE         24                        11     13       30

PRECIPITATION (IN)
  TODAY            0.00          0.98 1979   0.10  -0.10     0.00
  MONTH TO DATE    2.04                      1.95   0.09     1.53
  SINCE DEC 1      5.28                      5.24   0.04     4.45
  SINCE JAN 1      2.04                      1.95   0.09     1.53

SNOWFALL (IN)
  TODAY           MM             5.1  1978   0.8   MM       MM
  MONTH TO DATE   MM                        16.0   MM       MM
  SINCE DEC 1     MM                        32.4   MM       MM
  SINCE JUL 1     MM                        40.5   MM       MM
  SNOW DEPTH      MM

DEGREE DAYS
 HEATING
  TODAY           41                        54    -13       35
  MONTH TO DATE 1067                      1116    -49     1022
  SINCE DEC 1   2625                      2528     97     2466
  SINCE JUL 1   4331                      4636   -305     4209

 COOLING
  TODAY            0                         0      0        0
  MONTH TO DATE    0                         0      0        0
  SINCE DEC 1      0                         0      0        0
  SINCE JAN 1      0                         0      0        0
..................................................................


WIND (MPH)
  HIGHEST WIND SPEED    14   HIGHEST WIND DIRECTION     W (270)
  HIGHEST GUST SPEED    19   HIGHEST GUST DIRECTION    NW (300)
  AVERAGE WIND SPEED     8.9


SKY COVER
  POSSIBLE SUNSHINE  MM
  AVERAGE SKY COVER 0.1


WEATHER CONDITIONS
 THE FOLLOWING WEATHER WAS RECORDED TODAY.
  NO SIGNIFICANT WEATHER WAS OBSERVED.


RELATIVE HUMIDITY (PERCENT)
 HIGHEST    67           600 AM
 LOWEST     33           300 PM
 AVERAGE    50

..........................................................


THE HOULTON ME CLIMATE NORMALS FOR TOMORROW
                         NORMAL    RECORD    YEAR
 MAXIMUM TEMPERATURE (F)   22        45      1957
 MINIMUM TEMPERATURE (F)    0       -23      2012


SUNRISE AND SUNSET
JANUARY 21 2018.......SUNRISE   705 AM EST   SUNSET   420 PM EST
JANUARY 22 2018.......SUNRISE   704 AM EST   SUNSET   422 PM EST


-  INDICATES NEGATIVE NUMBERS.
R  INDICATES RECORD WAS SET OR TIED.
MM INDICATES DATA IS MISSING.
T  INDICATES TRACE AMOUNT.




$$
