000
CDUS41 KCAR 252030
CLIHUL


CLIMATE REPORT
NATIONAL WEATHER SERVICE CARIBOU, ME
428 PM EDT THU AUG 25 2016


...................................

...THE HOULTON ME CLIMATE SUMMARY FOR AUGUST 25 2016...
VALID TODAY AS OF 0400 PM LOCAL TIME.

CLIMATE NORMAL PERIOD 1981 TO 2010
CLIMATE RECORD PERIOD 1948 TO 2016


WEATHER ITEM   OBSERVED TIME   RECORD YEAR NORMAL DEPARTURE LAST
                VALUE   (LST)  VALUE       VALUE  FROM      YEAR
                                                  NORMAL
..................................................................
TEMPERATURE (F)
 TODAY
  MAXIMUM         83    203 PM  88    2014  75      8       78
  MINIMUM         64    524 AM  30    1978  50     14       65
  AVERAGE         74                        62     12       72

PRECIPITATION (IN)
  TODAY            0.00          1.25 1963   0.11  -0.11     0.03
  MONTH TO DATE    6.18                      3.08   3.10     2.55
  SINCE JUN 1     12.46                     10.39   2.07     8.17
  SINCE JAN 1     26.84                     25.02   1.82    17.52

SNOWFALL (IN)
  TODAY           MM             0.0  2003   0.0   MM       MM
  MONTH TO DATE   MM                         0.0   MM       MM
  SINCE JUN 1     MM                         0.0   MM       MM
  SINCE JUL 1     MM                         0.0   MM       MM
  SNOW DEPTH      MM

DEGREE DAYS
 HEATING
  TODAY            0                         4     -4        0
  MONTH TO DATE   41                        67    -26       16
  SINCE JUN 1    259                       308    -49      316
  SINCE JUL 1     84                       127    -43       79

 COOLING
  TODAY            9                         1      8        7
  MONTH TO DATE   58                        49      9      104
  SINCE JUN 1    190                       165     25      157
  SINCE JAN 1    197                       169     28      182
..................................................................


WIND (MPH)
  HIGHEST WIND SPEED    17   HIGHEST WIND DIRECTION    SW (220)
  HIGHEST GUST SPEED    23   HIGHEST GUST DIRECTION    SW (220)
  AVERAGE WIND SPEED     9.1


SKY COVER
  POSSIBLE SUNSHINE  MM
  AVERAGE SKY COVER 0.1


WEATHER CONDITIONS
 THE FOLLOWING WEATHER WAS RECORDED TODAY.
  NO SIGNIFICANT WEATHER WAS OBSERVED.


RELATIVE HUMIDITY (PERCENT)
 HIGHEST    93           300 AM
 LOWEST     58          1100 AM
 AVERAGE    76

..........................................................


THE HOULTON ME CLIMATE NORMALS FOR TOMORROW
                         NORMAL    RECORD    YEAR
 MAXIMUM TEMPERATURE (F)   74        91      1993
 MINIMUM TEMPERATURE (F)   50        34      2006
                                             1942


SUNRISE AND SUNSET
AUGUST 25 2016........SUNRISE   544 AM EDT   SUNSET   722 PM EDT
AUGUST 26 2016........SUNRISE   545 AM EDT   SUNSET   720 PM EDT


-  INDICATES NEGATIVE NUMBERS.
R  INDICATES RECORD WAS SET OR TIED.
MM INDICATES DATA IS MISSING.
T  INDICATES TRACE AMOUNT.




$$
