000
CDUS41 KCAR 280528
CLIHUL


CLIMATE REPORT
NATIONAL WEATHER SERVICE CARIBOU, ME
1228 AM EST FRI NOV 28 2014


...................................

...THE HOULTON ME CLIMATE SUMMARY FOR NOVEMBER 27 2014...

CLIMATE NORMAL PERIOD 1981 TO 2010
CLIMATE RECORD PERIOD 1948 TO 2014


WEATHER ITEM   OBSERVED TIME   RECORD YEAR NORMAL DEPARTURE LAST
                VALUE   (LST)  VALUE       VALUE  FROM      YEAR
                                                  NORMAL
..................................................................
TEMPERATURE (F)
 YESTERDAY
  MAXIMUM         28    128 PM  60    1999  36     -8       56
  MINIMUM          7   1159 PM  -8    1975  20    -13       29
  AVERAGE         18                        28    -10       43

PRECIPITATION (IN)
  YESTERDAY        0.04          2.27 1950   0.13  -0.09     1.82
  MONTH TO DATE    2.05                      3.63  -1.58     3.74
  SINCE SEP 1      9.17                     10.69  -1.52    12.37
  SINCE JAN 1     36.83                     36.31   0.52    39.90

SNOWFALL (IN)
  YESTERDAY       MM             8.0  1965   0.4   MM       MM
  MONTH TO DATE   MM                         6.1   MM       MM
  SINCE SEP 1     MM                         6.8   MM       MM
  SINCE JUL 1     MM                         6.8   MM       MM
  SNOW DEPTH      MM

DEGREE DAYS
 HEATING
  YESTERDAY       47                        37     10       22
  MONTH TO DATE  860                       857      3      852
  SINCE SEP 1   1669                      1837   -168     1730
  SINCE JUL 1   1754                      1993   -239     1863

 COOLING
  YESTERDAY        0                         0      0        0
  MONTH TO DATE    0                         0      0        0
  SINCE SEP 1     30                        13     17       19
  SINCE JAN 1    233                       191     42      198
..................................................................


WIND (MPH)
  HIGHEST WIND SPEED    24   HIGHEST WIND DIRECTION     N (10)
  HIGHEST GUST SPEED    31   HIGHEST GUST DIRECTION     N (10)
  AVERAGE WIND SPEED    11.8


SKY COVER
  POSSIBLE SUNSHINE  MM
  AVERAGE SKY COVER 0.8


WEATHER CONDITIONS
 THE FOLLOWING WEATHER WAS RECORDED YESTERDAY.
  SNOW
  LIGHT SNOW
  FOG
  HAZE


RELATIVE HUMIDITY (PERCENT)
 HIGHEST    92          1200 AM
 LOWEST     68           300 PM
 AVERAGE    80

..........................................................


THE HOULTON ME CLIMATE NORMALS FOR TODAY
                         NORMAL    RECORD    YEAR
 MAXIMUM TEMPERATURE (F)   35        59      1990
 MINIMUM TEMPERATURE (F)   19        -4      1969


SUNRISE AND SUNSET
NOVEMBER 28 2014......SUNRISE   649 AM EST   SUNSET   349 PM EST
NOVEMBER 29 2014......SUNRISE   651 AM EST   SUNSET   348 PM EST


-  INDICATES NEGATIVE NUMBERS.
R  INDICATES RECORD WAS SET OR TIED.
MM INDICATES DATA IS MISSING.
T  INDICATES TRACE AMOUNT.




$$
