000
CDUS41 KCAR 242026
CLIHUL


CLIMATE REPORT
NATIONAL WEATHER SERVICE CARIBOU, ME
425 PM EDT WED MAY 24 2017


...................................

...THE HOULTON ME CLIMATE SUMMARY FOR MAY 24 2017...
VALID TODAY AS OF 0400 PM LOCAL TIME.

CLIMATE NORMAL PERIOD 1981 TO 2010
CLIMATE RECORD PERIOD 1948 TO 2017


WEATHER ITEM   OBSERVED TIME   RECORD YEAR NORMAL DEPARTURE LAST
                VALUE   (LST)  VALUE       VALUE  FROM      YEAR
                                                  NORMAL
..................................................................
TEMPERATURE (F)
 TODAY
  MAXIMUM         70    253 PM  92    1977  67      3       77
  MINIMUM         38    428 AM  26    1956  41     -3       47
  AVERAGE         54                        54      0       62

PRECIPITATION (IN)
  TODAY            0.00          1.91 2013   0.11  -0.11     0.00
  MONTH TO DATE    3.78                      2.54   1.24     2.16
  SINCE MAR 1      9.17                      9.01   0.16     8.92
  SINCE JAN 1     13.62                     13.87  -0.25    13.88

SNOWFALL (IN)
  TODAY           MM             0.0  2003   0.0   MM       MM
  MONTH TO DATE   MM                         0.1   MM       MM
  SINCE MAR 1     MM                        23.9   MM       MM
  SINCE JUL 1     MM                        89.5   MM       MM
  SNOW DEPTH       0

DEGREE DAYS
 HEATING
  TODAY           11                        12     -1        3
  MONTH TO DATE  348                       361    -13      328
  SINCE MAR 1   2376                      2361     15     2356
  SINCE JUL 1   8337                      8934   -597     7974

 COOLING
  TODAY            0                         0      0        0
  MONTH TO DATE    6                         0      6        0
  SINCE MAR 1      6                         0      6        0
  SINCE JAN 1      6                         0      6        0
..................................................................


WIND (MPH)
  HIGHEST WIND SPEED     9   HIGHEST WIND DIRECTION    NE (50)
  HIGHEST GUST SPEED    14   HIGHEST GUST DIRECTION    NE (60)
  AVERAGE WIND SPEED     1.7


SKY COVER
  POSSIBLE SUNSHINE  MM
  AVERAGE SKY COVER 0.3


WEATHER CONDITIONS
 THE FOLLOWING WEATHER WAS RECORDED TODAY.
  NO SIGNIFICANT WEATHER WAS OBSERVED.


RELATIVE HUMIDITY (PERCENT)
 HIGHEST   100          1200 AM
 LOWEST     40           100 PM
 AVERAGE    70

..........................................................


THE HOULTON ME CLIMATE NORMALS FOR TOMORROW
                         NORMAL    RECORD    YEAR
 MAXIMUM TEMPERATURE (F)   67        91      2007
 MINIMUM TEMPERATURE (F)   41        24      1956


SUNRISE AND SUNSET
MAY 24 2017...........SUNRISE   449 AM EDT   SUNSET   807 PM EDT
MAY 25 2017...........SUNRISE   448 AM EDT   SUNSET   809 PM EDT


-  INDICATES NEGATIVE NUMBERS.
R  INDICATES RECORD WAS SET OR TIED.
MM INDICATES DATA IS MISSING.
T  INDICATES TRACE AMOUNT.




$$
