000
CDUS41 KCAR 220532
CLIHUL


CLIMATE REPORT
NATIONAL WEATHER SERVICE CARIBOU, ME
132 AM EDT FRI MAY 22 2015


...................................

...THE HOULTON ME CLIMATE SUMMARY FOR MAY 21 2015...

CLIMATE NORMAL PERIOD 1981 TO 2010
CLIMATE RECORD PERIOD 1948 TO 2015


WEATHER ITEM   OBSERVED TIME   RECORD YEAR NORMAL DEPARTURE LAST
                VALUE   (LST)  VALUE       VALUE  FROM      YEAR
                                                  NORMAL
..................................................................
TEMPERATURE (F)
 YESTERDAY
  MAXIMUM         67    249 PM  91    1992  66      1       62
  MINIMUM         43    323 AM  27    1982  40      3       51
  AVERAGE         55                        53      2       57

PRECIPITATION (IN)
  YESTERDAY        0.00          1.39 1973   0.12  -0.12     0.02
  MONTH TO DATE    1.19                      2.21  -1.02     2.61
  SINCE MAR 1      4.53                      8.68  -4.15     8.70
  SINCE JAN 1      6.63                     13.54  -6.91    14.28

SNOWFALL (IN)
  YESTERDAY       MM             T    1990   0.0   MM       MM
  MONTH TO DATE   MM                         0.1   MM       MM
  SINCE MAR 1     MM                        23.9   MM       MM
  SINCE JUL 1     MM                        89.5   MM       MM
  SNOW DEPTH      MM

DEGREE DAYS
 HEATING
  YESTERDAY       10                        12     -2        8
  MONTH TO DATE  255                       325    -70      303
  SINCE MAR 1   2490                      2325    165     2605
  SINCE JUL 1   9058                      8898    160     9195

 COOLING
  YESTERDAY        0                         0      0        0
  MONTH TO DATE    0                         0      0        1
  SINCE MAR 1      0                         0      0        1
  SINCE JAN 1      0                         0      0        1
..................................................................


WIND (MPH)
  HIGHEST WIND SPEED    23   HIGHEST WIND DIRECTION     W (250)
  HIGHEST GUST SPEED    31   HIGHEST GUST DIRECTION     W (270)
  AVERAGE WIND SPEED    10.4


SKY COVER
  POSSIBLE SUNSHINE  MM
  AVERAGE SKY COVER 0.3


WEATHER CONDITIONS
 THE FOLLOWING WEATHER WAS RECORDED YESTERDAY.
  NO SIGNIFICANT WEATHER WAS OBSERVED.


RELATIVE HUMIDITY (PERCENT)
 HIGHEST    58           400 AM
 LOWEST     30          1100 AM
 AVERAGE    44

..........................................................


THE HOULTON ME CLIMATE NORMALS FOR TODAY
                         NORMAL    RECORD    YEAR
 MAXIMUM TEMPERATURE (F)   66        94      1992
 MINIMUM TEMPERATURE (F)   40        23      1982


SUNRISE AND SUNSET
MAY 22 2015...........SUNRISE   452 AM EDT   SUNSET   805 PM EDT
MAY 23 2015...........SUNRISE   451 AM EDT   SUNSET   806 PM EDT


-  INDICATES NEGATIVE NUMBERS.
R  INDICATES RECORD WAS SET OR TIED.
MM INDICATES DATA IS MISSING.
T  INDICATES TRACE AMOUNT.




$$
