000
CDUS41 KCAR 110526
CLIHUL


CLIMATE REPORT
NATIONAL WEATHER SERVICE CARIBOU, ME
126 AM EDT FRI JUL 11 2014


...................................

...THE HOULTON ME CLIMATE SUMMARY FOR JULY 10 2014...

CLIMATE NORMAL PERIOD 1981 TO 2010
CLIMATE RECORD PERIOD 1948 TO 2014


WEATHER ITEM   OBSERVED TIME   RECORD YEAR NORMAL DEPARTURE LAST
                VALUE   (LST)  VALUE       VALUE  FROM      YEAR
                                                  NORMAL
..................................................................
TEMPERATURE (F)
 YESTERDAY
  MAXIMUM         77    116 PM  97    1955  78     -1       76
  MINIMUM         49   1159 PM  39    1980  54     -5       64
  AVERAGE         63                        66     -3       70

PRECIPITATION (IN)
  YESTERDAY        T             2.00 1998   0.11  -0.11     0.02
  MONTH TO DATE    3.57                      1.20   2.37     0.05
  SINCE JUN 1      7.83                      4.85   2.98     5.13
  SINCE JAN 1     22.53                     19.48   3.05    16.36

SNOWFALL (IN)
  YESTERDAY       MM             0.0  2003   0.0   MM       MM
  MONTH TO DATE   MM                         0.0   MM       MM
  SINCE JUN 1     MM                         0.0   MM       MM
  SINCE JUL 1     MM                         0.0   MM       MM
  SNOW DEPTH      MM

DEGREE DAYS
 HEATING
  YESTERDAY        2                         2      0        0
  MONTH TO DATE   16                        25     -9       10
  SINCE JUN 1    145                       206    -61      207
  SINCE JUL 1     16                        25     -9       10

 COOLING
  YESTERDAY        0                         3     -3        5
  MONTH TO DATE   65                        28     37       54
  SINCE JUN 1     90                        63     27       90
  SINCE JAN 1     91                        67     24       94
..................................................................


WIND (MPH)
  HIGHEST WIND SPEED    16   HIGHEST WIND DIRECTION     W (250)
  HIGHEST GUST SPEED    23   HIGHEST GUST DIRECTION     W (250)
  AVERAGE WIND SPEED     6.0


SKY COVER
  POSSIBLE SUNSHINE  MM
  AVERAGE SKY COVER 0.5


WEATHER CONDITIONS
 THE FOLLOWING WEATHER WAS RECORDED YESTERDAY.
  LIGHT RAIN


RELATIVE HUMIDITY (PERCENT)
 HIGHEST    93           400 AM
 LOWEST     43           200 PM
 AVERAGE    68

..........................................................


THE HOULTON ME CLIMATE NORMALS FOR TODAY
                         NORMAL    RECORD    YEAR
 MAXIMUM TEMPERATURE (F)   78        90      1948
 MINIMUM TEMPERATURE (F)   54        40      2012


SUNRISE AND SUNSET
JULY 11 2014..........SUNRISE   451 AM EDT   SUNSET   822 PM EDT
JULY 12 2014..........SUNRISE   452 AM EDT   SUNSET   821 PM EDT


-  INDICATES NEGATIVE NUMBERS.
R  INDICATES RECORD WAS SET OR TIED.
MM INDICATES DATA IS MISSING.
T  INDICATES TRACE AMOUNT.




$$
