000
CDUS41 KCAR 100529
CLIHUL


CLIMATE REPORT
NATIONAL WEATHER SERVICE CARIBOU, ME
1229 AM EST WED FEB 10 2016


...................................

...THE HOULTON ME CLIMATE SUMMARY FOR FEBRUARY 9 2016...

CLIMATE NORMAL PERIOD 1981 TO 2010
CLIMATE RECORD PERIOD 1948 TO 2016


WEATHER ITEM   OBSERVED TIME   RECORD YEAR NORMAL DEPARTURE LAST
                VALUE   (LST)  VALUE       VALUE  FROM      YEAR
                                                  NORMAL
..................................................................
TEMPERATURE (F)
 YESTERDAY
  MAXIMUM         20    353 PM  44    1971  25     -5       10
  MINIMUM         13    756 AM -26    1997   2     11      -12
  AVERAGE         17                        13      4       -1

PRECIPITATION (IN)
  YESTERDAY        0.01          0.62 1950   0.07  -0.06     0.00
  MONTH TO DATE    0.56                      0.66  -0.10     0.12
  SINCE DEC 1      6.17                      6.81  -0.64     7.06
  SINCE JAN 1      1.98                      3.52  -1.54     1.56

SNOWFALL (IN)
  YESTERDAY       MM             4.1  2005   0.6   MM       MM
  MONTH TO DATE   MM                         5.9   MM       MM
  SINCE DEC 1     MM                        45.6   MM       MM
  SINCE JUL 1     MM                        53.7   MM       MM
  SNOW DEPTH      MM

DEGREE DAYS
 HEATING
  YESTERDAY       48                        52     -4       66
  MONTH TO DATE  386                       473    -87      590
  SINCE DEC 1   2909                      3540   -631     3527
  SINCE JUL 1   4704                      5648   -944     5424

 COOLING
  YESTERDAY        0                         0      0        0
  MONTH TO DATE    0                         0      0        0
  SINCE DEC 1      0                         0      0        0
  SINCE JAN 1      0                         0      0        0
..................................................................


WIND (MPH)
  HIGHEST WIND SPEED    20   HIGHEST WIND DIRECTION     N (10)
  HIGHEST GUST SPEED    24   HIGHEST GUST DIRECTION     N (10)
  AVERAGE WIND SPEED     9.2


SKY COVER
  POSSIBLE SUNSHINE  MM
  AVERAGE SKY COVER 1.0


WEATHER CONDITIONS
 THE FOLLOWING WEATHER WAS RECORDED YESTERDAY.
  SNOW
  LIGHT SNOW
  FOG
  HAZE


RELATIVE HUMIDITY (PERCENT)
 HIGHEST    92           700 PM
 LOWEST     73           100 PM
 AVERAGE    83

..........................................................


THE HOULTON ME CLIMATE NORMALS FOR TODAY
                         NORMAL    RECORD    YEAR
 MAXIMUM TEMPERATURE (F)   25        43      2012
 MINIMUM TEMPERATURE (F)    2       -23      1975


SUNRISE AND SUNSET
FEBRUARY 10 2016......SUNRISE   642 AM EST   SUNSET   449 PM EST
FEBRUARY 11 2016......SUNRISE   641 AM EST   SUNSET   450 PM EST


-  INDICATES NEGATIVE NUMBERS.
R  INDICATES RECORD WAS SET OR TIED.
MM INDICATES DATA IS MISSING.
T  INDICATES TRACE AMOUNT.




$$
