000
CDUS45 KTFX 231021
CLIHVR


CLIMATE REPORT
NATIONAL WEATHER SERVICE GREAT FALLS MT
417 AM MDT THU OCT 23 2014


...................................

...THE HAVRE MT CLIMATE SUMMARY FOR OCTOBER 22 2014...

CLIMATE NORMAL PERIOD 1981 TO 2010
CLIMATE RECORD PERIOD 1880 TO 2014


WEATHER ITEM   OBSERVED TIME   RECORD YEAR NORMAL DEPARTURE LAST
                VALUE   (LST)  VALUE       VALUE  FROM      YEAR
                                                  NORMAL
..................................................................
TEMPERATURE (F)
 YESTERDAY
  MAXIMUM         62    411 PM  82    1915  55      7       68
  MINIMUM         43    717 AM   8    1881  28     15       33
  AVERAGE         53                        42     11       51

PRECIPITATION (IN)
  YESTERDAY        T             0.68 1957   0.02  -0.02     0.00
  MONTH TO DATE    0.61                      0.44   0.17     0.16
  SINCE OCT 1      0.61                      0.44   0.17     0.16
  SINCE JAN 1     11.77                     10.23   1.54    17.31

SNOWFALL (IN)
  YESTERDAY        0.0           6.0  1957   0.1   -0.1      0.0
  MONTH TO DATE    T                         1.2   -1.2      0.0
  SINCE SEP 1      T                         1.5   -1.5      0.0
  SINCE JUL 1      T                         1.5   -1.5      0.0
  SNOW DEPTH       0

DEGREE DAYS
 HEATING
  YESTERDAY       12                        23    -11       14
  MONTH TO DATE  272                       412   -140      426
  SINCE SEP 1    513                       686   -173      576
  SINCE JUL 1    557                       769   -212      594

 COOLING
  YESTERDAY        0                         0      0        0
  MONTH TO DATE    0                         0      0        0
  SINCE SEP 1     12                        19     -7       70
  SINCE JAN 1    402                       386     16      445
..................................................................


WIND (MPH)
  HIGHEST WIND SPEED    26   HIGHEST WIND DIRECTION    SW (210)
  HIGHEST GUST SPEED    32   HIGHEST GUST DIRECTION    SW (220)
  AVERAGE WIND SPEED    16.9


SKY COVER
  AVERAGE SKY COVER 0.2


WEATHER CONDITIONS
 THE FOLLOWING WEATHER WAS RECORDED YESTERDAY.
  NO SIGNIFICANT WEATHER WAS OBSERVED.


RELATIVE HUMIDITY (PERCENT)
 HIGHEST    86           100 AM
 LOWEST     34           300 PM
 AVERAGE    60

..........................................................


THE HAVRE MT CLIMATE NORMALS FOR TODAY
                         NORMAL    RECORD    YEAR
 MAXIMUM TEMPERATURE (F)   55        79      1903
 MINIMUM TEMPERATURE (F)   28         8      1919


SUNRISE AND SUNSET
OCTOBER 23 2014.......SUNRISE   751 AM MDT   SUNSET   615 PM MDT
OCTOBER 24 2014.......SUNRISE   753 AM MDT   SUNSET   613 PM MDT


-  INDICATES NEGATIVE NUMBERS.
R  INDICATES RECORD WAS SET OR TIED.
MM INDICATES DATA IS MISSING.
T  INDICATES TRACE AMOUNT.




$$
