000
CDUS45 KTFX 292322
CLIHVR


CLIMATE REPORT
NATIONAL WEATHER SERVICE GREAT FALLS MT
521 PM MDT SAT AUG 29 2015


...................................

...THE HAVRE MT CLIMATE SUMMARY FOR AUGUST 29 2015...
VALID TODAY AS OF 0500 PM LOCAL TIME.

CLIMATE NORMAL PERIOD 1981 TO 2010
CLIMATE RECORD PERIOD 1880 TO 2015


WEATHER ITEM   OBSERVED TIME   RECORD YEAR NORMAL DEPARTURE LAST
                VALUE   (LST)  VALUE       VALUE  FROM      YEAR
                                                  NORMAL
..................................................................
TEMPERATURE (F)
 TODAY
  MAXIMUM         95    137 PM 102    2005  79     16       80
  MINIMUM         59    548 AM  37    2000  48     11       53
                                      1946
                                      1937
  AVERAGE         77                        64     13       67

PRECIPITATION (IN)
  TODAY            0.00          0.52 1956   0.03  -0.03      T
  MONTH TO DATE    0.67                      1.04  -0.37     3.67
  SINCE OCT 1     10.07                     10.01   0.06    12.32
  SINCE JAN 1      8.50                      8.60  -0.10    10.31

SNOWFALL (IN)
  TODAY            0.0           0.0  1999   0.0    0.0      0.0
                                      1998
  MONTH TO DATE    0.0                       0.0    0.0      0.0
  SINCE JUN 1      T                         0.0    0.0      0.0
  SINCE JUL 1      T                         0.0    0.0      0.0
  SNOW DEPTH      MM

DEGREE DAYS
 HEATING
  TODAY            0                         4     -4        0
  MONTH TO DATE   50                        46      4       42
  SINCE JUN 1    132                       209    -77      217
  SINCE JUL 1     75                        76     -1       42

 COOLING
  TODAY           12                         2     10        2
  MONTH TO DATE  143                       143      0      176
  SINCE JUN 1    406                       353     53      383
  SINCE JAN 1    406                       364     42      390
..................................................................


WIND (MPH)
  HIGHEST WIND SPEED    21   HIGHEST WIND DIRECTION     S (190)
  HIGHEST GUST SPEED    26   HIGHEST GUST DIRECTION     S (190)
  AVERAGE WIND SPEED     7.8


SKY COVER
  AVERAGE SKY COVER 0.7


WEATHER CONDITIONS
 THE FOLLOWING WEATHER WAS RECORDED TODAY.
  HAZE


RELATIVE HUMIDITY (PERCENT)
 HIGHEST    56           700 AM
 LOWEST     15          1200 PM
 AVERAGE    36

..........................................................


THE HAVRE MT CLIMATE NORMALS FOR TOMORROW
                         NORMAL    RECORD    YEAR
 MAXIMUM TEMPERATURE (F)   79       100      1999
 MINIMUM TEMPERATURE (F)   48        36      1969
                                             1910


SUNRISE AND SUNSET
AUGUST 29 2015........SUNRISE   632 AM MDT   SUNSET   807 PM MDT
AUGUST 30 2015........SUNRISE   633 AM MDT   SUNSET   805 PM MDT


-  INDICATES NEGATIVE NUMBERS.
R  INDICATES RECORD WAS SET OR TIED.
MM INDICATES DATA IS MISSING.
T  INDICATES TRACE AMOUNT.




$$
