000
CDUS45 KTFX 290727
CLIHVR


CLIMATE REPORT
NATIONAL WEATHER SERVICE GREAT FALLS MT
126 AM MDT MON MAY 29 2017


...................................

...THE HAVRE MT CLIMATE SUMMARY FOR MAY 28 2017...

CLIMATE NORMAL PERIOD 1981 TO 2010
CLIMATE RECORD PERIOD 1880 TO 2017


WEATHER ITEM   OBSERVED TIME   RECORD YEAR NORMAL DEPARTURE LAST
                VALUE   (LST)  VALUE       VALUE  FROM      YEAR
                                                  NORMAL
..................................................................
TEMPERATURE (F)
 YESTERDAY
  MAXIMUM         77    251 PM  97    1936  71      6       66
  MINIMUM         43   1149 PM  24    1947  45     -2       44
  AVERAGE         60                        58      2       55

PRECIPITATION (IN)
  YESTERDAY        0.00          1.84 1982   0.07  -0.07      T
  MONTH TO DATE    0.34                      1.53  -1.19     3.35
  SINCE OCT 1      6.52                      4.93   1.59     9.69
  SINCE JAN 1      2.53                      3.52  -0.99     7.76

SNOWFALL (IN)
  YESTERDAY        0.0          20.7  1982   0.1   -0.1      0.0
  MONTH TO DATE    0.0                       1.7   -1.7      0.0
  SINCE MAR 1      1.0                      11.0  -10.0      3.0
  SINCE JUL 1     32.9                      38.9   -6.0     17.3
  SNOW DEPTH       0

DEGREE DAYS
 HEATING
  YESTERDAY        5                         8     -3       10
  MONTH TO DATE  271                       329    -58      326
  SINCE MAR 1   1767                      1946   -179     1620
  SINCE JUL 1   7766                      8066   -300     7045

 COOLING
  YESTERDAY        0                         1     -1        0
  MONTH TO DATE    6                         3      3        1
  SINCE MAR 1      6                         4      2        1
  SINCE JAN 1      6                         4      2        1
..................................................................


WIND (MPH)
  HIGHEST WIND SPEED    25   HIGHEST WIND DIRECTION     N (340)
  HIGHEST GUST SPEED    31   HIGHEST GUST DIRECTION     N (10)
  AVERAGE WIND SPEED    10.6


SKY COVER
  AVERAGE SKY COVER 0.0


WEATHER CONDITIONS
 THE FOLLOWING WEATHER WAS RECORDED YESTERDAY.
  NO SIGNIFICANT WEATHER WAS OBSERVED.


RELATIVE HUMIDITY (PERCENT)
 HIGHEST    86           500 AM
 LOWEST     21           100 PM
 AVERAGE    54

..........................................................


THE HAVRE MT CLIMATE NORMALS FOR TODAY
                         NORMAL    RECORD    YEAR
 MAXIMUM TEMPERATURE (F)   71        98      1936
 MINIMUM TEMPERATURE (F)   45        31      1895


SUNRISE AND SUNSET
MAY 29 2017...........SUNRISE   523 AM MDT   SUNSET   910 PM MDT
MAY 30 2017...........SUNRISE   523 AM MDT   SUNSET   911 PM MDT


-  INDICATES NEGATIVE NUMBERS.
R  INDICATES RECORD WAS SET OR TIED.
MM INDICATES DATA IS MISSING.
T  INDICATES TRACE AMOUNT.




$$
