000
CDUS45 KTFX 160744
CLIHVR


CLIMATE REPORT
NATIONAL WEATHER SERVICE GREAT FALLS MT
144 AM MDT TUE SEP 16 2014


...................................

...THE HAVRE MT CLIMATE SUMMARY FOR SEPTEMBER 15 2014...

CLIMATE NORMAL PERIOD 1981 TO 2010
CLIMATE RECORD PERIOD 1880 TO 2014


WEATHER ITEM   OBSERVED TIME   RECORD YEAR NORMAL DEPARTURE LAST
                VALUE   (LST)  VALUE       VALUE  FROM      YEAR
                                                  NORMAL
..................................................................
TEMPERATURE (F)
 YESTERDAY
  MAXIMUM         75    346 PM  94    2000  72      3       82
                                      1979
  MINIMUM         36    506 AM  25    1912  42     -6       40
  AVERAGE         56                        57     -1       61

PRECIPITATION (IN)
  YESTERDAY        0.00          0.79 1954   0.04  -0.04     0.00
  MONTH TO DATE    0.73                      0.58   0.15     0.80
  SINCE OCT 1     13.06                     10.66   2.40    18.38
  SINCE JAN 1     11.05                      9.25   1.80    15.90

SNOWFALL (IN)
  YESTERDAY        0.0           2.7  1965   0.0    0.0      0.0
  MONTH TO DATE    T                         0.0    0.0      0.0
  SINCE SEP 1      T                         0.0    0.0      0.0
  SINCE JUL 1      T                         0.0    0.0      0.0
  SNOW DEPTH       0

DEGREE DAYS
 HEATING
  YESTERDAY        9                         9      0        4
  MONTH TO DATE  173                       100     73        7
  SINCE SEP 1    173                       100     73        7
  SINCE JUL 1    217                       183     34       25

 COOLING
  YESTERDAY        0                         0      0        0
  MONTH TO DATE    0                        17    -17       63
  SINCE SEP 1      0                        17    -17       63
  SINCE JAN 1    390                       384      6      438
..................................................................


WIND (MPH)
  HIGHEST WIND SPEED    10   HIGHEST WIND DIRECTION     E (90)
  HIGHEST GUST SPEED    11   HIGHEST GUST DIRECTION     E (90)
  AVERAGE WIND SPEED     3.1


SKY COVER
  AVERAGE SKY COVER 0.0


WEATHER CONDITIONS
 THE FOLLOWING WEATHER WAS RECORDED YESTERDAY.
  NO SIGNIFICANT WEATHER WAS OBSERVED.


RELATIVE HUMIDITY (PERCENT)
 HIGHEST    92           300 AM
 LOWEST     31           200 PM
 AVERAGE    62

..........................................................


THE HAVRE MT CLIMATE NORMALS FOR TODAY
                         NORMAL    RECORD    YEAR
 MAXIMUM TEMPERATURE (F)   71        95      2009
 MINIMUM TEMPERATURE (F)   41        23      1912
                                             1897


SUNRISE AND SUNSET
SEPTEMBER 16 2014.....SUNRISE   657 AM MDT   SUNSET   729 PM MDT
SEPTEMBER 17 2014.....SUNRISE   659 AM MDT   SUNSET   727 PM MDT


-  INDICATES NEGATIVE NUMBERS.
R  INDICATES RECORD WAS SET OR TIED.
MM INDICATES DATA IS MISSING.
T  INDICATES TRACE AMOUNT.




$$
