000
CDUS45 KTFX 241132
CLIHVR


CLIMATE REPORT
NATIONAL WEATHER SERVICE GREAT FALLS MT
429 AM MST TUE JAN 24 2017


...................................

...THE HAVRE MT CLIMATE SUMMARY FOR JANUARY 23 2017...

CLIMATE NORMAL PERIOD 1981 TO 2010
CLIMATE RECORD PERIOD 1880 TO 2017


WEATHER ITEM   OBSERVED TIME   RECORD YEAR NORMAL DEPARTURE LAST
                VALUE   (LST)  VALUE       VALUE  FROM      YEAR
                                                  NORMAL
..................................................................
TEMPERATURE (F)
 YESTERDAY
  MAXIMUM         27    425 AM  64    2005  29     -2       44
  MINIMUM         20   1031 PM -49    1969   8     12       25
  AVERAGE         24                        19      5       35

PRECIPITATION (IN)
  YESTERDAY        0.11          0.34 1897   0.01   0.10      T
  MONTH TO DATE    0.65                      0.26   0.39     0.33
  SINCE OCT 1      4.64                      1.67   2.97     2.26
  SINCE JAN 1      0.65                      0.26   0.39     0.33

SNOWFALL (IN)
  YESTERDAY        2.0          10.1  2010   0.1    1.9     MM
  MONTH TO DATE    8.0                       5.6    2.4      5.4
  SINCE DEC 1     15.2                      13.0    2.2     10.8
  SINCE JUL 1     20.7                      20.6    0.1     13.8
  SNOW DEPTH       2

DEGREE DAYS
 HEATING
  YESTERDAY       41                        46     -5       30
  MONTH TO DATE 1253                      1090    163     1167
  SINCE DEC 1   2819                      2513    306     2476
  SINCE JUL 1   4566                      4556     10     4329

 COOLING
  YESTERDAY        0                         0      0        0
  MONTH TO DATE    0                         0      0        0
  SINCE DEC 1      0                         0      0        0
  SINCE JAN 1      0                         0      0        0
..................................................................


WIND (MPH)
  HIGHEST WIND SPEED    13   HIGHEST WIND DIRECTION    SW (220)
  HIGHEST GUST SPEED    15   HIGHEST GUST DIRECTION    NW (320)
  AVERAGE WIND SPEED     6.6


SKY COVER
  AVERAGE SKY COVER 1.0


WEATHER CONDITIONS
 THE FOLLOWING WEATHER WAS RECORDED YESTERDAY.
  LIGHT SNOW
  FOG


RELATIVE HUMIDITY (PERCENT)
 HIGHEST   100          1200 AM
 LOWEST     77           500 PM
 AVERAGE    89

..........................................................


THE HAVRE MT CLIMATE NORMALS FOR TODAY
                         NORMAL    RECORD    YEAR
 MAXIMUM TEMPERATURE (F)   29        64      2005
 MINIMUM TEMPERATURE (F)    8       -52      1969


SUNRISE AND SUNSET
JANUARY 24 2017.......SUNRISE   758 AM MST   SUNSET   505 PM MST
JANUARY 25 2017.......SUNRISE   756 AM MST   SUNSET   507 PM MST


-  INDICATES NEGATIVE NUMBERS.
R  INDICATES RECORD WAS SET OR TIED.
MM INDICATES DATA IS MISSING.
T  INDICATES TRACE AMOUNT.




$$
