000
CDUS45 KTFX 010737
CLIHVR


CLIMATE REPORT
NATIONAL WEATHER SERVICE GREAT FALLS MT
135 AM MDT SAT OCT 1 2016


...................................

...THE HAVRE MT CLIMATE SUMMARY FOR SEPTEMBER 30 2016...

CLIMATE NORMAL PERIOD 1981 TO 2010
CLIMATE RECORD PERIOD 1880 TO 2016


WEATHER ITEM   OBSERVED TIME   RECORD YEAR NORMAL DEPARTURE LAST
                VALUE   (LST)  VALUE       VALUE  FROM      YEAR
                                                  NORMAL
..................................................................
TEMPERATURE (F)
 YESTERDAY
  MAXIMUM         79    405 PM  92    2011  66     13       76
  MINIMUM         44    646 AM  19    1985  36      8       34
  AVERAGE         62                        51     11       55

PRECIPITATION (IN)
  YESTERDAY        0.00          0.88 1977   0.03  -0.03     0.00
  MONTH TO DATE    1.80                      1.12   0.68     1.67
  SINCE OCT 1     17.22                     11.20   6.02    11.81
  SINCE JAN 1     15.29                      9.79   5.50    10.24

SNOWFALL (IN)
  YESTERDAY        0.0           1.4  1944   0.0    0.0      0.0
  MONTH TO DATE    0.0                       0.3   -0.3      0.0
  SINCE SEP 1      0.0                       0.3   -0.3      0.0
  SINCE JUL 1      0.0                       0.3   -0.3       T
  SNOW DEPTH       0

DEGREE DAYS
 HEATING
  YESTERDAY        3                        14    -11       10
  MONTH TO DATE  255                       275    -20      245
  SINCE SEP 1    255                       274    -19      245
  SINCE JUL 1    316                       357    -41      320

 COOLING
  YESTERDAY        0                         0      0        0
  MONTH TO DATE   20                        19      1        6
  SINCE SEP 1     20                        19      1        6
  SINCE JAN 1    344                       386    -42      416
..................................................................


WIND (MPH)
  HIGHEST WIND SPEED    16   HIGHEST WIND DIRECTION     W (270)
  HIGHEST GUST SPEED    20   HIGHEST GUST DIRECTION     W (280)
  AVERAGE WIND SPEED     7.2


SKY COVER
  AVERAGE SKY COVER 0.0


WEATHER CONDITIONS
 THE FOLLOWING WEATHER WAS RECORDED YESTERDAY.
  NO SIGNIFICANT WEATHER WAS OBSERVED.


RELATIVE HUMIDITY (PERCENT)
 HIGHEST   100           100 AM
 LOWEST     42           300 PM
 AVERAGE    71

..........................................................


THE HAVRE MT CLIMATE NORMALS FOR TODAY
                         NORMAL    RECORD    YEAR
 MAXIMUM TEMPERATURE (F)   65        88      1992
 MINIMUM TEMPERATURE (F)   36        18      2004


SUNRISE AND SUNSET
OCTOBER  1 2016.......SUNRISE   719 AM MDT   SUNSET   657 PM MDT
OCTOBER  2 2016.......SUNRISE   721 AM MDT   SUNSET   655 PM MDT


-  INDICATES NEGATIVE NUMBERS.
R  INDICATES RECORD WAS SET OR TIED.
MM INDICATES DATA IS MISSING.
T  INDICATES TRACE AMOUNT.




$$
