000
CDUS45 KTFX 262348
CLIHVR


CLIMATE REPORT
NATIONAL WEATHER SERVICE GREAT FALLS MT
447 PM MST FRI DEC 26 2014


...................................

...THE HAVRE MT CLIMATE SUMMARY FOR DECEMBER 26 2014...
VALID TODAY AS OF 0400 PM LOCAL TIME.

CLIMATE NORMAL PERIOD 1981 TO 2010
CLIMATE RECORD PERIOD 1880 TO 2014


WEATHER ITEM   OBSERVED TIME   RECORD YEAR NORMAL DEPARTURE LAST
                VALUE   (LST)  VALUE       VALUE  FROM      YEAR
                                                  NORMAL
..................................................................
TEMPERATURE (F)
 TODAY
  MAXIMUM         26    203 PM  56    1980  28     -2       42
  MINIMUM         20   1025 AM -37    1886   6     14       27
  AVERAGE         23                        17      6       35

PRECIPITATION (IN)
  TODAY            0.01          0.26 1992   0.01   0.00     0.00
  MONTH TO DATE    0.33                      0.33   0.00     1.01
  SINCE OCT 1      1.56                      1.34   0.22     1.73
  SINCE JAN 1     12.72                     11.13   1.59    18.88

SNOWFALL (IN)
  TODAY            T             4.0  1992   0.3   -0.3      0.0
  MONTH TO DATE    0.1                       6.0   -5.9     15.7
  SINCE DEC 1      0.1                       6.0   -5.9     15.7
  SINCE JUL 1      4.7                      13.6   -8.9     21.5
  SNOW DEPTH       T

DEGREE DAYS
 HEATING
  TODAY           42                        48     -6       30
  MONTH TO DATE  983                      1183   -200     1414
  SINCE DEC 1    983                      1183   -200     1414
  SINCE JUL 1   2920                      3226   -306     3340

 COOLING
  TODAY            0                         0      0        0
  MONTH TO DATE    0                         0      0        0
  SINCE DEC 1      0                         0      0        0
  SINCE JAN 1    402                       387     15      445
..................................................................


WIND (MPH)
  HIGHEST WIND SPEED    15   HIGHEST WIND DIRECTION     W (260)
  HIGHEST GUST SPEED    17   HIGHEST GUST DIRECTION     W (260)
  AVERAGE WIND SPEED     7.4


SKY COVER
  AVERAGE SKY COVER 0.8


WEATHER CONDITIONS
 THE FOLLOWING WEATHER WAS RECORDED TODAY.
  LIGHT SNOW
  FOG


RELATIVE HUMIDITY (PERCENT)
 HIGHEST    92           900 AM
 LOWEST     68           200 PM
 AVERAGE    80

..........................................................


THE HAVRE MT CLIMATE NORMALS FOR TOMORROW
                         NORMAL    RECORD    YEAR
 MAXIMUM TEMPERATURE (F)   28        60      1980
 MINIMUM TEMPERATURE (F)    6       -32      1904


SUNRISE AND SUNSET
DECEMBER 26 2014......SUNRISE   810 AM MST   SUNSET   429 PM MST
DECEMBER 27 2014......SUNRISE   811 AM MST   SUNSET   430 PM MST


-  INDICATES NEGATIVE NUMBERS.
R  INDICATES RECORD WAS SET OR TIED.
MM INDICATES DATA IS MISSING.
T  INDICATES TRACE AMOUNT.




$$
