000
CDUS45 KTFX 181010
CLIHVR


CLIMATE REPORT
NATIONAL WEATHER SERVICE GREAT FALLS MT
409 AM MDT FRI APR 18 2014


...................................

...THE HAVRE MT CLIMATE SUMMARY FOR APRIL 17 2014...

CLIMATE NORMAL PERIOD 1981 TO 2010
CLIMATE RECORD PERIOD 1880 TO 2014


WEATHER ITEM   OBSERVED TIME   RECORD YEAR NORMAL DEPARTURE LAST
                VALUE   (LST)  VALUE       VALUE  FROM      YEAR
                                                  NORMAL
..................................................................
TEMPERATURE (F)
 YESTERDAY
  MAXIMUM         60   1244 PM  83    1923  59      1       42
  MINIMUM         26    524 AM   6    1896  31     -5       12
  AVERAGE         43                        45     -2       27

PRECIPITATION (IN)
  YESTERDAY        T             0.46 1978   0.03  -0.03     0.00
  MONTH TO DATE    0.07                      0.41  -0.34     0.62
  SINCE OCT 1      3.88                      2.97   0.91     5.02
  SINCE JAN 1      1.87                      1.56   0.31     2.54

SNOWFALL (IN)
  YESTERDAY        0.0           2.0  1909   0.1   -0.1       T
  MONTH TO DATE    T                         2.2   -2.2      3.5
  SINCE MAR 1      7.0                       8.5   -1.5      6.3
  SINCE JUL 1     44.4                      36.4    8.0     50.5
  SNOW DEPTH       0

DEGREE DAYS
 HEATING
  YESTERDAY       22                        20      2       38
  MONTH TO DATE  397                       385     12      461
  SINCE MAR 1   1559                      1383    176     1508
  SINCE JUL 1   7800                      7503    297     7324

 COOLING
  YESTERDAY        0                         0      0        0
  MONTH TO DATE    0                         0      0        0
  SINCE MAR 1      0                         0      0        0
  SINCE JAN 1      0                         0      0        0
..................................................................


WIND (MPH)
  HIGHEST WIND SPEED    22   HIGHEST WIND DIRECTION    SW (230)
  HIGHEST GUST SPEED    28   HIGHEST GUST DIRECTION    SW (240)
  AVERAGE WIND SPEED     8.5


SKY COVER
  AVERAGE SKY COVER 0.7


WEATHER CONDITIONS
 THE FOLLOWING WEATHER WAS RECORDED YESTERDAY.
  LIGHT RAIN


RELATIVE HUMIDITY (PERCENT)
 HIGHEST    84           500 AM
 LOWEST     33           100 PM
 AVERAGE    59

..........................................................


THE HAVRE MT CLIMATE NORMALS FOR TODAY
                         NORMAL    RECORD    YEAR
 MAXIMUM TEMPERATURE (F)   59        86      1936
 MINIMUM TEMPERATURE (F)   31         8      1951


SUNRISE AND SUNSET
APRIL 18 2014.........SUNRISE   623 AM MDT   SUNSET   815 PM MDT
APRIL 19 2014.........SUNRISE   621 AM MDT   SUNSET   816 PM MDT


-  INDICATES NEGATIVE NUMBERS.
R  INDICATES RECORD WAS SET OR TIED.
MM INDICATES DATA IS MISSING.
T  INDICATES TRACE AMOUNT.




$$
