000
CDUS45 KTFX 210900
CLIHVR


CLIMATE REPORT
NATIONAL WEATHER SERVICE GREAT FALLS MT
158 AM MST WED FEB 21 2018


...................................

...THE HAVRE MT CLIMATE SUMMARY FOR FEBRUARY 20 2018...

CLIMATE NORMAL PERIOD 1981 TO 2010
CLIMATE RECORD PERIOD 1880 TO 2018


WEATHER ITEM   OBSERVED TIME   RECORD YEAR NORMAL DEPARTURE LAST
                VALUE   (LST)  VALUE       VALUE  FROM      YEAR
                                                  NORMAL
..................................................................
TEMPERATURE (F)
 YESTERDAY
  MAXIMUM          0    334 PM  67    1995  35    -35       52
  MINIMUM        -25    626 AM -39    1918  12    -37       30
  AVERAGE        -12                        23    -35       41

PRECIPITATION (IN)
  YESTERDAY        0.00          0.21 1973   0.01  -0.01      T
  MONTH TO DATE    1.66                      0.19   1.47     0.34
  SINCE OCT 1      5.66                      1.93   3.73     5.02
  SINCE JAN 1      2.14                      0.52   1.62     1.03

SNOWFALL (IN)
  YESTERDAY        0.0           2.8  1973   0.3   -0.3      0.0
  MONTH TO DATE   31.8                       4.2   27.6      5.0
  SINCE DEC 1     60.8                      18.7   42.1     22.2
  SINCE JUL 1     78.3                      26.3   52.0     27.7
  SNOW DEPTH      26

DEGREE DAYS
 HEATING
  YESTERDAY       77                        42     35       24
  MONTH TO DATE 1315                       874    441      804
  SINCE DEC 1   4279                      3754    525     3934
  SINCE JUL 1   6337                      5797    540     5681

 COOLING
  YESTERDAY        0                         0      0        0
  MONTH TO DATE    0                         0      0        0
  SINCE DEC 1      0                         0      0        0
  SINCE JAN 1      0                         0      0        0
..................................................................


WIND (MPH)
  HIGHEST WIND SPEED    23   HIGHEST WIND DIRECTION    SW (220)
  HIGHEST GUST SPEED    26   HIGHEST GUST DIRECTION    SW (220)
  AVERAGE WIND SPEED    14.4


SKY COVER
  AVERAGE SKY COVER 0.1


WEATHER CONDITIONS
 THE FOLLOWING WEATHER WAS RECORDED YESTERDAY.
  FOG
  HAZE


RELATIVE HUMIDITY (PERCENT)
 HIGHEST    91           200 AM
 LOWEST     71           200 PM
 AVERAGE    81

..........................................................


THE HAVRE MT CLIMATE NORMALS FOR TODAY
                         NORMAL    RECORD    YEAR
 MAXIMUM TEMPERATURE (F)   35        66      1995
 MINIMUM TEMPERATURE (F)   12       -32      1918


SUNRISE AND SUNSET
FEBRUARY 21 2018......SUNRISE   716 AM MST   SUNSET   550 PM MST
FEBRUARY 22 2018......SUNRISE   714 AM MST   SUNSET   552 PM MST


-  INDICATES NEGATIVE NUMBERS.
R  INDICATES RECORD WAS SET OR TIED.
MM INDICATES DATA IS MISSING.
T  INDICATES TRACE AMOUNT.




$$
