000
CDUS43 KUNR 230851
CLIICR


CLIMATE REPORT
NATIONAL WEATHER SERVICE RAPID CITY SD
248 AM MDT TUE MAY 23 2017


...................................

...THE WINNER REGIONAL AIRPORT SD CLIMATE SUMMARY FOR MAY 22 2017...

CLIMATE NORMAL PERIOD 1981 TO 2010
CLIMATE RECORD PERIOD 9999 TO 9999


WEATHER ITEM   OBSERVED TIME   NORMAL DEPARTURE LAST
                VALUE   (LST)  VALUE  FROM      YEAR
                                      NORMAL
......................................................
TEMPERATURE (F)
 YESTERDAY
  MAXIMUM         66   1246 PM  72     -6       84
  MINIMUM         47    416 AM  48     -1       60
  AVERAGE         57            60     -3       72

PRECIPITATION (IN)
  YESTERDAY        0.13          0.10   0.03     0.78
  MONTH TO DATE    2.97          2.32   0.65     1.52
  SINCE MAR 1      5.39          6.19  -0.80     7.66
  SINCE JAN 1      7.03          6.95   0.08     8.05

DEGREE DAYS
 HEATING
  YESTERDAY        8             6      2        0
  MONTH TO DATE  156           198    -42      175
  SINCE MAR 1   1347          1593   -246     1274
  SINCE JUL 1   5499          6602  -1103     5567

 COOLING
  YESTERDAY        0             1     -1        7
  MONTH TO DATE   26            17      9       24
  SINCE MAR 1     28            19      9       33
  SINCE JAN 1     28            19      9       33
......................................................


WIND (MPH)
  HIGHEST WIND SPEED    29   HIGHEST WIND DIRECTION     N (360)
  HIGHEST GUST SPEED    38   HIGHEST GUST DIRECTION     N (360)
  AVERAGE WIND SPEED    11.6


SKY COVER
  AVERAGE SKY COVER 0.4


WEATHER CONDITIONS
 THE FOLLOWING WEATHER WAS RECORDED YESTERDAY.
  THUNDERSTORM
  LIGHT RAIN


RELATIVE HUMIDITY (PERCENT)
 HIGHEST    83          1000 PM
 LOWEST     51           600 PM
 AVERAGE    67

..........................................................




SUNRISE AND SUNSET
MAY 23 2017...........SUNRISE   607 AM CDT   SUNSET   905 PM CDT
MAY 24 2017...........SUNRISE   607 AM CDT   SUNSET   906 PM CDT


-  INDICATES NEGATIVE NUMBERS.
R  INDICATES RECORD WAS SET OR TIED.
MM INDICATES DATA IS MISSING.
T  INDICATES TRACE AMOUNT.




$$
