000
CDUS43 KUNR 170921
CLIICR


CLIMATE REPORT
NATIONAL WEATHER SERVICE RAPID CITY SD
221 AM MST WED JAN 17 2018


...................................

...THE WINNER REGIONAL AIRPORT SD CLIMATE SUMMARY FOR JANUARY 16 2018...

CLIMATE NORMAL PERIOD 1981 TO 2010
CLIMATE RECORD PERIOD 9999 TO 9999


WEATHER ITEM   OBSERVED TIME   NORMAL DEPARTURE LAST
                VALUE   (LST)  VALUE  FROM      YEAR
                                      NORMAL
......................................................
TEMPERATURE (F)
 YESTERDAY
  MAXIMUM         17    456 PM  36    -19       32
  MINIMUM         -8    732 AM  14    -22       16
  AVERAGE          5            25    -20       24

PRECIPITATION (IN)
  YESTERDAY        0.00          0.01  -0.01     0.00
  MONTH TO DATE    0.01          0.11  -0.10     0.01
  SINCE DEC 1      0.18          0.45  -0.27     0.56
  SINCE JAN 1      0.01          0.11  -0.10     0.01

DEGREE DAYS
 HEATING
  YESTERDAY       60            40     20       41
  MONTH TO DATE  676           645     31      787
  SINCE DEC 1   1866          1880    -14     1971
  SINCE JUL 1   3090          3351   -261     2841

 COOLING
  YESTERDAY        0             0      0        0
  MONTH TO DATE    0             0      0        0
  SINCE DEC 1      0             0      0        0
  SINCE JAN 1      0             0      0        0
......................................................


WIND (MPH)
  HIGHEST WIND SPEED    22   HIGHEST WIND DIRECTION    SW (220)
  HIGHEST GUST SPEED    28   HIGHEST GUST DIRECTION    SW (220)
  AVERAGE WIND SPEED    10.1


SKY COVER
  AVERAGE SKY COVER 0.0


WEATHER CONDITIONS
 THE FOLLOWING WEATHER WAS RECORDED YESTERDAY.
  NO SIGNIFICANT WEATHER WAS OBSERVED.


RELATIVE HUMIDITY (PERCENT)
 HIGHEST    75           100 AM
 LOWEST     53           300 PM
 AVERAGE    64

..........................................................




SUNRISE AND SUNSET
JANUARY 17 2018.......SUNRISE   808 AM CST   SUNSET   532 PM CST
JANUARY 18 2018.......SUNRISE   807 AM CST   SUNSET   533 PM CST


-  INDICATES NEGATIVE NUMBERS.
R  INDICATES RECORD WAS SET OR TIED.
MM INDICATES DATA IS MISSING.
T  INDICATES TRACE AMOUNT.




$$
