000
CDUS43 KUNR 300833
CLIICR


CLIMATE REPORT
NATIONAL WEATHER SERVICE RAPID CITY SD
232 AM MDT SAT APR 30 2016


...................................

...THE WINNER REGIONAL AIRPORT SD CLIMATE SUMMARY FOR APRIL 29 2016...

CLIMATE NORMAL PERIOD 1981 TO 2010
CLIMATE RECORD PERIOD 9999 TO 9999


WEATHER ITEM   OBSERVED TIME   NORMAL DEPARTURE LAST
                VALUE   (LST)  VALUE  FROM      YEAR
                                      NORMAL
......................................................
TEMPERATURE (F)
 YESTERDAY
  MAXIMUM         46    458 PM  64    -18       73
  MINIMUM         40    738 AM  41     -1       38
  AVERAGE         43            53    -10       56

PRECIPITATION (IN)
  YESTERDAY        0.00          0.12  -0.12     0.00
  MONTH TO DATE    4.52          2.38   2.14     0.64
  SINCE MAR 1      5.29          3.76   1.53     0.75
  SINCE JAN 1      5.68          4.52   1.16     0.84

DEGREE DAYS
 HEATING
  YESTERDAY       22            13      9        9
  MONTH TO DATE  438           507    -69      388
  SINCE MAR 1   1079          1383   -304     1013
  SINCE JUL 1   5372          6392  -1020     5773

 COOLING
  YESTERDAY        0             0      0        0
  MONTH TO DATE    8             0      8        3
  SINCE MAR 1      9             0      9        9
  SINCE JAN 1      9             0      9        9
......................................................


WIND (MPH)
  HIGHEST WIND SPEED    16   HIGHEST WIND DIRECTION     E (90)
  HIGHEST GUST SPEED    20   HIGHEST GUST DIRECTION     E (90)
  AVERAGE WIND SPEED     8.2


SKY COVER
  AVERAGE SKY COVER 1.0


WEATHER CONDITIONS
 THE FOLLOWING WEATHER WAS RECORDED YESTERDAY.
  FOG
  HAZE


RELATIVE HUMIDITY (PERCENT)
 HIGHEST    89          1200 AM
 LOWEST     71           500 PM
 AVERAGE    80

..........................................................




SUNRISE AND SUNSET
APRIL 30 2016.........SUNRISE   633 AM CDT   SUNSET   841 PM CDT
MAY  1 2016...........SUNRISE   632 AM CDT   SUNSET   842 PM CDT


-  INDICATES NEGATIVE NUMBERS.
R  INDICATES RECORD WAS SET OR TIED.
MM INDICATES DATA IS MISSING.
T  INDICATES TRACE AMOUNT.




$$
