000
CDUS43 KUNR 300835
CLIICR


CLIMATE REPORT
NATIONAL WEATHER SERVICE RAPID CITY SD
235 AM MDT MON MAY 30 2016


...................................

...THE WINNER REGIONAL AIRPORT SD CLIMATE SUMMARY FOR MAY 29 2016...

CLIMATE NORMAL PERIOD 1981 TO 2010
CLIMATE RECORD PERIOD 9999 TO 9999


WEATHER ITEM   OBSERVED TIME   NORMAL DEPARTURE LAST
                VALUE   (LST)  VALUE  FROM      YEAR
                                      NORMAL
......................................................
TEMPERATURE (F)
 YESTERDAY
  MAXIMUM         79    500 PM  74      5       62
  MINIMUM         54    534 AM  50      4       40
  AVERAGE         67            62      5       51

PRECIPITATION (IN)
  YESTERDAY        0.00          0.13  -0.13     0.01
  MONTH TO DATE    2.80          3.16  -0.36     2.73
  SINCE MAR 1      8.94          7.03   1.91     3.58
  SINCE JAN 1      9.33          7.79   1.54     3.67

DEGREE DAYS
 HEATING
  YESTERDAY        0             4     -4       14
  MONTH TO DATE  176           233    -57      242
  SINCE MAR 1   1275          1628   -353     1255
  SINCE JUL 1   5568          6637  -1069     6015

 COOLING
  YESTERDAY        2             2      0        0
  MONTH TO DATE   31            26      5       23
  SINCE MAR 1     40            28     12       35
  SINCE JAN 1     40            28     12       35
......................................................


WIND (MPH)
  HIGHEST WIND SPEED    16   HIGHEST WIND DIRECTION    SE (150)
  HIGHEST GUST SPEED    19   HIGHEST GUST DIRECTION     S (160)
  AVERAGE WIND SPEED     7.8


SKY COVER
  AVERAGE SKY COVER 0.1


WEATHER CONDITIONS
 THE FOLLOWING WEATHER WAS RECORDED YESTERDAY.
  NO SIGNIFICANT WEATHER WAS OBSERVED.


RELATIVE HUMIDITY (PERCENT)
 HIGHEST    87          1200 AM
 LOWEST     40           100 PM
 AVERAGE    64

..........................................................




SUNRISE AND SUNSET
MAY 30 2016...........SUNRISE   602 AM CDT   SUNSET   912 PM CDT
MAY 31 2016...........SUNRISE   602 AM CDT   SUNSET   913 PM CDT


-  INDICATES NEGATIVE NUMBERS.
R  INDICATES RECORD WAS SET OR TIED.
MM INDICATES DATA IS MISSING.
T  INDICATES TRACE AMOUNT.




$$
