000
CDUS43 KUNR 200850
CLIICR


CLIMATE REPORT
NATIONAL WEATHER SERVICE RAPID CITY SD
148 AM MST FRI JAN 20 2017


...................................

...THE WINNER REGIONAL AIRPORT SD CLIMATE SUMMARY FOR JANUARY 19 2017...

CLIMATE NORMAL PERIOD 1981 TO 2010
CLIMATE RECORD PERIOD 9999 TO 9999


WEATHER ITEM   OBSERVED TIME   NORMAL DEPARTURE LAST
                VALUE   (LST)  VALUE  FROM      YEAR
                                      NORMAL
......................................................
TEMPERATURE (F)
 YESTERDAY
  MAXIMUM         50    229 PM  36     14       28
  MINIMUM         33    600 AM  14     19       17
  AVERAGE         42            25     17       23

PRECIPITATION (IN)
  YESTERDAY        0.00          0.01  -0.01      T
  MONTH TO DATE    0.01          0.14  -0.13      T
  SINCE DEC 1      0.56          0.48   0.08     1.45
  SINCE JAN 1      0.01          0.14  -0.13      T

DEGREE DAYS
 HEATING
  YESTERDAY       23            40    -17       42
  MONTH TO DATE  866           765    101      852
  SINCE DEC 1   2050          2000     50     1976
  SINCE JUL 1   2920          3471   -551     3071

 COOLING
  YESTERDAY        0             0      0        0
  MONTH TO DATE    0             0      0        0
  SINCE DEC 1      0             0      0        0
  SINCE JAN 1      0             0      0        0
......................................................


WIND (MPH)
  HIGHEST WIND SPEED    20   HIGHEST WIND DIRECTION     S (170)
  HIGHEST GUST SPEED    24   HIGHEST GUST DIRECTION     S (200)
  AVERAGE WIND SPEED    12.7


SKY COVER
  AVERAGE SKY COVER 0.0


WEATHER CONDITIONS
 THE FOLLOWING WEATHER WAS RECORDED YESTERDAY.
  NO SIGNIFICANT WEATHER WAS OBSERVED.


RELATIVE HUMIDITY (PERCENT)
 HIGHEST    92           800 PM
 LOWEST     56           200 PM
 AVERAGE    74

..........................................................




SUNRISE AND SUNSET
JANUARY 20 2017.......SUNRISE   806 AM CST   SUNSET   536 PM CST
JANUARY 21 2017.......SUNRISE   805 AM CST   SUNSET   537 PM CST


-  INDICATES NEGATIVE NUMBERS.
R  INDICATES RECORD WAS SET OR TIED.
MM INDICATES DATA IS MISSING.
T  INDICATES TRACE AMOUNT.




$$
