959
CDUS43 KUNR 080832
CLIICR


CLIMATE REPORT
NATIONAL WEATHER SERVICE RAPID CITY SD
131 AM MST MON FEB 8 2016


...................................

...THE WINNER REGIONAL AIRPORT SD CLIMATE SUMMARY FOR FEBRUARY 7 2016...

CLIMATE NORMAL PERIOD 1981 TO 2010
CLIMATE RECORD PERIOD 9999 TO 9999


WEATHER ITEM   OBSERVED TIME   NORMAL DEPARTURE LAST
                VALUE   (LST)  VALUE  FROM      YEAR
                                      NORMAL
......................................................
TEMPERATURE (F)
 YESTERDAY
  MAXIMUM         40    355 PM  36      4       74
  MINIMUM         31   1044 PM  15     16       42
  AVERAGE         36            26     10       58

PRECIPITATION (IN)
  YESTERDAY        T             0.01  -0.01     0.00
  MONTH TO DATE    0.01          0.12  -0.11     0.01
  SINCE DEC 1      1.53          0.71   0.82     0.29
  SINCE JAN 1      0.08          0.37  -0.29     0.09

DEGREE DAYS
 HEATING
  YESTERDAY       29            39    -10        7
  MONTH TO DATE  243           278    -35      276
  SINCE DEC 1   2618          2762   -144     2465
  SINCE JUL 1   3713          4233   -520     3921

 COOLING
  YESTERDAY        0             0      0        0
  MONTH TO DATE    0             0      0        0
  SINCE DEC 1      0             0      0        0
  SINCE JAN 1      0             0      0        0
......................................................


WIND (MPH)
  HIGHEST WIND SPEED    45   HIGHEST WIND DIRECTION    NW (310)
  HIGHEST GUST SPEED    59   HIGHEST GUST DIRECTION    NW (320)
  AVERAGE WIND SPEED    24.7


SKY COVER
  AVERAGE SKY COVER 0.4


WEATHER CONDITIONS
 THE FOLLOWING WEATHER WAS RECORDED YESTERDAY.
  LIGHT RAIN
  LIGHT SNOW


RELATIVE HUMIDITY (PERCENT)
 HIGHEST    64           400 AM
 LOWEST     44          1000 AM
 AVERAGE    54

..........................................................




SUNRISE AND SUNSET
FEBRUARY  8 2016......SUNRISE   748 AM CST   SUNSET   600 PM CST
FEBRUARY  9 2016......SUNRISE   746 AM CST   SUNSET   601 PM CST


-  INDICATES NEGATIVE NUMBERS.
R  INDICATES RECORD WAS SET OR TIED.
MM INDICATES DATA IS MISSING.
T  INDICATES TRACE AMOUNT.




$$
