000
CDUS43 KUNR 250831
CLIICR


CLIMATE REPORT
NATIONAL WEATHER SERVICE RAPID CITY SD
230 AM MDT SAT OCT 25 2014


...................................

...THE WINNER REGIONAL AIRPORT SD CLIMATE SUMMARY FOR OCTOBER 24 2014...

CLIMATE NORMAL PERIOD 1981 TO 2010
CLIMATE RECORD PERIOD 9999 TO 9999


WEATHER ITEM   OBSERVED TIME   NORMAL DEPARTURE LAST
                VALUE   (LST)  VALUE  FROM      YEAR
                                      NORMAL
......................................................
TEMPERATURE (F)
 YESTERDAY
  MAXIMUM         81    428 PM  59     22       50
  MINIMUM         48   1130 PM  36     12       26
  AVERAGE         65            47     18       38

PRECIPITATION (IN)
  YESTERDAY        0.00          0.06  -0.06     0.00
  MONTH TO DATE    0.24          1.37  -1.13     3.95
  SINCE SEP 1      1.28          3.36  -2.08     4.69
  SINCE JAN 1     14.35         20.36  -6.01    20.68

DEGREE DAYS
 HEATING
  YESTERDAY        0            18    -18       27
  MONTH TO DATE  196           320   -124      377
  SINCE SEP 1    303           448   -145      425
  SINCE JUL 1    316           462   -146      432

 COOLING
  YESTERDAY        0             0      0        0
  MONTH TO DATE    5             9     -4        2
  SINCE SEP 1    129           109     20      223
  SINCE JAN 1    859           915    -56     1014
......................................................


WIND (MPH)
  HIGHEST WIND SPEED     9   HIGHEST WIND DIRECTION     S (160)
  HIGHEST GUST SPEED    10   HIGHEST GUST DIRECTION    NW (300)
  AVERAGE WIND SPEED     4.4


SKY COVER
  AVERAGE SKY COVER 0.0


WEATHER CONDITIONS
 THE FOLLOWING WEATHER WAS RECORDED YESTERDAY.
  NO SIGNIFICANT WEATHER WAS OBSERVED.


RELATIVE HUMIDITY (PERCENT)
 HIGHEST    52           500 AM
 LOWEST     13           300 PM
 AVERAGE    33

..........................................................




SUNRISE AND SUNSET
OCTOBER 25 2014.......SUNRISE   806 AM CDT   SUNSET   641 PM CDT
OCTOBER 26 2014.......SUNRISE   807 AM CDT   SUNSET   639 PM CDT


-  INDICATES NEGATIVE NUMBERS.
R  INDICATES RECORD WAS SET OR TIED.
MM INDICATES DATA IS MISSING.
T  INDICATES TRACE AMOUNT.




$$
