000
CDUS43 KUNR 050836
CLIICR


CLIMATE REPORT
NATIONAL WEATHER SERVICE RAPID CITY SD
234 AM MDT SAT SEP 5 2015


...................................

...THE WINNER REGIONAL AIRPORT SD CLIMATE SUMMARY FOR SEPTEMBER 4 2015...

CLIMATE NORMAL PERIOD 1981 TO 2010
CLIMATE RECORD PERIOD 9999 TO 9999


WEATHER ITEM   OBSERVED TIME   NORMAL DEPARTURE LAST
                VALUE   (LST)  VALUE  FROM      YEAR
                                      NORMAL
......................................................
TEMPERATURE (F)
 YESTERDAY
  MAXIMUM         94    411 PM  82     12       86
  MINIMUM         70    554 AM  56     14       54
  AVERAGE         82            69     13       70

PRECIPITATION (IN)
  YESTERDAY        0.01          0.06  -0.05      T
  MONTH TO DATE    0.01          0.28  -0.27     0.22
  SINCE SEP 1      0.01          0.28  -0.27     0.22
  SINCE JAN 1     12.81         17.28  -4.47    13.29

DEGREE DAYS
 HEATING
  YESTERDAY        0             2     -2        0
  MONTH TO DATE    0             7     -7        0
  SINCE SEP 1      0             7     -7        0
  SINCE JUL 1     14            21     -7       13

 COOLING
  YESTERDAY       17             6     11        5
  MONTH TO DATE   68            26     42       29
  SINCE SEP 1     68            26     42       29
  SINCE JAN 1   1008           832    176      759
......................................................


WIND (MPH)
  HIGHEST WIND SPEED    29   HIGHEST WIND DIRECTION    SW (240)
  HIGHEST GUST SPEED    37   HIGHEST GUST DIRECTION    SW (230)
  AVERAGE WIND SPEED     9.1


SKY COVER
  AVERAGE SKY COVER 0.0


WEATHER CONDITIONS
 THE FOLLOWING WEATHER WAS RECORDED YESTERDAY.
  THUNDERSTORM
  LIGHT RAIN


RELATIVE HUMIDITY (PERCENT)
 HIGHEST    78           600 AM
 LOWEST     33           400 PM
 AVERAGE    56

..........................................................




SUNRISE AND SUNSET
SEPTEMBER  5 2015.....SUNRISE   707 AM CDT   SUNSET   808 PM CDT
SEPTEMBER  6 2015.....SUNRISE   709 AM CDT   SUNSET   806 PM CDT


-  INDICATES NEGATIVE NUMBERS.
R  INDICATES RECORD WAS SET OR TIED.
MM INDICATES DATA IS MISSING.
T  INDICATES TRACE AMOUNT.




$$
