000
CDUS43 KUNR 230832
CLIICR


CLIMATE REPORT
NATIONAL WEATHER SERVICE RAPID CITY SD
231 AM MDT MON OCT 23 2017


...................................

...THE WINNER REGIONAL AIRPORT SD CLIMATE SUMMARY FOR OCTOBER 22 2017...

CLIMATE NORMAL PERIOD 1981 TO 2010
CLIMATE RECORD PERIOD 9999 TO 9999


WEATHER ITEM   OBSERVED TIME   NORMAL DEPARTURE LAST
                VALUE   (LST)  VALUE  FROM      YEAR
                                      NORMAL
......................................................
TEMPERATURE (F)
 YESTERDAY
  MAXIMUM         71    309 PM  60     11       82
  MINIMUM         38    255 AM  37      1       41
  AVERAGE         55            48      7       62

PRECIPITATION (IN)
  YESTERDAY        0.00          0.06  -0.06     0.00
  MONTH TO DATE    0.56          1.26  -0.70     1.29
  SINCE SEP 1      3.35          3.25   0.10     3.32
  SINCE JAN 1     18.87         20.25  -1.38    18.18

DEGREE DAYS
 HEATING
  YESTERDAY       10            17     -7        3
  MONTH TO DATE  223           285    -62      182
  SINCE SEP 1    331           413    -82      247
  SINCE JUL 1    333           427    -94      255

 COOLING
  YESTERDAY        0             0      0        0
  MONTH TO DATE    6             9     -3       23
  SINCE SEP 1    137           109     28      139
  SINCE JAN 1   1113           915    198     1183
......................................................


WIND (MPH)
  HIGHEST WIND SPEED    24   HIGHEST WIND DIRECTION    NW (310)
  HIGHEST GUST SPEED    30   HIGHEST GUST DIRECTION    NW (310)
  AVERAGE WIND SPEED    11.8


SKY COVER
  AVERAGE SKY COVER 0.0


WEATHER CONDITIONS
 THE FOLLOWING WEATHER WAS RECORDED YESTERDAY.
  NO SIGNIFICANT WEATHER WAS OBSERVED.


RELATIVE HUMIDITY (PERCENT)
 HIGHEST    64           200 AM
 LOWEST     22           200 PM
 AVERAGE    43

..........................................................




SUNRISE AND SUNSET
OCTOBER 23 2017.......SUNRISE   804 AM CDT   SUNSET   643 PM CDT
OCTOBER 24 2017.......SUNRISE   805 AM CDT   SUNSET   642 PM CDT


-  INDICATES NEGATIVE NUMBERS.
R  INDICATES RECORD WAS SET OR TIED.
MM INDICATES DATA IS MISSING.
T  INDICATES TRACE AMOUNT.




$$
