000
CDUS43 KUNR 210832
CLIICR


CLIMATE REPORT
NATIONAL WEATHER SERVICE RAPID CITY SD
132 AM MST TUE FEB 21 2017


...................................

...THE WINNER REGIONAL AIRPORT SD CLIMATE SUMMARY FOR FEBRUARY 20 2017...

CLIMATE NORMAL PERIOD 1981 TO 2010
CLIMATE RECORD PERIOD 9999 TO 9999


WEATHER ITEM   OBSERVED TIME   NORMAL DEPARTURE LAST
                VALUE   (LST)  VALUE  FROM      YEAR
                                      NORMAL
......................................................
TEMPERATURE (F)
 YESTERDAY
  MAXIMUM         64    400 PM  39     25       53
  MINIMUM         42   1126 PM  18     24       30
  AVERAGE         53            28     25       42

PRECIPITATION (IN)
  YESTERDAY        0.03          0.02   0.01     0.04
  MONTH TO DATE    0.09          0.37  -0.28     0.25
  SINCE DEC 1      1.72          0.96   0.76     1.77
  SINCE JAN 1      1.17          0.62   0.55     0.32

DEGREE DAYS
 HEATING
  YESTERDAY       12            37    -25       23
  MONTH TO DATE  594           773   -179      592
  SINCE DEC 1   3046          3257   -211     2967
  SINCE JUL 1   3916          4728   -812     4062

 COOLING
  YESTERDAY        0             0      0        0
  MONTH TO DATE    0             0      0        0
  SINCE DEC 1      0             0      0        0
  SINCE JAN 1      0             0      0        0
......................................................


WIND (MPH)
  HIGHEST WIND SPEED    29   HIGHEST WIND DIRECTION    NW (320)
  HIGHEST GUST SPEED    36   HIGHEST GUST DIRECTION    NW (310)
  AVERAGE WIND SPEED    15.5


SKY COVER
  AVERAGE SKY COVER 0.2


WEATHER CONDITIONS
 THE FOLLOWING WEATHER WAS RECORDED YESTERDAY.
  LIGHT RAIN
  FOG


RELATIVE HUMIDITY (PERCENT)
 HIGHEST    86          1100 AM
 LOWEST     23           400 PM
 AVERAGE    55

..........................................................




SUNRISE AND SUNSET
FEBRUARY 21 2017......SUNRISE   728 AM CST   SUNSET   618 PM CST
FEBRUARY 22 2017......SUNRISE   726 AM CST   SUNSET   620 PM CST


-  INDICATES NEGATIVE NUMBERS.
R  INDICATES RECORD WAS SET OR TIED.
MM INDICATES DATA IS MISSING.
T  INDICATES TRACE AMOUNT.




$$
