954
CDUS43 KUNR 220833
CLIICR


CLIMATE REPORT
NATIONAL WEATHER SERVICE RAPID CITY SD
233 AM MDT TUE AUG 22 2017


...................................

...THE WINNER REGIONAL AIRPORT SD CLIMATE SUMMARY FOR AUGUST 21 2017...

CLIMATE NORMAL PERIOD 1981 TO 2010
CLIMATE RECORD PERIOD 9999 TO 9999


WEATHER ITEM   OBSERVED TIME   NORMAL DEPARTURE LAST
                VALUE   (LST)  VALUE  FROM      YEAR
                                      NORMAL
......................................................
TEMPERATURE (F)
 YESTERDAY
  MAXIMUM         79    535 PM  87     -8       87
  MINIMUM         58   1159 PM  61     -3       51
  AVERAGE         69            74     -5       69

PRECIPITATION (IN)
  YESTERDAY        1.17          0.06   1.11     0.00
  MONTH TO DATE    7.58          1.76   5.82     1.97
  SINCE JUN 1      8.08          8.37  -0.29     5.49
  SINCE JAN 1     15.17         16.44  -1.27    14.84

DEGREE DAYS
 HEATING
  YESTERDAY        0             0      0        0
  MONTH TO DATE    2             0      2        1
  SINCE JUN 1     10            59    -49        5
  SINCE JUL 1      2             5     -3        2

 COOLING
  YESTERDAY        4             9     -5        4
  MONTH TO DATE  120           221   -101      232
  SINCE JUN 1    876           697    179      904
  SINCE JAN 1    904           727    177      951
......................................................


WIND (MPH)
  HIGHEST WIND SPEED    31   HIGHEST WIND DIRECTION     N (360)
  HIGHEST GUST SPEED    42   HIGHEST GUST DIRECTION     N (350)
  AVERAGE WIND SPEED     8.8


SKY COVER
  AVERAGE SKY COVER 0.4


WEATHER CONDITIONS
 THE FOLLOWING WEATHER WAS RECORDED YESTERDAY.
  THUNDERSTORM
  HEAVY RAIN
  LIGHT RAIN
  FOG


RELATIVE HUMIDITY (PERCENT)
 HIGHEST   100           600 AM
 LOWEST     64           700 PM
 AVERAGE    82

..........................................................




SUNRISE AND SUNSET
AUGUST 22 2017........SUNRISE   653 AM CDT   SUNSET   831 PM CDT
AUGUST 23 2017........SUNRISE   654 AM CDT   SUNSET   829 PM CDT


-  INDICATES NEGATIVE NUMBERS.
R  INDICATES RECORD WAS SET OR TIED.
MM INDICATES DATA IS MISSING.
T  INDICATES TRACE AMOUNT.




$$
