000
CDUS43 KUNR 230838
CLIICR


CLIMATE REPORT
NATIONAL WEATHER SERVICE RAPID CITY SD
237 AM MDT THU MAR 23 2017


...................................

...THE WINNER REGIONAL AIRPORT SD CLIMATE SUMMARY FOR MARCH 22 2017...

CLIMATE NORMAL PERIOD 1981 TO 2010
CLIMATE RECORD PERIOD 9999 TO 9999


WEATHER ITEM   OBSERVED TIME   NORMAL DEPARTURE LAST
                VALUE   (LST)  VALUE  FROM      YEAR
                                      NORMAL
......................................................
TEMPERATURE (F)
 YESTERDAY
  MAXIMUM         56    445 PM  51      5       57
  MINIMUM         31    123 AM  27      4       33
  AVERAGE         44            39      5       45

PRECIPITATION (IN)
  YESTERDAY        0.02          0.06  -0.04     0.00
  MONTH TO DATE    0.07          0.72  -0.65     0.03
  SINCE MAR 1      0.07          0.72  -0.65     0.03
  SINCE JAN 1      1.71          1.48   0.23     0.42

DEGREE DAYS
 HEATING
  YESTERDAY       21            26     -5       20
  MONTH TO DATE  572           657    -85      416
  SINCE MAR 1    572           657    -85      416
  SINCE JUL 1   4724          5666   -942     4709

 COOLING
  YESTERDAY        0             0      0        0
  MONTH TO DATE    0             0      0        1
  SINCE MAR 1      0             0      0        1
  SINCE JAN 1      0             0      0        1
......................................................


WIND (MPH)
  HIGHEST WIND SPEED    33   HIGHEST WIND DIRECTION     S (170)
  HIGHEST GUST SPEED    43   HIGHEST GUST DIRECTION    SE (150)
  AVERAGE WIND SPEED    21.3


SKY COVER
  AVERAGE SKY COVER 0.5


WEATHER CONDITIONS
 THE FOLLOWING WEATHER WAS RECORDED YESTERDAY.
  LT FREEZING RAIN
  LIGHT SNOW


RELATIVE HUMIDITY (PERCENT)
 HIGHEST    85           100 AM
 LOWEST     35           400 PM
 AVERAGE    60

..........................................................




SUNRISE AND SUNSET
MARCH 23 2017.........SUNRISE   737 AM CDT   SUNSET   756 PM CDT
MARCH 24 2017.........SUNRISE   735 AM CDT   SUNSET   757 PM CDT


-  INDICATES NEGATIVE NUMBERS.
R  INDICATES RECORD WAS SET OR TIED.
MM INDICATES DATA IS MISSING.
T  INDICATES TRACE AMOUNT.




$$
