000
CDUS45 KPIH 230736
CLIIDA


CLIMATE REPORT
NATIONAL WEATHER SERVICE POCATELLO ID
131 AM MDT SUN APR 23 2017


...................................

...THE IDAHO FALLS ID CLIMATE SUMMARY FOR APRIL 22 2017...

CLIMATE NORMAL PERIOD 1981 TO 2010
CLIMATE RECORD PERIOD 1948 TO 2017


WEATHER ITEM   OBSERVED TIME   RECORD YEAR NORMAL DEPARTURE LAST
                VALUE   (LST)  VALUE       VALUE  FROM      YEAR
                                                  NORMAL
..................................................................
TEMPERATURE (F)
 YESTERDAY
  MAXIMUM         61    403 PM  83    2012  60      1       77
  MINIMUM         28    539 AM  20    1967  33     -5       41
  AVERAGE         45                        46     -1       59

PRECIPITATION (IN)
  YESTERDAY        0.00          0.78 2010   0.04  -0.04      T
  MONTH TO DATE    0.23                      0.76  -0.53     0.48
  SINCE OCT 1      6.99                      5.54   1.45     5.47
  SINCE JAN 1      2.71                      2.97  -0.26     3.15

SNOWFALL (IN)
  YESTERDAY       MM
  MONTH TO DATE   MM
  SINCE MAR 1     MM
  SINCE JUL 1     MM
  SNOW DEPTH      MM

DEGREE DAYS
 HEATING
  YESTERDAY       20                        19      1        6
  MONTH TO DATE  467                       470     -3      353
  SINCE MAR 1   1201                      1372   -171     1148
  SINCE JUL 1   6998                      7174   -176     6730

 COOLING
  YESTERDAY        0                         0      0        0
  MONTH TO DATE    0                         0      0        0
  SINCE MAR 1      0                         0      0        0
  SINCE JAN 1      0                         0      0        0
..................................................................


WIND (MPH)
  HIGHEST WIND SPEED    20   HIGHEST WIND DIRECTION    SW (210)
  HIGHEST GUST SPEED    23   HIGHEST GUST DIRECTION    SW (220)
  AVERAGE WIND SPEED     6.8


SKY COVER
  POSSIBLE SUNSHINE  MM
  AVERAGE SKY COVER 0.1


WEATHER CONDITIONS
 THE FOLLOWING WEATHER WAS RECORDED YESTERDAY.
  NO SIGNIFICANT WEATHER WAS OBSERVED.


RELATIVE HUMIDITY (PERCENT)
 HIGHEST   100           400 AM
 LOWEST     30           500 PM
 AVERAGE    65

..........................................................


THE IDAHO FALLS ID CLIMATE NORMALS FOR TODAY
                         NORMAL    RECORD    YEAR
 MAXIMUM TEMPERATURE (F)   60        86      2012
 MINIMUM TEMPERATURE (F)   33        13      1968


SUNRISE AND SUNSET
APRIL 23 2017.........SUNRISE   632 AM MDT   SUNSET   821 PM MDT
APRIL 24 2017.........SUNRISE   631 AM MDT   SUNSET   823 PM MDT


-  INDICATES NEGATIVE NUMBERS.
R  INDICATES RECORD WAS SET OR TIED.
MM INDICATES DATA IS MISSING.
T  INDICATES TRACE AMOUNT.




$$
