000
CDUS45 KPIH 310739
CLIIDA


CLIMATE REPORT
NATIONAL WEATHER SERVICE POCATELLO ID
138 AM MDT SUN JUL 31 2016


...................................

...THE IDAHO FALLS ID CLIMATE SUMMARY FOR JULY 30 2016...

CLIMATE NORMAL PERIOD 1981 TO 2010
CLIMATE RECORD PERIOD 1948 TO 2016


WEATHER ITEM   OBSERVED TIME   RECORD YEAR NORMAL DEPARTURE LAST
                VALUE   (LST)  VALUE       VALUE  FROM      YEAR
                                                  NORMAL
..................................................................
TEMPERATURE (F)
 YESTERDAY
  MAXIMUM         94    403 PM 100    1966  88      6       88
  MINIMUM         55    615 AM  41    2015  50      5       41
                                      1950
  AVERAGE         75                        69      6       65

PRECIPITATION (IN)
  YESTERDAY        T             0.30 1958   0.01  -0.01     0.00
  MONTH TO DATE    0.19                      0.48  -0.29     0.94
  SINCE OCT 1      7.67                      8.99  -1.32     7.81
  SINCE JAN 1      5.35                      6.42  -1.07     6.35

SNOWFALL (IN)
  YESTERDAY       MM
  MONTH TO DATE   MM
  SINCE JUN 1     MM
  SINCE JUL 1     MM
  SNOW DEPTH      MM

DEGREE DAYS
 HEATING
  YESTERDAY        0                         0      0        0
  MONTH TO DATE   33                        25      8       42
  SINCE JUN 1    107                       178    -71       88
  SINCE JUL 1     33                        25      8       42

 COOLING
  YESTERDAY       10                         5      5        0
  MONTH TO DATE  106                       123    -17       96
  SINCE JUN 1    166                       153     13      192
  SINCE JAN 1    166                       155     11      193
..................................................................


WIND (MPH)
  HIGHEST WIND SPEED    23   HIGHEST WIND DIRECTION     S (200)
  HIGHEST GUST SPEED    30   HIGHEST GUST DIRECTION     S (200)
  AVERAGE WIND SPEED    10.1


SKY COVER
  POSSIBLE SUNSHINE  MM
  AVERAGE SKY COVER 0.1


WEATHER CONDITIONS
 THE FOLLOWING WEATHER WAS RECORDED YESTERDAY.
  LIGHT RAIN


RELATIVE HUMIDITY (PERCENT)
 HIGHEST    64           700 AM
 LOWEST     15           300 PM
 AVERAGE    40

..........................................................


THE IDAHO FALLS ID CLIMATE NORMALS FOR TODAY
                         NORMAL    RECORD    YEAR
 MAXIMUM TEMPERATURE (F)   88       100      2000
 MINIMUM TEMPERATURE (F)   50        41      1950


SUNRISE AND SUNSET
JULY 31 2016..........SUNRISE   617 AM MDT   SUNSET   851 PM MDT
AUGUST  1 2016........SUNRISE   618 AM MDT   SUNSET   850 PM MDT


-  INDICATES NEGATIVE NUMBERS.
R  INDICATES RECORD WAS SET OR TIED.
MM INDICATES DATA IS MISSING.
T  INDICATES TRACE AMOUNT.




$$
