000
CDUS45 KPIH 120748
CLIIDA


CLIMATE REPORT
NATIONAL WEATHER SERVICE POCATELLO ID
1247 AM MST FRI FEB 12 2016


...................................

...THE IDAHO FALLS ID CLIMATE SUMMARY FOR FEBRUARY 11 2016...

CLIMATE NORMAL PERIOD 1981 TO 2010
CLIMATE RECORD PERIOD 1948 TO 2016


WEATHER ITEM   OBSERVED TIME   RECORD YEAR NORMAL DEPARTURE LAST
                VALUE   (LST)  VALUE       VALUE  FROM      YEAR
                                                  NORMAL
..................................................................
TEMPERATURE (F)
 YESTERDAY
  MAXIMUM         30    403 PM  57    1961  32     -2       49
  MINIMUM          8    803 AM -15    1982  13     -5       27
  AVERAGE         19                        23     -4       38

PRECIPITATION (IN)
  YESTERDAY        0.00          0.88 1949   0.02  -0.02     0.00
  MONTH TO DATE    0.07                      0.23  -0.16     0.17
  SINCE OCT 1      3.34                      3.49  -0.15     1.91
  SINCE JAN 1      1.02                      0.92   0.10     0.45

SNOWFALL (IN)
  YESTERDAY       MM
  MONTH TO DATE   MM
  SINCE DEC 1     MM
  SINCE JUL 1     MM
  SNOW DEPTH      MM

DEGREE DAYS
 HEATING
  YESTERDAY       46                        42      4       27
  MONTH TO DATE  545                       475     70      266
  SINCE DEC 1   3281                      3235     46     2613
  SINCE JUL 1   4981                      5138   -157     4302

 COOLING
  YESTERDAY        0                         0      0        0
  MONTH TO DATE    0                         0      0        0
  SINCE DEC 1      0                         0      0        0
  SINCE JAN 1      0                         0      0        0
..................................................................


WIND (MPH)
  HIGHEST WIND SPEED    13   HIGHEST WIND DIRECTION     N (360)
  HIGHEST GUST SPEED    18   HIGHEST GUST DIRECTION     N (350)
  AVERAGE WIND SPEED     5.3


SKY COVER
  POSSIBLE SUNSHINE  MM
  AVERAGE SKY COVER 0.6


WEATHER CONDITIONS
 THE FOLLOWING WEATHER WAS RECORDED YESTERDAY.
  FOG


RELATIVE HUMIDITY (PERCENT)
 HIGHEST   100           900 AM
 LOWEST     75           200 PM
 AVERAGE    88

..........................................................


THE IDAHO FALLS ID CLIMATE NORMALS FOR TODAY
                         NORMAL    RECORD    YEAR
 MAXIMUM TEMPERATURE (F)   33        53      2015
 MINIMUM TEMPERATURE (F)   14       -22      1949


SUNRISE AND SUNSET
FEBRUARY 12 2016......SUNRISE   731 AM MST   SUNSET   554 PM MST
FEBRUARY 13 2016......SUNRISE   730 AM MST   SUNSET   556 PM MST


-  INDICATES NEGATIVE NUMBERS.
R  INDICATES RECORD WAS SET OR TIED.
MM INDICATES DATA IS MISSING.
T  INDICATES TRACE AMOUNT.




$$
