000
CDUS45 KPIH 210738
CLIIDA


CLIMATE REPORT
NATIONAL WEATHER SERVICE POCATELLO ID
1237 AM MST TUE NOV 21 2017


...................................

...THE IDAHO FALLS ID CLIMATE SUMMARY FOR NOVEMBER 20 2017...

CLIMATE NORMAL PERIOD 1981 TO 2010
CLIMATE RECORD PERIOD 1948 TO 2017


WEATHER ITEM   OBSERVED TIME   RECORD YEAR NORMAL DEPARTURE LAST
                VALUE   (LST)  VALUE       VALUE  FROM      YEAR
                                                  NORMAL
..................................................................
TEMPERATURE (F)
 YESTERDAY
  MAXIMUM         43   1159 PM  62    1966  40      3       55
  MINIMUM         26    306 AM   1    1977  21      5       25
  AVERAGE         35                        30      5       40

PRECIPITATION (IN)
  YESTERDAY        T             0.60 2010   0.03  -0.03     0.00
  MONTH TO DATE    0.59                      0.56   0.03      T
  SINCE OCT 1      1.47                      1.39   0.08     2.77
  SINCE JAN 1     10.46                      9.21   1.25     9.99

SNOWFALL (IN)
  YESTERDAY       MM
  MONTH TO DATE   MM
  SINCE SEP 1     MM
  SINCE JUL 1     MM
  SNOW DEPTH      MM

DEGREE DAYS
 HEATING
  YESTERDAY       30                        35     -5       25
  MONTH TO DATE  560                       602    -42      448
  SINCE SEP 1   1550                      1459     91     1227
  SINCE JUL 1   1559                      1524     35     1304

 COOLING
  YESTERDAY        0                         0      0        0
  MONTH TO DATE    0                         0      0        0
  SINCE SEP 1     40                        12     28       16
  SINCE JAN 1    362                       264     98      260
..................................................................


WIND (MPH)
  HIGHEST WIND SPEED    24   HIGHEST WIND DIRECTION    SW (210)
  HIGHEST GUST SPEED    30   HIGHEST GUST DIRECTION     S (200)
  AVERAGE WIND SPEED     9.2


SKY COVER
  POSSIBLE SUNSHINE  MM
  AVERAGE SKY COVER 0.8


WEATHER CONDITIONS
 THE FOLLOWING WEATHER WAS RECORDED YESTERDAY.
  FOG


RELATIVE HUMIDITY (PERCENT)
 HIGHEST   100           500 PM
 LOWEST     64          1200 PM
 AVERAGE    82

..........................................................


THE IDAHO FALLS ID CLIMATE NORMALS FOR TODAY
                         NORMAL    RECORD    YEAR
 MAXIMUM TEMPERATURE (F)   39        56      1974
 MINIMUM TEMPERATURE (F)   20        -1      1957


SUNRISE AND SUNSET
NOVEMBER 21 2017......SUNRISE   730 AM MST   SUNSET   458 PM MST
NOVEMBER 22 2017......SUNRISE   731 AM MST   SUNSET   457 PM MST


-  INDICATES NEGATIVE NUMBERS.
R  INDICATES RECORD WAS SET OR TIED.
MM INDICATES DATA IS MISSING.
T  INDICATES TRACE AMOUNT.




$$
