000
CDUS45 KPIH 240734
CLIIDA


CLIMATE REPORT
NATIONAL WEATHER SERVICE POCATELLO ID
1232 AM MST SAT FEB 24 2018


...................................

...THE IDAHO FALLS ID CLIMATE SUMMARY FOR FEBRUARY 23 2018...

CLIMATE NORMAL PERIOD 1981 TO 2010
CLIMATE RECORD PERIOD 1948 TO 2018


WEATHER ITEM   OBSERVED TIME   RECORD YEAR NORMAL DEPARTURE LAST
                VALUE   (LST)  VALUE       VALUE  FROM      YEAR
                                                  NORMAL
..................................................................
TEMPERATURE (F)
 YESTERDAY
  MAXIMUM         24    323 PM  52    1954  37    -13       30
  MINIMUM         10    707 AM -18    1955  17     -7       22
  AVERAGE         17                        27    -10       26

PRECIPITATION (IN)
  YESTERDAY        T             0.32 1957   0.03  -0.03     0.01
  MONTH TO DATE    0.04                      0.53  -0.49     1.15
  SINCE OCT 1      2.45                      3.79  -1.34     6.32
  SINCE JAN 1      0.52                      1.22  -0.70     2.04

SNOWFALL (IN)
  YESTERDAY       MM
  MONTH TO DATE   MM
  SINCE DEC 1     MM
  SINCE JUL 1     MM
  SNOW DEPTH      MM

DEGREE DAYS
 HEATING
  YESTERDAY       48                        38     10       39
  MONTH TO DATE  781                       956   -175      786
  SINCE DEC 1   3246                      3716   -470     3945
  SINCE JUL 1   5070                      5619   -549     5563

 COOLING
  YESTERDAY        0                         0      0        0
  MONTH TO DATE    0                         0      0        0
  SINCE DEC 1      0                         0      0        0
  SINCE JAN 1      0                         0      0        0
..................................................................


WIND (MPH)
  HIGHEST WIND SPEED    23   HIGHEST WIND DIRECTION    SW (210)
  HIGHEST GUST SPEED    29   HIGHEST GUST DIRECTION    SW (230)
  AVERAGE WIND SPEED    11.8


SKY COVER
  POSSIBLE SUNSHINE  MM
  AVERAGE SKY COVER 0.7


WEATHER CONDITIONS
 THE FOLLOWING WEATHER WAS RECORDED YESTERDAY.
  LIGHT SNOW
  FOG


RELATIVE HUMIDITY (PERCENT)
 HIGHEST    96           900 AM
 LOWEST     67          1200 PM
 AVERAGE    82

..........................................................


THE IDAHO FALLS ID CLIMATE NORMALS FOR TODAY
                         NORMAL    RECORD    YEAR
 MAXIMUM TEMPERATURE (F)   37        60      1986
 MINIMUM TEMPERATURE (F)   18       -14      1952


SUNRISE AND SUNSET
FEBRUARY 24 2018......SUNRISE   713 AM MST   SUNSET   611 PM MST
FEBRUARY 25 2018......SUNRISE   711 AM MST   SUNSET   612 PM MST


-  INDICATES NEGATIVE NUMBERS.
R  INDICATES RECORD WAS SET OR TIED.
MM INDICATES DATA IS MISSING.
T  INDICATES TRACE AMOUNT.




$$
