000
CDUS45 KPIH 250735
CLIIDA


CLIMATE REPORT
NATIONAL WEATHER SERVICE POCATELLO ID
133 AM MDT THU MAY 25 2017


...................................

...THE IDAHO FALLS ID CLIMATE SUMMARY FOR MAY 24 2017...

CLIMATE NORMAL PERIOD 1981 TO 2010
CLIMATE RECORD PERIOD 1948 TO 2017


WEATHER ITEM   OBSERVED TIME   RECORD YEAR NORMAL DEPARTURE LAST
                VALUE   (LST)  VALUE       VALUE  FROM      YEAR
                                                  NORMAL
..................................................................
TEMPERATURE (F)
 YESTERDAY
  MAXIMUM         75    233 PM  87    2003  69      6       66
                                      2001
  MINIMUM         43   1154 PM  26    1960  41      2       35
  AVERAGE         59                        55      4       51

PRECIPITATION (IN)
  YESTERDAY        0.00          0.66 2011   0.05  -0.05     0.36
  MONTH TO DATE    0.34                      1.15  -0.81     1.70
  SINCE OCT 1      8.13                      7.07   1.06     7.29
  SINCE JAN 1      3.85                      4.50  -0.65     4.97

SNOWFALL (IN)
  YESTERDAY       MM
  MONTH TO DATE   MM
  SINCE MAR 1     MM
  SINCE JUL 1     MM
  SNOW DEPTH      MM

DEGREE DAYS
 HEATING
  YESTERDAY        6                        10     -4       14
  MONTH TO DATE  295                       314    -19      284
  SINCE MAR 1   1663                      1825   -162     1576
  SINCE JUL 1   7460                      7627   -167     7158

 COOLING
  YESTERDAY        0                         0      0        0
  MONTH TO DATE    0                         0      0        0
  SINCE MAR 1      0                         0      0        0
  SINCE JAN 1      0                         0      0        0
..................................................................


WIND (MPH)
  HIGHEST WIND SPEED    47   HIGHEST WIND DIRECTION    SW (220)
  HIGHEST GUST SPEED    62   HIGHEST GUST DIRECTION    SW (210)
  AVERAGE WIND SPEED    22.1


SKY COVER
  POSSIBLE SUNSHINE  MM
  AVERAGE SKY COVER 0.1


WEATHER CONDITIONS
 THE FOLLOWING WEATHER WAS RECORDED YESTERDAY.
  SANDSTORM


RELATIVE HUMIDITY (PERCENT)
 HIGHEST    74           400 AM
 LOWEST     14           500 PM
 AVERAGE    44

..........................................................


THE IDAHO FALLS ID CLIMATE NORMALS FOR TODAY
                         NORMAL    RECORD    YEAR
 MAXIMUM TEMPERATURE (F)   69        88      2003
 MINIMUM TEMPERATURE (F)   41        25      1989


SUNRISE AND SUNSET
MAY 25 2017...........SUNRISE   554 AM MDT   SUNSET   857 PM MDT
MAY 26 2017...........SUNRISE   554 AM MDT   SUNSET   858 PM MDT


-  INDICATES NEGATIVE NUMBERS.
R  INDICATES RECORD WAS SET OR TIED.
MM INDICATES DATA IS MISSING.
T  INDICATES TRACE AMOUNT.




$$
