246
CDUS45 KPIH 230742
CLIIDA


CLIMATE REPORT
NATIONAL WEATHER SERVICE POCATELLO ID
140 AM MDT SAT SEP 23 2017


...................................

...THE IDAHO FALLS ID CLIMATE SUMMARY FOR SEPTEMBER 22 2017...

CLIMATE NORMAL PERIOD 1981 TO 2010
CLIMATE RECORD PERIOD 1948 TO 2017


WEATHER ITEM   OBSERVED TIME   RECORD YEAR NORMAL DEPARTURE LAST
                VALUE   (LST)  VALUE       VALUE  FROM      YEAR
                                                  NORMAL
..................................................................
TEMPERATURE (F)
 YESTERDAY
  MAXIMUM         48    210 PM  87    1966  71    -23       60
  MINIMUM         36   1130 PM  25    1971  38     -2       50
  AVERAGE         42                        55    -13       55

PRECIPITATION (IN)
  YESTERDAY        0.02          0.34 2016   0.03  -0.01     0.34
  MONTH TO DATE    2.30                      0.60   1.70     0.76
  SINCE OCT 1     12.67                     10.15   2.52     8.52
  SINCE JAN 1      8.39                      7.58   0.81     6.20

SNOWFALL (IN)
  YESTERDAY       MM
  MONTH TO DATE   MM
  SINCE SEP 1     MM
  SINCE JUL 1     MM
  SNOW DEPTH      MM

DEGREE DAYS
 HEATING
  YESTERDAY       23                        10     13       10
  MONTH TO DATE  136                       143     -7      168
  SINCE SEP 1    136                       143     -7      168
  SINCE JUL 1    145                       208    -63      245

 COOLING
  YESTERDAY        0                         0      0        0
  MONTH TO DATE   40                        10     30       16
  SINCE SEP 1     40                        10     30       16
  SINCE JAN 1    362                       262    100      260
..................................................................


WIND (MPH)
  HIGHEST WIND SPEED    16   HIGHEST WIND DIRECTION    SW (210)
  HIGHEST GUST SPEED    20   HIGHEST GUST DIRECTION    SW (220)
  AVERAGE WIND SPEED     9.4


SKY COVER
  POSSIBLE SUNSHINE  MM
  AVERAGE SKY COVER 0.9


WEATHER CONDITIONS
 THE FOLLOWING WEATHER WAS RECORDED YESTERDAY.
  LIGHT RAIN
  FOG


RELATIVE HUMIDITY (PERCENT)
 HIGHEST   100           200 AM
 LOWEST     65           400 PM
 AVERAGE    83

..........................................................


THE IDAHO FALLS ID CLIMATE NORMALS FOR TODAY
                         NORMAL    RECORD    YEAR
 MAXIMUM TEMPERATURE (F)   71        88      1987
 MINIMUM TEMPERATURE (F)   38        23      1985


SUNRISE AND SUNSET
SEPTEMBER 23 2017.....SUNRISE   717 AM MDT   SUNSET   723 PM MDT
SEPTEMBER 24 2017.....SUNRISE   718 AM MDT   SUNSET   721 PM MDT


-  INDICATES NEGATIVE NUMBERS.
R  INDICATES RECORD WAS SET OR TIED.
MM INDICATES DATA IS MISSING.
T  INDICATES TRACE AMOUNT.




$$
