062
CDUS45 KPIH 250731
CLIIDA


CLIMATE REPORT
NATIONAL WEATHER SERVICE POCATELLO ID
130 AM MDT TUE JUL 25 2017


...................................

...THE IDAHO FALLS ID CLIMATE SUMMARY FOR JULY 24 2017...

CLIMATE NORMAL PERIOD 1981 TO 2010
CLIMATE RECORD PERIOD 1948 TO 2017


WEATHER ITEM   OBSERVED TIME   RECORD YEAR NORMAL DEPARTURE LAST
                VALUE   (LST)  VALUE       VALUE  FROM      YEAR
                                                  NORMAL
..................................................................
TEMPERATURE (F)
 YESTERDAY
  MAXIMUM         94    357 PM  97    1978  88      6       86
  MINIMUM         52    416 AM  41    2016  51      1       41
  AVERAGE         73                        69      4       64

PRECIPITATION (IN)
  YESTERDAY        0.00          0.29 1977   0.01  -0.01     0.00
  MONTH TO DATE    0.18                      0.39  -0.21     0.19
  SINCE OCT 1      9.28                      8.90   0.38     7.67
  SINCE JAN 1      5.00                      6.33  -1.33     5.35

SNOWFALL (IN)
  YESTERDAY       MM
  MONTH TO DATE   MM
  SINCE JUN 1     MM
  SINCE JUL 1     MM
  SNOW DEPTH      MM

DEGREE DAYS
 HEATING
  YESTERDAY        0                         0      0        1
  MONTH TO DATE    0                        25    -25       33
  SINCE JUN 1    108                       178    -70      107
  SINCE JUL 1      0                        25    -25       33

 COOLING
  YESTERDAY        8                         5      3        0
  MONTH TO DATE  163                        93     70       69
  SINCE JUN 1    201                       123     78      129
  SINCE JAN 1    203                       125     78      129
..................................................................


WIND (MPH)
  HIGHEST WIND SPEED    21   HIGHEST WIND DIRECTION     N (360)
  HIGHEST GUST SPEED    27   HIGHEST GUST DIRECTION     N (10)
  AVERAGE WIND SPEED     6.0


SKY COVER
  POSSIBLE SUNSHINE  MM
  AVERAGE SKY COVER 0.2


WEATHER CONDITIONS
 THE FOLLOWING WEATHER WAS RECORDED YESTERDAY.
  NO SIGNIFICANT WEATHER WAS OBSERVED.


RELATIVE HUMIDITY (PERCENT)
 HIGHEST    78          1000 PM
 LOWEST     10           100 PM
 AVERAGE    44

..........................................................


THE IDAHO FALLS ID CLIMATE NORMALS FOR TODAY
                         NORMAL    RECORD    YEAR
 MAXIMUM TEMPERATURE (F)   88        98      1954
 MINIMUM TEMPERATURE (F)   51        41      2016
                                             2000


SUNRISE AND SUNSET
JULY 25 2017..........SUNRISE   611 AM MDT   SUNSET   858 PM MDT
JULY 26 2017..........SUNRISE   612 AM MDT   SUNSET   857 PM MDT


-  INDICATES NEGATIVE NUMBERS.
R  INDICATES RECORD WAS SET OR TIED.
MM INDICATES DATA IS MISSING.
T  INDICATES TRACE AMOUNT.




$$
