000
CDUS43 KUNR 240844
CLIIEN


CLIMATE REPORT
NATIONAL WEATHER SERVICE RAPID CITY SD
242 AM MDT THU JUL 24 2014


...................................

...THE PINE RIDGE SD CLIMATE SUMMARY FOR JULY 23 2014...

CLIMATE NORMAL PERIOD 1981 TO 2010
CLIMATE RECORD PERIOD 9999 TO 9999


WEATHER ITEM   OBSERVED TIME   NORMAL DEPARTURE LAST
                VALUE   (LST)  VALUE  FROM      YEAR
                                      NORMAL
......................................................
TEMPERATURE (F)
 YESTERDAY
  MAXIMUM         89    136 PM  91     -2       87
  MINIMUM         61    425 AM  59      2       60
  AVERAGE         75            75      0       74

PRECIPITATION (IN)
  YESTERDAY        0.42          0.06   0.36     0.08
  MONTH TO DATE    2.54          1.62   0.92     1.44
  SINCE JUN 1      7.08          5.05   2.03     3.55
  SINCE JAN 1     14.68         11.29   3.39    11.31

DEGREE DAYS
 HEATING
  YESTERDAY        0             0      0        0
  MONTH TO DATE   24             4     20        0
  SINCE JUN 1    132            91     41       78
  SINCE JUL 1     24             4     20        0

 COOLING
  YESTERDAY       10            10      0        9
  MONTH TO DATE  141           199    -58      243
  SINCE JUN 1    198           309   -111      326
  SINCE JAN 1    223           326   -103      343
......................................................


WIND (MPH)
  HIGHEST WIND SPEED    29   HIGHEST WIND DIRECTION     N (10)
  HIGHEST GUST SPEED    40   HIGHEST GUST DIRECTION    NE (30)
  AVERAGE WIND SPEED    12.1


SKY COVER
  AVERAGE SKY COVER 0.2


WEATHER CONDITIONS
 THE FOLLOWING WEATHER WAS RECORDED YESTERDAY.
  THUNDERSTORM
  HEAVY RAIN
  LIGHT RAIN
  FOG


RELATIVE HUMIDITY (PERCENT)
 HIGHEST    93          1200 AM
 LOWEST     46           100 PM
 AVERAGE    70

..........................................................




SUNRISE AND SUNSET
JULY 24 2014..........SUNRISE   533 AM MDT   SUNSET   820 PM MDT
JULY 25 2014..........SUNRISE   534 AM MDT   SUNSET   819 PM MDT


-  INDICATES NEGATIVE NUMBERS.
R  INDICATES RECORD WAS SET OR TIED.
MM INDICATES DATA IS MISSING.
T  INDICATES TRACE AMOUNT.




$$
