000
CDUS43 KUNR 261121
CLIIEN


CLIMATE REPORT
NATIONAL WEATHER SERVICE RAPID CITY SD
420 AM MST THU FEB 26 2015


...................................

...THE PINE RIDGE SD CLIMATE SUMMARY FOR FEBRUARY 25 2015...

CLIMATE NORMAL PERIOD 1981 TO 2010
CLIMATE RECORD PERIOD 9999 TO 9999


WEATHER ITEM   OBSERVED TIME   NORMAL DEPARTURE LAST
                VALUE   (LST)  VALUE  FROM      YEAR
                                      NORMAL
......................................................
TEMPERATURE (F)
 YESTERDAY
  MAXIMUM         42    142 AM  43     -1       14
  MINIMUM          6   1159 PM  16    -10       -4
  AVERAGE         24            29     -5        5

PRECIPITATION (IN)
  YESTERDAY        T             0.02  -0.02     0.02
  MONTH TO DATE    0.27          0.41  -0.14     0.17
  SINCE DEC 1      1.01          1.08  -0.07     0.49
  SINCE JAN 1      0.46          0.73  -0.27     0.26

DEGREE DAYS
 HEATING
  YESTERDAY       41            36      5       60
  MONTH TO DATE  853           969   -116     1149
  SINCE DEC 1   3250          3556   -306     3619
  SINCE JUL 1   5049          5246   -197     5334

 COOLING
  YESTERDAY        0             0      0        0
  MONTH TO DATE    0             0      0        0
  SINCE DEC 1      0             0      0        0
  SINCE JAN 1      0             0      0        0
......................................................


WIND (MPH)
  HIGHEST WIND SPEED    33   HIGHEST WIND DIRECTION     N (10)
  HIGHEST GUST SPEED    41   HIGHEST GUST DIRECTION     N (360)
  AVERAGE WIND SPEED    14.2


SKY COVER
  AVERAGE SKY COVER 0.9


WEATHER CONDITIONS
 THE FOLLOWING WEATHER WAS RECORDED YESTERDAY.
  LIGHT RAIN
  LIGHT SNOW
  FOG


RELATIVE HUMIDITY (PERCENT)
 HIGHEST    80           600 PM
 LOWEST     58           200 PM
 AVERAGE    69

..........................................................




SUNRISE AND SUNSET
FEBRUARY 26 2015......SUNRISE   631 AM MST   SUNSET   535 PM MST
FEBRUARY 27 2015......SUNRISE   630 AM MST   SUNSET   537 PM MST


-  INDICATES NEGATIVE NUMBERS.
R  INDICATES RECORD WAS SET OR TIED.
MM INDICATES DATA IS MISSING.
T  INDICATES TRACE AMOUNT.




$$
