000
CDUS43 KUNR 260834
CLIIEN


CLIMATE REPORT
NATIONAL WEATHER SERVICE RAPID CITY SD
231 AM MDT THU MAR 26 2015


...................................

...THE PINE RIDGE SD CLIMATE SUMMARY FOR MARCH 25 2015...

CLIMATE NORMAL PERIOD 1981 TO 2010
CLIMATE RECORD PERIOD 9999 TO 9999


WEATHER ITEM   OBSERVED TIME   NORMAL DEPARTURE LAST
                VALUE   (LST)  VALUE  FROM      YEAR
                                      NORMAL
......................................................
TEMPERATURE (F)
 YESTERDAY
  MAXIMUM         48    237 PM  54     -6       54
  MINIMUM         18   1117 PM  26     -8        8
  AVERAGE         33            40     -7       31

PRECIPITATION (IN)
  YESTERDAY        0.00          0.04  -0.04     0.00
  MONTH TO DATE    0.17          0.64  -0.47     0.25
  SINCE MAR 1      0.17          0.64  -0.47     0.25
  SINCE JAN 1      0.63          1.43  -0.80     0.52

DEGREE DAYS
 HEATING
  YESTERDAY       32            25      7       34
  MONTH TO DATE  612           740   -128      785
  SINCE MAR 1    612           740   -128      785
  SINCE JUL 1   5822          6090   -268     6267

 COOLING
  YESTERDAY        0             0      0        0
  MONTH TO DATE    0             0      0        0
  SINCE MAR 1      0             0      0        0
  SINCE JAN 1      0             0      0        0
......................................................


WIND (MPH)
  HIGHEST WIND SPEED    17   HIGHEST WIND DIRECTION    NE (30)
  HIGHEST GUST SPEED    23   HIGHEST GUST DIRECTION     N (360)
  AVERAGE WIND SPEED     7.6


SKY COVER
  AVERAGE SKY COVER 0.6


WEATHER CONDITIONS
 THE FOLLOWING WEATHER WAS RECORDED YESTERDAY.
  NO SIGNIFICANT WEATHER WAS OBSERVED.


RELATIVE HUMIDITY (PERCENT)
 HIGHEST    84          1000 PM
 LOWEST     38           300 PM
 AVERAGE    61

..........................................................




SUNRISE AND SUNSET
MARCH 26 2015.........SUNRISE   643 AM MDT   SUNSET   709 PM MDT
MARCH 27 2015.........SUNRISE   641 AM MDT   SUNSET   710 PM MDT


-  INDICATES NEGATIVE NUMBERS.
R  INDICATES RECORD WAS SET OR TIED.
MM INDICATES DATA IS MISSING.
T  INDICATES TRACE AMOUNT.




$$
