000
CDUS43 KUNR 240832
CLIIEN


CLIMATE REPORT
NATIONAL WEATHER SERVICE RAPID CITY SD
231 AM MDT SAT JUN 24 2017


...................................

...THE PINE RIDGE SD CLIMATE SUMMARY FOR JUNE 23 2017...

CLIMATE NORMAL PERIOD 1981 TO 2010
CLIMATE RECORD PERIOD 9999 TO 9999


WEATHER ITEM   OBSERVED TIME   NORMAL DEPARTURE LAST
                VALUE   (LST)  VALUE  FROM      YEAR
                                      NORMAL
......................................................
TEMPERATURE (F)
 YESTERDAY
  MAXIMUM         73    239 PM  83    -10       92
  MINIMUM         41   1159 PM  54    -13       52
  AVERAGE         57            68    -11       72

PRECIPITATION (IN)
  YESTERDAY        0.01          0.12  -0.11     0.00
  MONTH TO DATE    1.09          2.80  -1.71     1.39
  SINCE JUN 1      1.09          2.80  -1.71     1.39
  SINCE JAN 1     10.55          9.04   1.51     7.47

DEGREE DAYS
 HEATING
  YESTERDAY        8             2      6        0
  MONTH TO DATE   14            79    -65       26
  SINCE JUN 1     14            79    -65       26
  SINCE JUL 1   6698          7206   -508     6507

 COOLING
  YESTERDAY        0             5     -5        7
  MONTH TO DATE   85            70     15      168
  SINCE JUN 1     85            70     15      168
  SINCE JAN 1    101            87     14      176
......................................................


WIND (MPH)
  HIGHEST WIND SPEED    23   HIGHEST WIND DIRECTION     N (360)
  HIGHEST GUST SPEED    34   HIGHEST GUST DIRECTION     N (10)
  AVERAGE WIND SPEED     7.2


SKY COVER
  AVERAGE SKY COVER 0.3


WEATHER CONDITIONS
 THE FOLLOWING WEATHER WAS RECORDED YESTERDAY.
  LIGHT RAIN


RELATIVE HUMIDITY (PERCENT)
 HIGHEST    83           300 AM
 LOWEST     27           600 PM
 AVERAGE    55

..........................................................




SUNRISE AND SUNSET
JUNE 24 2017..........SUNRISE   512 AM MDT   SUNSET   833 PM MDT
JUNE 25 2017..........SUNRISE   512 AM MDT   SUNSET   833 PM MDT


-  INDICATES NEGATIVE NUMBERS.
R  INDICATES RECORD WAS SET OR TIED.
MM INDICATES DATA IS MISSING.
T  INDICATES TRACE AMOUNT.




$$
