000
CDUS43 KUNR 020831
CLIIEN


CLIMATE REPORT
NATIONAL WEATHER SERVICE RAPID CITY SD
130 AM MST FRI DEC 2 2016


...................................

...THE PINE RIDGE SD CLIMATE SUMMARY FOR DECEMBER 1 2016...

CLIMATE NORMAL PERIOD 1981 TO 2010
CLIMATE RECORD PERIOD 9999 TO 9999


WEATHER ITEM   OBSERVED TIME   NORMAL DEPARTURE LAST
                VALUE   (LST)  VALUE  FROM      YEAR
                                      NORMAL
......................................................
TEMPERATURE (F)
 YESTERDAY
  MAXIMUM         36    123 PM  39     -3       30
  MINIMUM         13    650 AM  13      0       21
  AVERAGE         25            26     -1       26

PRECIPITATION (IN)
  YESTERDAY        0.00          0.01  -0.01     0.17
  MONTH TO DATE    0.00          0.01  -0.01     0.17
  SINCE DEC 1      0.00          0.01  -0.01     0.17
  SINCE JAN 1     14.56         17.18  -2.62    18.86

DEGREE DAYS
 HEATING
  YESTERDAY       40            39      1       39
  MONTH TO DATE   40            39      1       39
  SINCE DEC 1     40            39      1       39
  SINCE JUL 1   1213          1729   -516     1527

 COOLING
  YESTERDAY        0             0      0        0
  MONTH TO DATE    0             0      0        0
  SINCE DEC 1      0             0      0        0
  SINCE JAN 1    774           717     57      615
......................................................


WIND (MPH)
  HIGHEST WIND SPEED     9   HIGHEST WIND DIRECTION    NE (60)
  HIGHEST GUST SPEED    12   HIGHEST GUST DIRECTION     W (260)
  AVERAGE WIND SPEED     2.5


SKY COVER
  AVERAGE SKY COVER 0.8


WEATHER CONDITIONS
 THE FOLLOWING WEATHER WAS RECORDED YESTERDAY.
  NO SIGNIFICANT WEATHER WAS OBSERVED.


RELATIVE HUMIDITY (PERCENT)
 HIGHEST    92           500 AM
 LOWEST     56          1200 PM
 AVERAGE    74

..........................................................




SUNRISE AND SUNSET
DECEMBER  2 2016......SUNRISE   703 AM MST   SUNSET   416 PM MST
DECEMBER  3 2016......SUNRISE   704 AM MST   SUNSET   416 PM MST


-  INDICATES NEGATIVE NUMBERS.
R  INDICATES RECORD WAS SET OR TIED.
MM INDICATES DATA IS MISSING.
T  INDICATES TRACE AMOUNT.




$$
