479
CDUS43 KUNR 180832
CLIIEN


CLIMATE REPORT
NATIONAL WEATHER SERVICE RAPID CITY SD
231 AM MDT FRI AUG 18 2017


...................................

...THE PINE RIDGE SD CLIMATE SUMMARY FOR AUGUST 17 2017...

CLIMATE NORMAL PERIOD 1981 TO 2010
CLIMATE RECORD PERIOD 9999 TO 9999


WEATHER ITEM   OBSERVED TIME   NORMAL DEPARTURE LAST
                VALUE   (LST)  VALUE  FROM      YEAR
                                      NORMAL
......................................................
TEMPERATURE (F)
 YESTERDAY
  MAXIMUM         92    335 PM  88      4       94
  MINIMUM         49    515 AM  56     -7       58
  AVERAGE         71            72     -1       76

PRECIPITATION (IN)
  YESTERDAY        0.38          0.07   0.31     0.00
  MONTH TO DATE    1.05          1.13  -0.08     1.85
  SINCE JUN 1      3.65          6.83  -3.18     5.92
  SINCE JAN 1     13.11         13.07   0.04    12.00

DEGREE DAYS
 HEATING
  YESTERDAY        0             1     -1        0
  MONTH TO DATE   11             5      6        0
  SINCE JUN 1     46           104    -58       28
  SINCE JUL 1     11            17     -6        2

 COOLING
  YESTERDAY        6             8     -2       11
  MONTH TO DATE   55           155   -100      144
  SINCE JUN 1    541           546     -5      653
  SINCE JAN 1    557           563     -6      661
......................................................


WIND (MPH)
  HIGHEST WIND SPEED    33   HIGHEST WIND DIRECTION    NW (300)
  HIGHEST GUST SPEED    42   HIGHEST GUST DIRECTION    NW (310)
  AVERAGE WIND SPEED     6.2


SKY COVER
  AVERAGE SKY COVER 0.0


WEATHER CONDITIONS
 THE FOLLOWING WEATHER WAS RECORDED YESTERDAY.
  THUNDERSTORM
  HEAVY RAIN
  LIGHT RAIN


RELATIVE HUMIDITY (PERCENT)
 HIGHEST   100           400 AM
 LOWEST     20           300 PM
 AVERAGE    60

..........................................................




SUNRISE AND SUNSET
AUGUST 18 2017........SUNRISE   600 AM MDT   SUNSET   747 PM MDT
AUGUST 19 2017........SUNRISE   601 AM MDT   SUNSET   746 PM MDT


-  INDICATES NEGATIVE NUMBERS.
R  INDICATES RECORD WAS SET OR TIED.
MM INDICATES DATA IS MISSING.
T  INDICATES TRACE AMOUNT.




$$
