000
CDUS43 KUNR 290833
CLIIEN


CLIMATE REPORT
NATIONAL WEATHER SERVICE RAPID CITY SD
231 AM MDT FRI APR 29 2016


...................................

...THE PINE RIDGE SD CLIMATE SUMMARY FOR APRIL 28 2016...

CLIMATE NORMAL PERIOD 1981 TO 2010
CLIMATE RECORD PERIOD 9999 TO 9999


WEATHER ITEM   OBSERVED TIME   NORMAL DEPARTURE LAST
                VALUE   (LST)  VALUE  FROM      YEAR
                                      NORMAL
......................................................
TEMPERATURE (F)
 YESTERDAY
  MAXIMUM         43    243 PM  64    -21       64
  MINIMUM         31    226 AM  35     -4       43
  AVERAGE         37            49    -12       54

PRECIPITATION (IN)
  YESTERDAY        0.02          0.08  -0.06     0.00
  MONTH TO DATE    3.06          1.76   1.30     1.88
  SINCE MAR 1      4.44          2.63   1.81     2.06
  SINCE JAN 1      4.94          3.42   1.52     2.52

DEGREE DAYS
 HEATING
  YESTERDAY       28            16     12       11
  MONTH TO DATE  477           553    -76      541
  SINCE MAR 1   1214          1441   -227     1248
  SINCE JUL 1   6083          6791   -708     6458

 COOLING
  YESTERDAY        0             0      0        0
  MONTH TO DATE    1             0      1        0
  SINCE MAR 1      1             0      1        0
  SINCE JAN 1      1             0      1        0
......................................................


WIND (MPH)
  HIGHEST WIND SPEED    15   HIGHEST WIND DIRECTION     N (20)
  HIGHEST GUST SPEED    18   HIGHEST GUST DIRECTION     N (20)
  AVERAGE WIND SPEED     6.7


SKY COVER
  AVERAGE SKY COVER 0.9


WEATHER CONDITIONS
 THE FOLLOWING WEATHER WAS RECORDED YESTERDAY.
  LIGHT RAIN
  LIGHT SNOW
  FOG


RELATIVE HUMIDITY (PERCENT)
 HIGHEST    92           200 AM
 LOWEST     70           100 PM
 AVERAGE    81

..........................................................




SUNRISE AND SUNSET
APRIL 29 2016.........SUNRISE   546 AM MDT   SUNSET   749 PM MDT
APRIL 30 2016.........SUNRISE   545 AM MDT   SUNSET   751 PM MDT


-  INDICATES NEGATIVE NUMBERS.
R  INDICATES RECORD WAS SET OR TIED.
MM INDICATES DATA IS MISSING.
T  INDICATES TRACE AMOUNT.




$$
