000
CDUS43 KUNR 270831
CLIIEN


CLIMATE REPORT
NATIONAL WEATHER SERVICE RAPID CITY SD
231 AM MDT TUE SEP 27 2016


...................................

...THE PINE RIDGE SD CLIMATE SUMMARY FOR SEPTEMBER 26 2016...

CLIMATE NORMAL PERIOD 1981 TO 2010
CLIMATE RECORD PERIOD 9999 TO 9999


WEATHER ITEM   OBSERVED TIME   NORMAL DEPARTURE LAST
                VALUE   (LST)  VALUE  FROM      YEAR
                                      NORMAL
......................................................
TEMPERATURE (F)
 YESTERDAY
  MAXIMUM         76    126 PM  73      3       83
  MINIMUM         29    316 AM  40    -11       56
  AVERAGE         53            56     -3       70

PRECIPITATION (IN)
  YESTERDAY        0.00          0.05  -0.05     0.00
  MONTH TO DATE    0.68          1.44  -0.76     0.37
  SINCE SEP 1      0.68          1.44  -0.76     0.37
  SINCE JAN 1     13.60         15.23  -1.63    16.68

DEGREE DAYS
 HEATING
  YESTERDAY       12             9      3        0
  MONTH TO DATE  119           143    -24       77
  SINCE SEP 1    119           143    -24       77
  SINCE JUL 1    152           180    -28      127

 COOLING
  YESTERDAY        0             1     -1        5
  MONTH TO DATE   52            65    -13      105
  SINCE SEP 1     52            65    -13      105
  SINCE JAN 1    764           713     51      610
......................................................


WIND (MPH)
  HIGHEST WIND SPEED    18   HIGHEST WIND DIRECTION     W (280)
  HIGHEST GUST SPEED    23   HIGHEST GUST DIRECTION     W (280)
  AVERAGE WIND SPEED     4.8


SKY COVER
  AVERAGE SKY COVER 0.0


WEATHER CONDITIONS
 THE FOLLOWING WEATHER WAS RECORDED YESTERDAY.
  HAZE


RELATIVE HUMIDITY (PERCENT)
 HIGHEST    85           200 AM
 LOWEST     27           200 PM
 AVERAGE    56

..........................................................




SUNRISE AND SUNSET
SEPTEMBER 27 2016.....SUNRISE   643 AM MDT   SUNSET   637 PM MDT
SEPTEMBER 28 2016.....SUNRISE   645 AM MDT   SUNSET   636 PM MDT


-  INDICATES NEGATIVE NUMBERS.
R  INDICATES RECORD WAS SET OR TIED.
MM INDICATES DATA IS MISSING.
T  INDICATES TRACE AMOUNT.




$$
