000
CDUS43 KUNR 200843
CLIIEN


CLIMATE REPORT
NATIONAL WEATHER SERVICE RAPID CITY SD
142 AM MST MON FEB 20 2017


...................................

...THE PINE RIDGE SD CLIMATE SUMMARY FOR FEBRUARY 19 2017...

CLIMATE NORMAL PERIOD 1981 TO 2010
CLIMATE RECORD PERIOD 9999 TO 9999


WEATHER ITEM   OBSERVED TIME   NORMAL DEPARTURE LAST
                VALUE   (LST)  VALUE  FROM      YEAR
                                      NORMAL
......................................................
TEMPERATURE (F)
 YESTERDAY
  MAXIMUM         60    322 PM  41     19       62
  MINIMUM         36    658 AM  14     22       26
  AVERAGE         48            27     21       44

PRECIPITATION (IN)
  YESTERDAY        0.00          0.01  -0.01     0.00
  MONTH TO DATE    0.40          0.31   0.09     0.21
  SINCE DEC 1      1.64          0.98   0.66     1.44
  SINCE JAN 1      0.81          0.63   0.18     0.42

DEGREE DAYS
 HEATING
  YESTERDAY       17            38    -21       21
  MONTH TO DATE  649           750   -101      569
  SINCE DEC 1   3676          3337    339     3112
  SINCE JUL 1   4849          5027   -178     4600

 COOLING
  YESTERDAY        0             0      0        0
  MONTH TO DATE    0             0      0        0
  SINCE DEC 1      0             0      0        0
  SINCE JAN 1      0             0      0        0
......................................................


WIND (MPH)
  HIGHEST WIND SPEED    23   HIGHEST WIND DIRECTION     S (180)
  HIGHEST GUST SPEED    29   HIGHEST GUST DIRECTION     S (180)
  AVERAGE WIND SPEED     7.6


SKY COVER
  AVERAGE SKY COVER 0.1


WEATHER CONDITIONS
 THE FOLLOWING WEATHER WAS RECORDED YESTERDAY.
  NO SIGNIFICANT WEATHER WAS OBSERVED.


RELATIVE HUMIDITY (PERCENT)
 HIGHEST    85          1100 PM
 LOWEST     40           300 PM
 AVERAGE    63

..........................................................




SUNRISE AND SUNSET
FEBRUARY 20 2017......SUNRISE   640 AM MST   SUNSET   528 PM MST
FEBRUARY 21 2017......SUNRISE   638 AM MST   SUNSET   530 PM MST


-  INDICATES NEGATIVE NUMBERS.
R  INDICATES RECORD WAS SET OR TIED.
MM INDICATES DATA IS MISSING.
T  INDICATES TRACE AMOUNT.




$$
