000
CDUS43 KUNR 260832
CLIIEN


CLIMATE REPORT
NATIONAL WEATHER SERVICE RAPID CITY SD
132 AM MST WED NOV 26 2014


...................................

...THE PINE RIDGE SD CLIMATE SUMMARY FOR NOVEMBER 25 2014...

CLIMATE NORMAL PERIOD 1981 TO 2010
CLIMATE RECORD PERIOD 9999 TO 9999


WEATHER ITEM   OBSERVED TIME   NORMAL DEPARTURE LAST
                VALUE   (LST)  VALUE  FROM      YEAR
                                      NORMAL
......................................................
TEMPERATURE (F)
 YESTERDAY
  MAXIMUM         38    248 PM  42     -4       43
  MINIMUM         19    121 AM  16      3       18
  AVERAGE         29            29      0       31

PRECIPITATION (IN)
  YESTERDAY        T             0.01  -0.01     0.00
  MONTH TO DATE    0.70          0.52   0.18     0.83
  SINCE SEP 1      3.87          3.33   0.54     5.69
  SINCE JAN 1     22.10         17.12   4.98    19.96

DEGREE DAYS
 HEATING
  YESTERDAY       36            36      0       34
  MONTH TO DATE  944           748    196      781
  SINCE SEP 1   1589          1466    123     1556
  SINCE JUL 1   1633          1503    130     1558

 COOLING
  YESTERDAY        0             0      0        0
  MONTH TO DATE    0             0      0        0
  SINCE SEP 1     64            69     -5      152
  SINCE JAN 1    482           717   -235      804
......................................................


WIND (MPH)
  HIGHEST WIND SPEED    23   HIGHEST WIND DIRECTION     N (340)
  HIGHEST GUST SPEED    33   HIGHEST GUST DIRECTION    NW (330)
  AVERAGE WIND SPEED     6.6


SKY COVER
  AVERAGE SKY COVER 0.6


WEATHER CONDITIONS
 THE FOLLOWING WEATHER WAS RECORDED YESTERDAY.
  LIGHT SNOW


RELATIVE HUMIDITY (PERCENT)
 HIGHEST    89           600 PM
 LOWEST     52          1200 PM
 AVERAGE    71

..........................................................




SUNRISE AND SUNSET
NOVEMBER 26 2014......SUNRISE   656 AM MST   SUNSET   418 PM MST
NOVEMBER 27 2014......SUNRISE   657 AM MST   SUNSET   418 PM MST


-  INDICATES NEGATIVE NUMBERS.
R  INDICATES RECORD WAS SET OR TIED.
MM INDICATES DATA IS MISSING.
T  INDICATES TRACE AMOUNT.




$$
