000
CDUS43 KUNR 210833
CLIIEN


CLIMATE REPORT
NATIONAL WEATHER SERVICE RAPID CITY SD
231 AM MDT SUN SEP 21 2014


...................................

...THE PINE RIDGE SD CLIMATE SUMMARY FOR SEPTEMBER 20 2014...

CLIMATE NORMAL PERIOD 1981 TO 2010
CLIMATE RECORD PERIOD 9999 TO 9999


WEATHER ITEM   OBSERVED TIME   NORMAL DEPARTURE LAST
                VALUE   (LST)  VALUE  FROM      YEAR
                                      NORMAL
......................................................
TEMPERATURE (F)
 YESTERDAY
  MAXIMUM         81    103 PM  76      5       76
  MINIMUM         41   1016 PM  43     -2       29
  AVERAGE         61            59      2       53

PRECIPITATION (IN)
  YESTERDAY        0.00          0.06  -0.06     0.00
  MONTH TO DATE    0.41          1.12  -0.71     0.06
  SINCE SEP 1      0.41          1.12  -0.71     0.06
  SINCE JAN 1     18.64         14.91   3.73    14.33

DEGREE DAYS
 HEATING
  YESTERDAY        4             7     -3       12
  MONTH TO DATE  143            92     51       40
  SINCE SEP 1    143            92     51       40
  SINCE JUL 1    187           129     58       42

 COOLING
  YESTERDAY        0             1     -1        0
  MONTH TO DATE   32            59    -27      134
  SINCE SEP 1     32            59    -27      134
  SINCE JAN 1    450           707   -257      786
......................................................


WIND (MPH)
  HIGHEST WIND SPEED    22   HIGHEST WIND DIRECTION     N (20)
  HIGHEST GUST SPEED    33   HIGHEST GUST DIRECTION     N (360)
  AVERAGE WIND SPEED     6.1


SKY COVER
  AVERAGE SKY COVER 0.1


WEATHER CONDITIONS
 THE FOLLOWING WEATHER WAS RECORDED YESTERDAY.
  HAZE


RELATIVE HUMIDITY (PERCENT)
 HIGHEST    93           400 AM
 LOWEST     25           300 PM
 AVERAGE    59

..........................................................




SUNRISE AND SUNSET
SEPTEMBER 21 2014.....SUNRISE   636 AM MDT   SUNSET   649 PM MDT
SEPTEMBER 22 2014.....SUNRISE   637 AM MDT   SUNSET   647 PM MDT


-  INDICATES NEGATIVE NUMBERS.
R  INDICATES RECORD WAS SET OR TIED.
MM INDICATES DATA IS MISSING.
T  INDICATES TRACE AMOUNT.




$$
