000
CDUS43 KUNR 010831
CLIIEN


CLIMATE REPORT
NATIONAL WEATHER SERVICE RAPID CITY SD
231 AM MDT TUE SEP 1 2015


...................................

...THE PINE RIDGE SD CLIMATE SUMMARY FOR AUGUST 31 2015...

CLIMATE NORMAL PERIOD 1981 TO 2010
CLIMATE RECORD PERIOD 9999 TO 9999


WEATHER ITEM   OBSERVED TIME   NORMAL DEPARTURE LAST
                VALUE   (LST)  VALUE  FROM      YEAR
                                      NORMAL
......................................................
TEMPERATURE (F)
 YESTERDAY
  MAXIMUM         81    357 PM  84     -3       77
  MINIMUM         62   1159 PM  51     11       47
  AVERAGE         72            68      4       62

PRECIPITATION (IN)
  YESTERDAY        T             0.05  -0.05     0.14
  MONTH TO DATE    0.22          1.85  -1.63     3.53
  SINCE JUN 1      6.63          7.55  -0.92    10.63
  SINCE JAN 1     16.31         13.79   2.52    18.23

DEGREE DAYS
 HEATING
  YESTERDAY        0             2     -2        3
  MONTH TO DATE   42            23     19       16
  SINCE JUN 1     60           124    -64      152
  SINCE JUL 1     50            37     13       44

 COOLING
  YESTERDAY        7             5      2        0
  MONTH TO DATE  188           240    -52      160
  SINCE JUN 1    505           631   -126      393
  SINCE JAN 1    505           648   -143      418
......................................................


WIND (MPH)
  HIGHEST WIND SPEED    15   HIGHEST WIND DIRECTION    NE (40)
  HIGHEST GUST SPEED    19   HIGHEST GUST DIRECTION     S (200)
  AVERAGE WIND SPEED     5.1


SKY COVER
  AVERAGE SKY COVER 0.0


WEATHER CONDITIONS
 THE FOLLOWING WEATHER WAS RECORDED YESTERDAY.
  LIGHT RAIN
  HAZE


RELATIVE HUMIDITY (PERCENT)
 HIGHEST    73           700 PM
 LOWEST     33          1200 AM
 AVERAGE    53

..........................................................




SUNRISE AND SUNSET
SEPTEMBER  1 2015.....SUNRISE   614 AM MDT   SUNSET   725 PM MDT
SEPTEMBER  2 2015.....SUNRISE   615 AM MDT   SUNSET   723 PM MDT


-  INDICATES NEGATIVE NUMBERS.
R  INDICATES RECORD WAS SET OR TIED.
MM INDICATES DATA IS MISSING.
T  INDICATES TRACE AMOUNT.




$$
