000
CDUS43 KUNR 010834
CLIIEN


CLIMATE REPORT
NATIONAL WEATHER SERVICE RAPID CITY SD
234 AM MDT WED JUL 1 2015


...................................

...THE PINE RIDGE SD CLIMATE SUMMARY FOR JUNE 30 2015...

CLIMATE NORMAL PERIOD 1981 TO 2010
CLIMATE RECORD PERIOD 9999 TO 9999


WEATHER ITEM   OBSERVED TIME   NORMAL DEPARTURE LAST
                VALUE   (LST)  VALUE  FROM      YEAR
                                      NORMAL
......................................................
TEMPERATURE (F)
 YESTERDAY
  MAXIMUM         92    429 PM  85      7       77
  MINIMUM         59    443 AM  56      3       48
  AVERAGE         76            70      6       63

PRECIPITATION (IN)
  YESTERDAY        0.00          0.08  -0.08     0.00
  MONTH TO DATE    3.77          3.43   0.34     4.54
  SINCE JUN 1      3.77          3.43   0.34     4.54
  SINCE JAN 1     13.45          9.67   3.78    12.14

DEGREE DAYS
 HEATING
  YESTERDAY        0             1     -1        2
  MONTH TO DATE   10            87    -77      108
  SINCE JUN 1     10            87    -77      108
  SINCE JUL 1   6874          7214   -340     7468

 COOLING
  YESTERDAY       11             6      5        0
  MONTH TO DATE  121           110     11       57
  SINCE JUN 1    121           110     11       57
  SINCE JAN 1    121           127     -6       82
......................................................


WIND (MPH)
  HIGHEST WIND SPEED    14   HIGHEST WIND DIRECTION    NE (50)
  HIGHEST GUST SPEED    18   HIGHEST GUST DIRECTION    NE (50)
  AVERAGE WIND SPEED     4.7


SKY COVER
  AVERAGE SKY COVER 0.0


WEATHER CONDITIONS
 THE FOLLOWING WEATHER WAS RECORDED YESTERDAY.
  THUNDERSTORM


RELATIVE HUMIDITY (PERCENT)
 HIGHEST    90           900 PM
 LOWEST     30           200 PM
 AVERAGE    60

..........................................................




SUNRISE AND SUNSET
JULY  1 2015..........SUNRISE   515 AM MDT   SUNSET   833 PM MDT
JULY  2 2015..........SUNRISE   515 AM MDT   SUNSET   833 PM MDT


-  INDICATES NEGATIVE NUMBERS.
R  INDICATES RECORD WAS SET OR TIED.
MM INDICATES DATA IS MISSING.
T  INDICATES TRACE AMOUNT.




$$
