000
CDUS45 KVEF 220826
CLIIGM


CLIMATE REPORT
NATIONAL WEATHER SERVICE LAS VEGAS, NV
125 AM PDT TUE AUG 22 2017


...................................

...THE KINGMAN AZ CLIMATE SUMMARY FOR AUGUST 21 2017...

CLIMATE NORMAL PERIOD 1981 TO 2010
CLIMATE RECORD PERIOD 1901 TO 2017


WEATHER ITEM   OBSERVED TIME   RECORD YEAR NORMAL DEPARTURE LAST
                VALUE   (LST)  VALUE       VALUE  FROM      YEAR
                                                  NORMAL
..................................................................
TEMPERATURE (F)
 YESTERDAY
  MAXIMUM         80   1203 AM 104    1915  95    -15       89
  MINIMUM         61   1110 PM  52    1918  69     -8       70
  AVERAGE         71                        82    -11       80

PRECIPITATION (IN)
  YESTERDAY        0.08          1.20 1988   0.03   0.05      T
  MONTH TO DATE    0.52                      0.51   0.01     1.58
  SINCE OCT 1      9.86                      6.91   2.95     7.18
  SINCE JAN 1      6.30                      4.81   1.49     5.66

DEGREE DAYS
 HEATING
  YESTERDAY        0                         0      0        0
  MONTH TO DATE    0                         0      0        0
  SINCE JUN 1      0                         3     -3        0
  SINCE JUL 1      0                         0      0        0

 COOLING
  YESTERDAY        6                        17    -11       15
  MONTH TO DATE  352                       380    -28      382
  SINCE JUN 1   1511                      1341    170     1609
  SINCE JAN 1   1671                      1539    132     1749
..................................................................


WIND (MPH)
  RESULTANT WIND SPEED   5   RESULTANT WIND DIRECTION   E (100)
  HIGHEST WIND SPEED    26   HIGHEST WIND DIRECTION     E (110)
  HIGHEST GUST SPEED    32   HIGHEST GUST DIRECTION     E (110)
  AVERAGE WIND SPEED     9.3


SKY COVER
  POSSIBLE SUNSHINE  MM
  AVERAGE SKY COVER 0.5


WEATHER CONDITIONS
 THE FOLLOWING WEATHER WAS RECORDED YESTERDAY.
  THUNDERSTORM
  LIGHT RAIN


RELATIVE HUMIDITY (PERCENT)
 HIGHEST    93          1100 PM
 LOWEST     39          1200 AM
 AVERAGE    66

..........................................................


THE KINGMAN AZ CLIMATE NORMALS FOR TODAY
                         NORMAL    RECORD    YEAR
 MAXIMUM TEMPERATURE (F)   95       105      1919
 MINIMUM TEMPERATURE (F)   69        56      1954


SUNRISE AND SUNSET
AUGUST 22 2017........SUNRISE   601 AM MST   SUNSET   716 PM MST
AUGUST 23 2017........SUNRISE   602 AM MST   SUNSET   714 PM MST


-  INDICATES NEGATIVE NUMBERS.
R  INDICATES RECORD WAS SET OR TIED.
MM INDICATES DATA IS MISSING.
T  INDICATES TRACE AMOUNT.




$$
