000
CDUS45 KVEF 110026
CLIIGM


CLIMATE REPORT
NATIONAL WEATHER SERVICE LAS VEGAS, NV
426 PM PST WED FEB 10 2016


...................................

...THE KINGMAN AZ CLIMATE SUMMARY FOR FEBRUARY 10 2016...
VALID TODAY AS OF 0400 PM LOCAL TIME.

CLIMATE NORMAL PERIOD 1981 TO 2010
CLIMATE RECORD PERIOD 1901 TO 2016


WEATHER ITEM   OBSERVED TIME   RECORD YEAR NORMAL DEPARTURE LAST
                VALUE   (LST)  VALUE       VALUE  FROM      YEAR
                                                  NORMAL
..................................................................
TEMPERATURE (F)
 TODAY
  MAXIMUM         73    448 PM  78    1951  59     14       70
  MINIMUM         34    737 AM   9    1933  33      1       41
  AVERAGE         54                        46      8       56

PRECIPITATION (IN)
  TODAY            0.00          1.14 1963   0.04  -0.04     0.00
  MONTH TO DATE    T                         0.43  -0.43     0.00
  SINCE OCT 1      2.70                      3.55  -0.85     2.95
  SINCE JAN 1      1.18                      1.45  -0.27     0.82

DEGREE DAYS
 HEATING
  TODAY           11                        19     -8        9
  MONTH TO DATE  213                       193     20       95
  SINCE DEC 1   1595                      1532     63     1332
  SINCE JUL 1   2171                      2098     73     1746

 COOLING
  TODAY            0                         0      0        0
  MONTH TO DATE    0                         0      0        0
  SINCE DEC 1      0                         0      0        0
  SINCE JAN 1      0                         0      0        0
..................................................................


WIND (MPH)
  RESULTANT WIND SPEED   3   RESULTANT WIND DIRECTION  NE (50)
  HIGHEST WIND SPEED     8   HIGHEST WIND DIRECTION     N (20)
  HIGHEST GUST SPEED    10   HIGHEST GUST DIRECTION     N (20)
  AVERAGE WIND SPEED     3.8


SKY COVER
  POSSIBLE SUNSHINE  MM
  AVERAGE SKY COVER 0.0


WEATHER CONDITIONS
 THE FOLLOWING WEATHER WAS RECORDED TODAY.
  NO SIGNIFICANT WEATHER WAS OBSERVED.


RELATIVE HUMIDITY (PERCENT)
 HIGHEST    52           600 AM
 LOWEST     15           400 PM
 AVERAGE    34

..........................................................


THE KINGMAN AZ CLIMATE NORMALS FOR TOMORROW
                         NORMAL    RECORD    YEAR
 MAXIMUM TEMPERATURE (F)   59        76      1907
 MINIMUM TEMPERATURE (F)   34        18      1929


SUNRISE AND SUNSET
FEBRUARY 10 2016......SUNRISE   728 AM MST   SUNSET   613 PM MST
FEBRUARY 11 2016......SUNRISE   727 AM MST   SUNSET   614 PM MST


-  INDICATES NEGATIVE NUMBERS.
R  INDICATES RECORD WAS SET OR TIED.
MM INDICATES DATA IS MISSING.
T  INDICATES TRACE AMOUNT.




$$
