000
CDUS45 KVEF 270827
CLIIGM


CLIMATE REPORT
NATIONAL WEATHER SERVICE LAS VEGAS, NV
127 AM PDT MON MAR 27 2017


...................................

...THE KINGMAN AZ CLIMATE SUMMARY FOR MARCH 26 2017...

CLIMATE NORMAL PERIOD 1981 TO 2010
CLIMATE RECORD PERIOD 1901 TO 2017


WEATHER ITEM   OBSERVED TIME   RECORD YEAR NORMAL DEPARTURE LAST
                VALUE   (LST)  VALUE       VALUE  FROM      YEAR
                                                  NORMAL
..................................................................
TEMPERATURE (F)
 YESTERDAY
  MAXIMUM         71    304 PM  83    1988  68      3       66
  MINIMUM         40    645 AM  21    1913  39      1       43
  AVERAGE         56                        53      3       55

PRECIPITATION (IN)
  YESTERDAY        0.00          0.77 1925   0.01  -0.01     0.00
  MONTH TO DATE    0.24                      0.66  -0.42     0.16
  SINCE OCT 1      6.26                      4.92   1.34     2.86
  SINCE JAN 1      2.70                      2.82  -0.12     1.34

DEGREE DAYS
 HEATING
  YESTERDAY        9                        12     -3       10
  MONTH TO DATE  188                       363   -175      209
  SINCE MAR 1    188                       363   -175      209
  SINCE JUL 1   2185                      2776   -591     2561

 COOLING
  YESTERDAY        0                         0      0        0
  MONTH TO DATE    6                         0      6        2
  SINCE MAR 1      6                         0      6        2
  SINCE JAN 1      6                         0      6        2
..................................................................


WIND (MPH)
  RESULTANT WIND SPEED   4   RESULTANT WIND DIRECTION   S (160)
  HIGHEST WIND SPEED    16   HIGHEST WIND DIRECTION    SW (230)
  HIGHEST GUST SPEED    20   HIGHEST GUST DIRECTION    SW (220)
  AVERAGE WIND SPEED     6.9


SKY COVER
  POSSIBLE SUNSHINE  MM
  AVERAGE SKY COVER 0.0


WEATHER CONDITIONS
 THE FOLLOWING WEATHER WAS RECORDED YESTERDAY.
  NO SIGNIFICANT WEATHER WAS OBSERVED.


RELATIVE HUMIDITY (PERCENT)
 HIGHEST    79           500 AM
 LOWEST     10           400 PM
 AVERAGE    45

..........................................................


THE KINGMAN AZ CLIMATE NORMALS FOR TODAY
                         NORMAL    RECORD    YEAR
 MAXIMUM TEMPERATURE (F)   68        84      1986
 MINIMUM TEMPERATURE (F)   39        24      2009


SUNRISE AND SUNSET
MARCH 27 2017.........SUNRISE   629 AM MST   SUNSET   654 PM MST
MARCH 28 2017.........SUNRISE   628 AM MST   SUNSET   654 PM MST


-  INDICATES NEGATIVE NUMBERS.
R  INDICATES RECORD WAS SET OR TIED.
MM INDICATES DATA IS MISSING.
T  INDICATES TRACE AMOUNT.




$$
