581
CDUS45 KVEF 010026
CLIIGM


CLIMATE REPORT
NATIONAL WEATHER SERVICE LAS VEGAS, NV
526 PM PDT SUN APR 30 2017


...................................

...THE KINGMAN AZ CLIMATE SUMMARY FOR APRIL 30 2017...
VALID TODAY AS OF 0500 PM LOCAL TIME.

CLIMATE NORMAL PERIOD 1981 TO 2010
CLIMATE RECORD PERIOD 1901 TO 2017


WEATHER ITEM   OBSERVED TIME   RECORD YEAR NORMAL DEPARTURE LAST
                VALUE   (LST)  VALUE       VALUE  FROM      YEAR
                                                  NORMAL
..................................................................
TEMPERATURE (F)
 TODAY
  MAXIMUM         80    348 PM  92    1943  79      1       60
  MINIMUM         39    510 AM  29    1967  48     -9       47
  AVERAGE         60                        63     -3       54

PRECIPITATION (IN)
  TODAY            0.00          0.40 1931   0.01  -0.01     0.25
  MONTH TO DATE    0.00                      0.41  -0.41     1.37
  SINCE OCT 1      6.26                      5.43   0.83     4.23
  SINCE JAN 1      2.70                      3.33  -0.63     2.71

DEGREE DAYS
 HEATING
  TODAY            5                         4      1       11
  MONTH TO DATE  168                       215    -47      150
  SINCE MAR 1    409                       633   -224      429
  SINCE JUL 1   2406                      3046   -640     2781

 COOLING
  TODAY            0                         2     -2        0
  MONTH TO DATE    9                        28    -19       18
  SINCE MAR 1     15                        31    -16       20
  SINCE JAN 1     15                        31    -16       20
..................................................................


WIND (MPH)
  RESULTANT WIND SPEED   1   RESULTANT WIND DIRECTION  NE (60)
  HIGHEST WIND SPEED    16   HIGHEST WIND DIRECTION     W (260)
  HIGHEST GUST SPEED    21   HIGHEST GUST DIRECTION    NE (30)
  AVERAGE WIND SPEED     5.5


SKY COVER
  POSSIBLE SUNSHINE  MM
  AVERAGE SKY COVER 0.0


WEATHER CONDITIONS
 THE FOLLOWING WEATHER WAS RECORDED TODAY.
  NO SIGNIFICANT WEATHER WAS OBSERVED.


RELATIVE HUMIDITY (PERCENT)
 HIGHEST    38           500 AM
 LOWEST     11           300 PM
 AVERAGE    25

..........................................................


THE KINGMAN AZ CLIMATE NORMALS FOR TOMORROW
                         NORMAL    RECORD    YEAR
 MAXIMUM TEMPERATURE (F)   79        92      1985
 MINIMUM TEMPERATURE (F)   48        30      1967


SUNRISE AND SUNSET
APRIL 30 2017.........SUNRISE   545 AM MST   SUNSET   721 PM MST
MAY  1 2017...........SUNRISE   544 AM MST   SUNSET   722 PM MST


-  INDICATES NEGATIVE NUMBERS.
R  INDICATES RECORD WAS SET OR TIED.
MM INDICATES DATA IS MISSING.
T  INDICATES TRACE AMOUNT.




$$
