000
CDUS45 KIGM 160826
CLIIGM


CLIMATE REPORT
NATIONAL WEATHER SERVICE LAS VEGAS, NV
126 AM PDT TUE SEP 16 2014


...................................

...THE KINGMAN AZ CLIMATE SUMMARY FOR SEPTEMBER 15 2014...

CLIMATE NORMAL PERIOD 1981 TO 2010
CLIMATE RECORD PERIOD 1901 TO 2014


WEATHER ITEM   OBSERVED TIME   RECORD YEAR NORMAL DEPARTURE LAST
                VALUE   (LST)  VALUE       VALUE  FROM      YEAR
                                                  NORMAL
..................................................................
TEMPERATURE (F)
 YESTERDAY
  MAXIMUM         97    419 PM 101    2000  90      7       92
  MINIMUM         66    343 AM  44    1941  62      4       64
  AVERAGE         82                        76      6       78

PRECIPITATION (IN)
  YESTERDAY        0.00          0.51 1946   0.04  -0.04     0.00
  MONTH TO DATE    1.50                      0.68   0.82     1.80
  SINCE OCT 1      6.47                      8.05  -1.58     7.01
  SINCE JAN 1      5.59                      5.95  -0.36     5.84

DEGREE DAYS
 HEATING
  YESTERDAY        0                         0      0        0
  MONTH TO DATE    0                         0      0        0
  SINCE SEP 1      0                         0      0        0
  SINCE JUL 1      0                         0      0        0

 COOLING
  YESTERDAY       17                        11      6       13
  MONTH TO DATE  207                       201      6      156
  SINCE SEP 1    207                       201      6      156
  SINCE JAN 1   1889                      1902    -13     2030
..................................................................


WIND (MPH)
  RESULTANT WIND SPEED   4   RESULTANT WIND DIRECTION  SE (140)
  HIGHEST WIND SPEED    20   HIGHEST WIND DIRECTION    SE (130)
  HIGHEST GUST SPEED    27   HIGHEST GUST DIRECTION    SE (130)
  AVERAGE WIND SPEED     5.5


SKY COVER
  POSSIBLE SUNSHINE  MM
  AVERAGE SKY COVER 0.0


WEATHER CONDITIONS
 THE FOLLOWING WEATHER WAS RECORDED YESTERDAY.
  NO SIGNIFICANT WEATHER WAS OBSERVED.


RELATIVE HUMIDITY (PERCENT)
 HIGHEST    53          1000 PM
 LOWEST     17          1200 PM
 AVERAGE    35

..........................................................


THE KINGMAN AZ CLIMATE NORMALS FOR TODAY
                         NORMAL    RECORD    YEAR
 MAXIMUM TEMPERATURE (F)   90       102      1922
 MINIMUM TEMPERATURE (F)   62        39      1916


SUNRISE AND SUNSET
SEPTEMBER 16 2014.....SUNRISE   619 AM MST   SUNSET   641 PM MST
SEPTEMBER 17 2014.....SUNRISE   620 AM MST   SUNSET   640 PM MST


-  INDICATES NEGATIVE NUMBERS.
R  INDICATES RECORD WAS SET OR TIED.
MM INDICATES DATA IS MISSING.
T  INDICATES TRACE AMOUNT.




$$
