000
CDUS41 KPHI 200630
CLIILG


CLIMATE REPORT
NATIONAL WEATHER SERVICE MOUNT HOLLY NJ
130 AM EST FRI JAN 20 2017


...................................

...THE WILMINGTON DE CLIMATE SUMMARY FOR JANUARY 19 2017...

CLIMATE NORMAL PERIOD 1981 TO 2010
CLIMATE RECORD PERIOD 1894 TO 2017


WEATHER ITEM   OBSERVED TIME   RECORD YEAR NORMAL DEPARTURE LAST
                VALUE   (LST)  VALUE       VALUE  FROM      YEAR
                                                  NORMAL
..................................................................
TEMPERATURE (F)
 YESTERDAY
  MAXIMUM         51   1137 AM  66    1951  40     11       28
  MINIMUM         34   1159 PM  -5    1994  24     10       15
  AVERAGE         43                        32     11       22

PRECIPITATION (IN)
  YESTERDAY        0.00          1.17 1986   0.10  -0.10     0.00
  MONTH TO DATE    1.91                      1.84   0.07     1.13
  SINCE DEC 1      4.50                      5.32  -0.82     6.34
  SINCE JAN 1      1.91                      1.84   0.07     1.13

SNOWFALL (IN)
  YESTERDAY        0.0           8.9  1961   0.2   -0.2      0.0
  MONTH TO DATE    4.0                       3.0    1.0      0.8
  SINCE DEC 1      4.0                       6.4   -2.4      0.8
  SINCE JUL 1      4.0                       6.8   -2.8      0.8
  SNOW DEPTH       0

DEGREE DAYS
 HEATING
  YESTERDAY       22                        33    -11       43
  MONTH TO DATE  549                       621    -72      588
  SINCE DEC 1   1380                      1500   -120     1065
  SINCE JUL 1   2104                      2398   -294     1769

 COOLING
  YESTERDAY        0                         0      0        0
  MONTH TO DATE    0                         0      0        0
  SINCE DEC 1      0                         0      0        1
  SINCE JAN 1      0                         0      0        0
..................................................................


WIND (MPH)
  HIGHEST WIND SPEED    14   HIGHEST WIND DIRECTION     W (290)
  HIGHEST GUST SPEED    17   HIGHEST GUST DIRECTION    NW (320)
  AVERAGE WIND SPEED     6.4


SKY COVER
  POSSIBLE SUNSHINE  MM
  AVERAGE SKY COVER 0.6


WEATHER CONDITIONS
 THE FOLLOWING WEATHER WAS RECORDED YESTERDAY.
  NO SIGNIFICANT WEATHER WAS OBSERVED.


RELATIVE HUMIDITY (PERCENT)
 HIGHEST    85          1000 PM
 LOWEST     61          1100 AM
 AVERAGE    73

..........................................................


THE WILMINGTON DE CLIMATE NORMALS FOR TODAY
                         NORMAL    RECORD    YEAR
 MAXIMUM TEMPERATURE (F)   40        66      1951
 MINIMUM TEMPERATURE (F)   24        -8      1985


SUNRISE AND SUNSET
JANUARY 20 2017.......SUNRISE   719 AM EST   SUNSET   508 PM EST
JANUARY 21 2017.......SUNRISE   718 AM EST   SUNSET   510 PM EST


-  INDICATES NEGATIVE NUMBERS.
R  INDICATES RECORD WAS SET OR TIED.
MM INDICATES DATA IS MISSING.
T  INDICATES TRACE AMOUNT.




$$
