000
CDUS41 KPHI 232129
CLIILG


CLIMATE REPORT
NATIONAL WEATHER SERVICE MOUNT HOLLY NJ
429 PM EST FRI FEB 23 2018


...................................

...THE WILMINGTON DE CLIMATE SUMMARY FOR FEBRUARY 23 2018...
VALID TODAY AS OF 0400 PM LOCAL TIME.

CLIMATE NORMAL PERIOD 1981 TO 2010
CLIMATE RECORD PERIOD 1894 TO 2018


WEATHER ITEM   OBSERVED TIME   RECORD YEAR NORMAL DEPARTURE LAST
                VALUE   (LST)  VALUE       VALUE  FROM      YEAR
                                                  NORMAL
..................................................................
TEMPERATURE (F)
 TODAY
  MAXIMUM         44    359 PM  73    2017  46     -2       73
  MINIMUM         38    923 AM   7    1963  28     10       43
  AVERAGE         41                        37      4       58

PRECIPITATION (IN)
  TODAY            0.49          2.00 1902   0.10   0.39     0.00
  MONTH TO DATE    5.48                      2.19   3.29     0.86
  SINCE DEC 1      9.15                      8.68   0.47     6.12
  SINCE JAN 1      7.92                      5.20   2.72     3.53

SNOWFALL (IN)
  TODAY            0.0          12.4  1987   0.2   -0.2      0.0
  MONTH TO DATE    2.5                       7.2   -4.7      1.1
  SINCE DEC 1     13.8                      16.5   -2.7      5.6
  SINCE JUL 1     13.8                      16.9   -3.1      5.6
  SNOW DEPTH       0

DEGREE DAYS
 HEATING
  TODAY           24                        28     -4        7
  MONTH TO DATE  579                       699   -120      533
  SINCE DEC 1   2540                      2588    -48     2205
  SINCE JUL 1   3268                      3486   -218     2929

 COOLING
  TODAY            0                         0      0        0
  MONTH TO DATE    0                         0      0        0
  SINCE DEC 1      0                         0      0        0
  SINCE JAN 1      0                         0      0        0
..................................................................


WIND (MPH)
  HIGHEST WIND SPEED    15   HIGHEST WIND DIRECTION    NE (60)
  HIGHEST GUST SPEED    18   HIGHEST GUST DIRECTION    NE (60)
  AVERAGE WIND SPEED     8.1


SKY COVER
  POSSIBLE SUNSHINE  MM
  AVERAGE SKY COVER 1.0


WEATHER CONDITIONS
 THE FOLLOWING WEATHER WAS RECORDED TODAY.
  HEAVY RAIN
  RAIN
  LIGHT RAIN
  FOG


RELATIVE HUMIDITY (PERCENT)
 HIGHEST   100           500 AM
 LOWEST     92          1200 AM
 AVERAGE    96

..........................................................


THE WILMINGTON DE CLIMATE NORMALS FOR TOMORROW
                         NORMAL    RECORD    YEAR
 MAXIMUM TEMPERATURE (F)   46        78      1985
 MINIMUM TEMPERATURE (F)   28         6      2015
                                             1923


SUNRISE AND SUNSET
FEBRUARY 23 2018......SUNRISE   644 AM EST   SUNSET   548 PM EST
FEBRUARY 24 2018......SUNRISE   643 AM EST   SUNSET   549 PM EST


-  INDICATES NEGATIVE NUMBERS.
R  INDICATES RECORD WAS SET OR TIED.
MM INDICATES DATA IS MISSING.
T  INDICATES TRACE AMOUNT.




$$
