000
CDUS41 KPHI 300633
CLIILG


CLIMATE REPORT
NATIONAL WEATHER SERVICE MOUNT HOLLY NJ
232 AM EDT THU JUL 30 2015


...................................

...THE WILMINGTON DE CLIMATE SUMMARY FOR JULY 29 2015...

CLIMATE NORMAL PERIOD 1981 TO 2010
CLIMATE RECORD PERIOD 1894 TO 2015


WEATHER ITEM   OBSERVED TIME   RECORD YEAR NORMAL DEPARTURE LAST
                VALUE   (LST)  VALUE       VALUE  FROM      YEAR
                                                  NORMAL
..................................................................
TEMPERATURE (F)
 YESTERDAY
  MAXIMUM         89    340 PM  99    1896  86      3       76
                                      1894
  MINIMUM         73    519 AM  57    1920  68      5       60
  AVERAGE         81                        77      4       68

PRECIPITATION (IN)
  YESTERDAY        0.00          1.85 1913   0.14  -0.14     0.00
  MONTH TO DATE    1.87                      4.29  -2.42     5.94
  SINCE JUN 1     14.39                      8.17   6.22    10.97
  SINCE JAN 1     33.07                     25.23   7.84    33.30

SNOWFALL (IN)
  YESTERDAY        0.0           0.0  1894   0.0    0.0      0.0
  MONTH TO DATE    0.0                       0.0    0.0      0.0
  SINCE JUN 1      0.0                       0.0    0.0      0.0
  SINCE JUL 1      0.0                       0.0    0.0      0.0
  SNOW DEPTH       0

DEGREE DAYS
 HEATING
  YESTERDAY        0                         0      0        0
  MONTH TO DATE    0                         0      0        0
  SINCE JUN 1     18                        15      3        2
  SINCE JUL 1      0                         0      0        0

 COOLING
  YESTERDAY       16                        12      4        3
  MONTH TO DATE  343                       344     -1      341
  SINCE JUN 1    611                       575     36      581
  SINCE JAN 1    779                       654    125      648
..................................................................


WIND (MPH)
  HIGHEST WIND SPEED    18   HIGHEST WIND DIRECTION    SE (150)
  HIGHEST GUST SPEED    20   HIGHEST GUST DIRECTION    SE (150)
  AVERAGE WIND SPEED     6.2


SKY COVER
  POSSIBLE SUNSHINE  MM
  AVERAGE SKY COVER 0.1


WEATHER CONDITIONS
 THE FOLLOWING WEATHER WAS RECORDED YESTERDAY.
  FOG
  HAZE


RELATIVE HUMIDITY (PERCENT)
 HIGHEST    94           100 AM
 LOWEST     59           500 PM
 AVERAGE    77

..........................................................


THE WILMINGTON DE CLIMATE NORMALS FOR TODAY
                         NORMAL    RECORD    YEAR
 MAXIMUM TEMPERATURE (F)   86        97      1954
 MINIMUM TEMPERATURE (F)   68        55      1956


SUNRISE AND SUNSET
JULY 30 2015..........SUNRISE   600 AM EDT   SUNSET   818 PM EDT
JULY 31 2015..........SUNRISE   600 AM EDT   SUNSET   817 PM EDT


-  INDICATES NEGATIVE NUMBERS.
R  INDICATES RECORD WAS SET OR TIED.
MM INDICATES DATA IS MISSING.
T  INDICATES TRACE AMOUNT.




$$
