000
CDUS41 KPHI 030630
CLIILG


CLIMATE REPORT
NATIONAL WEATHER SERVICE MOUNT HOLLY NJ
229 AM EDT FRI JUL 3 2015


...................................

...THE WILMINGTON DE CLIMATE SUMMARY FOR JULY 2 2015...

CLIMATE NORMAL PERIOD 1981 TO 2010
CLIMATE RECORD PERIOD 1894 TO 2015


WEATHER ITEM   OBSERVED TIME   RECORD YEAR NORMAL DEPARTURE LAST
                VALUE   (LST)  VALUE       VALUE  FROM      YEAR
                                                  NORMAL
..................................................................
TEMPERATURE (F)
 YESTERDAY
  MAXIMUM         74    409 PM  98    1966  86    -12       92
                                      1941
  MINIMUM         63    425 AM  50    1952  67     -4       75
  AVERAGE         69                        76     -7       84

PRECIPITATION (IN)
  YESTERDAY        0.06          1.67 1986   0.15  -0.09     0.03
  MONTH TO DATE    0.23                      0.29  -0.06     0.03
  SINCE JUN 1     12.75                      4.17   8.58     5.06
  SINCE JAN 1     31.43                     21.23  10.20    27.39

SNOWFALL (IN)
  YESTERDAY        0.0           0.0  1894   0.0    0.0      0.0
  MONTH TO DATE    0.0                       0.0    0.0      0.0
  SINCE JUN 1      0.0                       0.0    0.0      0.0
  SINCE JUL 1      0.0                       0.0    0.0      0.0
  SNOW DEPTH       0

DEGREE DAYS
 HEATING
  YESTERDAY        0                         0      0        0
  MONTH TO DATE    0                         0      0        0
  SINCE JUN 1     18                        15      3        2
  SINCE JUL 1      0                         0      0        0

 COOLING
  YESTERDAY        4                        11     -7       19
  MONTH TO DATE   15                        22     -7       36
  SINCE JUN 1    283                       253     30      276
  SINCE JAN 1    451                       332    119      343
..................................................................


WIND (MPH)
  HIGHEST WIND SPEED     9   HIGHEST WIND DIRECTION     E (70)
  HIGHEST GUST SPEED    11   HIGHEST GUST DIRECTION     E (70)
  AVERAGE WIND SPEED     3.1


SKY COVER
  POSSIBLE SUNSHINE  MM
  AVERAGE SKY COVER 0.6


WEATHER CONDITIONS
 THE FOLLOWING WEATHER WAS RECORDED YESTERDAY.
  RAIN
  LIGHT RAIN
  FOG
  HAZE


RELATIVE HUMIDITY (PERCENT)
 HIGHEST   100          1100 PM
 LOWEST     73          1200 PM
 AVERAGE    87

..........................................................


THE WILMINGTON DE CLIMATE NORMALS FOR TODAY
                         NORMAL    RECORD    YEAR
 MAXIMUM TEMPERATURE (F)   86       102      1966
 MINIMUM TEMPERATURE (F)   67        49      1929


SUNRISE AND SUNSET
JULY  3 2015..........SUNRISE   539 AM EDT   SUNSET   834 PM EDT
JULY  4 2015..........SUNRISE   540 AM EDT   SUNSET   834 PM EDT


-  INDICATES NEGATIVE NUMBERS.
R  INDICATES RECORD WAS SET OR TIED.
MM INDICATES DATA IS MISSING.
T  INDICATES TRACE AMOUNT.




$$
