000
CDUS41 KPHI 222133
CLIILG


CLIMATE REPORT
NATIONAL WEATHER SERVICE MOUNT HOLLY NJ
430 PM EST MON DEC 22 2014


...................................

...THE WILMINGTON DE CLIMATE SUMMARY FOR DECEMBER 22 2014...
VALID TODAY AS OF 0400 PM LOCAL TIME.

CLIMATE NORMAL PERIOD 1981 TO 2010
CLIMATE RECORD PERIOD 1894 TO 2014


WEATHER ITEM   OBSERVED TIME   RECORD YEAR NORMAL DEPARTURE LAST
                VALUE   (LST)  VALUE       VALUE  FROM      YEAR
                                                  NORMAL
..................................................................
TEMPERATURE (F)
 TODAY
  MAXIMUM         42    359 PM  70    2013  43     -1       70
  MINIMUM         22    649 AM   5    1989  27     -5       55
  AVERAGE         32                        35     -3       63

PRECIPITATION (IN)
  TODAY            T             1.63 1902   0.11  -0.11     0.02
  MONTH TO DATE    1.84                      2.59  -0.75     3.24
  SINCE DEC 1      1.84                      2.59  -0.75     3.24
  SINCE JAN 1     49.74                     42.19   7.55    46.37

SNOWFALL (IN)
  TODAY            0.0           0.5  1969   0.1   -0.1      0.0
                                      1959
  MONTH TO DATE    0.2                       2.3   -2.1     11.9
  SINCE DEC 1      0.2                       2.3   -2.1     11.9
  SINCE JUL 1      0.5                       2.7   -2.2     11.9
  SNOW DEPTH       0

DEGREE DAYS
 HEATING
  TODAY           33                        30      3        2
  MONTH TO DATE  568                       598    -30      587
  SINCE DEC 1    568                       598    -30      587
  SINCE JUL 1   1457                      1496    -39     1508

 COOLING
  TODAY            0                         0      0        0
  MONTH TO DATE    0                         0      0        0
  SINCE DEC 1      0                         0      0        0
  SINCE JAN 1   1073                      1145    -72     1241
..................................................................


WIND (MPH)
  HIGHEST WIND SPEED    12   HIGHEST WIND DIRECTION    NE (50)
  HIGHEST GUST SPEED    14   HIGHEST GUST DIRECTION    NE (40)
  AVERAGE WIND SPEED     4.7


SKY COVER
  POSSIBLE SUNSHINE  MM
  AVERAGE SKY COVER 0.4


WEATHER CONDITIONS
 THE FOLLOWING WEATHER WAS RECORDED TODAY.
  LIGHT RAIN
  FOG
  HAZE


RELATIVE HUMIDITY (PERCENT)
 HIGHEST    88           400 AM
 LOWEST     70          1200 PM
 AVERAGE    79

..........................................................


THE WILMINGTON DE CLIMATE NORMALS FOR TOMORROW
                         NORMAL    RECORD    YEAR
 MAXIMUM TEMPERATURE (F)   42        66      1990
 MINIMUM TEMPERATURE (F)   27         4      1989


SUNRISE AND SUNSET
DECEMBER 22 2014......SUNRISE   720 AM EST   SUNSET   442 PM EST
DECEMBER 23 2014......SUNRISE   721 AM EST   SUNSET   442 PM EST


-  INDICATES NEGATIVE NUMBERS.
R  INDICATES RECORD WAS SET OR TIED.
MM INDICATES DATA IS MISSING.
T  INDICATES TRACE AMOUNT.




$$
