000
CDUS41 KPHI 290628
CLIILG


CLIMATE REPORT
NATIONAL WEATHER SERVICE MOUNT HOLLY NJ
228 AM EDT THU JUN 29 2017


...................................

...THE WILMINGTON DE CLIMATE SUMMARY FOR JUNE 28 2017...

CLIMATE NORMAL PERIOD 1981 TO 2010
CLIMATE RECORD PERIOD 1894 TO 2017


WEATHER ITEM   OBSERVED TIME   RECORD YEAR NORMAL DEPARTURE LAST
                VALUE   (LST)  VALUE       VALUE  FROM      YEAR
                                                  NORMAL
..................................................................
TEMPERATURE (F)
 YESTERDAY
  MAXIMUM         81    228 PM  97    1898  85     -4       82
  MINIMUM         56    500 AM  53    1970  66    -10       71
  AVERAGE         69                        76     -7       77

PRECIPITATION (IN)
  YESTERDAY        0.00          1.85 2006   0.12  -0.12      T
  MONTH TO DATE    3.99                      3.62   0.37     3.69
  SINCE JUN 1      3.99                      3.62   0.37     3.69
  SINCE JAN 1     21.17                     20.68   0.49    21.36

SNOWFALL (IN)
  YESTERDAY        0.0           0.0  1894   0.0    0.0      0.0
  MONTH TO DATE    0.0                       0.0    0.0      0.0
  SINCE JUN 1      0.0                       0.0    0.0      0.0
  SINCE JUL 1      9.0                      20.2  -11.2     25.4
  SNOW DEPTH       0

DEGREE DAYS
 HEATING
  YESTERDAY        0                         0      0        0
  MONTH TO DATE   10                        13     -3        5
  SINCE JUN 1     10                        13     -3        5
  SINCE JUL 1   4087                      4817   -730     4065

 COOLING
  YESTERDAY        4                        10     -6       12
  MONTH TO DATE  236                       209     27      210
  SINCE JUN 1    236                       209     27      210
  SINCE JAN 1    327                       288     39      302
..................................................................


WIND (MPH)
  HIGHEST WIND SPEED    14   HIGHEST WIND DIRECTION    NW (300)
  HIGHEST GUST SPEED    18   HIGHEST GUST DIRECTION    NW (330)
  AVERAGE WIND SPEED     6.6


SKY COVER
  POSSIBLE SUNSHINE  MM
  AVERAGE SKY COVER 0.1


WEATHER CONDITIONS
 THE FOLLOWING WEATHER WAS RECORDED YESTERDAY.
  NO SIGNIFICANT WEATHER WAS OBSERVED.


RELATIVE HUMIDITY (PERCENT)
 HIGHEST    83           400 AM
 LOWEST     32           100 PM
 AVERAGE    58

..........................................................


THE WILMINGTON DE CLIMATE NORMALS FOR TODAY
                         NORMAL    RECORD    YEAR
 MAXIMUM TEMPERATURE (F)   85        98      1959
                                             1894
 MINIMUM TEMPERATURE (F)   66        50      1937


SUNRISE AND SUNSET
JUNE 29 2017..........SUNRISE   538 AM EDT   SUNSET   834 PM EDT
JUNE 30 2017..........SUNRISE   538 AM EDT   SUNSET   834 PM EDT


-  INDICATES NEGATIVE NUMBERS.
R  INDICATES RECORD WAS SET OR TIED.
MM INDICATES DATA IS MISSING.
T  INDICATES TRACE AMOUNT.




$$
