000
CDUS41 KPHI 290629
CLIILG


CLIMATE REPORT
NATIONAL WEATHER SERVICE MOUNT HOLLY NJ
228 AM EDT SAT APR 29 2017


...................................

...THE WILMINGTON DE CLIMATE SUMMARY FOR APRIL 28 2017...

CLIMATE NORMAL PERIOD 1981 TO 2010
CLIMATE RECORD PERIOD 1894 TO 2017


WEATHER ITEM   OBSERVED TIME   RECORD YEAR NORMAL DEPARTURE LAST
                VALUE   (LST)  VALUE       VALUE  FROM      YEAR
                                                  NORMAL
..................................................................
TEMPERATURE (F)
 YESTERDAY
  MAXIMUM         84    302 PM  89    1990  68     16       54
  MINIMUM         60    536 AM  30    1934  47     13       45
  AVERAGE         72                        57     15       50

PRECIPITATION (IN)
  YESTERDAY        0.02          1.65 1928   0.12  -0.10     0.15
  MONTH TO DATE    2.32                      3.28  -0.96     1.81
  SINCE MAR 1      7.30                      7.20   0.10     3.61
  SINCE JAN 1     11.32                     12.89  -1.57    10.34

SNOWFALL (IN)
  YESTERDAY        0.0           0.0  1894   0.0    0.0      0.0
  MONTH TO DATE    0.0                       0.3   -0.3       T
  SINCE MAR 1      3.4                       2.2    1.2      2.7
  SINCE JUL 1      9.0                      20.2  -11.2     25.4
  SNOW DEPTH       0

DEGREE DAYS
 HEATING
  YESTERDAY        0                         8     -8       15
  MONTH TO DATE  210                       347   -137      352
  SINCE MAR 1    927                      1030   -103      854
  SINCE JUL 1   3929                      4653   -724     3862

 COOLING
  YESTERDAY        7                         1      6        0
  MONTH TO DATE   19                         8     11       12
  SINCE MAR 1     19                         9     10       14
  SINCE JAN 1     19                         9     10       14
..................................................................


WIND (MPH)
  HIGHEST WIND SPEED    17   HIGHEST WIND DIRECTION     W (260)
  HIGHEST GUST SPEED    24   HIGHEST GUST DIRECTION    SW (240)
  AVERAGE WIND SPEED     6.4


SKY COVER
  POSSIBLE SUNSHINE  MM
  AVERAGE SKY COVER 0.1


WEATHER CONDITIONS
 THE FOLLOWING WEATHER WAS RECORDED YESTERDAY.
  LIGHT RAIN
  FOG
  FOG W/VISIBILITY <= 1/4 MILE


RELATIVE HUMIDITY (PERCENT)
 HIGHEST   100           500 AM
 LOWEST     39          1200 PM
 AVERAGE    70

..........................................................


THE WILMINGTON DE CLIMATE NORMALS FOR TODAY
                         NORMAL    RECORD    YEAR
 MAXIMUM TEMPERATURE (F)   68        91      1974
 MINIMUM TEMPERATURE (F)   47        31      1922


SUNRISE AND SUNSET
APRIL 29 2017.........SUNRISE   605 AM EDT   SUNSET   755 PM EDT
APRIL 30 2017.........SUNRISE   604 AM EDT   SUNSET   756 PM EDT


-  INDICATES NEGATIVE NUMBERS.
R  INDICATES RECORD WAS SET OR TIED.
MM INDICATES DATA IS MISSING.
T  INDICATES TRACE AMOUNT.




$$
