000
CDUS41 KPHI 242128
CLIILG


CLIMATE REPORT
NATIONAL WEATHER SERVICE MOUNT HOLLY NJ
427 PM EST FRI NOV 24 2017


...................................

...THE WILMINGTON DE CLIMATE SUMMARY FOR NOVEMBER 24 2017...
VALID TODAY AS OF 0400 PM LOCAL TIME.

CLIMATE NORMAL PERIOD 1981 TO 2010
CLIMATE RECORD PERIOD 1894 TO 2017


WEATHER ITEM   OBSERVED TIME   RECORD YEAR NORMAL DEPARTURE LAST
                VALUE   (LST)  VALUE       VALUE  FROM      YEAR
                                                  NORMAL
..................................................................
TEMPERATURE (F)
 TODAY
  MAXIMUM         51    313 PM  73    1979  52     -1       54
  MINIMUM         26    649 AM  16    1956  35     -9       39
  AVERAGE         39                        44     -5       47

PRECIPITATION (IN)
  TODAY            0.00          1.08 1911   0.11  -0.11      T
  MONTH TO DATE    1.37                      2.42  -1.05     0.44
  SINCE SEP 1      6.51                     10.16  -3.65     7.46
  SINCE JAN 1     38.65                     38.92  -0.27    36.72

SNOWFALL (IN)
  TODAY            0.0           0.5  1935   0.0    0.0      0.0
  MONTH TO DATE    0.0                       0.1   -0.1      0.0
  SINCE SEP 1      0.0                       0.1   -0.1      0.0
  SINCE JUL 1      0.0                       0.1   -0.1      0.0
  SNOW DEPTH       0

DEGREE DAYS
 HEATING
  TODAY           26                        21      5       18
  MONTH TO DATE  442                       420     22      387
  SINCE SEP 1    612                       762   -150      625
  SINCE JUL 1    612                       764   -152      625

 COOLING
  TODAY            0                         0      0        0
  MONTH TO DATE    0                         0      0        0
  SINCE SEP 1    258                       152    106      268
  SINCE JAN 1   1304                      1145    159     1489
..................................................................


WIND (MPH)
  HIGHEST WIND SPEED     9   HIGHEST WIND DIRECTION     S (160)
  HIGHEST GUST SPEED    13   HIGHEST GUST DIRECTION    SE (150)
  AVERAGE WIND SPEED     2.6


SKY COVER
  POSSIBLE SUNSHINE  MM
  AVERAGE SKY COVER 0.0


WEATHER CONDITIONS
 THE FOLLOWING WEATHER WAS RECORDED TODAY.
  NO SIGNIFICANT WEATHER WAS OBSERVED.


RELATIVE HUMIDITY (PERCENT)
 HIGHEST    92           500 AM
 LOWEST     41           200 PM
 AVERAGE    67

..........................................................


THE WILMINGTON DE CLIMATE NORMALS FOR TOMORROW
                         NORMAL    RECORD    YEAR
 MAXIMUM TEMPERATURE (F)   52        74      1973
 MINIMUM TEMPERATURE (F)   35        18      1970


SUNRISE AND SUNSET
NOVEMBER 24 2017......SUNRISE   657 AM EST   SUNSET   441 PM EST
NOVEMBER 25 2017......SUNRISE   658 AM EST   SUNSET   441 PM EST


-  INDICATES NEGATIVE NUMBERS.
R  INDICATES RECORD WAS SET OR TIED.
MM INDICATES DATA IS MISSING.
T  INDICATES TRACE AMOUNT.




$$
