000
CDUS41 KPHI 302129
CLIILG


CLIMATE REPORT
NATIONAL WEATHER SERVICE MOUNT HOLLY NJ
528 PM EDT SAT MAY 30 2015


...................................

...THE WILMINGTON DE CLIMATE SUMMARY FOR MAY 30 2015...
VALID TODAY AS OF 0500 PM LOCAL TIME.

CLIMATE NORMAL PERIOD 1981 TO 2010
CLIMATE RECORD PERIOD 1894 TO 2015


WEATHER ITEM   OBSERVED TIME   RECORD YEAR NORMAL DEPARTURE LAST
                VALUE   (LST)  VALUE       VALUE  FROM      YEAR
                                                  NORMAL
..................................................................
TEMPERATURE (F)
 TODAY
  MAXIMUM         84    227 PM  98    1895  77      7       74
  MINIMUM         67    512 AM  41    1961  57     10       55
  AVERAGE         76                        67      9       65

PRECIPITATION (IN)
  TODAY            0.00          1.10 1983   0.14  -0.14     0.01
  MONTH TO DATE    2.39                      3.81  -1.42     3.09
  SINCE MAR 1     12.07                     11.23   0.84    13.75
  SINCE JAN 1     18.68                     16.92   1.76    22.33

SNOWFALL (IN)
  TODAY            0.0           0.0  1894   0.0    0.0      0.0
  MONTH TO DATE    0.0                       0.0    0.0      0.0
  SINCE MAR 1      8.6                       2.2    6.4      7.7
  SINCE JUL 1     23.4                      20.2    3.2     56.1
  SNOW DEPTH       0

DEGREE DAYS
 HEATING
  TODAY            0                         2     -2        0
  MONTH TO DATE   56                       132    -76       76
  SINCE MAR 1   1218                      1178     40     1270
  SINCE JUL 1   5057                      4801    256     5125

 COOLING
  TODAY           11                         4      7        0
  MONTH TO DATE  150                        63     87       58
  SINCE MAR 1    154                        75     79       65
  SINCE JAN 1    154                        75     79       65
..................................................................


WIND (MPH)
  HIGHEST WIND SPEED    21   HIGHEST WIND DIRECTION     S (170)
  HIGHEST GUST SPEED    26   HIGHEST GUST DIRECTION     W (250)
  AVERAGE WIND SPEED     9.9


SKY COVER
  POSSIBLE SUNSHINE  MM
  AVERAGE SKY COVER 0.5


WEATHER CONDITIONS
 THE FOLLOWING WEATHER WAS RECORDED TODAY.
  NO SIGNIFICANT WEATHER WAS OBSERVED.


RELATIVE HUMIDITY (PERCENT)
 HIGHEST    93           200 AM
 LOWEST     63           300 PM
 AVERAGE    78

..........................................................


THE WILMINGTON DE CLIMATE NORMALS FOR TOMORROW
                         NORMAL    RECORD    YEAR
 MAXIMUM TEMPERATURE (F)   77        96      2011
                                             1895
 MINIMUM TEMPERATURE (F)   58        41      1938


SUNRISE AND SUNSET
MAY 30 2015...........SUNRISE   538 AM EDT   SUNSET   823 PM EDT
MAY 31 2015...........SUNRISE   537 AM EDT   SUNSET   823 PM EDT


-  INDICATES NEGATIVE NUMBERS.
R  INDICATES RECORD WAS SET OR TIED.
MM INDICATES DATA IS MISSING.
T  INDICATES TRACE AMOUNT.




$$
