000
CDUS42 KILM 200845
CLIILM


CLIMATE REPORT
NATIONAL WEATHER SERVICE WILMINGTON NC
444 AM EDT SUN APR 20 2014


...................................

...THE WILMINGTON NC CLIMATE SUMMARY FOR APRIL 19 2014...

CLIMATE NORMAL PERIOD 1981 TO 2010
CLIMATE RECORD PERIOD 1871 TO 2014


WEATHER ITEM   OBSERVED TIME   RECORD YEAR NORMAL DEPARTURE LAST
                VALUE   (LST)  VALUE       VALUE  FROM      YEAR
                                                  NORMAL
..................................................................
TEMPERATURE (F)
 YESTERDAY
  MAXIMUM         59    214 PM  89    1968  75    -16       81
                                      1958
  MINIMUM         51   1042 PM  28    1875  53     -2       67
  AVERAGE         55                        64     -9       74

PRECIPITATION (IN)
  YESTERDAY        3.16          3.32 1951   0.09   3.07     1.17
  MONTH TO DATE    4.28                      1.78   2.50     4.05
  SINCE MAR 1     10.67                      5.99   4.68     6.49
  SINCE JAN 1     16.13                     13.37   2.76    13.76

SNOWFALL (IN)
  YESTERDAY        0.0          MM      MM   0.0    0.0      0.0
  MONTH TO DATE    0.0                       0.0    0.0      0.0
  SINCE MAR 1      0.0                       0.2   -0.2      0.0
  SINCE JUL 1      1.0                       1.7   -0.7       T
  SNOW DEPTH       0

DEGREE DAYS
 HEATING
  YESTERDAY       10                         4      6        0
  MONTH TO DATE   68                       101    -33       84
  SINCE MAR 1    481                       424     57      554
  SINCE JUL 1   2415                      2353     62     2361

 COOLING
  YESTERDAY        0                         2     -2        9
  MONTH TO DATE   58                        32     26       43
  SINCE MAR 1     60                        48     12       45
  SINCE JAN 1     65                        53     12       57
..................................................................


WIND (MPH)
  HIGHEST WIND SPEED    28   HIGHEST WIND DIRECTION    NE (30)
  HIGHEST GUST SPEED    42   HIGHEST GUST DIRECTION     N (20)
  AVERAGE WIND SPEED    16.7


SKY COVER
  POSSIBLE SUNSHINE  MM
  AVERAGE SKY COVER 1.0


WEATHER CONDITIONS
 THE FOLLOWING WEATHER WAS RECORDED YESTERDAY.
  HEAVY RAIN
  RAIN
  LIGHT RAIN
  FOG
  HAZE


RELATIVE HUMIDITY (PERCENT)
 HIGHEST    93           200 AM
 LOWEST     80           400 PM
 AVERAGE    87

..........................................................


THE WILMINGTON NC CLIMATE NORMALS FOR TODAY
                         NORMAL    RECORD    YEAR
 MAXIMUM TEMPERATURE (F)   75        91      1995
 MINIMUM TEMPERATURE (F)   53        30      1983


SUNRISE AND SUNSET
APRIL 20 2014.........SUNRISE   634 AM EDT   SUNSET   747 PM EDT
APRIL 21 2014.........SUNRISE   633 AM EDT   SUNSET   748 PM EDT


-  INDICATES NEGATIVE NUMBERS.
R  INDICATES RECORD WAS SET OR TIED.
MM INDICATES DATA IS MISSING.
T  INDICATES TRACE AMOUNT.




$$
