000
CDUS42 KILM 070840
CLIILM


CLIMATE REPORT
NATIONAL WEATHER SERVICE WILMINGTON NC
440 AM EDT TUE JUL 7 2015


...................................

...THE WILMINGTON NC CLIMATE SUMMARY FOR JULY 6 2015...

CLIMATE NORMAL PERIOD 1981 TO 2010
CLIMATE RECORD PERIOD 1871 TO 2015


WEATHER ITEM   OBSERVED TIME   RECORD YEAR NORMAL DEPARTURE LAST
                VALUE   (LST)  VALUE       VALUE  FROM      YEAR
                                                  NORMAL
..................................................................
TEMPERATURE (F)
 YESTERDAY
  MAXIMUM         90    230 PM 100    1902  90      0       84
  MINIMUM         76    621 AM  61    1988  72      4       65
  AVERAGE         83                        81      2       75

PRECIPITATION (IN)
  YESTERDAY        T             6.51 2009   0.20  -0.20     0.00
  MONTH TO DATE    0.20                      1.25  -1.05     3.76
  SINCE JUN 1      7.31                      6.43   0.88     6.24
  SINCE JAN 1     27.88                     25.33   2.55    25.48

DEGREE DAYS
 HEATING
  YESTERDAY        0                         0      0        0
  MONTH TO DATE    0                         0      0        0
  SINCE JUN 1      0                         2     -2        0
  SINCE JUL 1      0                         0      0        0

 COOLING
  YESTERDAY       18                        16      2       10
  MONTH TO DATE  102                        96      6       85
  SINCE JUN 1    596                       481    115      525
  SINCE JAN 1    889                       762    127      932
..................................................................


WIND (MPH)
  HIGHEST WIND SPEED    17   HIGHEST WIND DIRECTION     S (180)
  HIGHEST GUST SPEED    21   HIGHEST GUST DIRECTION     S (190)
  AVERAGE WIND SPEED     7.7


SKY COVER
  POSSIBLE SUNSHINE  MM
  AVERAGE SKY COVER 0.0


WEATHER CONDITIONS
 THE FOLLOWING WEATHER WAS RECORDED YESTERDAY.
  THUNDERSTORM
  LIGHT RAIN


RELATIVE HUMIDITY (PERCENT)
 HIGHEST    94           300 AM
 LOWEST     50          1200 PM
 AVERAGE    72

..........................................................


THE WILMINGTON NC CLIMATE NORMALS FOR TODAY
                         NORMAL    RECORD    YEAR
 MAXIMUM TEMPERATURE (F)   90       102      1977
 MINIMUM TEMPERATURE (F)   73        59      1988


SUNRISE AND SUNSET
JULY  7 2015..........SUNRISE   606 AM EDT   SUNSET   827 PM EDT
JULY  8 2015..........SUNRISE   607 AM EDT   SUNSET   827 PM EDT


-  INDICATES NEGATIVE NUMBERS.
R  INDICATES RECORD WAS SET OR TIED.
MM INDICATES DATA IS MISSING.
T  INDICATES TRACE AMOUNT.




$$
