000
CDUS42 KILM 230841
CLIILM


CLIMATE REPORT
NATIONAL WEATHER SERVICE WILMINGTON NC
440 AM EDT TUE SEP 23 2014


...................................

...THE WILMINGTON NC CLIMATE SUMMARY FOR SEPTEMBER 22 2014...

CLIMATE NORMAL PERIOD 1981 TO 2010
CLIMATE RECORD PERIOD 1871 TO 2014


WEATHER ITEM   OBSERVED TIME   RECORD YEAR NORMAL DEPARTURE LAST
                VALUE   (LST)  VALUE       VALUE  FROM      YEAR
                                                  NORMAL
..................................................................
TEMPERATURE (F)
 YESTERDAY
  MAXIMUM         81    351 PM  96    1895  82     -1       77
  MINIMUM         67   1159 PM  48    1918  64      3       68
                                      1889
  AVERAGE         74                        73      1       73

PRECIPITATION (IN)
  YESTERDAY        0.04          3.97 1952   0.24  -0.20     0.58
  MONTH TO DATE    5.36                      5.89  -0.53     0.97
  SINCE SEP 1      5.36                      5.89  -0.53     0.97
  SINCE JAN 1     47.87                     44.86   3.01    43.46

DEGREE DAYS
 HEATING
  YESTERDAY        0                         0      0        0
  MONTH TO DATE    0                         0      0        0
  SINCE SEP 1      0                         0      0        0
  SINCE JUL 1      0                         0      0        0

 COOLING
  YESTERDAY        9                         8      1        8
  MONTH TO DATE  270                       239     31      251
  SINCE SEP 1    270                       239     31      251
  SINCE JAN 1   2027                      1862    165     1741
..................................................................


WIND (MPH)
  HIGHEST WIND SPEED    14   HIGHEST WIND DIRECTION     N (360)
  HIGHEST GUST SPEED    18   HIGHEST GUST DIRECTION     N (350)
  AVERAGE WIND SPEED     6.0


SKY COVER
  POSSIBLE SUNSHINE  MM
  AVERAGE SKY COVER 0.5


WEATHER CONDITIONS
 THE FOLLOWING WEATHER WAS RECORDED YESTERDAY.
  LIGHT RAIN
  FOG


RELATIVE HUMIDITY (PERCENT)
 HIGHEST    90           900 PM
 LOWEST     45           200 PM
 AVERAGE    68

..........................................................


THE WILMINGTON NC CLIMATE NORMALS FOR TODAY
                         NORMAL    RECORD    YEAR
 MAXIMUM TEMPERATURE (F)   82        94      1980
                                             1895
 MINIMUM TEMPERATURE (F)   63        46      1999


SUNRISE AND SUNSET
SEPTEMBER 23 2014.....SUNRISE   700 AM EDT   SUNSET   707 PM EDT
SEPTEMBER 24 2014.....SUNRISE   701 AM EDT   SUNSET   706 PM EDT


-  INDICATES NEGATIVE NUMBERS.
R  INDICATES RECORD WAS SET OR TIED.
MM INDICATES DATA IS MISSING.
T  INDICATES TRACE AMOUNT.




$$
