000
CDUS42 KILM 230841
CLIILM


CLIMATE REPORT
NATIONAL WEATHER SERVICE WILMINGTON NC
440 AM EDT SUN JUL 23 2017


...................................

...THE WILMINGTON NC CLIMATE SUMMARY FOR JULY 22 2017...

CLIMATE NORMAL PERIOD 1981 TO 2010
CLIMATE RECORD PERIOD 1871 TO 2017


WEATHER ITEM   OBSERVED TIME   RECORD YEAR NORMAL DEPARTURE LAST
                VALUE   (LST)  VALUE       VALUE  FROM      YEAR
                                                  NORMAL
..................................................................
TEMPERATURE (F)
 YESTERDAY
  MAXIMUM         92    249 PM 101    1952  90      2       90
  MINIMUM         77    540 AM  60    1965  73      4       70
  AVERAGE         85                        81      4       80

PRECIPITATION (IN)
  YESTERDAY        0.00          6.49 1988   0.26  -0.26     0.00
  MONTH TO DATE    5.20                      5.15   0.05     4.57
  SINCE JUN 1     15.31                     10.33   4.98    11.20
  SINCE JAN 1     35.81                     29.23   6.58    33.89

DEGREE DAYS
 HEATING
  YESTERDAY        0                         0      0        0
  MONTH TO DATE    0                         0      0        0
  SINCE JUN 1      2                         2      0        0
  SINCE JUL 1      0                         0      0        0

 COOLING
  YESTERDAY       20                        16      4       15
  MONTH TO DATE  400                       352     48      393
  SINCE JUN 1    788                       737     51      811
  SINCE JAN 1   1225                      1018    207     1146
..................................................................


WIND (MPH)
  HIGHEST WIND SPEED    16   HIGHEST WIND DIRECTION    SW (220)
  HIGHEST GUST SPEED    22   HIGHEST GUST DIRECTION     S (190)
  AVERAGE WIND SPEED     9.9


SKY COVER
  POSSIBLE SUNSHINE  MM
  AVERAGE SKY COVER 0.0


WEATHER CONDITIONS
 THE FOLLOWING WEATHER WAS RECORDED YESTERDAY.
  NO SIGNIFICANT WEATHER WAS OBSERVED.


RELATIVE HUMIDITY (PERCENT)
 HIGHEST   100           300 AM
 LOWEST     49           200 PM
 AVERAGE    75

..........................................................


THE WILMINGTON NC CLIMATE NORMALS FOR TODAY
                         NORMAL    RECORD    YEAR
 MAXIMUM TEMPERATURE (F)   90        99      1999
 MINIMUM TEMPERATURE (F)   73        63      1890


SUNRISE AND SUNSET
JULY 23 2017..........SUNRISE   616 AM EDT   SUNSET   820 PM EDT
JULY 24 2017..........SUNRISE   617 AM EDT   SUNSET   819 PM EDT


-  INDICATES NEGATIVE NUMBERS.
R  INDICATES RECORD WAS SET OR TIED.
MM INDICATES DATA IS MISSING.
T  INDICATES TRACE AMOUNT.




$$
