000
CDUS42 KILM 200942
CLIILM


CLIMATE REPORT
NATIONAL WEATHER SERVICE WILMINGTON NC
441 AM EST MON NOV 20 2017


...................................

...THE WILMINGTON NC CLIMATE SUMMARY FOR NOVEMBER 19 2017...

CLIMATE NORMAL PERIOD 1981 TO 2010
CLIMATE RECORD PERIOD 1871 TO 2017


WEATHER ITEM   OBSERVED TIME   RECORD YEAR NORMAL DEPARTURE LAST
                VALUE   (LST)  VALUE       VALUE  FROM      YEAR
                                                  NORMAL
..................................................................
TEMPERATURE (F)
 YESTERDAY
  MAXIMUM         69    526 AM  83    1985  67      2       76
                                      1958
  MINIMUM         43   1159 PM  23    2014  45     -2       46
  AVERAGE         56                        56      0       61

PRECIPITATION (IN)
  YESTERDAY        0.07          1.80 2015   0.11  -0.04     0.00
  MONTH TO DATE    0.85                      2.02  -1.17     1.96
  SINCE SEP 1     11.18                     13.75  -2.57    24.60
  SINCE JAN 1     58.56                     52.72   5.84    66.14

SNOWFALL (IN)
  YESTERDAY       MM            MM      MM   0.0   MM        0.0
  MONTH TO DATE    0.0                       0.0    0.0      0.0
  SINCE SEP 1      0.0                       0.0    0.0      0.0
  SINCE JUL 1      0.0                       0.0    0.0      0.0
  SNOW DEPTH       0

DEGREE DAYS
 HEATING
  YESTERDAY        9                        10     -1        4
  MONTH TO DATE  143                       147     -4      176
  SINCE SEP 1    205                       244    -39      222
  SINCE JUL 1    205                       244    -39      222

 COOLING
  YESTERDAY        0                         1     -1        0
  MONTH TO DATE   27                        19      8        7
  SINCE SEP 1    541                       410    131      511
  SINCE JAN 1   2355                      2033    322     2381
..................................................................


WIND (MPH)
  HIGHEST WIND SPEED    26   HIGHEST WIND DIRECTION    SW (220)
  HIGHEST GUST SPEED    38   HIGHEST GUST DIRECTION    SW (220)
  AVERAGE WIND SPEED    13.9


SKY COVER
  POSSIBLE SUNSHINE  MM
  AVERAGE SKY COVER 0.2


WEATHER CONDITIONS
 THE FOLLOWING WEATHER WAS RECORDED YESTERDAY.
  RAIN
  LIGHT RAIN
  FOG


RELATIVE HUMIDITY (PERCENT)
 HIGHEST    93           700 AM
 LOWEST     31           300 PM
 AVERAGE    62

..........................................................


THE WILMINGTON NC CLIMATE NORMALS FOR TODAY
                         NORMAL    RECORD    YEAR
 MAXIMUM TEMPERATURE (F)   67        83      1985
 MINIMUM TEMPERATURE (F)   44        22      1951


SUNRISE AND SUNSET
NOVEMBER 20 2017......SUNRISE   650 AM EST   SUNSET   505 PM EST
NOVEMBER 21 2017......SUNRISE   651 AM EST   SUNSET   504 PM EST


-  INDICATES NEGATIVE NUMBERS.
R  INDICATES RECORD WAS SET OR TIED.
MM INDICATES DATA IS MISSING.
T  INDICATES TRACE AMOUNT.




$$
