000
CDUS42 KILM 300849
CLIILM


CLIMATE REPORT
NATIONAL WEATHER SERVICE WILMINGTON NC
448 AM EDT SAT AUG 30 2014


...................................

...THE WILMINGTON NC CLIMATE SUMMARY FOR AUGUST 29 2014...

CLIMATE NORMAL PERIOD 1981 TO 2010
CLIMATE RECORD PERIOD 1871 TO 2014


WEATHER ITEM   OBSERVED TIME   RECORD YEAR NORMAL DEPARTURE LAST
                VALUE   (LST)  VALUE       VALUE  FROM      YEAR
                                                  NORMAL
..................................................................
TEMPERATURE (F)
 YESTERDAY
  MAXIMUM         90    112 PM  96    1993  87      3       91
                                      1932
                                      1903
  MINIMUM         72   1155 PM  57    1968  70      2       72
  AVERAGE         81                        78      3       82

PRECIPITATION (IN)
  YESTERDAY        0.00          2.15 1935   0.24  -0.24     0.01
  MONTH TO DATE    8.79                      6.92   1.87     8.68
  SINCE JUN 1     23.27                     19.58   3.69    25.78
  SINCE JAN 1     42.51                     38.48   4.03    42.49

DEGREE DAYS
 HEATING
  YESTERDAY        0                         0      0        0
  MONTH TO DATE    0                         0      0        0
  SINCE JUN 1      0                         2     -2        0
  SINCE JUL 1      0                         0      0        0

 COOLING
  YESTERDAY       16                        13      3       17
  MONTH TO DATE  414                       430    -16      393
  SINCE JUN 1   1322                      1316      6     1240
  SINCE JAN 1   1729                      1597    132     1466
..................................................................


WIND (MPH)
  HIGHEST WIND SPEED    10   HIGHEST WIND DIRECTION     S (170)
  HIGHEST GUST SPEED    14   HIGHEST GUST DIRECTION     E (110)
  AVERAGE WIND SPEED     4.3


SKY COVER
  POSSIBLE SUNSHINE  MM
  AVERAGE SKY COVER 0.1


WEATHER CONDITIONS
 THE FOLLOWING WEATHER WAS RECORDED YESTERDAY.
  NO SIGNIFICANT WEATHER WAS OBSERVED.


RELATIVE HUMIDITY (PERCENT)
 HIGHEST    93          1100 PM
 LOWEST     47          1200 PM
 AVERAGE    70

..........................................................


THE WILMINGTON NC CLIMATE NORMALS FOR TODAY
                         NORMAL    RECORD    YEAR
 MAXIMUM TEMPERATURE (F)   87        98      1932
 MINIMUM TEMPERATURE (F)   70        55      1982


SUNRISE AND SUNSET
AUGUST 30 2014........SUNRISE   644 AM EDT   SUNSET   740 PM EDT
AUGUST 31 2014........SUNRISE   644 AM EDT   SUNSET   739 PM EDT


-  INDICATES NEGATIVE NUMBERS.
R  INDICATES RECORD WAS SET OR TIED.
MM INDICATES DATA IS MISSING.
T  INDICATES TRACE AMOUNT.




$$
