000
CDUS42 KILM 252043
CLIILM


CLIMATE REPORT
NATIONAL WEATHER SERVICE WILMINGTON NC
443 PM EDT MON SEP 25 2017


...................................

...THE WILMINGTON NC CLIMATE SUMMARY FOR SEPTEMBER 25 2017...
VALID TODAY AS OF 0400 PM LOCAL TIME.

CLIMATE NORMAL PERIOD 1981 TO 2010
CLIMATE RECORD PERIOD 1871 TO 2017


WEATHER ITEM   OBSERVED TIME   RECORD YEAR NORMAL DEPARTURE LAST
                VALUE   (LST)  VALUE       VALUE  FROM      YEAR
                                                  NORMAL
..................................................................
TEMPERATURE (F)
 TODAY
  MAXIMUM         82    111 PM  93    2010  82      0       83
                                      1986
  MINIMUM         69    423 AM  42    1887  63      6       67
  AVERAGE         76                        72      4       75

PRECIPITATION (IN)
  TODAY            0.00          4.16 2008   0.26  -0.26     0.00
  MONTH TO DATE    3.82                      6.66  -2.84    14.34
  SINCE SEP 1      3.82                      6.66  -2.84    14.34
  SINCE JAN 1     51.20                     45.63   5.57    55.88

DEGREE DAYS
 HEATING
  TODAY            0                         0      0        0
  MONTH TO DATE    0                         0      0        0
  SINCE SEP 1      0                         0      0        0
  SINCE JUL 1      0                         0      0        0

 COOLING
  TODAY           11                         7      4       10
  MONTH TO DATE  282                       262     20      325
  SINCE SEP 1    282                       262     20      325
  SINCE JAN 1   2096                      1885    211     2195
..................................................................


WIND (MPH)
  HIGHEST WIND SPEED    16   HIGHEST WIND DIRECTION     N (360)
  HIGHEST GUST SPEED    21   HIGHEST GUST DIRECTION     N (360)
  AVERAGE WIND SPEED    11.1


SKY COVER
  POSSIBLE SUNSHINE  MM
  AVERAGE SKY COVER 0.8


WEATHER CONDITIONS
 THE FOLLOWING WEATHER WAS RECORDED TODAY.
  NO SIGNIFICANT WEATHER WAS OBSERVED.


RELATIVE HUMIDITY (PERCENT)
 HIGHEST    90           200 AM
 LOWEST     74          1100 AM
 AVERAGE    82

..........................................................


THE WILMINGTON NC CLIMATE NORMALS FOR TOMORROW
                         NORMAL    RECORD    YEAR
 MAXIMUM TEMPERATURE (F)   81        93      1993
                                             1986
 MINIMUM TEMPERATURE (F)   62        46      1950


SUNRISE AND SUNSET
SEPTEMBER 25 2017.....SUNRISE   702 AM EDT   SUNSET   704 PM EDT
SEPTEMBER 26 2017.....SUNRISE   703 AM EDT   SUNSET   702 PM EDT


-  INDICATES NEGATIVE NUMBERS.
R  INDICATES RECORD WAS SET OR TIED.
MM INDICATES DATA IS MISSING.
T  INDICATES TRACE AMOUNT.




$$
