000
CDUS42 KILM 010843
CLIILM


CLIMATE REPORT
NATIONAL WEATHER SERVICE WILMINGTON NC
443 AM EDT TUE SEP 1 2015


...................................

...THE WILMINGTON NC CLIMATE SUMMARY FOR AUGUST 31 2015...

CLIMATE NORMAL PERIOD 1981 TO 2010
CLIMATE RECORD PERIOD 1871 TO 2015


WEATHER ITEM   OBSERVED TIME   RECORD YEAR NORMAL DEPARTURE LAST
                VALUE   (LST)  VALUE       VALUE  FROM      YEAR
                                                  NORMAL
..................................................................
TEMPERATURE (F)
 YESTERDAY
  MAXIMUM         81    303 PM  96    1970  87     -6       88
  MINIMUM         73    121 AM  56    1887  70      3       70
  AVERAGE         77                        78     -1       79

PRECIPITATION (IN)
  YESTERDAY        1.35          9.56 2006   0.25   1.10     0.00
  MONTH TO DATE    8.95                      7.41   1.54     8.79
  SINCE JUN 1     19.37                     20.07  -0.70    23.27
  SINCE JAN 1     39.94                     38.97   0.97    42.51

DEGREE DAYS
 HEATING
  YESTERDAY        0                         0      0        0
  MONTH TO DATE    0                         0      0        0
  SINCE JUN 1      0                         2     -2        0
  SINCE JUL 1      0                         0      0        0

 COOLING
  YESTERDAY       12                        13     -1       14
  MONTH TO DATE  447                       456     -9      442
  SINCE JUN 1   1492                      1342    150     1350
  SINCE JAN 1   1785                      1623    162     1757
..................................................................


WIND (MPH)
  HIGHEST WIND SPEED    13   HIGHEST WIND DIRECTION     E (70)
  HIGHEST GUST SPEED    15   HIGHEST GUST DIRECTION     E (70)
  AVERAGE WIND SPEED     4.3


SKY COVER
  POSSIBLE SUNSHINE  MM
  AVERAGE SKY COVER 0.8


WEATHER CONDITIONS
 THE FOLLOWING WEATHER WAS RECORDED YESTERDAY.
  HEAVY RAIN
  RAIN
  LIGHT RAIN
  FOG


RELATIVE HUMIDITY (PERCENT)
 HIGHEST    94           500 PM
 LOWEST     79           200 PM
 AVERAGE    87

..........................................................


THE WILMINGTON NC CLIMATE NORMALS FOR TODAY
                         NORMAL    RECORD    YEAR
 MAXIMUM TEMPERATURE (F)   87        96      2012
                                             1993
                                             1912
 MINIMUM TEMPERATURE (F)   70        56      1887


SUNRISE AND SUNSET
SEPTEMBER  1 2015.....SUNRISE   645 AM EDT   SUNSET   738 PM EDT
SEPTEMBER  2 2015.....SUNRISE   646 AM EDT   SUNSET   737 PM EDT


-  INDICATES NEGATIVE NUMBERS.
R  INDICATES RECORD WAS SET OR TIED.
MM INDICATES DATA IS MISSING.
T  INDICATES TRACE AMOUNT.




$$
