000
CDUS43 KILX 200650
CLIILX


CLIMATE REPORT
NATIONAL WEATHER SERVICE LINCOLN IL
1241 AM CST SAT DEC 20 2014


...................................

...THE LINCOLN IL CLIMATE SUMMARY FOR DECEMBER 19 2014...

CLIMATE NORMAL PERIOD 1981 TO 2010
CLIMATE RECORD PERIOD 1905 TO 2014


WEATHER ITEM   OBSERVED TIME   RECORD YEAR NORMAL DEPARTURE LAST
                VALUE   (LST)  VALUE       VALUE  FROM      YEAR
                                                  NORMAL
..................................................................
TEMPERATURE (F)
 YESTERDAY
  MAXIMUM         34        MM  60    1957  36     -2       46
  MINIMUM         16        MM -15    1983  21     -5       34
  AVERAGE         25                        28     -3       40

PRECIPITATION (IN)
  YESTERDAY        0.00          0.63 1973   0.07  -0.07      T
  MONTH TO DATE    0.73                      1.70  -0.97     0.57
  SINCE DEC 1      0.73                      1.70  -0.97     0.57
  SINCE JAN 1     43.66                     38.66   5.00    35.36

SNOWFALL (IN)
  YESTERDAY        0.0           7.5  1934   0.2   -0.2      0.0
  MONTH TO DATE    0.4                       3.3   -2.9      6.4
  SINCE DEC 1      0.4                       3.3   -2.9      6.4
  SINCE JUL 1      1.4                       3.9   -2.5      6.9
  SNOW DEPTH       T

DEGREE DAYS
 HEATING
  YESTERDAY       40                        37      3       25
  MONTH TO DATE  632                       643    -11      748
  SINCE DEC 1    632                       643    -11      748
  SINCE JUL 1   2030                      1786    244     2026

 COOLING
  YESTERDAY        0                         0      0        0
  MONTH TO DATE    0                         0      0        0
  SINCE DEC 1      0                         0      0        0
  SINCE JAN 1    838                      1017   -179      947
..................................................................


WIND (MPH)
  HIGHEST WIND SPEED    MM   HIGHEST WIND DIRECTION    MM
  HIGHEST GUST SPEED    MM   HIGHEST GUST DIRECTION    MM
  AVERAGE WIND SPEED    MM


SKY COVER
  POSSIBLE SUNSHINE  MM


WEATHER CONDITIONS
 THE FOLLOWING WEATHER WAS RECORDED YESTERDAY.
  FOG


..........................................................


THE LINCOLN IL CLIMATE NORMALS FOR TODAY
                         NORMAL    RECORD    YEAR
 MAXIMUM TEMPERATURE (F)   36        63      1949
 MINIMUM TEMPERATURE (F)   20       -13      1914


SUNRISE AND SUNSET
DECEMBER 20 2014......SUNRISE   716 AM CST   SUNSET   434 PM CST
DECEMBER 21 2014......SUNRISE   716 AM CST   SUNSET   435 PM CST


-  INDICATES NEGATIVE NUMBERS.
R  INDICATES RECORD WAS SET OR TIED.
MM INDICATES DATA IS MISSING.
T  INDICATES TRACE AMOUNT.




$$
