000
CDUS43 KILX 060651
CLIILX


CLIMATE REPORT
NATIONAL WEATHER SERVICE LINCOLN IL
150 AM CDT MON JUL 6 2015


...................................

...THE LINCOLN IL CLIMATE SUMMARY FOR JULY 5 2015...

CLIMATE NORMAL PERIOD 1981 TO 2010
CLIMATE RECORD PERIOD 1905 TO 2015


WEATHER ITEM   OBSERVED TIME   RECORD YEAR NORMAL DEPARTURE LAST
                VALUE   (LST)  VALUE       VALUE  FROM      YEAR
                                                  NORMAL
..................................................................
TEMPERATURE (F)
 YESTERDAY
  MAXIMUM         82        MM 105    1936  86     -4       77
  MINIMUM         57        MM  47    1924  65     -8       53
  AVERAGE         70                        76     -6       65

PRECIPITATION (IN)
  YESTERDAY        0.00          4.20 1981   0.17  -0.17     0.38
  MONTH TO DATE    0.04                      0.82  -0.78     0.38
  SINCE JUN 1      9.71                      5.14   4.57     6.80
  SINCE JAN 1     24.10                     19.26   4.84    18.12

SNOWFALL (IN)
  YESTERDAY        0.0           0.0    MM   0.0    0.0      0.0
  MONTH TO DATE    0.0                       0.0    0.0      0.0
  SINCE JUN 1      0.0                       0.0    0.0      0.0
  SINCE JUL 1      0.0                       0.0    0.0      0.0
  SNOW DEPTH       0

DEGREE DAYS
 HEATING
  YESTERDAY        0                         0      0        0
  MONTH TO DATE    0                         0      0        0
  SINCE JUN 1      8                        17     -9        7
  SINCE JUL 1      0                         0      0        0

 COOLING
  YESTERDAY        5                        11     -6        0
  MONTH TO DATE   17                        51    -34       12
  SINCE JUN 1    243                       283    -40      249
  SINCE JAN 1    354                       374    -20      378
..................................................................


WIND (MPH)
  HIGHEST WIND SPEED    MM   HIGHEST WIND DIRECTION    MM
  HIGHEST GUST SPEED    MM   HIGHEST GUST DIRECTION    MM
  AVERAGE WIND SPEED    MM


SKY COVER
  POSSIBLE SUNSHINE  MM


WEATHER CONDITIONS
 THE FOLLOWING WEATHER WAS RECORDED YESTERDAY.
  FOG


..........................................................


THE LINCOLN IL CLIMATE NORMALS FOR TODAY
                         NORMAL    RECORD    YEAR
 MAXIMUM TEMPERATURE (F)   86       108      1936
 MINIMUM TEMPERATURE (F)   65        47      1915


SUNRISE AND SUNSET
JULY  6 2015..........SUNRISE   534 AM CDT   SUNSET   830 PM CDT
JULY  7 2015..........SUNRISE   535 AM CDT   SUNSET   829 PM CDT


-  INDICATES NEGATIVE NUMBERS.
R  INDICATES RECORD WAS SET OR TIED.
MM INDICATES DATA IS MISSING.
T  INDICATES TRACE AMOUNT.




$$
