000
CDUS43 KILX 232148
CLIILX


CLIMATE REPORT
NATIONAL WEATHER SERVICE LINCOLN IL
448 PM CDT SUN JUL 23 2017


...................................

...THE LINCOLN IL CLIMATE SUMMARY FOR JULY 23 2017...
VALID TODAY AS OF 0400 PM LOCAL TIME.

CLIMATE NORMAL PERIOD 1981 TO 2010
CLIMATE RECORD PERIOD 1905 TO 2017


WEATHER ITEM   OBSERVED TIME   RECORD YEAR NORMAL DEPARTURE LAST
                VALUE   (LST)  VALUE       VALUE  FROM      YEAR
                                                  NORMAL
..................................................................
TEMPERATURE (F)
 TODAY
  MAXIMUM         88        MM 104    1934  85      3       89
  MINIMUM         75        MM  47    1925  64     11       70
  AVERAGE         82                        75      7       80

PRECIPITATION (IN)
  TODAY            0.00          1.34 1949   0.17  -0.17     0.00
  MONTH TO DATE    4.39                      3.88   0.51     5.38
  SINCE JUN 1      5.37                      8.20  -2.83     7.74
  SINCE JAN 1     21.50                     22.32  -0.82    19.69

SNOWFALL (IN)
  TODAY            0.0           0.0    MM   0.0    0.0      0.0
  MONTH TO DATE    T                         0.0    0.0      0.0
  SINCE JUN 1      T                         0.0    0.0      0.0
  SINCE JUL 1      T                         0.0    0.0      0.0
  SNOW DEPTH       0

DEGREE DAYS
 HEATING
  TODAY            0                         0      0        0
  MONTH TO DATE    0                         0      0        9
  SINCE JUN 1      7                        17    -10       11
  SINCE JUL 1      0                         0      0        9

 COOLING
  TODAY           17                        10      7       15
  MONTH TO DATE  279                       237     42      226
  SINCE JUN 1    551                       469     82      508
  SINCE JAN 1    641                       560     81      595
..................................................................







THE LINCOLN IL CLIMATE NORMALS FOR TOMORROW
                         NORMAL    RECORD    YEAR
 MAXIMUM TEMPERATURE (F)   85       104      1934
 MINIMUM TEMPERATURE (F)   64        52      1925


SUNRISE AND SUNSET
JULY 23 2017..........SUNRISE   547 AM CDT   SUNSET   820 PM CDT
JULY 24 2017..........SUNRISE   548 AM CDT   SUNSET   819 PM CDT


-  INDICATES NEGATIVE NUMBERS.
R  INDICATES RECORD WAS SET OR TIED.
MM INDICATES DATA IS MISSING.
T  INDICATES TRACE AMOUNT.




$$
