000
CDUS43 KILX 090647
CLIILX


CLIMATE REPORT
NATIONAL WEATHER SERVICE LINCOLN IL
1246 AM CST FRI DEC 9 2016


...................................

...THE LINCOLN IL CLIMATE SUMMARY FOR DECEMBER 8 2016...

CLIMATE NORMAL PERIOD 1981 TO 2010
CLIMATE RECORD PERIOD 1905 TO 2016


WEATHER ITEM   OBSERVED TIME   RECORD YEAR NORMAL DEPARTURE LAST
                VALUE   (LST)  VALUE       VALUE  FROM      YEAR
                                                  NORMAL
..................................................................
TEMPERATURE (F)
 YESTERDAY
  MAXIMUM         23        MM  65    1946  39    -16       54
  MINIMUM         18        MM  -3    1909  24     -6       33
  AVERAGE         21                        32    -11       44

PRECIPITATION (IN)
  YESTERDAY        T             0.85 1980   0.09  -0.09     0.00
  MONTH TO DATE    0.41                      0.76  -0.35     0.11
  SINCE DEC 1      0.41                      0.76  -0.35     0.11
  SINCE JAN 1     38.83                     37.72   1.11    41.92

SNOWFALL (IN)
  YESTERDAY       MM             4.2  2005   0.2   MM        0.0
  MONTH TO DATE    2.7                       1.1    1.6       T
  SINCE DEC 1      2.7                       1.1    1.6       T
  SINCE JUL 1      2.7                       1.7    1.0      1.0
  SNOW DEPTH      MM

DEGREE DAYS
 HEATING
  YESTERDAY       44                        33     11       21
  MONTH TO DATE  256                       255      1      228
  SINCE DEC 1    256                       255      1      228
  SINCE JUL 1   1033                      1398   -365     1155

 COOLING
  YESTERDAY        0                         0      0        0
  MONTH TO DATE    0                         0      0        0
  SINCE DEC 1      0                         0      0        0
  SINCE JAN 1   1241                      1017    224      998
..................................................................


WIND (MPH)
  HIGHEST WIND SPEED    MM   HIGHEST WIND DIRECTION    MM
  HIGHEST GUST SPEED    MM   HIGHEST GUST DIRECTION    MM
  AVERAGE WIND SPEED    MM


SKY COVER
  POSSIBLE SUNSHINE  MM


WEATHER CONDITIONS
 THE FOLLOWING WEATHER WAS RECORDED YESTERDAY.
  NO SIGNIFICANT WEATHER WAS OBSERVED.


..........................................................


THE LINCOLN IL CLIMATE NORMALS FOR TODAY
                         NORMAL    RECORD    YEAR
 MAXIMUM TEMPERATURE (F)   39        69      1918
 MINIMUM TEMPERATURE (F)   24       -10      1958


SUNRISE AND SUNSET
DECEMBER  9 2016......SUNRISE   708 AM CST   SUNSET   432 PM CST
DECEMBER 10 2016......SUNRISE   709 AM CST   SUNSET   432 PM CST


-  INDICATES NEGATIVE NUMBERS.
R  INDICATES RECORD WAS SET OR TIED.
MM INDICATES DATA IS MISSING.
T  INDICATES TRACE AMOUNT.




$$
