000
CDUS43 KILX 230641
CLIILX


CLIMATE REPORT
NATIONAL WEATHER SERVICE LINCOLN IL
140 AM CDT SAT SEP 23 2017


...................................

...THE LINCOLN IL CLIMATE SUMMARY FOR SEPTEMBER 22 2017...

CLIMATE NORMAL PERIOD 1981 TO 2010
CLIMATE RECORD PERIOD 1905 TO 2017


WEATHER ITEM   OBSERVED TIME   RECORD YEAR NORMAL DEPARTURE LAST
                VALUE   (LST)  VALUE       VALUE  FROM      YEAR
                                                  NORMAL
..................................................................
TEMPERATURE (F)
 YESTERDAY
  MAXIMUM         94R       MM  94    2005  76     18       90
                                      1956
  MINIMUM         62        MM  32    1913  51     11       59
  AVERAGE         78                        63     15       75

PRECIPITATION (IN)
  YESTERDAY        0.00          1.92 1970   0.10  -0.10     0.00
  MONTH TO DATE    0.71                      2.39  -1.68     3.92
  SINCE SEP 1      0.71                      2.39  -1.68     3.92
  SINCE JAN 1     25.83                     29.81  -3.98    33.36

SNOWFALL (IN)
  YESTERDAY        0.0           0.0    MM   0.0    0.0      0.0
  MONTH TO DATE    0.0                       0.0    0.0      0.0
  SINCE SEP 1      0.0                       0.0    0.0      0.0
  SINCE JUL 1      T                         0.0    0.0      0.0
  SNOW DEPTH       0

DEGREE DAYS
 HEATING
  YESTERDAY        0                         4     -4        0
  MONTH TO DATE   52                        41     11        1
  SINCE SEP 1     52                        41     11        1
  SINCE JUL 1     58                        50      8       10

 COOLING
  YESTERDAY       13                         2     11       10
  MONTH TO DATE   93                       100     -7      159
  SINCE SEP 1     93                       100     -7      159
  SINCE JAN 1    892                       989    -97     1150
..................................................................


WIND (MPH)
  HIGHEST WIND SPEED    MM   HIGHEST WIND DIRECTION    MM
  HIGHEST GUST SPEED    MM   HIGHEST GUST DIRECTION    MM
  AVERAGE WIND SPEED    MM


SKY COVER
  POSSIBLE SUNSHINE  MM


WEATHER CONDITIONS
 THE FOLLOWING WEATHER WAS RECORDED YESTERDAY.
  FOG


..........................................................


THE LINCOLN IL CLIMATE NORMALS FOR TODAY
                         NORMAL    RECORD    YEAR
 MAXIMUM TEMPERATURE (F)   76        92      2007
                                             1937
 MINIMUM TEMPERATURE (F)   50        28      1995


SUNRISE AND SUNSET
SEPTEMBER 23 2017.....SUNRISE   646 AM CDT   SUNSET   652 PM CDT
SEPTEMBER 24 2017.....SUNRISE   647 AM CDT   SUNSET   651 PM CDT


-  INDICATES NEGATIVE NUMBERS.
R  INDICATES RECORD WAS SET OR TIED.
MM INDICATES DATA IS MISSING.
T  INDICATES TRACE AMOUNT.




$$
