000
CDUS43 KILX 310628
CLIILX


CLIMATE REPORT
NATIONAL WEATHER SERVICE LINCOLN IL
128 AM CDT FRI JUL 31 2015


...................................

...THE LINCOLN IL CLIMATE SUMMARY FOR JULY 30 2015...

CLIMATE NORMAL PERIOD 1981 TO 2010
CLIMATE RECORD PERIOD 1905 TO 2015


WEATHER ITEM   OBSERVED TIME   RECORD YEAR NORMAL DEPARTURE LAST
                VALUE   (LST)  VALUE       VALUE  FROM      YEAR
                                                  NORMAL
..................................................................
TEMPERATURE (F)
 YESTERDAY
  MAXIMUM         88        MM 104    1913  85      3       80
  MINIMUM         64        MM  49    1928  64      0       55
  AVERAGE         76                        74      2       68

PRECIPITATION (IN)
  YESTERDAY        0.00          2.70 1992   0.14  -0.14     0.00
  MONTH TO DATE    5.93                      4.92   1.01     4.78
  SINCE JUN 1     15.60                      9.24   6.36    11.20
  SINCE JAN 1     29.99                     23.36   6.63    22.52

SNOWFALL (IN)
  YESTERDAY        0.0           0.0    MM   0.0    0.0      0.0
  MONTH TO DATE    0.0                       0.0    0.0      0.0
  SINCE JUN 1      0.0                       0.0    0.0      0.0
  SINCE JUL 1      0.0                       0.0    0.0      0.0
  SNOW DEPTH       0

DEGREE DAYS
 HEATING
  YESTERDAY        0                         0      0        0
  MONTH TO DATE    6                         0      6        9
  SINCE JUN 1     14                        17     -3       16
  SINCE JUL 1      6                         0      6        9

 COOLING
  YESTERDAY       11                         9      2        3
  MONTH TO DATE  246                       302    -56      126
  SINCE JUN 1    472                       534    -62      363
  SINCE JAN 1    583                       625    -42      492
..................................................................


WIND (MPH)
  HIGHEST WIND SPEED    MM   HIGHEST WIND DIRECTION    MM
  HIGHEST GUST SPEED    MM   HIGHEST GUST DIRECTION    MM
  AVERAGE WIND SPEED    MM


SKY COVER
  POSSIBLE SUNSHINE  MM


WEATHER CONDITIONS
 THE FOLLOWING WEATHER WAS RECORDED YESTERDAY.
  NO SIGNIFICANT WEATHER WAS OBSERVED.


..........................................................


THE LINCOLN IL CLIMATE NORMALS FOR TODAY
                         NORMAL    RECORD    YEAR
 MAXIMUM TEMPERATURE (F)   84       102      1916
 MINIMUM TEMPERATURE (F)   64        46      1918


SUNRISE AND SUNSET
JULY 31 2015..........SUNRISE   554 AM CDT   SUNSET   813 PM CDT
AUGUST  1 2015........SUNRISE   555 AM CDT   SUNSET   812 PM CDT


-  INDICATES NEGATIVE NUMBERS.
R  INDICATES RECORD WAS SET OR TIED.
MM INDICATES DATA IS MISSING.
T  INDICATES TRACE AMOUNT.




$$
