000
CDUS43 KIND 090534
CLIIND


CLIMATE REPORT
NATIONAL WEATHER SERVICE INDIANAPOLIS IN
1234 AM EST TUE FEB 9 2016


...................................

...THE INDIANAPOLIS IN CLIMATE SUMMARY FOR FEBRUARY 8 2016...

CLIMATE NORMAL PERIOD 1981 TO 2010
CLIMATE RECORD PERIOD 1871 TO 2016


WEATHER ITEM   OBSERVED TIME   RECORD YEAR NORMAL DEPARTURE LAST
                VALUE   (LST)  VALUE       VALUE  FROM      YEAR
                                                  NORMAL
..................................................................
TEMPERATURE (F)
 YESTERDAY
  MAXIMUM         39        MM  68    1937  38      1       57
                                      1925
  MINIMUM         22        MM -14    1895  22      0       36
  AVERAGE         31                        30      1       47

PRECIPITATION (IN)
  YESTERDAY        0.04          0.78 1969   0.08  -0.04      T
  MONTH TO DATE    0.34                      0.65  -0.31     0.37
  SINCE DEC 1      7.39                      6.48   0.91     4.73
  SINCE JAN 1      1.80                      3.31  -1.51     2.18

SNOWFALL (IN)
  YESTERDAY        0.3           3.4  1982   0.3    0.0      0.0
  MONTH TO DATE    0.3                       2.2   -1.9      2.6
  SINCE DEC 1      6.7                      17.7  -11.0      5.8
  SINCE JUL 1      8.0                      18.8  -10.8      8.5
  SNOW DEPTH       T

DEGREE DAYS
 HEATING
  YESTERDAY       34                        35     -1       18
  MONTH TO DATE  220                       284    -64      286
  SINCE DEC 1   2017                      2463   -446     2484
  SINCE JUL 1   2804                      3505   -701     3763

 COOLING
  YESTERDAY        0                         0      0        0
  MONTH TO DATE    0                         0      0        0
  SINCE DEC 1      0                         0      0        0
  SINCE JAN 1      0                         0      0        0
..................................................................


WIND (MPH)
  HIGHEST WIND SPEED    18   HIGHEST WIND DIRECTION     W (270)
  HIGHEST GUST SPEED    27   HIGHEST GUST DIRECTION    NW (300)
  AVERAGE WIND SPEED    12.0


SKY COVER
  AVERAGE SKY COVER 1.0


WEATHER CONDITIONS
 THE FOLLOWING WEATHER WAS RECORDED YESTERDAY.
  LIGHT RAIN
  LIGHT SNOW
  FOG


RELATIVE HUMIDITY (PERCENT)
 HIGHEST    89           600 AM
 LOWEST     74           800 PM
 AVERAGE    82

..........................................................


THE INDIANAPOLIS IN CLIMATE NORMALS FOR TODAY
                         NORMAL    RECORD    YEAR
 MAXIMUM TEMPERATURE (F)   38        66      1943
                                             1894
 MINIMUM TEMPERATURE (F)   22       -18      1899


SUNRISE AND SUNSET
FEBRUARY  9 2016......SUNRISE   745 AM EST   SUNSET   614 PM EST
FEBRUARY 10 2016......SUNRISE   744 AM EST   SUNSET   615 PM EST


-  INDICATES NEGATIVE NUMBERS.
R  INDICATES RECORD WAS SET OR TIED.
MM INDICATES DATA IS MISSING.
T  INDICATES TRACE AMOUNT.




$$
