000
CDUS43 KIND 210104
CLIIND


CLIMATE REPORT
NATIONAL WEATHER SERVICE INDIANAPOLIS IN
804 PM EST TUE FEB 20 2018


...................................

...THE INDIANAPOLIS IN CLIMATE SUMMARY FOR FEBRUARY 20 2018...
VALID AS OF 0700 PM LOCAL TIME.

CLIMATE NORMAL PERIOD 1981 TO 2010
CLIMATE RECORD PERIOD 1871 TO 2018


WEATHER ITEM   OBSERVED TIME   RECORD YEAR NORMAL DEPARTURE LAST
                VALUE   (LST)  VALUE       VALUE  FROM      YEAR
                                                  NORMAL
..................................................................
TEMPERATURE (F)
 TODAY
  MAXIMUM         77R   222 PM  72    2016  42     35       66
  MINIMUM         62    553 AM  -8    1885  25     37       41
  AVERAGE         70                        34     36       54

PRECIPITATION (IN)
  TODAY            T             3.02 1882   0.08  -0.08     0.00
  MONTH TO DATE    1.52                      1.63  -0.11     0.41
  SINCE DEC 1      4.64                      7.46  -2.82     6.28
  SINCE JAN 1      3.52                      4.29  -0.77     4.76

SNOWFALL (IN)
  TODAY            0.0           1.7  1927   0.2   -0.2      0.0
  MONTH TO DATE    1.4                       5.0   -3.6      2.1
  SINCE DEC 1      9.0                      20.5  -11.5      8.7
  SINCE JUL 1      9.0                      21.6  -12.6      8.7
  SNOW DEPTH       0

..................................................................


WIND (MPH)
  HIGHEST WIND SPEED    36   HIGHEST WIND DIRECTION     S (200)
  HIGHEST GUST SPEED    47   HIGHEST GUST DIRECTION    SW (220)
  AVERAGE WIND SPEED    20.5


SKY COVER
  AVERAGE SKY COVER 0.8


WEATHER CONDITIONS
 THE FOLLOWING WEATHER WAS RECORDED TODAY.
  LIGHT RAIN


RELATIVE HUMIDITY (PERCENT)
 HIGHEST    84           600 AM
 LOWEST     47           200 PM

..........................................................


THE INDIANAPOLIS IN CLIMATE NORMALS FOR TOMORROW
                         NORMAL    RECORD    YEAR
 MAXIMUM TEMPERATURE (F)   42        68      1930
 MINIMUM TEMPERATURE (F)   26        -4      1963


SUNRISE AND SUNSET
FEBRUARY 20 2018......SUNRISE   731 AM EST   SUNSET   627 PM EST
FEBRUARY 21 2018......SUNRISE   730 AM EST   SUNSET   628 PM EST


-  INDICATES NEGATIVE NUMBERS.
R  INDICATES RECORD WAS SET OR TIED.
MM INDICATES DATA IS MISSING.
T  INDICATES TRACE AMOUNT.




$$
