000
CDUS43 KIND 050533
CLIIND


CLIMATE REPORT
NATIONAL WEATHER SERVICE INDIANAPOLIS IN
132 AM EDT THU MAY 5 2016


...................................

...THE INDIANAPOLIS IN CLIMATE SUMMARY FOR MAY 4 2016...

CLIMATE NORMAL PERIOD 1981 TO 2010
CLIMATE RECORD PERIOD 1871 TO 2016


WEATHER ITEM   OBSERVED TIME   RECORD YEAR NORMAL DEPARTURE LAST
                VALUE   (LST)  VALUE       VALUE  FROM      YEAR
                                                  NORMAL
..................................................................
TEMPERATURE (F)
 YESTERDAY
  MAXIMUM         57    240 PM  88    1949  69    -12       76
                                      1895
  MINIMUM         43   1159 PM  30    1976  49     -6       58
  AVERAGE         50                        59     -9       67

PRECIPITATION (IN)
  YESTERDAY        0.08          1.47 1996   0.16  -0.08     0.13
  MONTH TO DATE    1.65                      0.63   1.02     0.13
  SINCE MAR 1     11.71                      8.00   3.71     7.66
  SINCE JAN 1     15.42                     12.98   2.44    10.81

SNOWFALL (IN)
  YESTERDAY        0.0           T    1917   0.0    0.0      0.0
  MONTH TO DATE    T                         0.0    0.0      0.0
  SINCE MAR 1      1.2                       2.8   -1.6      5.9
  SINCE JUL 1     13.3                      25.9  -12.6     25.6
  SNOW DEPTH       0

DEGREE DAYS
 HEATING
  YESTERDAY       15                         7      8        0
  MONTH TO DATE   33                        29      4       13
  SINCE MAR 1    865                      1108   -243     1116
  SINCE JUL 1   4318                      5251   -933     5842

 COOLING
  YESTERDAY        0                         1     -1        2
  MONTH TO DATE    1                         4     -3        3
  SINCE MAR 1     19                        19      0        9
  SINCE JAN 1     19                        19      0        9
..................................................................


WIND (MPH)
  HIGHEST WIND SPEED    28   HIGHEST WIND DIRECTION    NW (330)
  HIGHEST GUST SPEED    33   HIGHEST GUST DIRECTION    NW (330)
  AVERAGE WIND SPEED    14.3


SKY COVER
  AVERAGE SKY COVER 0.9


WEATHER CONDITIONS
 THE FOLLOWING WEATHER WAS RECORDED YESTERDAY.
  LIGHT RAIN
  FOG


RELATIVE HUMIDITY (PERCENT)
 HIGHEST    86           700 AM
 LOWEST     54           500 PM
 AVERAGE    70

..........................................................


THE INDIANAPOLIS IN CLIMATE NORMALS FOR TODAY
                         NORMAL    RECORD    YEAR
 MAXIMUM TEMPERATURE (F)   70        92      1952
 MINIMUM TEMPERATURE (F)   49        35      1973
                                             1957
                                             1907


SUNRISE AND SUNSET
MAY  5 2016...........SUNRISE   640 AM EDT   SUNSET   844 PM EDT
MAY  6 2016...........SUNRISE   639 AM EDT   SUNSET   845 PM EDT


-  INDICATES NEGATIVE NUMBERS.
R  INDICATES RECORD WAS SET OR TIED.
MM INDICATES DATA IS MISSING.
T  INDICATES TRACE AMOUNT.




$$
