409
CDUS43 KIND 220532
CLIIND


CLIMATE REPORT
NATIONAL WEATHER SERVICE INDIANAPOLIS IN
1232 AM EST WED NOV 22 2017


...................................

...THE INDIANAPOLIS IN CLIMATE SUMMARY FOR NOVEMBER 21 2017...

CLIMATE NORMAL PERIOD 1981 TO 2010
CLIMATE RECORD PERIOD 1871 TO 2017


WEATHER ITEM   OBSERVED TIME   RECORD YEAR NORMAL DEPARTURE LAST
                VALUE   (LST)  VALUE       VALUE  FROM      YEAR
                                                  NORMAL
..................................................................
TEMPERATURE (F)
 YESTERDAY
  MAXIMUM         54    108 PM  73    1990  49      5       43
                                      1934
  MINIMUM         29   1159 PM   2    1880  33     -4       23
  AVERAGE         42                        41      1       33

PRECIPITATION (IN)
  YESTERDAY        T             3.71 1883   0.14  -0.14     0.00
  MONTH TO DATE    3.87                      2.59   1.28     0.99
  SINCE SEP 1      7.48                      8.83  -1.35     7.62
  SINCE JAN 1     46.24                     38.16   8.08    42.64

SNOWFALL (IN)
  YESTERDAY        T             1.3  2015   0.0    0.0      0.0
  MONTH TO DATE    T                         0.3   -0.3       T
  SINCE SEP 1      T                         0.7   -0.7       T
  SINCE JUL 1      T                         0.7   -0.7       T
  SNOW DEPTH       0

DEGREE DAYS
 HEATING
  YESTERDAY       23                        24     -1       32
  MONTH TO DATE  435                       405     30      311
  SINCE SEP 1    715                       802    -87      499
  SINCE JUL 1    715                       806    -91      501

 COOLING
  YESTERDAY        0                         0      0        0
  MONTH TO DATE    0                         0      0        5
  SINCE SEP 1    224                       144     80      263
  SINCE JAN 1   1164                      1065     99     1443
..................................................................


WIND (MPH)
  HIGHEST WIND SPEED    26   HIGHEST WIND DIRECTION    NW (320)
  HIGHEST GUST SPEED    32   HIGHEST GUST DIRECTION    NW (310)
  AVERAGE WIND SPEED    14.3


SKY COVER
  AVERAGE SKY COVER 0.6


WEATHER CONDITIONS
 THE FOLLOWING WEATHER WAS RECORDED YESTERDAY.
  RAIN
  LIGHT RAIN
  LIGHT SNOW
  SLEET
  FOG


RELATIVE HUMIDITY (PERCENT)
 HIGHEST    78          1100 PM
 LOWEST     46          1200 AM
 AVERAGE    62

..........................................................


THE INDIANAPOLIS IN CLIMATE NORMALS FOR TODAY
                         NORMAL    RECORD    YEAR
 MAXIMUM TEMPERATURE (F)   49        74      1900
 MINIMUM TEMPERATURE (F)   33        -5      1880


SUNRISE AND SUNSET
NOVEMBER 22 2017......SUNRISE   738 AM EST   SUNSET   525 PM EST
NOVEMBER 23 2017......SUNRISE   739 AM EST   SUNSET   524 PM EST


-  INDICATES NEGATIVE NUMBERS.
R  INDICATES RECORD WAS SET OR TIED.
MM INDICATES DATA IS MISSING.
T  INDICATES TRACE AMOUNT.




$$
