245
CDUS43 KIND 190537
CLIIND


CLIMATE REPORT
NATIONAL WEATHER SERVICE INDIANAPOLIS IN
134 AM EDT TUE SEP 19 2017


...................................

...THE INDIANAPOLIS IN CLIMATE SUMMARY FOR SEPTEMBER 18 2017...

CLIMATE NORMAL PERIOD 1981 TO 2010
CLIMATE RECORD PERIOD 1871 TO 2017


WEATHER ITEM   OBSERVED TIME   RECORD YEAR NORMAL DEPARTURE LAST
                VALUE   (LST)  VALUE       VALUE  FROM      YEAR
                                                  NORMAL
..................................................................
TEMPERATURE (F)
 YESTERDAY
  MAXIMUM         84    521 PM  95    1953  77      7       82
  MINIMUM         69    802 AM  39    1959  55     14       66
                                      1901
  AVERAGE         77                        66     11       74

PRECIPITATION (IN)
  YESTERDAY        0.25          1.64 1952   0.09   0.16     0.00
  MONTH TO DATE    0.43                      1.84  -1.41     3.01
  SINCE SEP 1      0.43                      1.84  -1.41     3.01
  SINCE JAN 1     39.19                     31.17   8.02    38.03

SNOWFALL (IN)
  YESTERDAY        0.0           0.0    MM   0.0    0.0      0.0
  MONTH TO DATE    0.0                       0.0    0.0      0.0
  SINCE SEP 1      0.0                       0.0    0.0      0.0
  SINCE JUL 1      0.0                       0.0    0.0      0.0
  SNOW DEPTH       0

DEGREE DAYS
 HEATING
  YESTERDAY        0                         2     -2        0
  MONTH TO DATE   23                        19      4        0
  SINCE SEP 1     23                        19      4        0
  SINCE JUL 1     23                        23      0        2

 COOLING
  YESTERDAY       12                         4      8        9
  MONTH TO DATE   59                       100    -41      146
  SINCE SEP 1     59                       100    -41      146
  SINCE JAN 1    999                      1021    -22     1326
..................................................................


WIND (MPH)
  HIGHEST WIND SPEED    17   HIGHEST WIND DIRECTION     E (110)
  HIGHEST GUST SPEED    20   HIGHEST GUST DIRECTION     E (110)
  AVERAGE WIND SPEED     4.0


SKY COVER
  AVERAGE SKY COVER 0.9


WEATHER CONDITIONS
 THE FOLLOWING WEATHER WAS RECORDED YESTERDAY.
  THUNDERSTORM
  RAIN
  LIGHT RAIN
  FOG


RELATIVE HUMIDITY (PERCENT)
 HIGHEST   100          1100 PM
 LOWEST     63           500 PM
 AVERAGE    82

..........................................................


THE INDIANAPOLIS IN CLIMATE NORMALS FOR TODAY
                         NORMAL    RECORD    YEAR
 MAXIMUM TEMPERATURE (F)   76        93      1940
                                             1891
 MINIMUM TEMPERATURE (F)   55        38      1956


SUNRISE AND SUNSET
SEPTEMBER 19 2017.....SUNRISE   730 AM EDT   SUNSET   747 PM EDT
SEPTEMBER 20 2017.....SUNRISE   731 AM EDT   SUNSET   745 PM EDT


-  INDICATES NEGATIVE NUMBERS.
R  INDICATES RECORD WAS SET OR TIED.
MM INDICATES DATA IS MISSING.
T  INDICATES TRACE AMOUNT.




$$
