684
CDUS43 KIND 070535
CLIIND


CLIMATE REPORT
NATIONAL WEATHER SERVICE INDIANAPOLIS IN
1233 AM EST WED DEC 7 2016


...................................

...THE INDIANAPOLIS IN CLIMATE SUMMARY FOR DECEMBER 6 2016...

CLIMATE NORMAL PERIOD 1981 TO 2010
CLIMATE RECORD PERIOD 1871 TO 2016


WEATHER ITEM   OBSERVED TIME   RECORD YEAR NORMAL DEPARTURE LAST
                VALUE   (LST)  VALUE       VALUE  FROM      YEAR
                                                  NORMAL
..................................................................
TEMPERATURE (F)
 YESTERDAY
  MAXIMUM         43    333 PM  73    1998  42      1       53
  MINIMUM         31   1159 PM  -1    1977  27      4       28
  AVERAGE         37                        34      3       41

PRECIPITATION (IN)
  YESTERDAY        0.14          1.05 1956   0.10   0.04      T
  MONTH TO DATE    0.41                      0.62  -0.21     0.19
  SINCE DEC 1      0.41                      0.62  -0.21     0.19
  SINCE JAN 1     44.83                     39.89   4.94    42.75

SNOWFALL (IN)
  YESTERDAY        0.0           5.3  1977   0.2   -0.2      0.0
  MONTH TO DATE    0.0                       0.8   -0.8      0.6
  SINCE DEC 1      0.0                       0.8   -0.8      0.6
  SINCE JUL 1      T                         1.9   -1.9      1.9
  SNOW DEPTH       0

DEGREE DAYS
 HEATING
  YESTERDAY       28                        31     -3       24
  MONTH TO DATE  165                       177    -12      178
  SINCE DEC 1    165                       177    -12      178
  SINCE JUL 1    858                      1219   -361      965

 COOLING
  YESTERDAY        0                         0      0        0
  MONTH TO DATE    0                         0      0        0
  SINCE DEC 1      0                         0      0        0
  SINCE JAN 1   1443                      1066    377     1164
..................................................................


WIND (MPH)
  HIGHEST WIND SPEED    29   HIGHEST WIND DIRECTION     W (290)
  HIGHEST GUST SPEED    34   HIGHEST GUST DIRECTION    NW (300)
  AVERAGE WIND SPEED    10.5


SKY COVER
  AVERAGE SKY COVER 0.9


WEATHER CONDITIONS
 THE FOLLOWING WEATHER WAS RECORDED YESTERDAY.
  LIGHT RAIN
  FOG


RELATIVE HUMIDITY (PERCENT)
 HIGHEST    92          1000 AM
 LOWEST     76           600 AM
 AVERAGE    84

..........................................................


THE INDIANAPOLIS IN CLIMATE NORMALS FOR TODAY
                         NORMAL    RECORD    YEAR
 MAXIMUM TEMPERATURE (F)   41        65      1951
 MINIMUM TEMPERATURE (F)   27        -7      1882


SUNRISE AND SUNSET
DECEMBER  7 2016......SUNRISE   753 AM EST   SUNSET   520 PM EST
DECEMBER  8 2016......SUNRISE   754 AM EST   SUNSET   521 PM EST


-  INDICATES NEGATIVE NUMBERS.
R  INDICATES RECORD WAS SET OR TIED.
MM INDICATES DATA IS MISSING.
T  INDICATES TRACE AMOUNT.




$$
