000
CDUS43 KIND 210533
CLIIND


CLIMATE REPORT
NATIONAL WEATHER SERVICE INDIANAPOLIS IN
133 AM EDT FRI JUL 21 2017


...................................

...THE INDIANAPOLIS IN CLIMATE SUMMARY FOR JULY 20 2017...

CLIMATE NORMAL PERIOD 1981 TO 2010
CLIMATE RECORD PERIOD 1871 TO 2017


WEATHER ITEM   OBSERVED TIME   RECORD YEAR NORMAL DEPARTURE LAST
                VALUE   (LST)  VALUE       VALUE  FROM      YEAR
                                                  NORMAL
..................................................................
TEMPERATURE (F)
 YESTERDAY
  MAXIMUM         90    508 PM 103    1934  85      5       87
  MINIMUM         74    550 AM  49    1947  66      8       71
  AVERAGE         82                        75      7       79

PRECIPITATION (IN)
  YESTERDAY        0.13          4.00 1969   0.13   0.00     0.04
  MONTH TO DATE    4.98                      3.11   1.87     5.37
  SINCE JUN 1     11.51                      7.36   4.15     9.90
  SINCE JAN 1     35.79                     24.76  11.03    27.41

SNOWFALL (IN)
  YESTERDAY        0.0           0.0    MM   0.0    0.0      0.0
  MONTH TO DATE    0.0                       0.0    0.0      0.0
  SINCE JUN 1      0.0                       0.0    0.0      0.0
  SINCE JUL 1      0.0                       0.0    0.0      0.0
  SNOW DEPTH       0

DEGREE DAYS
 HEATING
  YESTERDAY        0                         0      0        0
  MONTH TO DATE    0                         0      0        2
  SINCE JUN 1      3                        16    -13        3
  SINCE JUL 1      0                         0      0        2

 COOLING
  YESTERDAY       17                        10      7       14
  MONTH TO DATE  236                       215     21      199
  SINCE JUN 1    456                       441     15      494
  SINCE JAN 1    562                       525     37      595
..................................................................


WIND (MPH)
  HIGHEST WIND SPEED    26   HIGHEST WIND DIRECTION    NW (320)
  HIGHEST GUST SPEED    34   HIGHEST GUST DIRECTION    NW (310)
  AVERAGE WIND SPEED     8.7


SKY COVER
  AVERAGE SKY COVER 0.7


WEATHER CONDITIONS
 THE FOLLOWING WEATHER WAS RECORDED YESTERDAY.
  THUNDERSTORM
  RAIN
  LIGHT RAIN
  FOG


RELATIVE HUMIDITY (PERCENT)
 HIGHEST    94          1200 AM
 LOWEST     63           200 PM
 AVERAGE    79

..........................................................


THE INDIANAPOLIS IN CLIMATE NORMALS FOR TODAY
                         NORMAL    RECORD    YEAR
 MAXIMUM TEMPERATURE (F)   85       106      1934
 MINIMUM TEMPERATURE (F)   66        46      1944


SUNRISE AND SUNSET
JULY 21 2017..........SUNRISE   635 AM EDT   SUNSET   908 PM EDT
JULY 22 2017..........SUNRISE   636 AM EDT   SUNSET   907 PM EDT


-  INDICATES NEGATIVE NUMBERS.
R  INDICATES RECORD WAS SET OR TIED.
MM INDICATES DATA IS MISSING.
T  INDICATES TRACE AMOUNT.




$$
