000
CDUS43 KIND 260535
CLIIND


CLIMATE REPORT
NATIONAL WEATHER SERVICE INDIANAPOLIS IN
1234 AM EST SUN FEB 26 2017


...................................

...THE INDIANAPOLIS IN CLIMATE SUMMARY FOR FEBRUARY 25 2017...

CLIMATE NORMAL PERIOD 1981 TO 2010
CLIMATE RECORD PERIOD 1871 TO 2017


WEATHER ITEM   OBSERVED TIME   RECORD YEAR NORMAL DEPARTURE LAST
                VALUE   (LST)  VALUE       VALUE  FROM      YEAR
                                                  NORMAL
..................................................................
TEMPERATURE (F)
 YESTERDAY
  MAXIMUM         43   1211 AM  76    2000  44     -1       35
  MINIMUM         25   1159 PM  -7    1900  27     -2       32
  AVERAGE         34                        35     -1       34

PRECIPITATION (IN)
  YESTERDAY        T             2.35 1890   0.09  -0.09      T
  MONTH TO DATE    0.51                      2.05  -1.54     2.16
  SINCE DEC 1      6.38                      7.88  -1.50     9.21
  SINCE JAN 1      4.86                      4.71   0.15     3.62

SNOWFALL (IN)
  YESTERDAY        T             7.8  1965   0.2   -0.2      0.2
  MONTH TO DATE    2.1                       6.0   -3.9      4.4
  SINCE DEC 1      8.7                      21.5  -12.8     10.8
  SINCE JUL 1      8.7                      22.6  -13.9     12.1
  SNOW DEPTH       0

DEGREE DAYS
 HEATING
  YESTERDAY       31                        30      1       31
  MONTH TO DATE  539                       835   -296      784
  SINCE DEC 1   2531                      3014   -483     2581
  SINCE JUL 1   3224                      4056   -832     3368

 COOLING
  YESTERDAY        0                         0      0        0
  MONTH TO DATE    0                         0      0        0
  SINCE DEC 1      0                         0      0        0
  SINCE JAN 1      0                         0      0        0
..................................................................


WIND (MPH)
  HIGHEST WIND SPEED    32   HIGHEST WIND DIRECTION     W (260)
  HIGHEST GUST SPEED    39   HIGHEST GUST DIRECTION     W (280)
  AVERAGE WIND SPEED    19.0


SKY COVER
  AVERAGE SKY COVER 0.8


WEATHER CONDITIONS
 THE FOLLOWING WEATHER WAS RECORDED YESTERDAY.
  LIGHT RAIN
  LIGHT SNOW
  FOG


RELATIVE HUMIDITY (PERCENT)
 HIGHEST    78           700 AM
 LOWEST     49           400 PM
 AVERAGE    64

..........................................................


THE INDIANAPOLIS IN CLIMATE NORMALS FOR TODAY
                         NORMAL    RECORD    YEAR
 MAXIMUM TEMPERATURE (F)   44        68      1998
                                             1944
                                             1917
 MINIMUM TEMPERATURE (F)   27        -6      1963


SUNRISE AND SUNSET
FEBRUARY 26 2017......SUNRISE   722 AM EST   SUNSET   634 PM EST
FEBRUARY 27 2017......SUNRISE   721 AM EST   SUNSET   635 PM EST


-  INDICATES NEGATIVE NUMBERS.
R  INDICATES RECORD WAS SET OR TIED.
MM INDICATES DATA IS MISSING.
T  INDICATES TRACE AMOUNT.




$$
