000
CDUS43 KIND 210153
CLIIND


CLIMATE REPORT
NATIONAL WEATHER SERVICE INDIANAPOLIS IN
846 PM EST THU NOV 20 2014


...................................

...THE INDIANAPOLIS IN CLIMATE SUMMARY FOR NOVEMBER 20 2014...
VALID AS OF 0700 PM LOCAL TIME.

CLIMATE NORMAL PERIOD 1981 TO 2010
CLIMATE RECORD PERIOD 1871 TO 2014


WEATHER ITEM   OBSERVED TIME   RECORD YEAR NORMAL DEPARTURE LAST
                VALUE   (LST)  VALUE       VALUE  FROM      YEAR
                                                  NORMAL
..................................................................
TEMPERATURE (F)
 TODAY
  MAXIMUM         30    332 PM  75    1942  50    -20       47
  MINIMUM         17    741 AM   8    1914  33    -16       30
  AVERAGE         24                        42    -18       39

PRECIPITATION (IN)
  TODAY            T             1.73 1991   0.13  -0.13     0.00
  MONTH TO DATE    0.67                      2.45  -1.78     2.92
  SINCE SEP 1      6.37                      8.69  -2.32    11.24
  SINCE JAN 1     36.89                     38.02  -1.13    41.17

SNOWFALL (IN)
  TODAY            T             2.4  1967   0.0    0.0      0.0
  MONTH TO DATE    2.5                       0.3    2.2      0.1
  SINCE SEP 1      2.6                       0.7    1.9      0.1
  SINCE JUL 1      2.6                       0.7    1.9      0.1
  SNOW DEPTH       T

..................................................................


WIND (MPH)
  HIGHEST WIND SPEED    25   HIGHEST WIND DIRECTION     W (250)
  HIGHEST GUST SPEED    29   HIGHEST GUST DIRECTION     W (250)
  AVERAGE WIND SPEED    15.9


SKY COVER
  AVERAGE SKY COVER 0.4


WEATHER CONDITIONS
 THE FOLLOWING WEATHER WAS RECORDED TODAY.
  LIGHT SNOW


RELATIVE HUMIDITY (PERCENT)
 HIGHEST    74           400 AM
 LOWEST     50           200 PM

..........................................................


THE INDIANAPOLIS IN CLIMATE NORMALS FOR TOMORROW
                         NORMAL    RECORD    YEAR
 MAXIMUM TEMPERATURE (F)   49        73      1990
                                             1934
 MINIMUM TEMPERATURE (F)   33         2      1880


SUNRISE AND SUNSET
NOVEMBER 20 2014......SUNRISE   735 AM EST   SUNSET   526 PM EST
NOVEMBER 21 2014......SUNRISE   736 AM EST   SUNSET   525 PM EST


-  INDICATES NEGATIVE NUMBERS.
R  INDICATES RECORD WAS SET OR TIED.
MM INDICATES DATA IS MISSING.
T  INDICATES TRACE AMOUNT.




$$
