000
CDUS43 KIND 290537
CLIIND


CLIMATE REPORT
NATIONAL WEATHER SERVICE INDIANAPOLIS IN
136 AM EDT FRI MAY 29 2015


...................................

...THE INDIANAPOLIS IN CLIMATE SUMMARY FOR MAY 28 2015...

CLIMATE NORMAL PERIOD 1981 TO 2010
CLIMATE RECORD PERIOD 1871 TO 2015


WEATHER ITEM   OBSERVED TIME   RECORD YEAR NORMAL DEPARTURE LAST
                VALUE   (LST)  VALUE       VALUE  FROM      YEAR
                                                  NORMAL
..................................................................
TEMPERATURE (F)
 YESTERDAY
  MAXIMUM         84    448 PM  96    1911  76      8       83
  MINIMUM         60    554 AM  39    1907  57      3       64
  AVERAGE         72                        66      6       74

PRECIPITATION (IN)
  YESTERDAY        0.00          1.50 1912   0.16  -0.16     0.00
  MONTH TO DATE    1.09                      4.58  -3.49     4.85
  SINCE MAR 1      8.62                     11.95  -3.33    12.62
  SINCE JAN 1     11.77                     16.93  -5.16    17.41

SNOWFALL (IN)
  YESTERDAY        0.0           0.0    MM   0.0    0.0      0.0
  MONTH TO DATE    0.0                       0.0    0.0       T
  SINCE MAR 1      5.9                       2.8    3.1      3.4
  SINCE JUL 1     25.6                      25.9   -0.3     55.7
  SNOW DEPTH       0

DEGREE DAYS
 HEATING
  YESTERDAY        0                         2     -2        0
  MONTH TO DATE   75                       135    -60      153
  SINCE MAR 1   1178                      1214    -36     1409
  SINCE JUL 1   5904                      5357    547     6206

 COOLING
  YESTERDAY        7                         4      3        9
  MONTH TO DATE  122                        57     65       74
  SINCE MAR 1    128                        72     56       78
  SINCE JAN 1    128                        72     56       78
..................................................................


WIND (MPH)
  HIGHEST WIND SPEED    15   HIGHEST WIND DIRECTION     S (170)
  HIGHEST GUST SPEED    17   HIGHEST GUST DIRECTION     S (170)
  AVERAGE WIND SPEED     6.7


SKY COVER
  AVERAGE SKY COVER 0.4


WEATHER CONDITIONS
 THE FOLLOWING WEATHER WAS RECORDED YESTERDAY.
  FOG


RELATIVE HUMIDITY (PERCENT)
 HIGHEST    87          1200 AM
 LOWEST     43           200 PM
 AVERAGE    65

..........................................................


THE INDIANAPOLIS IN CLIMATE NORMALS FOR TODAY
                         NORMAL    RECORD    YEAR
 MAXIMUM TEMPERATURE (F)   77        93      1895
 MINIMUM TEMPERATURE (F)   57        36      1965


SUNRISE AND SUNSET
MAY 29 2015...........SUNRISE   621 AM EDT   SUNSET   905 PM EDT
MAY 30 2015...........SUNRISE   620 AM EDT   SUNSET   905 PM EDT


-  INDICATES NEGATIVE NUMBERS.
R  INDICATES RECORD WAS SET OR TIED.
MM INDICATES DATA IS MISSING.
T  INDICATES TRACE AMOUNT.




$$
