569
CDUS43 KIND 160537
CLIIND


CLIMATE REPORT
NATIONAL WEATHER SERVICE INDIANAPOLIS IN
1236 AM EST MON JAN 16 2017


...................................

...THE INDIANAPOLIS IN CLIMATE SUMMARY FOR JANUARY 15 2017...

CLIMATE NORMAL PERIOD 1981 TO 2010
CLIMATE RECORD PERIOD 1871 TO 2017


WEATHER ITEM   OBSERVED TIME   RECORD YEAR NORMAL DEPARTURE LAST
                VALUE   (LST)  VALUE       VALUE  FROM      YEAR
                                                  NORMAL
..................................................................
TEMPERATURE (F)
 YESTERDAY
  MAXIMUM         35   1159 PM  66    1932  35      0       46
  MINIMUM         29    830 AM -17    1972  20      9       31
  AVERAGE         32                        28      4       39

PRECIPITATION (IN)
  YESTERDAY        T             1.68 1950   0.08  -0.08     0.13
  MONTH TO DATE    2.27                      1.38   0.89     1.26
  SINCE DEC 1      3.79                      4.55  -0.76     6.85
  SINCE JAN 1      2.27                      1.38   0.89     1.26

SNOWFALL (IN)
  YESTERDAY        0.0          10.3  1965   0.3   -0.3      0.0
  MONTH TO DATE    1.2                       4.0   -2.8      3.4
  SINCE DEC 1      6.1                      10.9   -4.8      4.0
  SINCE JUL 1      6.1                      12.0   -5.9      5.3
  SNOW DEPTH       0

DEGREE DAYS
 HEATING
  YESTERDAY       33                        37     -4       26
  MONTH TO DATE  531                       555    -24      522
  SINCE DEC 1   1598                      1589      9     1207
  SINCE JUL 1   2291                      2631   -340     1994

 COOLING
  YESTERDAY        0                         0      0        0
  MONTH TO DATE    0                         0      0        0
  SINCE DEC 1      0                         0      0        0
  SINCE JAN 1      0                         0      0        0
..................................................................


WIND (MPH)
  HIGHEST WIND SPEED     8   HIGHEST WIND DIRECTION     E (90)
  HIGHEST GUST SPEED    10   HIGHEST GUST DIRECTION     E (80)
  AVERAGE WIND SPEED     5.8


SKY COVER
  AVERAGE SKY COVER 1.0


WEATHER CONDITIONS
 THE FOLLOWING WEATHER WAS RECORDED YESTERDAY.
  LIGHT RAIN
  FOG
  HAZE


RELATIVE HUMIDITY (PERCENT)
 HIGHEST    92           200 AM
 LOWEST     75           300 PM
 AVERAGE    84

..........................................................


THE INDIANAPOLIS IN CLIMATE NORMALS FOR TODAY
                         NORMAL    RECORD    YEAR
 MAXIMUM TEMPERATURE (F)   35        66      1990
 MINIMUM TEMPERATURE (F)   20       -20      1977
                                             1972


SUNRISE AND SUNSET
JANUARY 16 2017.......SUNRISE   804 AM EST   SUNSET   547 PM EST
JANUARY 17 2017.......SUNRISE   803 AM EST   SUNSET   548 PM EST


-  INDICATES NEGATIVE NUMBERS.
R  INDICATES RECORD WAS SET OR TIED.
MM INDICATES DATA IS MISSING.
T  INDICATES TRACE AMOUNT.




$$
