000
CDUS43 KDLH 040619
CLIINL


CLIMATE REPORT
NATIONAL WEATHER SERVICE DULUTH MN
118 AM CDT SAT JUL 4 2015


...................................

...THE INTERNATIONAL FALLS MN CLIMATE SUMMARY FOR JULY 3 2015...

CLIMATE NORMAL PERIOD 1981 TO 2010
CLIMATE RECORD PERIOD 1895 TO 2015


WEATHER ITEM   OBSERVED TIME   RECORD YEAR NORMAL DEPARTURE LAST
                VALUE   (LST)  VALUE       VALUE  FROM      YEAR
                                                  NORMAL
..................................................................
TEMPERATURE (F)
 YESTERDAY
  MAXIMUM         80    301 PM  90    1990  77      3       75
  MINIMUM         51   1156 PM  37    1915  52     -1       44
  AVERAGE         66                        64      2       60

PRECIPITATION (IN)
  YESTERDAY        0.00          2.15 1919   0.15  -0.15     0.00
  MONTH TO DATE    0.00                      0.45  -0.45     0.02
  SINCE JUN 1      3.20                      4.37  -1.17    10.26
  SINCE JAN 1     11.37                     10.90   0.47    19.08

SNOWFALL (IN)
  YESTERDAY        0.0                       0.0    0.0      0.0
  MONTH TO DATE    0.0                       0.0    0.0      0.0
  SINCE JUN 1      0.0                       0.0    0.0      0.0
  SINCE JUL 1      0.0                       0.0    0.0      0.0
  SNOW DEPTH       0

DEGREE DAYS
 HEATING
  YESTERDAY        0                         3     -3        5
  MONTH TO DATE    5                         9     -4       21
  SINCE JUN 1    154                       173    -19      150
  SINCE JUL 1      5                         9     -4       21

 COOLING
  YESTERDAY        1                         2     -1        0
  MONTH TO DATE    1                         6     -5        0
  SINCE JUN 1      5                        44    -39       29
  SINCE JAN 1      5                        53    -48       52
..................................................................


WIND (MPH)
  HIGHEST WIND SPEED    17   HIGHEST WIND DIRECTION     N (340)
  HIGHEST GUST SPEED    22   HIGHEST GUST DIRECTION     N (340)
  AVERAGE WIND SPEED     6.5


SKY COVER
  AVERAGE SKY COVER 0.5


WEATHER CONDITIONS
 THE FOLLOWING WEATHER WAS RECORDED YESTERDAY.
  FOG
  HAZE


RELATIVE HUMIDITY (PERCENT)
 HIGHEST    93           600 AM
 LOWEST     39           400 PM
 AVERAGE    66

..........................................................


THE INTERNATIONAL FALLS MN CLIMATE NORMALS FOR TODAY
                         NORMAL    RECORD    YEAR
 MAXIMUM TEMPERATURE (F)   77        90      1948
 MINIMUM TEMPERATURE (F)   52        36      1967


SUNRISE AND SUNSET
JULY  4 2015..........SUNRISE   517 AM CDT   SUNSET   918 PM CDT
JULY  5 2015..........SUNRISE   518 AM CDT   SUNSET   918 PM CDT


-  INDICATES NEGATIVE NUMBERS.
R  INDICATES RECORD WAS SET OR TIED.
MM INDICATES DATA IS MISSING.
T  INDICATES TRACE AMOUNT.




$$
