000
CDUS43 KDLH 141314
CLIINL


CLIMATE REPORT
NATIONAL WEATHER SERVICE DULUTH MN
714 AM CST THU DEC 14 2017


...................................

...THE INTERNATIONAL FALLS MN CLIMATE SUMMARY FOR DECEMBER 13 2017...

CLIMATE NORMAL PERIOD 1981 TO 2010
CLIMATE RECORD PERIOD 1895 TO 2017


WEATHER ITEM   OBSERVED TIME   RECORD YEAR NORMAL DEPARTURE LAST
                VALUE   (LST)  VALUE       VALUE  FROM      YEAR
                                                  NORMAL
..................................................................
TEMPERATURE (F)
 YESTERDAY
  MAXIMUM         19    315 PM  45    1913  20     -1        5
  MINIMUM         13   1159 PM -33    2010   1     12      -14
  AVERAGE         16                        10      6       -4

PRECIPITATION (IN)
  YESTERDAY        0.08          0.43 1995   0.02   0.06      T
  MONTH TO DATE    0.76                      0.36   0.40     0.78
  SINCE DEC 1      0.76                      0.36   0.40     0.78
  SINCE JAN 1     23.15                     23.77  -0.62    27.95

SNOWFALL (IN)
  YESTERDAY        1.4           7.1  1991   0.5    0.9       T
  MONTH TO DATE    7.0                       6.3    0.7     11.7
  SINCE DEC 1      7.0                       6.3    0.7     11.7
  SINCE JUL 1     21.0                      22.3   -1.3     20.1
  SNOW DEPTH       4

DEGREE DAYS
 HEATING
  YESTERDAY       49                        55     -6       69
  MONTH TO DATE  618                       673    -55      657
  SINCE DEC 1    618                       673    -55      657
  SINCE JUL 1   3012                      3134   -122     2463

 COOLING
  YESTERDAY        0                         0      0        0
  MONTH TO DATE    0                         0      0        0
  SINCE DEC 1      0                         0      0        0
  SINCE JAN 1     86                       192   -106      155
..................................................................


WIND (MPH)
  HIGHEST WIND SPEED    12   HIGHEST WIND DIRECTION     E (70)
  HIGHEST GUST SPEED    15   HIGHEST GUST DIRECTION     E (70)
  AVERAGE WIND SPEED     6.2


SKY COVER
  AVERAGE SKY COVER 1.0


WEATHER CONDITIONS
 THE FOLLOWING WEATHER WAS RECORDED YESTERDAY.
  HEAVY SNOW
  LIGHT SNOW
  FOG
  HAZE


RELATIVE HUMIDITY (PERCENT)
 HIGHEST    88          1200 AM
 LOWEST     74           100 PM
 AVERAGE    81

..........................................................


THE INTERNATIONAL FALLS MN CLIMATE NORMALS FOR TODAY
                         NORMAL    RECORD    YEAR
 MAXIMUM TEMPERATURE (F)   19        47      1998
 MINIMUM TEMPERATURE (F)    1       -28      1917


SUNRISE AND SUNSET
DECEMBER 14 2017......SUNRISE   758 AM CST   SUNSET   418 PM CST
DECEMBER 15 2017......SUNRISE   759 AM CST   SUNSET   418 PM CST


-  INDICATES NEGATIVE NUMBERS.
R  INDICATES RECORD WAS SET OR TIED.
MM INDICATES DATA IS MISSING.
T  INDICATES TRACE AMOUNT.




$$
