000
CDUS43 KDLH 282231
CLIINL


CLIMATE REPORT
NATIONAL WEATHER SERVICE DULUTH MN
522 PM CDT SUN AUG 28 2016


...................................

...THE INTERNATIONAL FALLS MN CLIMATE SUMMARY FOR AUGUST 28 2016...
VALID TODAY AS OF 0500 PM LOCAL TIME.

CLIMATE NORMAL PERIOD 1981 TO 2010
CLIMATE RECORD PERIOD 1895 TO 2016


WEATHER ITEM   OBSERVED TIME   RECORD YEAR NORMAL DEPARTURE LAST
                VALUE   (LST)  VALUE       VALUE  FROM      YEAR
                                                  NORMAL
..................................................................
TEMPERATURE (F)
 TODAY
  MAXIMUM         74    359 PM  93    1984  73      1       81
  MINIMUM         52    201 AM  30    1982  49      3       57
  AVERAGE         63                        61      2       69

PRECIPITATION (IN)
  TODAY            0.00                      0.09  -0.09     0.05
  MONTH TO DATE    2.86                      2.53   0.33     3.62
  SINCE JUN 1     12.21                     10.15   2.06     8.29
  SINCE JAN 1     20.01                     16.68   3.33    16.46

SNOWFALL (IN)
  TODAY            0.0                       0.0    0.0      0.0
  MONTH TO DATE    0.0                       0.0    0.0      0.0
  SINCE JUL 1      0.0                       0.0    0.0      0.0
  SNOW DEPTH       0

DEGREE DAYS
 HEATING
  TODAY            2                         5     -3        0
  MONTH TO DATE   58                        92    -34      129
  SINCE JUN 1    268                       326    -58      325
  SINCE JUL 1    101                       162    -61      176

 COOLING
  TODAY            0                         1     -1        4
  MONTH TO DATE   44                        50     -6       48
  SINCE JUN 1    144                       164    -20      143
  SINCE JAN 1    146                       173    -27      143
..................................................................


WIND (MPH)
  HIGHEST WIND SPEED    12   HIGHEST WIND DIRECTION    SE (140)
  HIGHEST GUST SPEED    16   HIGHEST GUST DIRECTION    SE (130)


SKY COVER
  AVERAGE SKY COVER 0.7


WEATHER CONDITIONS
 THE FOLLOWING WEATHER WAS RECORDED TODAY.
  FOG
  FOG W/VISIBILITY <= 1/4 MILE


RELATIVE HUMIDITY (PERCENT)
 HIGHEST   100           100 AM
 LOWEST     68           300 PM
 AVERAGE    84

..........................................................


THE INTERNATIONAL FALLS MN CLIMATE NORMALS FOR TOMORROW
                         NORMAL    RECORD    YEAR
 MAXIMUM TEMPERATURE (F)   73        90      1961
 MINIMUM TEMPERATURE (F)   48        33      1917
                                             1911


SUNRISE AND SUNSET
AUGUST 28 2016........SUNRISE   626 AM CDT   SUNSET   802 PM CDT
AUGUST 29 2016........SUNRISE   627 AM CDT   SUNSET   800 PM CDT


-  INDICATES NEGATIVE NUMBERS.
R  INDICATES RECORD WAS SET OR TIED.
MM INDICATES DATA IS MISSING.
T  INDICATES TRACE AMOUNT.




$$
