000
CDUS45 KFGZ 250748
CLIINW
CLIMATE REPORT
NATIONAL WEATHER SERVICE FLAGSTAFF, AZ
1247 AM MST SAT MAR 25 2017


...................................

...THE WINSLOW AZ AIRPORT CLIMATE SUMMARY FOR MARCH 24 2017...

CLIMATE NORMAL PERIOD 1981 TO 2010
CLIMATE RECORD PERIOD 1915 TO 2017


WEATHER ITEM   OBSERVED TIME   RECORD YEAR NORMAL DEPARTURE LAST
                VALUE   (LST)  VALUE       VALUE  FROM      YEAR
                                                  NORMAL
..................................................................
TEMPERATURE (F)
 YESTERDAY
  MAXIMUM         67    359 PM  81    1956  66      1       64
  MINIMUM         32    535 AM  14    1917  32      0       22
  AVERAGE         50                        49      1       43

PRECIPITATION (IN)
  YESTERDAY        0.00          0.37 1941   0.02  -0.02     0.00
  MONTH TO DATE    0.04                      0.42  -0.38      T
  SINCE SEP 1      4.65                      3.88   0.77     4.59
  SINCE JAN 1      1.57                      1.40   0.17     0.57

DEGREE DAYS
 HEATING
  YESTERDAY       15                        16     -1       22
  MONTH TO DATE  298                       450   -152      330
  SINCE JUL 1   3104                      3945   -841     3664

 COOLING
  YESTERDAY        0                         0      0        0
  MONTH TO DATE    0                         0      0        0
  SINCE JAN 1      0                         0      0        0
..................................................................


WIND (MPH)
  HIGHEST WIND SPEED    17   HIGHEST WIND DIRECTION    NW (330)
  HIGHEST GUST SPEED    21   HIGHEST GUST DIRECTION    NW (310)
  AVERAGE WIND SPEED     8.6


SKY COVER
  POSSIBLE SUNSHINE  MM
  AVERAGE SKY COVER 0.0


WEATHER CONDITIONS
 THE FOLLOWING WEATHER WAS RECORDED YESTERDAY.
  NO SIGNIFICANT WEATHER WAS OBSERVED.


RELATIVE HUMIDITY (PERCENT)
 HIGHEST    75           500 AM
 LOWEST     11           500 PM
 AVERAGE    43

..........................................................


THE WINSLOW AZ AIRPORT CLIMATE NORMALS FOR TODAY
                         NORMAL    RECORD    YEAR
 MAXIMUM TEMPERATURE (F)   66        80      1956
 MINIMUM TEMPERATURE (F)   32        15      1929


SUNRISE AND SUNSET
MARCH 25 2017.........SUNRISE   619 AM MST   SUNSET   639 PM MST
MARCH 26 2017.........SUNRISE   618 AM MST   SUNSET   640 PM MST


-  INDICATES NEGATIVE NUMBERS.
R  INDICATES RECORD WAS SET OR TIED.
MM INDICATES DATA IS MISSING.
T  INDICATES TRACE AMOUNT.




$$
