000
CDUS45 KFGZ 200054
CLIINW
CLIMATE REPORT
NATIONAL WEATHER SERVICE FLAGSTAFF, AZ
553 PM MST FRI DEC 19 2014


...................................

...THE WINSLOW AZ AIRPORT CLIMATE SUMMARY FOR DECEMBER 19 2014...
VALID TODAY AS OF 0500 PM LOCAL TIME.

CLIMATE NORMAL PERIOD 1981 TO 2010
CLIMATE RECORD PERIOD 1915 TO 2014


WEATHER ITEM   OBSERVED TIME   RECORD YEAR NORMAL DEPARTURE LAST
                VALUE   (LST)  VALUE       VALUE  FROM      YEAR
                                                  NORMAL
..................................................................
TEMPERATURE (F)
 TODAY
  MAXIMUM         43    356 PM  64    1955  47     -4       59
  MINIMUM         21    614 AM   1    1931  20      1       28
  AVERAGE         32                        34     -2       44

PRECIPITATION (IN)
  TODAY            0.00          1.35 1967   0.02  -0.02     0.00
  MONTH TO DATE    1.03                      0.35   0.68     0.05
  SINCE SEP 1      2.76                      2.27   0.49     3.81
  SINCE JAN 1      6.94                      6.80   0.14     9.51

DEGREE DAYS
 HEATING
  TODAY           33                        31      2       21
  MONTH TO DATE  457                       564   -107      618
  SINCE JUL 1   1209                      1500   -291     1590

 COOLING
  TODAY            0                         0      0        0
  MONTH TO DATE    0                         0      0        0
  SINCE JAN 1   1327                      1208    119     1380
..................................................................


WIND (MPH)
  HIGHEST WIND SPEED    12   HIGHEST WIND DIRECTION     E (110)
  HIGHEST GUST SPEED    14   HIGHEST GUST DIRECTION     E (110)
  AVERAGE WIND SPEED     4.7


SKY COVER
  POSSIBLE SUNSHINE  MM
  AVERAGE SKY COVER 0.4


WEATHER CONDITIONS
 THE FOLLOWING WEATHER WAS RECORDED TODAY.
  FOG
  FOG W/VISIBILITY <= 1/4 MILE


RELATIVE HUMIDITY (PERCENT)
 HIGHEST   100          1000 AM
 LOWEST     67           300 PM
 AVERAGE    84

..........................................................


THE WINSLOW AZ AIRPORT CLIMATE NORMALS FOR TOMORROW
                         NORMAL    RECORD    YEAR
 MAXIMUM TEMPERATURE (F)   47        70      1921
 MINIMUM TEMPERATURE (F)   20        -3      1945


SUNRISE AND SUNSET
DECEMBER 19 2014......SUNRISE   726 AM MST   SUNSET   514 PM MST
DECEMBER 20 2014......SUNRISE   727 AM MST   SUNSET   515 PM MST


-  INDICATES NEGATIVE NUMBERS.
R  INDICATES RECORD WAS SET OR TIED.
MM INDICATES DATA IS MISSING.
T  INDICATES TRACE AMOUNT.




$$
