000
CDUS45 KFGZ 260837
CLIINW
CLIMATE REPORT
NATIONAL WEATHER SERVICE FLAGSTAFF, AZ
136 AM MST MON JUN 26 2017


...................................

...THE WINSLOW AZ AIRPORT CLIMATE SUMMARY FOR JUNE 25 2017...

CLIMATE NORMAL PERIOD 1981 TO 2010
CLIMATE RECORD PERIOD 1915 TO 2017


WEATHER ITEM   OBSERVED TIME   RECORD YEAR NORMAL DEPARTURE LAST
                VALUE   (LST)  VALUE       VALUE  FROM      YEAR
                                                  NORMAL
..................................................................
TEMPERATURE (F)
 YESTERDAY
  MAXIMUM         99   1213 PM 103    1994  94      5      100
                                      1981
                                      1970
  MINIMUM         66   1153 PM  43    1998  57      9       65
                                      1976
                                      1975
  AVERAGE         83                        76      7       83

PRECIPITATION (IN)
  YESTERDAY        0.00          0.45 1954   0.01  -0.01     0.00
  MONTH TO DATE    0.00                      0.13  -0.13      T
  SINCE SEP 1      5.22                      4.72   0.50     5.62
  SINCE JAN 1      2.14                      2.24  -0.10     1.60

DEGREE DAYS
 HEATING
  YESTERDAY        0                         0      0        0
  MONTH TO DATE    4                         8     -4        0
  SINCE JUL 1   3637                      4495   -858     4253

 COOLING
  YESTERDAY       18                        11      7       18
  MONTH TO DATE  294                       184    110      308
  SINCE JAN 1    335                       251     84      325
..................................................................


WIND (MPH)
  HIGHEST WIND SPEED    41   HIGHEST WIND DIRECTION     W (280)
  HIGHEST GUST SPEED    55   HIGHEST GUST DIRECTION     W (290)
  AVERAGE WIND SPEED    10.0


SKY COVER
  POSSIBLE SUNSHINE  MM
  AVERAGE SKY COVER 0.0


WEATHER CONDITIONS
 THE FOLLOWING WEATHER WAS RECORDED YESTERDAY.
  THUNDERSTORM
  HAZE


RELATIVE HUMIDITY (PERCENT)
 HIGHEST    45          1100 PM
 LOWEST      9          1200 PM
 AVERAGE    27

..........................................................


THE WINSLOW AZ AIRPORT CLIMATE NORMALS FOR TODAY
                         NORMAL    RECORD    YEAR
 MAXIMUM TEMPERATURE (F)   94       106      1970
 MINIMUM TEMPERATURE (F)   57        44      1975


SUNRISE AND SUNSET
JUNE 26 2017..........SUNRISE   511 AM MST   SUNSET   741 PM MST
JUNE 27 2017..........SUNRISE   511 AM MST   SUNSET   741 PM MST


-  INDICATES NEGATIVE NUMBERS.
R  INDICATES RECORD WAS SET OR TIED.
MM INDICATES DATA IS MISSING.
T  INDICATES TRACE AMOUNT.




$$
