000
CDUS45 KFGZ 240840
CLIINW
CLIMATE REPORT
NATIONAL WEATHER SERVICE FLAGSTAFF, AZ
137 AM MST WED MAY 24 2017


...................................

...THE WINSLOW AZ AIRPORT CLIMATE SUMMARY FOR MAY 23 2017...

CLIMATE NORMAL PERIOD 1981 TO 2010
CLIMATE RECORD PERIOD 1915 TO 2017


WEATHER ITEM   OBSERVED TIME   RECORD YEAR NORMAL DEPARTURE LAST
                VALUE   (LST)  VALUE       VALUE  FROM      YEAR
                                                  NORMAL
..................................................................
TEMPERATURE (F)
 YESTERDAY
  MAXIMUM         85    443 PM  99    2000  84      1       80
  MINIMUM         40    532 AM  28    1930  47     -7       41
  AVERAGE         63                        66     -3       61

PRECIPITATION (IN)
  YESTERDAY        0.00          0.16 1992   0.01  -0.01     0.00
  MONTH TO DATE    0.40                      0.25   0.15     0.43
  SINCE SEP 1      5.22                      4.51   0.71     5.62
  SINCE JAN 1      2.14                      2.03   0.11     1.60

DEGREE DAYS
 HEATING
  YESTERDAY        2                         2      0        4
  MONTH TO DATE  132                        94     38      112
  SINCE JUL 1   3631                      4473   -842     4231

 COOLING
  YESTERDAY        0                         3     -3        0
  MONTH TO DATE   18                        36    -18       15
  SINCE JAN 1     18                        40    -22       15
..................................................................


WIND (MPH)
  HIGHEST WIND SPEED    18   HIGHEST WIND DIRECTION     N (360)
  HIGHEST GUST SPEED    25   HIGHEST GUST DIRECTION    NW (320)
  AVERAGE WIND SPEED     5.5


SKY COVER
  POSSIBLE SUNSHINE  MM
  AVERAGE SKY COVER 0.0


WEATHER CONDITIONS
 THE FOLLOWING WEATHER WAS RECORDED YESTERDAY.
  NO SIGNIFICANT WEATHER WAS OBSERVED.


RELATIVE HUMIDITY (PERCENT)
 HIGHEST    45           400 AM
 LOWEST     11           600 PM
 AVERAGE    28

..........................................................


THE WINSLOW AZ AIRPORT CLIMATE NORMALS FOR TODAY
                         NORMAL    RECORD    YEAR
 MAXIMUM TEMPERATURE (F)   84        96      2000
 MINIMUM TEMPERATURE (F)   47        32      1930


SUNRISE AND SUNSET
MAY 24 2017...........SUNRISE   513 AM MST   SUNSET   727 PM MST
MAY 25 2017...........SUNRISE   513 AM MST   SUNSET   727 PM MST


-  INDICATES NEGATIVE NUMBERS.
R  INDICATES RECORD WAS SET OR TIED.
MM INDICATES DATA IS MISSING.
T  INDICATES TRACE AMOUNT.




$$
