000
CDUS45 KFGZ 270801
CLIINW
CLIMATE REPORT
NATIONAL WEATHER SERVICE FLAGSTAFF, AZ
1258 AM MST TUE JAN 27 2015


...................................

...THE WINSLOW AZ AIRPORT CLIMATE SUMMARY FOR JANUARY 26 2015...

CLIMATE NORMAL PERIOD 1981 TO 2010
CLIMATE RECORD PERIOD 1915 TO 2015


WEATHER ITEM   OBSERVED TIME   RECORD YEAR NORMAL DEPARTURE LAST
                VALUE   (LST)  VALUE       VALUE  FROM      YEAR
                                                  NORMAL
..................................................................
TEMPERATURE (F)
 YESTERDAY
  MAXIMUM         56    246 PM  66    1982  51      5       60
                                      1953
                                      1947
  MINIMUM         25    619 AM -13    1937  22      3       19
  AVERAGE         41                        36      5       40

PRECIPITATION (IN)
  YESTERDAY        0.00          0.52 2013   0.02  -0.02     0.00
  MONTH TO DATE    1.13                      0.44   0.69     0.00
  SINCE SEP 1      3.98                      2.92   1.06     3.81
  SINCE JAN 1      1.13                      0.44   0.69     0.00

DEGREE DAYS
 HEATING
  YESTERDAY       24                        29     -5       25
  MONTH TO DATE  758                       784    -26      757
  SINCE JUL 1   2342                      2662   -320     2718

 COOLING
  YESTERDAY        0                         0      0        0
  MONTH TO DATE    0                         0      0        0
  SINCE JAN 1      0                         0      0        0
..................................................................


WIND (MPH)
  HIGHEST WIND SPEED     9   HIGHEST WIND DIRECTION    SW (210)
  HIGHEST GUST SPEED    12   HIGHEST GUST DIRECTION    SE (130)
  AVERAGE WIND SPEED     3.6


SKY COVER
  POSSIBLE SUNSHINE  MM
  AVERAGE SKY COVER 0.1


WEATHER CONDITIONS
 THE FOLLOWING WEATHER WAS RECORDED YESTERDAY.
  NO SIGNIFICANT WEATHER WAS OBSERVED.


RELATIVE HUMIDITY (PERCENT)
 HIGHEST    85           100 AM
 LOWEST     32           300 PM
 AVERAGE    59

..........................................................


THE WINSLOW AZ AIRPORT CLIMATE NORMALS FOR TODAY
                         NORMAL    RECORD    YEAR
 MAXIMUM TEMPERATURE (F)   51        66      2003
 MINIMUM TEMPERATURE (F)   22       -14      1937


SUNRISE AND SUNSET
JANUARY 27 2015.......SUNRISE   725 AM MST   SUNSET   546 PM MST
JANUARY 28 2015.......SUNRISE   725 AM MST   SUNSET   547 PM MST


-  INDICATES NEGATIVE NUMBERS.
R  INDICATES RECORD WAS SET OR TIED.
MM INDICATES DATA IS MISSING.
T  INDICATES TRACE AMOUNT.




$$
