000
CDUS45 KFGZ 210732
CLIINW
CLIMATE REPORT
NATIONAL WEATHER SERVICE FLAGSTAFF, AZ
1232 AM MST SAT OCT 21 2017


...................................

...THE WINSLOW AZ AIRPORT CLIMATE SUMMARY FOR OCTOBER 20 2017...

CLIMATE NORMAL PERIOD 1981 TO 2010
CLIMATE RECORD PERIOD 1915 TO 2017


WEATHER ITEM   OBSERVED TIME   RECORD YEAR NORMAL DEPARTURE LAST
                VALUE   (LST)  VALUE       VALUE  FROM      YEAR
                                                  NORMAL
..................................................................
TEMPERATURE (F)
 YESTERDAY
  MAXIMUM         79    249 PM  89    1921  72      7       72
  MINIMUM         43    654 AM  19    1917  38      5       31
  AVERAGE         61                        55      6       52

PRECIPITATION (IN)
  YESTERDAY        0.00          0.55 1920   0.01  -0.01     0.00
  MONTH TO DATE    0.01                      0.35  -0.34      T
  SINCE SEP 1      0.22                      1.23  -1.01     0.85
  SINCE JAN 1      4.25                      5.76  -1.51     4.47

DEGREE DAYS
 HEATING
  YESTERDAY        4                        10     -6       13
  MONTH TO DATE  116                       137    -21       84
  SINCE JUL 1    167                       168     -1      114

 COOLING
  YESTERDAY        0                         0      0        0
  MONTH TO DATE   10                         6      4        6
  SINCE JAN 1   1443                      1207    236     1275
..................................................................


WIND (MPH)
  HIGHEST WIND SPEED    35   HIGHEST WIND DIRECTION    SW (210)
  HIGHEST GUST SPEED    47   HIGHEST GUST DIRECTION    SW (230)
  AVERAGE WIND SPEED    14.9


SKY COVER
  POSSIBLE SUNSHINE  MM
  AVERAGE SKY COVER 0.0


WEATHER CONDITIONS
 THE FOLLOWING WEATHER WAS RECORDED YESTERDAY.
  NO SIGNIFICANT WEATHER WAS OBSERVED.


RELATIVE HUMIDITY (PERCENT)
 HIGHEST    70           500 AM
 LOWEST     17          1200 PM
 AVERAGE    44

..........................................................


THE WINSLOW AZ AIRPORT CLIMATE NORMALS FOR TODAY
                         NORMAL    RECORD    YEAR
 MAXIMUM TEMPERATURE (F)   72        85      1921
 MINIMUM TEMPERATURE (F)   37        24      1996


SUNRISE AND SUNSET
OCTOBER 21 2017.......SUNRISE   634 AM MST   SUNSET   540 PM MST
OCTOBER 22 2017.......SUNRISE   635 AM MST   SUNSET   539 PM MST


-  INDICATES NEGATIVE NUMBERS.
R  INDICATES RECORD WAS SET OR TIED.
MM INDICATES DATA IS MISSING.
T  INDICATES TRACE AMOUNT.




$$
