000
CDUS45 KFGZ 130737
CLIINW
CLIMATE REPORT
NATIONAL WEATHER SERVICE FLAGSTAFF, AZ
1236 AM MST WED DEC 13 2017


...................................

...THE WINSLOW AZ AIRPORT CLIMATE SUMMARY FOR DECEMBER 12 2017...

CLIMATE NORMAL PERIOD 1981 TO 2010
CLIMATE RECORD PERIOD 1915 TO 2017


WEATHER ITEM   OBSERVED TIME   RECORD YEAR NORMAL DEPARTURE LAST
                VALUE   (LST)  VALUE       VALUE  FROM      YEAR
                                                  NORMAL
..................................................................
TEMPERATURE (F)
 YESTERDAY
  MAXIMUM         52    353 PM  69    1995  49      3       62
  MINIMUM          6    717 AM -11    1961  21    -15       30
  AVERAGE         29                        35     -6       46

PRECIPITATION (IN)
  YESTERDAY        0.00          0.32 2015   0.02  -0.02     0.00
  MONTH TO DATE    0.01                      0.22  -0.21     0.00
  SINCE SEP 1      0.23                      2.14  -1.91     2.02
  SINCE JAN 1      4.26                      6.67  -2.41     5.64

DEGREE DAYS
 HEATING
  YESTERDAY       36                        30      6       19
  MONTH TO DATE  330                       347    -17      307
  SINCE JUL 1   1012                      1283   -271      998

 COOLING
  YESTERDAY        0                         0      0        0
  MONTH TO DATE    0                         0      0        0
  SINCE JAN 1   1443                      1208    235     1278
..................................................................


WIND (MPH)
  HIGHEST WIND SPEED     8   HIGHEST WIND DIRECTION    SW (220)
  HIGHEST GUST SPEED     9   HIGHEST GUST DIRECTION    SE (120)
  AVERAGE WIND SPEED     3.4


SKY COVER
  POSSIBLE SUNSHINE  MM
  AVERAGE SKY COVER 0.0


WEATHER CONDITIONS
 THE FOLLOWING WEATHER WAS RECORDED YESTERDAY.
  NO SIGNIFICANT WEATHER WAS OBSERVED.


RELATIVE HUMIDITY (PERCENT)
 HIGHEST    41           500 AM
 LOWEST     12           300 PM
 AVERAGE    27

..........................................................


THE WINSLOW AZ AIRPORT CLIMATE NORMALS FOR TODAY
                         NORMAL    RECORD    YEAR
 MAXIMUM TEMPERATURE (F)   49        67      1995
 MINIMUM TEMPERATURE (F)   21       -10      1923


SUNRISE AND SUNSET
DECEMBER 13 2017......SUNRISE   722 AM MST   SUNSET   512 PM MST
DECEMBER 14 2017......SUNRISE   723 AM MST   SUNSET   512 PM MST


-  INDICATES NEGATIVE NUMBERS.
R  INDICATES RECORD WAS SET OR TIED.
MM INDICATES DATA IS MISSING.
T  INDICATES TRACE AMOUNT.




$$
