849
CDUS45 KFGZ 090944
CLIINW
CLIMATE REPORT
NATIONAL WEATHER SERVICE FLAGSTAFF, AZ
243 AM MST TUE FEB 9 2016


...................................

...THE WINSLOW AZ AIRPORT CLIMATE SUMMARY FOR FEBRUARY 8 2016...

CLIMATE NORMAL PERIOD 1981 TO 2010
CLIMATE RECORD PERIOD 1915 TO 2016


WEATHER ITEM   OBSERVED TIME   RECORD YEAR NORMAL DEPARTURE LAST
                VALUE   (LST)  VALUE       VALUE  FROM      YEAR
                                                  NORMAL
..................................................................
TEMPERATURE (F)
 YESTERDAY
  MAXIMUM         59    512 PM  71    1963  54      5       70
  MINIMUM         19    640 AM  -2    1929  23     -4       34
  AVERAGE         39                        39      0       52

PRECIPITATION (IN)
  YESTERDAY        0.00          0.70 1956   0.01  -0.01     0.00
  MONTH TO DATE    0.22                      0.13   0.09     0.00
  SINCE SEP 1      4.59                      3.13   1.46     4.48
  SINCE JAN 1      0.57                      0.65  -0.08     1.63

DEGREE DAYS
 HEATING
  YESTERDAY       26                        26      0       13
  MONTH TO DATE  271                       215     56      134
  SINCE JUL 1   2959                      3018    -59     2571

 COOLING
  YESTERDAY        0                         0      0        0
  MONTH TO DATE    0                         0      0        0
  SINCE JAN 1      0                         0      0        0
..................................................................


WIND (MPH)
  HIGHEST WIND SPEED    12   HIGHEST WIND DIRECTION     W (260)
  HIGHEST GUST SPEED    13   HIGHEST GUST DIRECTION     W (290)
  AVERAGE WIND SPEED     4.9


SKY COVER
  POSSIBLE SUNSHINE  MM
  AVERAGE SKY COVER 0.0


WEATHER CONDITIONS
 THE FOLLOWING WEATHER WAS RECORDED YESTERDAY.
  NO SIGNIFICANT WEATHER WAS OBSERVED.


RELATIVE HUMIDITY (PERCENT)
 HIGHEST    77           500 AM
 LOWEST     21           300 PM
 AVERAGE    49

..........................................................


THE WINSLOW AZ AIRPORT CLIMATE NORMALS FOR TODAY
                         NORMAL    RECORD    YEAR
 MAXIMUM TEMPERATURE (F)   54        74      1930
 MINIMUM TEMPERATURE (F)   24         1      2003


SUNRISE AND SUNSET
FEBRUARY  9 2016......SUNRISE   715 AM MST   SUNSET   559 PM MST
FEBRUARY 10 2016......SUNRISE   714 AM MST   SUNSET   600 PM MST


-  INDICATES NEGATIVE NUMBERS.
R  INDICATES RECORD WAS SET OR TIED.
MM INDICATES DATA IS MISSING.
T  INDICATES TRACE AMOUNT.




$$
