000
CDUS45 KFGZ 270737
CLIINW
CLIMATE REPORT
NATIONAL WEATHER SERVICE FLAGSTAFF, AZ
1234 AM MST FRI MAR 27 2015


...................................

...THE WINSLOW AZ AIRPORT CLIMATE SUMMARY FOR MARCH 26 2015...

CLIMATE NORMAL PERIOD 1981 TO 2010
CLIMATE RECORD PERIOD 1915 TO 2015


WEATHER ITEM   OBSERVED TIME   RECORD YEAR NORMAL DEPARTURE LAST
                VALUE   (LST)  VALUE       VALUE  FROM      YEAR
                                                  NORMAL
..................................................................
TEMPERATURE (F)
 YESTERDAY
  MAXIMUM         70    400 PM  83    1971  66      4       67
                                      1928
  MINIMUM         27    632 AM  18    1976  32     -5       43
  AVERAGE         49                        49      0       55

PRECIPITATION (IN)
  YESTERDAY        0.00          0.89 1984   0.01  -0.01     0.01
  MONTH TO DATE    0.22                      0.45  -0.23     1.00
  SINCE SEP 1      5.14                      3.91   1.23     4.83
  SINCE JAN 1      2.29                      1.43   0.86     1.02

DEGREE DAYS
 HEATING
  YESTERDAY       16                        16      0       10
  MONTH TO DATE  396                       482    -86      423
  SINCE JUL 1   3335                      3977   -642     3790

 COOLING
  YESTERDAY        0                         0      0        0
  MONTH TO DATE    0                         0      0        0
  SINCE JAN 1      0                         0      0        0
..................................................................


WIND (MPH)
  HIGHEST WIND SPEED    12   HIGHEST WIND DIRECTION     N (340)
  HIGHEST GUST SPEED    16   HIGHEST GUST DIRECTION     N (340)
  AVERAGE WIND SPEED     4.7


SKY COVER
  POSSIBLE SUNSHINE  MM
  AVERAGE SKY COVER 0.0


WEATHER CONDITIONS
 THE FOLLOWING WEATHER WAS RECORDED YESTERDAY.
  NO SIGNIFICANT WEATHER WAS OBSERVED.


RELATIVE HUMIDITY (PERCENT)
 HIGHEST    58           500 AM
 LOWEST      9           300 PM
 AVERAGE    34

..........................................................


THE WINSLOW AZ AIRPORT CLIMATE NORMALS FOR TODAY
                         NORMAL    RECORD    YEAR
 MAXIMUM TEMPERATURE (F)   66        81      1971
 MINIMUM TEMPERATURE (F)   32        16      1942


SUNRISE AND SUNSET
MARCH 27 2015.........SUNRISE   617 AM MST   SUNSET   640 PM MST
MARCH 28 2015.........SUNRISE   616 AM MST   SUNSET   641 PM MST


-  INDICATES NEGATIVE NUMBERS.
R  INDICATES RECORD WAS SET OR TIED.
MM INDICATES DATA IS MISSING.
T  INDICATES TRACE AMOUNT.




$$
