000
CDUS45 KFGZ 290758
CLIINW
CLIMATE REPORT
NATIONAL WEATHER SERVICE FLAGSTAFF, AZ
1257 AM MST TUE JUL 29 2014


...................................

...THE WINSLOW AZ AIRPORT CLIMATE SUMMARY FOR JULY 28 2014...

CLIMATE NORMAL PERIOD 1981 TO 2010
CLIMATE RECORD PERIOD 1898 TO 2014


WEATHER ITEM   OBSERVED TIME   RECORD YEAR NORMAL DEPARTURE LAST
                VALUE   (LST)  VALUE       VALUE  FROM      YEAR
                                                  NORMAL
..................................................................
TEMPERATURE (F)
 YESTERDAY
  MAXIMUM         89    252 PM 106    1995  93     -4       93
  MINIMUM         66    612 AM  54    1986  63      3       65
                                      1921
  AVERAGE         78                        78      0       79

PRECIPITATION (IN)
  YESTERDAY        T             0.75 1926   0.04  -0.04     0.00
  MONTH TO DATE    0.32                      0.91  -0.59     1.33
  SINCE SEP 1      5.31                      5.68  -0.37     4.39
  SINCE JAN 1      1.50                      3.20  -1.70     3.12

DEGREE DAYS
 HEATING
  YESTERDAY        0                         0      0        0
  MONTH TO DATE    0                         0      0        0
  SINCE JUL 1      0                         0      0        0

 COOLING
  YESTERDAY       13                        13      0       14
  MONTH TO DATE  436                       371     65      429
  SINCE JAN 1    773                       679     94      856
..................................................................


WIND (MPH)
  HIGHEST WIND SPEED    25   HIGHEST WIND DIRECTION     W (270)
  HIGHEST GUST SPEED    29   HIGHEST GUST DIRECTION     W (270)
  AVERAGE WIND SPEED     5.1


SKY COVER
  POSSIBLE SUNSHINE  MM
  AVERAGE SKY COVER 0.5


WEATHER CONDITIONS
 THE FOLLOWING WEATHER WAS RECORDED YESTERDAY.
  LIGHT RAIN


RELATIVE HUMIDITY (PERCENT)
 HIGHEST    73          1000 AM
 LOWEST     24           600 PM
 AVERAGE    49

..........................................................


THE WINSLOW AZ AIRPORT CLIMATE NORMALS FOR TODAY
                         NORMAL    RECORD    YEAR
 MAXIMUM TEMPERATURE (F)   93       103      2000
                                             1971
 MINIMUM TEMPERATURE (F)   63        56      1941
                                             1924
                                             1919


SUNRISE AND SUNSET
JULY 29 2014..........SUNRISE   530 AM MST   SUNSET   728 PM MST
JULY 30 2014..........SUNRISE   531 AM MST   SUNSET   727 PM MST


-  INDICATES NEGATIVE NUMBERS.
R  INDICATES RECORD WAS SET OR TIED.
MM INDICATES DATA IS MISSING.
T  INDICATES TRACE AMOUNT.




$$
