936
CDUS45 KFGZ 260051
CLIINW
CLIMATE REPORT
NATIONAL WEATHER SERVICE FLAGSTAFF, AZ
550 PM MST SUN FEB 25 2018


...................................

...THE WINSLOW AZ AIRPORT CLIMATE SUMMARY FOR FEBRUARY 25 2018...
VALID TODAY AS OF 0500 PM LOCAL TIME.

CLIMATE NORMAL PERIOD 1981 TO 2010
CLIMATE RECORD PERIOD 1915 TO 2018


WEATHER ITEM   OBSERVED TIME   RECORD YEAR NORMAL DEPARTURE LAST
                VALUE   (LST)  VALUE       VALUE  FROM      YEAR
                                                  NORMAL
..................................................................
TEMPERATURE (F)
 TODAY
  MAXIMUM         47    456 PM  75    1989  59    -12       57
  MINIMUM         19    701 AM   7    1974  27     -8       17
  AVERAGE         33                        43    -10       37

PRECIPITATION (IN)
  TODAY            0.00          0.36 1987   0.01  -0.01     0.00
  MONTH TO DATE    0.10                      0.41  -0.31     0.15
  SINCE SEP 1      0.36                      3.41  -3.05     4.04
  SINCE JAN 1      0.13                      0.93  -0.80     0.96

DEGREE DAYS
 HEATING
  TODAY           32                        22     10       28
  MONTH TO DATE  602                       625    -23      448
  SINCE JUL 1   2969                      3428   -459     2735

 COOLING
  TODAY            0                         0      0        0
  MONTH TO DATE    0                         0      0        0
  SINCE JAN 1      0                         0      0        0
..................................................................


WIND (MPH)
  HIGHEST WIND SPEED    14   HIGHEST WIND DIRECTION     W (250)
  HIGHEST GUST SPEED    16   HIGHEST GUST DIRECTION    SW (240)
  AVERAGE WIND SPEED     5.2


SKY COVER
  POSSIBLE SUNSHINE  MM
  AVERAGE SKY COVER 0.1


WEATHER CONDITIONS
 THE FOLLOWING WEATHER WAS RECORDED TODAY.
  NO SIGNIFICANT WEATHER WAS OBSERVED.


RELATIVE HUMIDITY (PERCENT)
 HIGHEST    68           300 AM
 LOWEST     17           400 PM
 AVERAGE    43

..........................................................


THE WINSLOW AZ AIRPORT CLIMATE NORMALS FOR TOMORROW
                         NORMAL    RECORD    YEAR
 MAXIMUM TEMPERATURE (F)   59        76      1989
 MINIMUM TEMPERATURE (F)   27         5      1977


SUNRISE AND SUNSET
FEBRUARY 25 2018......SUNRISE   657 AM MST   SUNSET   615 PM MST
FEBRUARY 26 2018......SUNRISE   656 AM MST   SUNSET   616 PM MST


-  INDICATES NEGATIVE NUMBERS.
R  INDICATES RECORD WAS SET OR TIED.
MM INDICATES DATA IS MISSING.
T  INDICATES TRACE AMOUNT.




$$
