000
CDUS45 KFGZ 060834
CLIINW
CLIMATE REPORT
NATIONAL WEATHER SERVICE FLAGSTAFF, AZ
132 AM MST FRI MAY 6 2016


...................................

...THE WINSLOW AZ AIRPORT CLIMATE SUMMARY FOR MAY 5 2016...

CLIMATE NORMAL PERIOD 1981 TO 2010
CLIMATE RECORD PERIOD 1915 TO 2016


WEATHER ITEM   OBSERVED TIME   RECORD YEAR NORMAL DEPARTURE LAST
                VALUE   (LST)  VALUE       VALUE  FROM      YEAR
                                                  NORMAL
..................................................................
TEMPERATURE (F)
 YESTERDAY
  MAXIMUM         87    129 PM  92    1947  78      9       68
  MINIMUM         53   1047 PM  30    1950  43     10       48
  AVERAGE         70                        60     10       58

PRECIPITATION (IN)
  YESTERDAY        0.00          0.25 1978   0.01  -0.01     0.06
  MONTH TO DATE    0.30                      0.05   0.25     0.33
  SINCE SEP 1      5.49                      4.31   1.18     5.77
  SINCE JAN 1      1.47                      1.83  -0.36     2.92

DEGREE DAYS
 HEATING
  YESTERDAY        0                         6     -6        7
  MONTH TO DATE   42                        30     12       15
  SINCE JUL 1   4161                      4409   -248     3689

 COOLING
  YESTERDAY        5                         1      4        0
  MONTH TO DATE    5                         5      0        3
  SINCE JAN 1      5                         9     -4        3
..................................................................


WIND (MPH)
  HIGHEST WIND SPEED    35   HIGHEST WIND DIRECTION     S (180)
  HIGHEST GUST SPEED    43   HIGHEST GUST DIRECTION    SE (150)
  AVERAGE WIND SPEED    12.7


SKY COVER
  POSSIBLE SUNSHINE  MM
  AVERAGE SKY COVER 0.0


WEATHER CONDITIONS
 THE FOLLOWING WEATHER WAS RECORDED YESTERDAY.
  NO SIGNIFICANT WEATHER WAS OBSERVED.


RELATIVE HUMIDITY (PERCENT)
 HIGHEST    43          1200 AM
 LOWEST     10           200 PM
 AVERAGE    27

..........................................................


THE WINSLOW AZ AIRPORT CLIMATE NORMALS FOR TODAY
                         NORMAL    RECORD    YEAR
 MAXIMUM TEMPERATURE (F)   78        91      2009
                                             1989
 MINIMUM TEMPERATURE (F)   43        25      1975


SUNRISE AND SUNSET
MAY  6 2016...........SUNRISE   527 AM MST   SUNSET   713 PM MST
MAY  7 2016...........SUNRISE   526 AM MST   SUNSET   714 PM MST


-  INDICATES NEGATIVE NUMBERS.
R  INDICATES RECORD WAS SET OR TIED.
MM INDICATES DATA IS MISSING.
T  INDICATES TRACE AMOUNT.




$$
