000
CDUS45 KFGZ 300052
CLIINW
CLIMATE REPORT
NATIONAL WEATHER SERVICE FLAGSTAFF, AZ
552 PM MST MON SEP 29 2014


...................................

...THE WINSLOW AZ AIRPORT CLIMATE SUMMARY FOR SEPTEMBER 29 2014...
VALID TODAY AS OF 0500 PM LOCAL TIME.

CLIMATE NORMAL PERIOD 1981 TO 2010
CLIMATE RECORD PERIOD 1898 TO 2014


WEATHER ITEM   OBSERVED TIME   RECORD YEAR NORMAL DEPARTURE LAST
                VALUE   (LST)  VALUE       VALUE  FROM      YEAR
                                                  NORMAL
..................................................................
TEMPERATURE (F)
 TODAY
  MAXIMUM         75    313 PM  93    2010  80     -5       82
  MINIMUM         43    626 AM  34    1974  47     -4       37
                                      1924
  AVERAGE         59                        63     -4       60

PRECIPITATION (IN)
  TODAY            0.00          1.17 1971   0.02  -0.02     0.00
  MONTH TO DATE    1.34                      0.86   0.48     0.93
  SINCE SEP 1      1.34                      0.86   0.48     0.93
  SINCE JAN 1      5.52                      5.39   0.13     6.63

DEGREE DAYS
 HEATING
  TODAY            6                         3      3        5
  MONTH TO DATE    9                        26    -17       32
  SINCE JUL 1      9                        26    -17       32

 COOLING
  TODAY            0                         1     -1        0
  MONTH TO DATE  210                       142     68      155
  SINCE JAN 1   1326                      1200    126     1380
..................................................................


WIND (MPH)
  HIGHEST WIND SPEED    20   HIGHEST WIND DIRECTION     W (250)
  HIGHEST GUST SPEED    30   HIGHEST GUST DIRECTION     W (250)
  AVERAGE WIND SPEED     6.5


SKY COVER
  POSSIBLE SUNSHINE  MM
  AVERAGE SKY COVER 0.0


WEATHER CONDITIONS
 THE FOLLOWING WEATHER WAS RECORDED TODAY.
  NO SIGNIFICANT WEATHER WAS OBSERVED.


RELATIVE HUMIDITY (PERCENT)
 HIGHEST    93           200 AM
 LOWEST     16           100 PM
 AVERAGE    55

..........................................................


THE WINSLOW AZ AIRPORT CLIMATE NORMALS FOR TOMORROW
                         NORMAL    RECORD    YEAR
 MAXIMUM TEMPERATURE (F)   80        94      2010
 MINIMUM TEMPERATURE (F)   46        36      1974
                                             1945
                                             1925


SUNRISE AND SUNSET
SEPTEMBER 29 2014.....SUNRISE   616 AM MST   SUNSET   610 PM MST
SEPTEMBER 30 2014.....SUNRISE   617 AM MST   SUNSET   608 PM MST


-  INDICATES NEGATIVE NUMBERS.
R  INDICATES RECORD WAS SET OR TIED.
MM INDICATES DATA IS MISSING.
T  INDICATES TRACE AMOUNT.




$$
