000
CDUS43 KDVN 162132
CLIIOW


CLIMATE REPORT
NATIONAL WEATHER SERVICE QUAD CITIES IA IL
432 PM CDT WED AUG 16 2017


...................................

...THE IOWA CITY IA CLIMATE SUMMARY FOR AUGUST 16 2017...
VALID TODAY AS OF 0400 PM LOCAL TIME.

CLIMATE NORMAL PERIOD 1981 TO 2010
CLIMATE RECORD PERIOD 9999 TO 9999


WEATHER ITEM   OBSERVED TIME   RECORD YEAR NORMAL DEPARTURE LAST
                VALUE   (LST)  VALUE       VALUE  FROM      YEAR
                                                  NORMAL
..................................................................
TEMPERATURE (F)
 TODAY
  MAXIMUM         84    226 PM  MM      MM  83      1       85
  MINIMUM         69    537 AM  MM      MM  63      6       65
  AVERAGE         77                        73      4       75

PRECIPITATION (IN)
  TODAY            T            MM      MM   0.16  -0.16     0.00
  MONTH TO DATE    0.23                      2.27  -2.04     3.70
  SINCE JUN 1     10.92                     11.83  -0.91    13.70
  SINCE JAN 1     24.64                     23.92   0.72    22.31

DEGREE DAYS
 HEATING
  TODAY            0                         0      0        0
  MONTH TO DATE    0                         0      0        0
  SINCE JUN 1      7                        19    -12        4
  SINCE JUL 1      0                         2     -2        2

 COOLING
  TODAY           12                         8      4       10
  MONTH TO DATE   95                       141    -46      177
  SINCE JUN 1    743                       658     85      769
  SINCE JAN 1    796                       719     77      841
..................................................................


WIND (MPH)
  HIGHEST WIND SPEED    23   HIGHEST WIND DIRECTION    SE (150)
  HIGHEST GUST SPEED    30   HIGHEST GUST DIRECTION    SE (130)
  AVERAGE WIND SPEED     9.9


SKY COVER
  POSSIBLE SUNSHINE  MM
  AVERAGE SKY COVER 0.3


WEATHER CONDITIONS
 THE FOLLOWING WEATHER WAS RECORDED TODAY.
  FOG
  HAZE


RELATIVE HUMIDITY (PERCENT)
 HIGHEST    90           200 AM
 LOWEST     65           100 PM
 AVERAGE    78

..........................................................


THE IOWA CITY IA CLIMATE NORMALS FOR TOMORROW
                         NORMAL    RECORD    YEAR
 MAXIMUM TEMPERATURE (F)   83        MM        MM
 MINIMUM TEMPERATURE (F)   63        MM        MM


SUNRISE AND SUNSET
AUGUST 16 2017........SUNRISE   616 AM CDT   SUNSET   804 PM CDT
AUGUST 17 2017........SUNRISE   617 AM CDT   SUNSET   802 PM CDT


-  INDICATES NEGATIVE NUMBERS.
R  INDICATES RECORD WAS SET OR TIED.
MM INDICATES DATA IS MISSING.
T  INDICATES TRACE AMOUNT.




$$
