000
CDUS43 KDVN 250918
CLIIOW


CLIMATE REPORT
NATIONAL WEATHER SERVICE QUAD CITIES IA IL
416 AM CDT SUN SEP 25 2016


...................................

...THE IOWA CITY IA CLIMATE SUMMARY FOR SEPTEMBER 24 2016...

CLIMATE NORMAL PERIOD 1981 TO 2010
CLIMATE RECORD PERIOD 9999 TO 9999


WEATHER ITEM   OBSERVED TIME   RECORD YEAR NORMAL DEPARTURE LAST
                VALUE   (LST)  VALUE       VALUE  FROM      YEAR
                                                  NORMAL
..................................................................
TEMPERATURE (F)
 YESTERDAY
  MAXIMUM         84    355 PM  MM      MM  73     11       83
  MINIMUM         66    423 AM  MM      MM  49     17       60
  AVERAGE         75                        61     14       72

PRECIPITATION (IN)
  YESTERDAY        0.00         MM      MM   0.10  -0.10     0.00
  MONTH TO DATE    2.83                      2.80   0.03     3.32
  SINCE SEP 1      2.83                      2.80   0.03     3.32
  SINCE JAN 1     28.47                     28.95  -0.48    25.32

DEGREE DAYS
 HEATING
  YESTERDAY        0                         6     -6        0
  MONTH TO DATE    0                        63    -63       32
  SINCE SEP 1      0                        63    -63       32
  SINCE JUL 1      2                        71    -69       45

 COOLING
  YESTERDAY       10                         1      9        7
  MONTH TO DATE  175                        72    103      174
  SINCE SEP 1    175                        72    103      174
  SINCE JAN 1   1151                       894    257      918
..................................................................


WIND (MPH)
  HIGHEST WIND SPEED    15   HIGHEST WIND DIRECTION    SE (130)
  HIGHEST GUST SPEED    20   HIGHEST GUST DIRECTION    SE (140)
  AVERAGE WIND SPEED     7.5


SKY COVER
  POSSIBLE SUNSHINE  MM
  AVERAGE SKY COVER 0.3


WEATHER CONDITIONS
 THE FOLLOWING WEATHER WAS RECORDED YESTERDAY.
  FOG
  HAZE


RELATIVE HUMIDITY (PERCENT)
 HIGHEST    93           200 AM
 LOWEST     59           400 PM
 AVERAGE    76

..........................................................


THE IOWA CITY IA CLIMATE NORMALS FOR TODAY
                         NORMAL    RECORD    YEAR
 MAXIMUM TEMPERATURE (F)   72        MM        MM
 MINIMUM TEMPERATURE (F)   48        MM        MM


SUNRISE AND SUNSET
SEPTEMBER 25 2016.....SUNRISE   657 AM CDT   SUNSET   657 PM CDT
SEPTEMBER 26 2016.....SUNRISE   658 AM CDT   SUNSET   656 PM CDT


-  INDICATES NEGATIVE NUMBERS.
R  INDICATES RECORD WAS SET OR TIED.
MM INDICATES DATA IS MISSING.
T  INDICATES TRACE AMOUNT.




$$
