000
CDUS43 KDVN 040913
CLIIOW


CLIMATE REPORT
NATIONAL WEATHER SERVICE QUAD CITIES IA IL
413 AM CDT TUE AUG 4 2015


...................................

...THE IOWA CITY IA CLIMATE SUMMARY FOR AUGUST 3 2015...

CLIMATE NORMAL PERIOD 1981 TO 2010
CLIMATE RECORD PERIOD 9999 TO 9999


WEATHER ITEM   OBSERVED TIME   RECORD YEAR NORMAL DEPARTURE LAST
                VALUE   (LST)  VALUE       VALUE  FROM      YEAR
                                                  NORMAL
..................................................................
TEMPERATURE (F)
 YESTERDAY
  MAXIMUM         81    422 PM  MM      MM  84     -3       84
  MINIMUM         62   1159 PM  MM      MM  65     -3       60
  AVERAGE         72                        74     -2       72

PRECIPITATION (IN)
  YESTERDAY        0.00         MM      MM   0.12  -0.12     0.00
  MONTH TO DATE    0.00                      0.35  -0.35     0.03
  SINCE JUN 1      8.56                      9.91  -1.35    12.79
  SINCE JAN 1     18.41                     22.00  -3.59    23.84

DEGREE DAYS
 HEATING
  YESTERDAY        0                         0      0        0
  MONTH TO DATE    0                         0      0        0
  SINCE JUN 1      9                        19    -10       16
  SINCE JUL 1      2                         2      0       12

 COOLING
  YESTERDAY        7                         9     -2        7
  MONTH TO DATE   29                        27      2       22
  SINCE JUN 1    511                       544    -33      400
  SINCE JAN 1    574                       605    -31      489
..................................................................


WIND (MPH)
  HIGHEST WIND SPEED    14   HIGHEST WIND DIRECTION     W (270)
  HIGHEST GUST SPEED    20   HIGHEST GUST DIRECTION     W (280)
  AVERAGE WIND SPEED     6.7


SKY COVER
  POSSIBLE SUNSHINE  MM
  AVERAGE SKY COVER 0.0


WEATHER CONDITIONS
 THE FOLLOWING WEATHER WAS RECORDED YESTERDAY.
  NO SIGNIFICANT WEATHER WAS OBSERVED.


RELATIVE HUMIDITY (PERCENT)
 HIGHEST    84          1000 PM
 LOWEST     36           400 PM
 AVERAGE    60

..........................................................


THE IOWA CITY IA CLIMATE NORMALS FOR TODAY
                         NORMAL    RECORD    YEAR
 MAXIMUM TEMPERATURE (F)   84        MM        MM
 MINIMUM TEMPERATURE (F)   65        MM        MM


SUNRISE AND SUNSET
AUGUST  4 2015........SUNRISE   603 AM CDT   SUNSET   821 PM CDT
AUGUST  5 2015........SUNRISE   604 AM CDT   SUNSET   819 PM CDT


-  INDICATES NEGATIVE NUMBERS.
R  INDICATES RECORD WAS SET OR TIED.
MM INDICATES DATA IS MISSING.
T  INDICATES TRACE AMOUNT.




$$
