000
CDUS43 KDVN 230906
CLIIOW


CLIMATE REPORT
NATIONAL WEATHER SERVICE QUAD CITIES IA IL
406 AM CDT SAT JUL 23 2016


...................................

...THE IOWA CITY IA CLIMATE SUMMARY FOR JULY 22 2016...

CLIMATE NORMAL PERIOD 1981 TO 2010
CLIMATE RECORD PERIOD 9999 TO 9999


WEATHER ITEM   OBSERVED TIME   RECORD YEAR NORMAL DEPARTURE LAST
                VALUE   (LST)  VALUE       VALUE  FROM      YEAR
                                                  NORMAL
..................................................................
TEMPERATURE (F)
 YESTERDAY
  MAXIMUM         88    354 PM  MM      MM  85      3       81
  MINIMUM         69    148 AM  MM      MM  65      4       59
  AVERAGE         79                        75      4       70

PRECIPITATION (IN)
  YESTERDAY        0.97         MM      MM   0.16   0.81      T
  MONTH TO DATE    3.34                      3.83  -0.49     1.40
  SINCE JUN 1     10.00                      8.44   1.56     7.28
  SINCE JAN 1     18.61                     20.53  -1.92    17.13

DEGREE DAYS
 HEATING
  YESTERDAY        0                         0      0        0
  MONTH TO DATE    2                         0      2        2
  SINCE JUN 1      4                        17    -13        9
  SINCE JUL 1      2                         0      2        2

 COOLING
  YESTERDAY       14                        10      4        5
  MONTH TO DATE  195                       220    -25      180
  SINCE JUN 1    483                       431     52      380
  SINCE JAN 1    555                       492     63      443
..................................................................


WIND (MPH)
  HIGHEST WIND SPEED    22   HIGHEST WIND DIRECTION     S (180)
  HIGHEST GUST SPEED    28   HIGHEST GUST DIRECTION     S (180)
  AVERAGE WIND SPEED     5.0


SKY COVER
  POSSIBLE SUNSHINE  MM
  AVERAGE SKY COVER 0.3


WEATHER CONDITIONS
 THE FOLLOWING WEATHER WAS RECORDED YESTERDAY.
  THUNDERSTORM
  HEAVY RAIN
  RAIN
  LIGHT RAIN
  FOG


RELATIVE HUMIDITY (PERCENT)
 HIGHEST   100           100 AM
 LOWEST     70           200 PM
 AVERAGE    85

..........................................................


THE IOWA CITY IA CLIMATE NORMALS FOR TODAY
                         NORMAL    RECORD    YEAR
 MAXIMUM TEMPERATURE (F)   85        MM        MM
 MINIMUM TEMPERATURE (F)   65        MM        MM


SUNRISE AND SUNSET
JULY 23 2016..........SUNRISE   552 AM CDT   SUNSET   832 PM CDT
JULY 24 2016..........SUNRISE   553 AM CDT   SUNSET   831 PM CDT


-  INDICATES NEGATIVE NUMBERS.
R  INDICATES RECORD WAS SET OR TIED.
MM INDICATES DATA IS MISSING.
T  INDICATES TRACE AMOUNT.




$$
