000
CDUS41 KCTP 210626
CLIIPT


CLIMATE REPORT
NATIONAL WEATHER SERVICE STATE COLLEGE PA
126 AM EST SAT JAN 21 2017


...................................

...THE WILLIAMSPORT PA CLIMATE SUMMARY FOR JANUARY 20 2017...

CLIMATE NORMAL PERIOD 1981 TO 2010
CLIMATE RECORD PERIOD 1895 TO 2017


WEATHER ITEM   OBSERVED TIME   RECORD YEAR NORMAL DEPARTURE LAST
                VALUE   (LST)  VALUE       VALUE  FROM      YEAR
                                                  NORMAL
..................................................................
TEMPERATURE (F)
 YESTERDAY
  MAXIMUM         41    848 PM  61    1951  34      7       32
  MINIMUM         30    746 AM -13    1970  19     11       22
  AVERAGE         36                        26     10       27

PRECIPITATION (IN)
  YESTERDAY        0.28          2.52 1995   0.09   0.19     0.00
  MONTH TO DATE    2.09                      1.73   0.36     2.06
  SINCE DEC 1      5.05                      4.66   0.39     5.42
  SINCE JAN 1      2.09                      1.73   0.36     2.06

SNOWFALL (IN)
  YESTERDAY        0.0          10.5  1978   0.3   -0.3      0.0
  MONTH TO DATE    1.0                       6.6   -5.6      0.9
  SINCE DEC 1      9.9                      13.5   -3.6      0.9
  SINCE JUL 1     10.0                      15.3   -5.3      0.9
  SNOW DEPTH       0

DEGREE DAYS
 HEATING
  YESTERDAY       29                        38     -9       38
  MONTH TO DATE  677                       768    -91      748
  SINCE DEC 1   1652                      1816   -164     1420
  SINCE JUL 1   2586                      3061   -475     2347

 COOLING
  YESTERDAY        0                         0      0        0
  MONTH TO DATE    0                         0      0        0
  SINCE DEC 1      0                         0      0        0
  SINCE JAN 1      0                         0      0        0
..................................................................


WIND (MPH)
  HIGHEST WIND SPEED    15   HIGHEST WIND DIRECTION    NE (60)
  HIGHEST GUST SPEED    22   HIGHEST GUST DIRECTION    NE (60)
  AVERAGE WIND SPEED     3.9


SKY COVER
  POSSIBLE SUNSHINE  MM
  AVERAGE SKY COVER 1.0


WEATHER CONDITIONS
 THE FOLLOWING WEATHER WAS RECORDED YESTERDAY.
  HEAVY RAIN
  RAIN
  LIGHT RAIN
  FOG
  FOG W/VISIBILITY <= 1/4 MILE


RELATIVE HUMIDITY (PERCENT)
 HIGHEST   100           400 AM
 LOWEST     85           100 PM
 AVERAGE    93

..........................................................


THE WILLIAMSPORT PA CLIMATE NORMALS FOR TODAY
                         NORMAL    RECORD    YEAR
 MAXIMUM TEMPERATURE (F)   34        61      2006
 MINIMUM TEMPERATURE (F)   19       -20      1994


SUNRISE AND SUNSET
JANUARY 21 2017.......SUNRISE   728 AM EST   SUNSET   511 PM EST
JANUARY 22 2017.......SUNRISE   727 AM EST   SUNSET   512 PM EST


-  INDICATES NEGATIVE NUMBERS.
R  INDICATES RECORD WAS SET OR TIED.
MM INDICATES DATA IS MISSING.
T  INDICATES TRACE AMOUNT.




$$
