000
CDUS41 KCTP 262120
CLIIPT


CLIMATE REPORT
NATIONAL WEATHER SERVICE STATE COLLEGE PA
519 PM EDT TUE JUL 26 2016


...................................

...THE WILLIAMSPORT PA CLIMATE SUMMARY FOR JULY 26 2016...
VALID TODAY AS OF 0500 PM LOCAL TIME.

CLIMATE NORMAL PERIOD 1981 TO 2010
CLIMATE RECORD PERIOD 1895 TO 2016


WEATHER ITEM   OBSERVED TIME   RECORD YEAR NORMAL DEPARTURE LAST
                VALUE   (LST)  VALUE       VALUE  FROM      YEAR
                                                  NORMAL
..................................................................
TEMPERATURE (F)
 TODAY
  MAXIMUM         95    351 PM  98    1934  84     11       90
  MINIMUM         70    158 AM  48    1920  62      8       64
  AVERAGE         83                        73     10       77

PRECIPITATION (IN)
  TODAY            0.00          1.19 1988   0.15  -0.15     0.45
  MONTH TO DATE    1.72                      3.61  -1.89     3.88
  SINCE JUN 1      6.17                      7.53  -1.36    11.69
  SINCE JAN 1     17.51                     22.44  -4.93    24.11

DEGREE DAYS
 HEATING
  TODAY            0                         0      0        0
  MONTH TO DATE    0                         0      0        2
  SINCE JUN 1      9                        37    -28       23
  SINCE JUL 1      0                         0      0        2

 COOLING
  TODAY           18                         8     10       12
  MONTH TO DATE  309                       205    104      193
  SINCE JUN 1    481                       351    130      365
  SINCE JAN 1    554                       394    160      493
..................................................................


WIND (MPH)
  HIGHEST WIND SPEED    14   HIGHEST WIND DIRECTION     W (280)
  HIGHEST GUST SPEED    20   HIGHEST GUST DIRECTION     W (290)
  AVERAGE WIND SPEED     5.2


SKY COVER
  POSSIBLE SUNSHINE  MM
  AVERAGE SKY COVER 0.7


WEATHER CONDITIONS
 THE FOLLOWING WEATHER WAS RECORDED TODAY.
  FOG


RELATIVE HUMIDITY (PERCENT)
 HIGHEST    97           100 AM
 LOWEST     24           400 PM
 AVERAGE    61

..........................................................


THE WILLIAMSPORT PA CLIMATE NORMALS FOR TOMORROW
                         NORMAL    RECORD    YEAR
 MAXIMUM TEMPERATURE (F)   84        98      1955
                                             1949
                                             1941
 MINIMUM TEMPERATURE (F)   62        46      1920


SUNRISE AND SUNSET
JULY 26 2016..........SUNRISE   558 AM EDT   SUNSET   830 PM EDT
JULY 27 2016..........SUNRISE   559 AM EDT   SUNSET   829 PM EDT


-  INDICATES NEGATIVE NUMBERS.
R  INDICATES RECORD WAS SET OR TIED.
MM INDICATES DATA IS MISSING.
T  INDICATES TRACE AMOUNT.




$$
