000
CDUS41 KCTP 250647
CLIIPT


CLIMATE REPORT
NATIONAL WEATHER SERVICE STATE COLLEGE PA
247 AM EDT SUN JUN 25 2017


...................................

...THE WILLIAMSPORT PA CLIMATE SUMMARY FOR JUNE 24 2017...

CLIMATE NORMAL PERIOD 1981 TO 2010
CLIMATE RECORD PERIOD 1895 TO 2017


WEATHER ITEM   OBSERVED TIME   RECORD YEAR NORMAL DEPARTURE LAST
                VALUE   (LST)  VALUE       VALUE  FROM      YEAR
                                                  NORMAL
..................................................................
TEMPERATURE (F)
 YESTERDAY
  MAXIMUM         85    345 PM 100    1923  82      3       82
  MINIMUM         63   1159 PM  45    1932  60      3       58
                                      1925
  AVERAGE         74                        71      3       70

PRECIPITATION (IN)
  YESTERDAY        0.14          3.26 1907   0.13   0.01     0.00
  MONTH TO DATE    3.58                      3.13   0.45     1.86
  SINCE JUN 1      3.58                      3.13   0.45     1.86
  SINCE JAN 1     22.70                     18.04   4.66    13.20

DEGREE DAYS
 HEATING
  YESTERDAY        0                         0      0        0
  MONTH TO DATE   21                        36    -15        9
  SINCE JUN 1     21                        36    -15        9
  SINCE JUL 1   4950                      5994  -1044     4916

 COOLING
  YESTERDAY        9                         6      3        5
  MONTH TO DATE  150                       106     44      126
  SINCE JUN 1    150                       106     44      126
  SINCE JAN 1    200                       149     51      199
..................................................................


WIND (MPH)
  HIGHEST WIND SPEED    20   HIGHEST WIND DIRECTION     W (260)
  HIGHEST GUST SPEED    24   HIGHEST GUST DIRECTION    SW (240)
  AVERAGE WIND SPEED     8.7


SKY COVER
  POSSIBLE SUNSHINE  MM
  AVERAGE SKY COVER 0.4


WEATHER CONDITIONS
 THE FOLLOWING WEATHER WAS RECORDED YESTERDAY.
  LIGHT RAIN
  FOG


RELATIVE HUMIDITY (PERCENT)
 HIGHEST   100           500 AM
 LOWEST     37           200 PM
 AVERAGE    69

..........................................................


THE WILLIAMSPORT PA CLIMATE NORMALS FOR TODAY
                         NORMAL    RECORD    YEAR
 MAXIMUM TEMPERATURE (F)   82       100      1952
                                             1923
 MINIMUM TEMPERATURE (F)   60        44      1979


SUNRISE AND SUNSET
JUNE 25 2017..........SUNRISE   536 AM EDT   SUNSET   845 PM EDT
JUNE 26 2017..........SUNRISE   536 AM EDT   SUNSET   845 PM EDT


-  INDICATES NEGATIVE NUMBERS.
R  INDICATES RECORD WAS SET OR TIED.
MM INDICATES DATA IS MISSING.
T  INDICATES TRACE AMOUNT.




$$
