000
CDUS41 KCTP 280635
CLIIPT


CLIMATE REPORT
NATIONAL WEATHER SERVICE STATE COLLEGE PA
235 AM EDT MON JUL 28 2014


...................................

...THE WILLIAMSPORT PA CLIMATE SUMMARY FOR JULY 27 2014...

CLIMATE NORMAL PERIOD 1981 TO 2010
CLIMATE RECORD PERIOD 1895 TO 2014


WEATHER ITEM   OBSERVED TIME   RECORD YEAR NORMAL DEPARTURE LAST
                VALUE   (LST)  VALUE       VALUE  FROM      YEAR
                                                  NORMAL
..................................................................
TEMPERATURE (F)
 YESTERDAY
  MAXIMUM         90    232 PM  98    1955  84      6       80
                                      1949
                                      1941
  MINIMUM         65    310 AM  46    1920  62      3       56
  AVERAGE         78                        73      5       68

PRECIPITATION (IN)
  YESTERDAY        0.15          1.97 2003   0.15   0.00     0.16
  MONTH TO DATE    3.39                      3.76  -0.37     2.52
  SINCE JUN 1      6.85                      7.68  -0.83     6.69
  SINCE JAN 1     21.60                     22.59  -0.99    19.26

DEGREE DAYS
 HEATING
  YESTERDAY        0                         0      0        0
  MONTH TO DATE    0                         0      0        0
  SINCE JUN 1      8                        37    -29        9
  SINCE JUL 1      0                         0      0        0

 COOLING
  YESTERDAY       13                         8      5        3
  MONTH TO DATE  226                       213     13      325
  SINCE JUN 1    395                       359     36      485
  SINCE JAN 1    447                       402     45      556
..................................................................


WIND (MPH)
  HIGHEST WIND SPEED    17   HIGHEST WIND DIRECTION     W (270)
  HIGHEST GUST SPEED    23   HIGHEST GUST DIRECTION     W (260)
  AVERAGE WIND SPEED     5.5


SKY COVER
  POSSIBLE SUNSHINE  MM
  AVERAGE SKY COVER 0.6


WEATHER CONDITIONS
 THE FOLLOWING WEATHER WAS RECORDED YESTERDAY.
  THUNDERSTORM
  RAIN
  LIGHT RAIN


RELATIVE HUMIDITY (PERCENT)
 HIGHEST    87           500 AM
 LOWEST     38           300 PM
 AVERAGE    63

..........................................................


THE WILLIAMSPORT PA CLIMATE NORMALS FOR TODAY
                         NORMAL    RECORD    YEAR
 MAXIMUM TEMPERATURE (F)   84       100      1949
 MINIMUM TEMPERATURE (F)   62        47      1903


SUNRISE AND SUNSET
JULY 28 2014..........SUNRISE   559 AM EDT   SUNSET   829 PM EDT
JULY 29 2014..........SUNRISE   600 AM EDT   SUNSET   828 PM EDT


-  INDICATES NEGATIVE NUMBERS.
R  INDICATES RECORD WAS SET OR TIED.
MM INDICATES DATA IS MISSING.
T  INDICATES TRACE AMOUNT.




$$
