000
CDUS41 KCTP 240615
CLIIPT


CLIMATE REPORT
NATIONAL WEATHER SERVICE STATE COLLEGE PA
215 AM EDT WED MAY 24 2017


...................................

...THE WILLIAMSPORT PA CLIMATE SUMMARY FOR MAY 23 2017...

CLIMATE NORMAL PERIOD 1981 TO 2010
CLIMATE RECORD PERIOD 1895 TO 2017


WEATHER ITEM   OBSERVED TIME   RECORD YEAR NORMAL DEPARTURE LAST
                VALUE   (LST)  VALUE       VALUE  FROM      YEAR
                                                  NORMAL
..................................................................
TEMPERATURE (F)
 YESTERDAY
  MAXIMUM         72    255 PM  96    1925  74     -2       82
  MINIMUM         51    616 AM  34    1932  50      1       54
  AVERAGE         62                        62      0       68

PRECIPITATION (IN)
  YESTERDAY        0.00          1.48 1931   0.13  -0.13     0.00
  MONTH TO DATE    3.40                      2.69   0.71     2.22
  SINCE MAR 1     11.05                      8.90   2.15     4.92
  SINCE JAN 1     16.35                     13.94   2.41    11.34

SNOWFALL (IN)
  YESTERDAY        0.0           0.0  2002   0.0    0.0      0.0
                                      2001
  MONTH TO DATE    0.0                       0.0    0.0       T
  SINCE MAR 1     22.6                       8.0   14.6      2.0
  SINCE JUL 1     41.1                      36.0    5.1      7.7
  SNOW DEPTH       0

DEGREE DAYS
 HEATING
  YESTERDAY        3                         5     -2        0
  MONTH TO DATE  173                       171      2      207
  SINCE MAR 1   1281                      1459   -178     1264
  SINCE JUL 1   4917                      5926  -1009     4907

 COOLING
  YESTERDAY        0                         2     -2        3
  MONTH TO DATE   29                        20      9        3
  SINCE MAR 1     44                        25     19        3
  SINCE JAN 1     44                        25     19        3
..................................................................


WIND (MPH)
  HIGHEST WIND SPEED    12   HIGHEST WIND DIRECTION    SE (120)
  HIGHEST GUST SPEED    15   HIGHEST GUST DIRECTION     E (110)
  AVERAGE WIND SPEED     3.8


SKY COVER
  POSSIBLE SUNSHINE  MM
  AVERAGE SKY COVER 0.3


WEATHER CONDITIONS
 THE FOLLOWING WEATHER WAS RECORDED YESTERDAY.
  FOG
  FOG W/VISIBILITY <= 1/4 MILE


RELATIVE HUMIDITY (PERCENT)
 HIGHEST   100          1200 AM
 LOWEST     41           300 PM
 AVERAGE    71

..........................................................


THE WILLIAMSPORT PA CLIMATE NORMALS FOR TODAY
                         NORMAL    RECORD    YEAR
 MAXIMUM TEMPERATURE (F)   74        90      1964
 MINIMUM TEMPERATURE (F)   50        31      1963


SUNRISE AND SUNSET
MAY 24 2017...........SUNRISE   541 AM EDT   SUNSET   828 PM EDT
MAY 25 2017...........SUNRISE   541 AM EDT   SUNSET   829 PM EDT


-  INDICATES NEGATIVE NUMBERS.
R  INDICATES RECORD WAS SET OR TIED.
MM INDICATES DATA IS MISSING.
T  INDICATES TRACE AMOUNT.




$$
