000
CDUS41 KCTP 232116
CLIIPT


CLIMATE REPORT
NATIONAL WEATHER SERVICE STATE COLLEGE PA
516 PM EDT WED AUG 23 2017


...................................

...THE WILLIAMSPORT PA CLIMATE SUMMARY FOR AUGUST 23 2017...
VALID TODAY AS OF 0500 PM LOCAL TIME.

CLIMATE NORMAL PERIOD 1981 TO 2010
CLIMATE RECORD PERIOD 1895 TO 2017


WEATHER ITEM   OBSERVED TIME   RECORD YEAR NORMAL DEPARTURE LAST
                VALUE   (LST)  VALUE       VALUE  FROM      YEAR
                                                  NORMAL
..................................................................
TEMPERATURE (F)
 TODAY
  MAXIMUM         80    234 PM  97    1936  81     -1       81
  MINIMUM         63    608 AM  43    1923  60      3       53
  AVERAGE         72                        70      2       67

PRECIPITATION (IN)
  TODAY            0.00          1.16 1988   0.12  -0.12     0.00
  MONTH TO DATE    5.76                      2.89   2.87     4.52
  SINCE JUN 1     16.91                     11.15   5.76    12.08
  SINCE JAN 1     36.03                     26.06   9.97    23.42

DEGREE DAYS
 HEATING
  TODAY            0                         0      0        0
  MONTH TO DATE    0                         0      0        0
  SINCE JUN 1     21                        41    -20        9
  SINCE JUL 1      0                         4     -4        0

 COOLING
  TODAY            7                         6      1        2
  MONTH TO DATE  188                       160     28      271
  SINCE JUN 1    684                       550    134      819
  SINCE JAN 1    734                       593    141      892
..................................................................


WIND (MPH)
  HIGHEST WIND SPEED    14   HIGHEST WIND DIRECTION     W (290)
  HIGHEST GUST SPEED    19   HIGHEST GUST DIRECTION     W (270)
  AVERAGE WIND SPEED     5.6


SKY COVER
  POSSIBLE SUNSHINE  MM
  AVERAGE SKY COVER 0.5


WEATHER CONDITIONS
 THE FOLLOWING WEATHER WAS RECORDED TODAY.
  NO SIGNIFICANT WEATHER WAS OBSERVED.


RELATIVE HUMIDITY (PERCENT)
 HIGHEST    93          1200 AM
 LOWEST     40           400 PM
 AVERAGE    67

..........................................................


THE WILLIAMSPORT PA CLIMATE NORMALS FOR TOMORROW
                         NORMAL    RECORD    YEAR
 MAXIMUM TEMPERATURE (F)   81        94      1918
 MINIMUM TEMPERATURE (F)   60        42      1940


SUNRISE AND SUNSET
AUGUST 23 2017........SUNRISE   625 AM EDT   SUNSET   754 PM EDT
AUGUST 24 2017........SUNRISE   626 AM EDT   SUNSET   753 PM EDT


-  INDICATES NEGATIVE NUMBERS.
R  INDICATES RECORD WAS SET OR TIED.
MM INDICATES DATA IS MISSING.
T  INDICATES TRACE AMOUNT.




$$
