000
CDUS43 KEAX 261242
CLIIRK


CLIMATE REPORT
NATIONAL WEATHER SERVICE KANSAS CITY/PLEASANT HILL MO
641 AM CST WED NOV 26 2014


...................................

...THE KIRKSVILLE MO CLIMATE SUMMARY FOR NOVEMBER 26 2014...
VALID AS OF 0600 AM LOCAL TIME.

CLIMATE NORMAL PERIOD 1981 TO 2010
CLIMATE RECORD PERIOD 9999 TO 9999


WEATHER ITEM   OBSERVED TIME   NORMAL DEPARTURE LAST
                VALUE   (LST)  VALUE  FROM      YEAR
                                      NORMAL
......................................................
TEMPERATURE (F)
 TODAY
  MAXIMUM         31    559 AM  45    -14       36
  MINIMUM         27    322 AM  26      1       18
  AVERAGE         29            36     -7       27

PRECIPITATION (IN)
  TODAY            0.00          0.09  -0.09     0.00
  MONTH TO DATE    1.30          2.39  -1.09     1.62
  SINCE SEP 1     15.41          9.82   5.59     7.02
  SINCE JAN 1     43.50         37.23   6.27    36.91

DEGREE DAYS
 HEATING
  TODAY           36            30      6       38
  MONTH TO DATE  783           613    170      661
  SINCE SEP 1   1209          1095    114     1111
  SINCE JUL 1   1215          1102    113     1124

 COOLING
  TODAY            0             0      0        0
  MONTH TO DATE    0             0      0        0
  SINCE SEP 1     92            95     -3      218
  SINCE JAN 1    958           939     19     1028
......................................................


WIND (MPH)
  HIGHEST WIND SPEED    14   HIGHEST WIND DIRECTION    SE (130)
  HIGHEST GUST SPEED    18   HIGHEST GUST DIRECTION    SE (140)
  AVERAGE WIND SPEED     8.9


SKY COVER
  AVERAGE SKY COVER 0.6


WEATHER CONDITIONS
 THE FOLLOWING WEATHER WAS RECORDED TODAY.
  NO SIGNIFICANT WEATHER WAS OBSERVED.


RELATIVE HUMIDITY (PERCENT)
 HIGHEST    81          1200 AM
 LOWEST     69           500 AM
 AVERAGE    75

..........................................................


THE KIRKSVILLE MO CLIMATE NORMALS FOR TOMORROW
                         NORMAL
 MAXIMUM TEMPERATURE (F)   44
 MINIMUM TEMPERATURE (F)   26


SUNRISE AND SUNSET
NOVEMBER 26 2014......SUNRISE   708 AM CST   SUNSET   447 PM CST
NOVEMBER 27 2014......SUNRISE   709 AM CST   SUNSET   446 PM CST


-  INDICATES NEGATIVE NUMBERS.
R  INDICATES RECORD WAS SET OR TIED.
MM INDICATES DATA IS MISSING.
T  INDICATES TRACE AMOUNT.




$$
