000
CDUS43 KEAX 280634
CLIIRK


CLIMATE REPORT
NATIONAL WEATHER SERVICE KANSAS CITY/PLEASANT HILL MO
134 AM CDT TUE JUL 28 2015


...................................

...THE KIRKSVILLE MO CLIMATE SUMMARY FOR JULY 27 2015...

CLIMATE NORMAL PERIOD 1981 TO 2010
CLIMATE RECORD PERIOD 9999 TO 9999


WEATHER ITEM   OBSERVED TIME   NORMAL DEPARTURE LAST
                VALUE   (LST)  VALUE  FROM      YEAR
                                      NORMAL
......................................................
TEMPERATURE (F)
 YESTERDAY
  MAXIMUM         90    213 PM  86      4       85
  MINIMUM         72   1159 PM  65      7       63
  AVERAGE         81            76      5       74

PRECIPITATION (IN)
  YESTERDAY        0.33          0.15   0.18     0.00
  MONTH TO DATE    6.56          4.01   2.55     2.81
  SINCE JUN 1     17.75          8.79   8.96    10.23
  SINCE JAN 1     28.51         22.94   5.57    19.33

DEGREE DAYS
 HEATING
  YESTERDAY        0             0      0        0
  MONTH TO DATE    5             0      5        6
  SINCE JUN 1     20            16      4       12
  SINCE JUL 1      5             0      5        6

 COOLING
  YESTERDAY       16            11      5        9
  MONTH TO DATE  285           272     13      179
  SINCE JUN 1    527           464     63      426
  SINCE JAN 1    595           526     69      548
......................................................


WIND (MPH)
  HIGHEST WIND SPEED    32   HIGHEST WIND DIRECTION     E (100)
  HIGHEST GUST SPEED    44   HIGHEST GUST DIRECTION     E (100)
  AVERAGE WIND SPEED     7.1


SKY COVER
  AVERAGE SKY COVER 0.4


WEATHER CONDITIONS
 THE FOLLOWING WEATHER WAS RECORDED YESTERDAY.
  THUNDERSTORM
  HEAVY RAIN
  RAIN
  LIGHT RAIN
  FOG
  FOG W/VISIBILITY <= 1/4 MILE


RELATIVE HUMIDITY (PERCENT)
 HIGHEST   100           600 AM
 LOWEST     70           100 PM
 AVERAGE    85

..........................................................


THE KIRKSVILLE MO CLIMATE NORMALS FOR TODAY
                         NORMAL
 MAXIMUM TEMPERATURE (F)   86
 MINIMUM TEMPERATURE (F)   65


SUNRISE AND SUNSET
JULY 28 2015..........SUNRISE   604 AM CDT   SUNSET   828 PM CDT
JULY 29 2015..........SUNRISE   605 AM CDT   SUNSET   827 PM CDT


-  INDICATES NEGATIVE NUMBERS.
R  INDICATES RECORD WAS SET OR TIED.
MM INDICATES DATA IS MISSING.
T  INDICATES TRACE AMOUNT.




$$
