000
CDUS43 KEAX 182140
CLIIRK


CLIMATE REPORT
NATIONAL WEATHER SERVICE KANSAS CITY/PLEASANT HILL MO
439 PM CDT FRI APR 18 2014


...................................

...THE KIRKSVILLE MO CLIMATE SUMMARY FOR APRIL 18 2014...
VALID AS OF 0400 PM LOCAL TIME.

CLIMATE NORMAL PERIOD 1981 TO 2010
CLIMATE RECORD PERIOD 9999 TO 9999


WEATHER ITEM   OBSERVED TIME   NORMAL DEPARTURE LAST
                VALUE   (LST)  VALUE  FROM      YEAR
                                      NORMAL
......................................................
TEMPERATURE (F)
 TODAY
  MAXIMUM         66    258 PM  64      2       59
  MINIMUM         29    425 AM  42    -13       35
  AVERAGE         48            53     -5       47

PRECIPITATION (IN)
  TODAY            0.00          0.16  -0.16     0.69
  MONTH TO DATE    1.25          1.89  -0.64     6.49
  SINCE MAR 1      2.32          4.44  -2.12     9.83
  SINCE JAN 1      5.87          7.24  -1.37    15.28

DEGREE DAYS
 HEATING
  TODAY           17            13      4       18
  MONTH TO DATE  316           276     40      308
  SINCE MAR 1   1218          1030    188     1290
  SINCE JUL 1   6188          5563    625     5670

 COOLING
  TODAY            0             0      0        0
  MONTH TO DATE    1             0      1        3
  SINCE MAR 1      1             0      1        3
  SINCE JAN 1      1             0      1        3
......................................................


WIND (MPH)
  HIGHEST WIND SPEED    12   HIGHEST WIND DIRECTION    SE (150)
  HIGHEST GUST SPEED    16   HIGHEST GUST DIRECTION     E (90)
  AVERAGE WIND SPEED     5.0


SKY COVER
  AVERAGE SKY COVER 0.0


WEATHER CONDITIONS
 THE FOLLOWING WEATHER WAS RECORDED TODAY.
  FOG
  FOG W/VISIBILITY <= 1/4 MILE
  HAZE


RELATIVE HUMIDITY (PERCENT)
 HIGHEST    92           100 AM
 LOWEST     31           300 PM
 AVERAGE    62

..........................................................


THE KIRKSVILLE MO CLIMATE NORMALS FOR TOMORROW
                         NORMAL
 MAXIMUM TEMPERATURE (F)   64
 MINIMUM TEMPERATURE (F)   42


SUNRISE AND SUNSET
APRIL 18 2014.........SUNRISE   628 AM CDT   SUNSET   752 PM CDT
APRIL 19 2014.........SUNRISE   626 AM CDT   SUNSET   753 PM CDT


-  INDICATES NEGATIVE NUMBERS.
R  INDICATES RECORD WAS SET OR TIED.
MM INDICATES DATA IS MISSING.
T  INDICATES TRACE AMOUNT.




$$
