000
CDUS43 KEAX 110659
CLIIRK


CLIMATE REPORT
NATIONAL WEATHER SERVICE KANSAS CITY/PLEASANT HILL MO
1258 AM CST THU FEB 11 2016


...................................

...THE KIRKSVILLE MO CLIMATE SUMMARY FOR FEBRUARY 10 2016...

CLIMATE NORMAL PERIOD 1981 TO 2010
CLIMATE RECORD PERIOD 9999 TO 9999


WEATHER ITEM   OBSERVED TIME   NORMAL DEPARTURE LAST
                VALUE   (LST)  VALUE  FROM      YEAR
                                      NORMAL
......................................................
TEMPERATURE (F)
 YESTERDAY
  MAXIMUM         22    425 PM  38    -16       33
  MINIMUM         10    343 AM  19     -9       20
  AVERAGE         16            28    -12       27

PRECIPITATION (IN)
  YESTERDAY        0.09          0.06   0.03     0.00
  MONTH TO DATE    0.99          0.55   0.44     0.11
  SINCE DEC 1      6.44          3.57   2.87     2.61
  SINCE JAN 1      2.08          1.82   0.26     1.71

DEGREE DAYS
 HEATING
  YESTERDAY       49            37     12       38
  MONTH TO DATE  348           375    -27      401
  SINCE DEC 1   2291          2701   -410     2508
  SINCE JUL 1   3173          3922   -749     3829

 COOLING
  YESTERDAY        0             0      0        0
  MONTH TO DATE    0             0      0        0
  SINCE DEC 1      0             0      0        0
  SINCE JAN 1      0             0      0        0
......................................................


WIND (MPH)
  HIGHEST WIND SPEED    13   HIGHEST WIND DIRECTION     E (100)
  HIGHEST GUST SPEED    18   HIGHEST GUST DIRECTION    NW (320)
  AVERAGE WIND SPEED     6.2


SKY COVER
  AVERAGE SKY COVER 0.7


WEATHER CONDITIONS
 THE FOLLOWING WEATHER WAS RECORDED YESTERDAY.
  LIGHT SNOW
  FOG


RELATIVE HUMIDITY (PERCENT)
 HIGHEST    84          1200 PM
 LOWEST     67          1200 AM
 AVERAGE    76

..........................................................


THE KIRKSVILLE MO CLIMATE NORMALS FOR TODAY
                         NORMAL
 MAXIMUM TEMPERATURE (F)   38
 MINIMUM TEMPERATURE (F)   19


SUNRISE AND SUNSET
FEBRUARY 11 2016......SUNRISE   709 AM CST   SUNSET   541 PM CST
FEBRUARY 12 2016......SUNRISE   707 AM CST   SUNSET   542 PM CST


-  INDICATES NEGATIVE NUMBERS.
R  INDICATES RECORD WAS SET OR TIED.
MM INDICATES DATA IS MISSING.
T  INDICATES TRACE AMOUNT.




$$
