000
CDUS43 KEAX 250031
CLIIRK


CLIMATE REPORT
NATIONAL WEATHER SERVICE KANSAS CITY/PLEASANT HILL MO
631 PM CST FRI NOV 24 2017


...................................

...THE KIRKSVILLE MO CLIMATE SUMMARY FOR NOVEMBER 24 2017...
VALID TODAY AS OF 0600 PM LOCAL TIME.

CLIMATE NORMAL PERIOD 1981 TO 2010
CLIMATE RECORD PERIOD 9999 TO 9999


WEATHER ITEM   OBSERVED TIME   NORMAL DEPARTURE LAST
                VALUE   (LST)  VALUE  FROM      YEAR
                                      NORMAL
......................................................
TEMPERATURE (F)
 TODAY
  MAXIMUM         73    303 PM  46     27       42
  MINIMUM         38   1202 AM  27     11       38
  AVERAGE         56            36     20       40

PRECIPITATION (IN)
  TODAY            0.00          0.06  -0.06     0.00
  MONTH TO DATE    0.49          2.22  -1.73     1.41
  SINCE SEP 1      7.29          9.65  -2.36     6.25
  SINCE JAN 1     31.56         37.06  -5.50    29.39

DEGREE DAYS
 HEATING
  TODAY            9            29    -20       25
  MONTH TO DATE  578           554     24      361
  SINCE SEP 1    901          1036   -135      582
  SINCE JUL 1    902          1043   -141      588

 COOLING
  TODAY            0             0      0        0
  MONTH TO DATE    0             0      0        7
  SINCE SEP 1    196            95    101      235
  SINCE JAN 1   1121           939    182     1313
......................................................


WIND (MPH)
  HIGHEST WIND SPEED    25   HIGHEST WIND DIRECTION    SW (220)
  HIGHEST GUST SPEED    36   HIGHEST GUST DIRECTION    SW (220)
  AVERAGE WIND SPEED    13.4


SKY COVER
  AVERAGE SKY COVER 0.0


WEATHER CONDITIONS
 THE FOLLOWING WEATHER WAS RECORDED TODAY.
  NO SIGNIFICANT WEATHER WAS OBSERVED.


RELATIVE HUMIDITY (PERCENT)
 HIGHEST    85          1200 AM
 LOWEST     29           300 PM
 AVERAGE    57

..........................................................


THE KIRKSVILLE MO CLIMATE NORMALS FOR TOMORROW
                         NORMAL
 MAXIMUM TEMPERATURE (F)   45
 MINIMUM TEMPERATURE (F)   27


SUNRISE AND SUNSET
NOVEMBER 24 2017......SUNRISE   706 AM CST   SUNSET   448 PM CST
NOVEMBER 25 2017......SUNRISE   707 AM CST   SUNSET   447 PM CST


-  INDICATES NEGATIVE NUMBERS.
R  INDICATES RECORD WAS SET OR TIED.
MM INDICATES DATA IS MISSING.
T  INDICATES TRACE AMOUNT.




$$
