000
CDUS43 KEAX 250033
CLIIRK


CLIMATE REPORT
NATIONAL WEATHER SERVICE KANSAS CITY/PLEASANT HILL MO
732 PM CDT MON JUL 24 2017


...................................

...THE KIRKSVILLE MO CLIMATE SUMMARY FOR JULY 24 2017...
VALID TODAY AS OF 0700 PM LOCAL TIME.

CLIMATE NORMAL PERIOD 1981 TO 2010
CLIMATE RECORD PERIOD 9999 TO 9999


WEATHER ITEM   OBSERVED TIME   NORMAL DEPARTURE LAST
                VALUE   (LST)  VALUE  FROM      YEAR
                                      NORMAL
......................................................
TEMPERATURE (F)
 TODAY
  MAXIMUM         85    500 PM  86     -1       94
  MINIMUM         63    509 AM  65     -2       75
  AVERAGE         74            76     -2       85

PRECIPITATION (IN)
  TODAY            0.00          0.16  -0.16     0.00
  MONTH TO DATE    0.76          3.53  -2.77     2.12
  SINCE JUN 1      5.76          8.31  -2.55     3.61
  SINCE JAN 1     19.18         22.46  -3.28    15.90

DEGREE DAYS
 HEATING
  TODAY            0             0      0        0
  MONTH TO DATE    0             0      0        6
  SINCE JUN 1      7            16     -9        6
  SINCE JUL 1      0             0      0        6

 COOLING
  TODAY            9            11     -2       20
  MONTH TO DATE  340           239    101      290
  SINCE JUN 1    588           431    157      613
  SINCE JAN 1    680           493    187      685
......................................................


WIND (MPH)
  HIGHEST WIND SPEED    12   HIGHEST WIND DIRECTION    NE (50)
  HIGHEST GUST SPEED    16   HIGHEST GUST DIRECTION    NE (50)
  AVERAGE WIND SPEED     5.8


SKY COVER
  AVERAGE SKY COVER 0.2


WEATHER CONDITIONS
 THE FOLLOWING WEATHER WAS RECORDED TODAY.
  NO SIGNIFICANT WEATHER WAS OBSERVED.


RELATIVE HUMIDITY (PERCENT)
 HIGHEST    93           500 AM
 LOWEST     44           400 PM
 AVERAGE    69

..........................................................


THE KIRKSVILLE MO CLIMATE NORMALS FOR TOMORROW
                         NORMAL
 MAXIMUM TEMPERATURE (F)   86
 MINIMUM TEMPERATURE (F)   65


SUNRISE AND SUNSET
JULY 24 2017..........SUNRISE   601 AM CDT   SUNSET   831 PM CDT
JULY 25 2017..........SUNRISE   602 AM CDT   SUNSET   831 PM CDT


-  INDICATES NEGATIVE NUMBERS.
R  INDICATES RECORD WAS SET OR TIED.
MM INDICATES DATA IS MISSING.
T  INDICATES TRACE AMOUNT.




$$
