000
CDUS43 KEAX 180638
CLIIRK


CLIMATE REPORT
NATIONAL WEATHER SERVICE KANSAS CITY/PLEASANT HILL MO
137 AM CDT THU SEP 18 2014


...................................

...THE KIRKSVILLE MO CLIMATE SUMMARY FOR SEPTEMBER 17 2014...

CLIMATE NORMAL PERIOD 1981 TO 2010
CLIMATE RECORD PERIOD 9999 TO 9999


WEATHER ITEM   OBSERVED TIME   NORMAL DEPARTURE LAST
                VALUE   (LST)  VALUE  FROM      YEAR
                                      NORMAL
......................................................
TEMPERATURE (F)
 YESTERDAY
  MAXIMUM         72    238 PM  75     -3       66
  MINIMUM         49   1231 AM  52     -3       55
  AVERAGE         61            64     -3       61

PRECIPITATION (IN)
  YESTERDAY        T             0.13  -0.13     0.03
  MONTH TO DATE   10.07          2.51   7.56     0.91
  SINCE SEP 1     10.07          2.51   7.56     0.91
  SINCE JAN 1     38.16         29.92   8.24    30.80

DEGREE DAYS
 HEATING
  YESTERDAY        4             3      1        4
  MONTH TO DATE   83            29     54       19
  SINCE SEP 1     83            29     54       19
  SINCE JUL 1     89            36     53       32

 COOLING
  YESTERDAY        0             2     -2        0
  MONTH TO DATE   59            64     -5      145
  SINCE SEP 1     59            64     -5      145
  SINCE JAN 1    925           908     17      955
......................................................


WIND (MPH)
  HIGHEST WIND SPEED    10   HIGHEST WIND DIRECTION     E (80)
  HIGHEST GUST SPEED    14   HIGHEST GUST DIRECTION    SE (130)
  AVERAGE WIND SPEED     5.5


SKY COVER
  AVERAGE SKY COVER 0.7


WEATHER CONDITIONS
 THE FOLLOWING WEATHER WAS RECORDED YESTERDAY.
  LIGHT RAIN
  FOG
  FOG W/VISIBILITY <= 1/4 MILE


RELATIVE HUMIDITY (PERCENT)
 HIGHEST   100           200 AM
 LOWEST     68           200 PM
 AVERAGE    84

..........................................................


THE KIRKSVILLE MO CLIMATE NORMALS FOR TODAY
                         NORMAL
 MAXIMUM TEMPERATURE (F)   75
 MINIMUM TEMPERATURE (F)   52


SUNRISE AND SUNSET
SEPTEMBER 18 2014.....SUNRISE   654 AM CDT   SUNSET   714 PM CDT
SEPTEMBER 19 2014.....SUNRISE   655 AM CDT   SUNSET   712 PM CDT


-  INDICATES NEGATIVE NUMBERS.
R  INDICATES RECORD WAS SET OR TIED.
MM INDICATES DATA IS MISSING.
T  INDICATES TRACE AMOUNT.




$$
