000
CDUS43 KEAX 160632
CLIIRK


CLIMATE REPORT
NATIONAL WEATHER SERVICE KANSAS CITY/PLEASANT HILL MO
1232 AM CST MON JAN 16 2017


...................................

...THE KIRKSVILLE MO CLIMATE SUMMARY FOR JANUARY 15 2017...

CLIMATE NORMAL PERIOD 1981 TO 2010
CLIMATE RECORD PERIOD 9999 TO 9999


WEATHER ITEM   OBSERVED TIME   NORMAL DEPARTURE LAST
                VALUE   (LST)  VALUE  FROM      YEAR
                                      NORMAL
......................................................
TEMPERATURE (F)
 YESTERDAY
  MAXIMUM         31   1159 PM  35     -4       45
  MINIMUM         24    121 AM  17      7       19
  AVERAGE         28            26      2       32

PRECIPITATION (IN)
  YESTERDAY        0.04          0.04   0.00      T
  MONTH TO DATE    0.34          0.46  -0.12     0.67
  SINCE DEC 1      1.57          2.21  -0.64     5.03
  SINCE JAN 1      0.34          0.46  -0.12     0.67

DEGREE DAYS
 HEATING
  YESTERDAY       37            39     -2       33
  MONTH TO DATE  623           585     38      560
  SINCE DEC 1   1702          1707     -5     1307
  SINCE JUL 1   2424          2928   -504     2189

 COOLING
  YESTERDAY        0             0      0        0
  MONTH TO DATE    0             0      0        0
  SINCE DEC 1      0             0      0        0
  SINCE JAN 1      0             0      0        0
......................................................


WIND (MPH)
  HIGHEST WIND SPEED    10   HIGHEST WIND DIRECTION     E (110)
  HIGHEST GUST SPEED    14   HIGHEST GUST DIRECTION     E (110)
  AVERAGE WIND SPEED     6.0


SKY COVER
  AVERAGE SKY COVER 0.9


WEATHER CONDITIONS
 THE FOLLOWING WEATHER WAS RECORDED YESTERDAY.
  LT FREEZING RAIN
  FOG


RELATIVE HUMIDITY (PERCENT)
 HIGHEST   100          1200 AM
 LOWEST     84           300 AM
 AVERAGE    92

..........................................................


THE KIRKSVILLE MO CLIMATE NORMALS FOR TODAY
                         NORMAL
 MAXIMUM TEMPERATURE (F)   35
 MINIMUM TEMPERATURE (F)   17


SUNRISE AND SUNSET
JANUARY 16 2017.......SUNRISE   730 AM CST   SUNSET   511 PM CST
JANUARY 17 2017.......SUNRISE   729 AM CST   SUNSET   512 PM CST


-  INDICATES NEGATIVE NUMBERS.
R  INDICATES RECORD WAS SET OR TIED.
MM INDICATES DATA IS MISSING.
T  INDICATES TRACE AMOUNT.




$$
