000
CDUS43 KEAX 030639
CLIIRK


CLIMATE REPORT
NATIONAL WEATHER SERVICE KANSAS CITY/PLEASANT HILL MO
1238 AM CST SAT DEC 3 2016


...................................

...THE KIRKSVILLE MO CLIMATE SUMMARY FOR DECEMBER 2 2016...

CLIMATE NORMAL PERIOD 1981 TO 2010
CLIMATE RECORD PERIOD 9999 TO 9999


WEATHER ITEM   OBSERVED TIME   NORMAL DEPARTURE LAST
                VALUE   (LST)  VALUE  FROM      YEAR
                                      NORMAL
......................................................
TEMPERATURE (F)
 YESTERDAY
  MAXIMUM         47    304 PM  42      5       38
  MINIMUM         22    711 AM  24     -2       31
  AVERAGE         35            33      2       35

PRECIPITATION (IN)
  YESTERDAY        0.00          0.07  -0.07      T
  MONTH TO DATE    0.00          0.14  -0.14      T
  SINCE DEC 1      0.00          0.14  -0.14      T
  SINCE JAN 1     29.72         37.70  -7.98    39.76

DEGREE DAYS
 HEATING
  YESTERDAY       30            32     -2       30
  MONTH TO DATE   59            64     -5       58
  SINCE DEC 1     59            64     -5       58
  SINCE JUL 1    781          1285   -504      940

 COOLING
  YESTERDAY        0             0      0        0
  MONTH TO DATE    0             0      0        0
  SINCE DEC 1      0             0      0        0
  SINCE JAN 1   1313           939    374     1102
......................................................


WIND (MPH)
  HIGHEST WIND SPEED    10   HIGHEST WIND DIRECTION     W (280)
  HIGHEST GUST SPEED    15   HIGHEST GUST DIRECTION     W (270)
  AVERAGE WIND SPEED     3.5


SKY COVER
  AVERAGE SKY COVER 0.1


WEATHER CONDITIONS
 THE FOLLOWING WEATHER WAS RECORDED YESTERDAY.
  NO SIGNIFICANT WEATHER WAS OBSERVED.


RELATIVE HUMIDITY (PERCENT)
 HIGHEST    96           700 AM
 LOWEST     53           200 PM
 AVERAGE    75

..........................................................


THE KIRKSVILLE MO CLIMATE NORMALS FOR TODAY
                         NORMAL
 MAXIMUM TEMPERATURE (F)   41
 MINIMUM TEMPERATURE (F)   24


SUNRISE AND SUNSET
DECEMBER  3 2016......SUNRISE   716 AM CST   SUNSET   445 PM CST
DECEMBER  4 2016......SUNRISE   716 AM CST   SUNSET   445 PM CST


-  INDICATES NEGATIVE NUMBERS.
R  INDICATES RECORD WAS SET OR TIED.
MM INDICATES DATA IS MISSING.
T  INDICATES TRACE AMOUNT.




$$
