000
CDUS43 KEAX 202224
CLIIRK


CLIMATE REPORT
NATIONAL WEATHER SERVICE KANSAS CITY/PLEASANT HILL MO
423 PM CST SAT DEC 20 2014


...................................

...THE KIRKSVILLE MO CLIMATE SUMMARY FOR DECEMBER 20 2014...
VALID AS OF 0400 PM LOCAL TIME.

CLIMATE NORMAL PERIOD 1981 TO 2010
CLIMATE RECORD PERIOD 9999 TO 9999


WEATHER ITEM   OBSERVED TIME   NORMAL DEPARTURE LAST
                VALUE   (LST)  VALUE  FROM      YEAR
                                      NORMAL
......................................................
TEMPERATURE (F)
 TODAY
  MAXIMUM         38    259 PM  36      2       45
  MINIMUM         31    136 AM  19     12       27
  AVERAGE         35            28      7       36

PRECIPITATION (IN)
  TODAY            T             0.06  -0.06     0.13
  MONTH TO DATE    0.59          1.22  -0.63     0.88
  SINCE DEC 1      0.59          1.22  -0.63     0.88
  SINCE JAN 1     44.22         38.78   5.44    37.79

DEGREE DAYS
 HEATING
  TODAY           30            38     -8       29
  MONTH TO DATE  616           701    -85      765
  SINCE DEC 1    616           701    -85      765
  SINCE JUL 1   1937          1922     15     2032

 COOLING
  TODAY            0             0      0        0
  MONTH TO DATE    0             0      0        0
  SINCE DEC 1      0             0      0        0
  SINCE JAN 1    958           939     19     1028
......................................................


WIND (MPH)
  HIGHEST WIND SPEED    12   HIGHEST WIND DIRECTION     S (180)
  HIGHEST GUST SPEED    14   HIGHEST GUST DIRECTION     S (170)
  AVERAGE WIND SPEED     6.8


SKY COVER
  AVERAGE SKY COVER 1.0


WEATHER CONDITIONS
 THE FOLLOWING WEATHER WAS RECORDED TODAY.
  LIGHT SNOW
  FOG
  FOG W/VISIBILITY <= 1/4 MILE


RELATIVE HUMIDITY (PERCENT)
 HIGHEST   100           200 AM
 LOWEST     92          1200 AM
 AVERAGE    96

..........................................................


THE KIRKSVILLE MO CLIMATE NORMALS FOR TOMORROW
                         NORMAL
 MAXIMUM TEMPERATURE (F)   36
 MINIMUM TEMPERATURE (F)   19


SUNRISE AND SUNSET
DECEMBER 20 2014......SUNRISE   728 AM CST   SUNSET   447 PM CST
DECEMBER 21 2014......SUNRISE   729 AM CST   SUNSET   448 PM CST


-  INDICATES NEGATIVE NUMBERS.
R  INDICATES RECORD WAS SET OR TIED.
MM INDICATES DATA IS MISSING.
T  INDICATES TRACE AMOUNT.




$$
