000
CDUS43 KEAX 030637
CLIIRK


CLIMATE REPORT
NATIONAL WEATHER SERVICE KANSAS CITY/PLEASANT HILL MO
136 AM CDT TUE MAY 3 2016


...................................

...THE KIRKSVILLE MO CLIMATE SUMMARY FOR MAY 2 2016...

CLIMATE NORMAL PERIOD 1981 TO 2010
CLIMATE RECORD PERIOD 9999 TO 9999


WEATHER ITEM   OBSERVED TIME   NORMAL DEPARTURE LAST
                VALUE   (LST)  VALUE  FROM      YEAR
                                      NORMAL
......................................................
TEMPERATURE (F)
 YESTERDAY
  MAXIMUM         57    103 PM  68    -11       69
  MINIMUM         40   1159 PM  47     -7       53
  AVERAGE         49            57     -8       61

PRECIPITATION (IN)
  YESTERDAY        T             0.19  -0.19     0.18
  MONTH TO DATE    0.07          0.38  -0.31     0.18
  SINCE MAR 1      5.05          6.77  -1.72     4.71
  SINCE JAN 1      7.64          9.57  -1.93     6.76

DEGREE DAYS
 HEATING
  YESTERDAY       16             8      8        4
  MONTH TO DATE   30            17     13       14
  SINCE MAR 1    891          1174   -283      982
  SINCE JUL 1   4598          5707  -1109     5661

 COOLING
  YESTERDAY        0             1     -1        0
  MONTH TO DATE    0             1     -1        0
  SINCE MAR 1      8             8      0        3
  SINCE JAN 1      8             8      0        3
......................................................


WIND (MPH)
  HIGHEST WIND SPEED    14   HIGHEST WIND DIRECTION     N (360)
  HIGHEST GUST SPEED    17   HIGHEST GUST DIRECTION    NE (30)
  AVERAGE WIND SPEED     5.0


SKY COVER
  AVERAGE SKY COVER 0.8


WEATHER CONDITIONS
 THE FOLLOWING WEATHER WAS RECORDED YESTERDAY.
  FOG
  FOG W/VISIBILITY <= 1/4 MILE


RELATIVE HUMIDITY (PERCENT)
 HIGHEST    96          1100 PM
 LOWEST     62           100 PM
 AVERAGE    79

..........................................................


THE KIRKSVILLE MO CLIMATE NORMALS FOR TODAY
                         NORMAL
 MAXIMUM TEMPERATURE (F)   68
 MINIMUM TEMPERATURE (F)   47


SUNRISE AND SUNSET
MAY  3 2016...........SUNRISE   607 AM CDT   SUNSET   808 PM CDT
MAY  4 2016...........SUNRISE   606 AM CDT   SUNSET   809 PM CDT


-  INDICATES NEGATIVE NUMBERS.
R  INDICATES RECORD WAS SET OR TIED.
MM INDICATES DATA IS MISSING.
T  INDICATES TRACE AMOUNT.




$$
