000
CDUS43 KBIS 291245
CLIISN


CLIMATE REPORT
NATIONAL WEATHER SERVICE BISMARCK ND
745 AM CDT SAT AUG 29 2015


...................................

...THE WILLISTON ND CLIMATE SUMMARY FOR AUGUST 28 2015...

CLIMATE NORMAL PERIOD 1981 TO 2010
CLIMATE RECORD PERIOD 1894 TO 2015


WEATHER ITEM   OBSERVED TIME   RECORD YEAR NORMAL DEPARTURE LAST
                VALUE   (LST)  VALUE       VALUE  FROM      YEAR
                                                  NORMAL
..................................................................
TEMPERATURE (F)
 YESTERDAY
  MAXIMUM         91    320 PM 100    1996  80     11       91
  MINIMUM         56   1136 PM  34    1988  50      6       55
  AVERAGE         74                        65      9       73

PRECIPITATION (IN)
  YESTERDAY        0.00          0.68 1925   0.04  -0.04     0.00
  MONTH TO DATE    0.82                      1.32  -0.50     1.83
  SINCE JUN 1      4.27                      6.38  -2.11     3.93
  SINCE JAN 1      7.77                     10.99  -3.22     8.02

SNOWFALL (IN)
  YESTERDAY        0.0           0.0  2002   0.0    0.0     MM
                                      2001
  MONTH TO DATE    0.0                       0.0    0.0     MM
  SINCE JUN 1      0.0                       0.0    0.0     MM
  SINCE JUL 1      0.0                       0.0    0.0     MM
  SNOW DEPTH       0

DEGREE DAYS
 HEATING
  YESTERDAY        0                         3     -3        0
  MONTH TO DATE   31                        39     -8       35
  SINCE JUN 1     93                       183    -90      162
  SINCE JUL 1     39                        63    -24       52

 COOLING
  YESTERDAY        9                         3      6        8
  MONTH TO DATE  192                       157     35      178
  SINCE JUN 1    542                       407    135      370
  SINCE JAN 1    543                       420    123      391
..................................................................


WIND (MPH)
  HIGHEST WIND SPEED    15   HIGHEST WIND DIRECTION     W (260)
  HIGHEST GUST SPEED    18   HIGHEST GUST DIRECTION     W (270)
  AVERAGE WIND SPEED     5.1


SKY COVER
  POSSIBLE SUNSHINE  MM
  AVERAGE SKY COVER 0.1


WEATHER CONDITIONS
 THE FOLLOWING WEATHER WAS RECORDED YESTERDAY.
  FOG
  HAZE


RELATIVE HUMIDITY (PERCENT)
 HIGHEST    93           200 AM
 LOWEST     23           400 PM
 AVERAGE    58

..........................................................


THE WILLISTON ND CLIMATE NORMALS FOR TODAY
                         NORMAL    RECORD    YEAR
 MAXIMUM TEMPERATURE (F)   80        99      2012
 MINIMUM TEMPERATURE (F)   50        34      1988


SUNRISE AND SUNSET
AUGUST 29 2015........SUNRISE   708 AM CDT   SUNSET   842 PM CDT
AUGUST 30 2015........SUNRISE   709 AM CDT   SUNSET   840 PM CDT


-  INDICATES NEGATIVE NUMBERS.
R  INDICATES RECORD WAS SET OR TIED.
MM INDICATES DATA IS MISSING.
T  INDICATES TRACE AMOUNT.




$$
