000
CDUS43 KBIS 200726
CLIISN


CLIMATE REPORT
NATIONAL WEATHER SERVICE BISMARCK ND
225 AM CDT WED AUG 20 2014


...................................

...THE WILLISTON ND CLIMATE SUMMARY FOR AUGUST 19 2014...

CLIMATE NORMAL PERIOD 1981 TO 2010
CLIMATE RECORD PERIOD 1894 TO 2014


WEATHER ITEM   OBSERVED TIME   RECORD YEAR NORMAL DEPARTURE LAST
                VALUE   (LST)  VALUE       VALUE  FROM      YEAR
                                                  NORMAL
..................................................................
TEMPERATURE (F)
 YESTERDAY
  MAXIMUM         93    335 PM  98    2008  84      9       92
                                      1992
                                      1948
  MINIMUM         53    528 AM  38    1978  54     -1       54
                                      1908
  AVERAGE         73                        69      4       73

PRECIPITATION (IN)
  YESTERDAY        0.00          1.92 1913   0.05  -0.05     0.00
  MONTH TO DATE    0.38                      0.91  -0.53     1.76
  SINCE JUN 1      2.48                      5.97  -3.49     7.67
  SINCE JAN 1      6.57                     10.58  -4.01    15.48

SNOWFALL (IN)
  YESTERDAY        0.0           0.0  2002   0.0    0.0     MM
                                      2001
  MONTH TO DATE    0.0                       0.0    0.0     MM
  SINCE JUN 1      0.0                       0.0    0.0     MM
  SINCE JUL 1      0.0                       0.0    0.0     MM
  SNOW DEPTH       0

DEGREE DAYS
 HEATING
  YESTERDAY        0                         1     -1        0
  MONTH TO DATE    1                        19    -18       21
  SINCE JUN 1    128                       163    -35      174
  SINCE JUL 1     18                        43    -25       46

 COOLING
  YESTERDAY        8                         5      3        8
  MONTH TO DATE  162                       121     41       54
  SINCE JUN 1    354                       371    -17      207
  SINCE JAN 1    375                       384     -9      215
..................................................................


WIND (MPH)
  HIGHEST WIND SPEED    16   HIGHEST WIND DIRECTION     E (110)
  HIGHEST GUST SPEED    19   HIGHEST GUST DIRECTION     E (110)
  AVERAGE WIND SPEED     5.8


SKY COVER
  POSSIBLE SUNSHINE  MM
  AVERAGE SKY COVER 0.0


WEATHER CONDITIONS
 THE FOLLOWING WEATHER WAS RECORDED YESTERDAY.
  FOG
  HAZE


RELATIVE HUMIDITY (PERCENT)
 HIGHEST    93           500 AM
 LOWEST     27           200 PM
 AVERAGE    60

..........................................................


THE WILLISTON ND CLIMATE NORMALS FOR TODAY
                         NORMAL    RECORD    YEAR
 MAXIMUM TEMPERATURE (F)   83       101      1942
 MINIMUM TEMPERATURE (F)   53        36      1907


SUNRISE AND SUNSET
AUGUST 20 2014........SUNRISE   656 AM CDT   SUNSET   859 PM CDT
AUGUST 21 2014........SUNRISE   657 AM CDT   SUNSET   857 PM CDT


-  INDICATES NEGATIVE NUMBERS.
R  INDICATES RECORD WAS SET OR TIED.
MM INDICATES DATA IS MISSING.
T  INDICATES TRACE AMOUNT.




$$
