000
CDUS43 KBIS 170749
CLIISN


CLIMATE REPORT
NATIONAL WEATHER SERVICE BISMARCK ND
149 AM CST WED DEC 17 2014


...................................

...THE WILLISTON ND CLIMATE SUMMARY FOR DECEMBER 16 2014...

CLIMATE NORMAL PERIOD 1981 TO 2010
CLIMATE RECORD PERIOD 1894 TO 2014


WEATHER ITEM   OBSERVED TIME   RECORD YEAR NORMAL DEPARTURE LAST
                VALUE   (LST)  VALUE       VALUE  FROM      YEAR
                                                  NORMAL
..................................................................
TEMPERATURE (F)
 YESTERDAY
  MAXIMUM         23    724 PM  54    1962  24     -1       35
  MINIMUM         21   1159 PM -25    2008   3     18       28
  AVERAGE         22                        13      9       32

PRECIPITATION (IN)
  YESTERDAY        T             0.55 1996   0.03  -0.03      T
  MONTH TO DATE    0.01                      0.31  -0.30     0.59
  SINCE DEC 1      0.01                      0.31  -0.30     0.59
  SINCE JAN 1     10.66                     14.06  -3.40    20.80

SNOWFALL (IN)
  YESTERDAY       MM             7.5  1996   0.3   MM       MM
                                      2000
  MONTH TO DATE   MM                         4.1   MM       MM
  SINCE DEC 1     MM                         4.1   MM       MM
  SINCE JUL 1     MM                        13.0   MM       MM
  SNOW DEPTH      MM

DEGREE DAYS
 HEATING
  YESTERDAY       43                        52     -9       33
  MONTH TO DATE  690                       786    -96      935
  SINCE DEC 1    690                       786    -96      935
  SINCE JUL 1   2883                      2948    -65     3009

 COOLING
  YESTERDAY        0                         0      0        0
  MONTH TO DATE    0                         0      0        0
  SINCE DEC 1      0                         0      0        0
  SINCE JAN 1    425                       456    -31      405
..................................................................


WIND (MPH)
  HIGHEST WIND SPEED    12   HIGHEST WIND DIRECTION     S (170)
  HIGHEST GUST SPEED    15   HIGHEST GUST DIRECTION     S (180)
  AVERAGE WIND SPEED     5.9


SKY COVER
  POSSIBLE SUNSHINE  MM
  AVERAGE SKY COVER 1.0


WEATHER CONDITIONS
 THE FOLLOWING WEATHER WAS RECORDED YESTERDAY.
  NO SIGNIFICANT WEATHER WAS OBSERVED.


RELATIVE HUMIDITY (PERCENT)
 HIGHEST    92           100 AM
 LOWEST     68          1100 AM
 AVERAGE    80

..........................................................


THE WILLISTON ND CLIMATE NORMALS FOR TODAY
                         NORMAL    RECORD    YEAR
 MAXIMUM TEMPERATURE (F)   24        52      1998
                                             1923
 MINIMUM TEMPERATURE (F)    3       -37      1906


SUNRISE AND SUNSET
DECEMBER 17 2014......SUNRISE   840 AM CST   SUNSET   501 PM CST
DECEMBER 18 2014......SUNRISE   841 AM CST   SUNSET   502 PM CST


-  INDICATES NEGATIVE NUMBERS.
R  INDICATES RECORD WAS SET OR TIED.
MM INDICATES DATA IS MISSING.
T  INDICATES TRACE AMOUNT.




$$
