000
CDUS43 KBIS 280731
CLIISN


CLIMATE REPORT
NATIONAL WEATHER SERVICE BISMARCK ND
230 AM CDT TUE MAR 28 2017


...................................

...THE WILLISTON ND CLIMATE SUMMARY FOR MARCH 27 2017...

CLIMATE NORMAL PERIOD 1981 TO 2010
CLIMATE RECORD PERIOD 1894 TO 2017


WEATHER ITEM   OBSERVED TIME   RECORD YEAR NORMAL DEPARTURE LAST
                VALUE   (LST)  VALUE       VALUE  FROM      YEAR
                                                  NORMAL
..................................................................
TEMPERATURE (F)
 YESTERDAY
  MAXIMUM         60    242 PM  79    1946  47     13       57
  MINIMUM         29    702 AM -15    1898  23      6       20
  AVERAGE         45                        35     10       39

PRECIPITATION (IN)
  YESTERDAY        0.01          0.52 1975   0.03  -0.02     0.00
  MONTH TO DATE    0.65                      0.61   0.04     0.09
  SINCE MAR 1      0.65                      0.61   0.04     0.09
  SINCE JAN 1      1.79                      1.59   0.20     1.22

SNOWFALL (IN)
  YESTERDAY       MM
  SNOW DEPTH      MM

DEGREE DAYS
 HEATING
  YESTERDAY       20                        30    -10       26
  MONTH TO DATE  969                       990    -21      770
  SINCE MAR 1    969                       990    -21      770
  SINCE JUL 1   6991                      7758   -767     6380

 COOLING
  YESTERDAY        0                         0      0        0
  MONTH TO DATE    0                         0      0        0
  SINCE MAR 1      0                         0      0        0
  SINCE JAN 1      0                         0      0        0
..................................................................


WIND (MPH)
  HIGHEST WIND SPEED    17   HIGHEST WIND DIRECTION     E (80)
  HIGHEST GUST SPEED    22   HIGHEST GUST DIRECTION     E (70)
  AVERAGE WIND SPEED     6.6


SKY COVER
  POSSIBLE SUNSHINE  MM
  AVERAGE SKY COVER 0.6


WEATHER CONDITIONS
 THE FOLLOWING WEATHER WAS RECORDED YESTERDAY.
  LIGHT RAIN
  FOG


RELATIVE HUMIDITY (PERCENT)
 HIGHEST    89           300 AM
 LOWEST     31           300 PM
 AVERAGE    60

..........................................................


THE WILLISTON ND CLIMATE NORMALS FOR TODAY
                         NORMAL    RECORD    YEAR
 MAXIMUM TEMPERATURE (F)   47        79      2015
 MINIMUM TEMPERATURE (F)   23       -17      1898


SUNRISE AND SUNSET
MARCH 28 2017.........SUNRISE   740 AM CDT   SUNSET   820 PM CDT
MARCH 29 2017.........SUNRISE   738 AM CDT   SUNSET   821 PM CDT


-  INDICATES NEGATIVE NUMBERS.
R  INDICATES RECORD WAS SET OR TIED.
MM INDICATES DATA IS MISSING.
T  INDICATES TRACE AMOUNT.




$$
