000
CDUS43 KBIS 251245
CLIISN


CLIMATE REPORT
NATIONAL WEATHER SERVICE BISMARCK ND
745 AM CDT WED MAY 25 2016


...................................

...THE WILLISTON ND CLIMATE SUMMARY FOR MAY 24 2016...

CLIMATE NORMAL PERIOD 1981 TO 2010
CLIMATE RECORD PERIOD 1894 TO 2016


WEATHER ITEM   OBSERVED TIME   RECORD YEAR NORMAL DEPARTURE LAST
                VALUE   (LST)  VALUE       VALUE  FROM      YEAR
                                                  NORMAL
..................................................................
TEMPERATURE (F)
 YESTERDAY
  MAXIMUM         72    544 PM  92    1980  70      2       78
                                      1977
  MINIMUM         42    436 AM  23    2002  43     -1       44
  AVERAGE         57                        57      0       61

PRECIPITATION (IN)
  YESTERDAY        0.00          1.72 2010   0.07  -0.07     0.00
  MONTH TO DATE    0.21                      1.40  -1.19     1.44
  SINCE MAR 1      2.34                      3.11  -0.77     2.18
  SINCE JAN 1      3.47                      4.09  -0.62     3.12

SNOWFALL (IN)
  YESTERDAY       MM
  SNOW DEPTH      MM

DEGREE DAYS
 HEATING
  YESTERDAY        8                         9     -1        4
  MONTH TO DATE  209                       294    -85      331
  SINCE MAR 1   1676                      2051   -375     1803
  SINCE JUL 1   7286                      8819  -1533     8319

 COOLING
  YESTERDAY        0                         0      0        0
  MONTH TO DATE   10                         0     10        1
  SINCE MAR 1     10                         1      9        1
  SINCE JAN 1     10                         1      9        1
..................................................................


WIND (MPH)
  HIGHEST WIND SPEED    17   HIGHEST WIND DIRECTION    SW (230)
  HIGHEST GUST SPEED    25   HIGHEST GUST DIRECTION    SW (240)
  AVERAGE WIND SPEED     8.2


SKY COVER
  POSSIBLE SUNSHINE  MM
  AVERAGE SKY COVER 0.4


WEATHER CONDITIONS
 THE FOLLOWING WEATHER WAS RECORDED YESTERDAY.
  NO SIGNIFICANT WEATHER WAS OBSERVED.


RELATIVE HUMIDITY (PERCENT)
 HIGHEST    89           600 AM
 LOWEST     29           600 PM
 AVERAGE    59

..........................................................


THE WILLISTON ND CLIMATE NORMALS FOR TODAY
                         NORMAL    RECORD    YEAR
 MAXIMUM TEMPERATURE (F)   70        93      1931
 MINIMUM TEMPERATURE (F)   44        27      1992


SUNRISE AND SUNSET
MAY 25 2016...........SUNRISE   604 AM CDT   SUNSET   940 PM CDT
MAY 26 2016...........SUNRISE   603 AM CDT   SUNSET   941 PM CDT


-  INDICATES NEGATIVE NUMBERS.
R  INDICATES RECORD WAS SET OR TIED.
MM INDICATES DATA IS MISSING.
T  INDICATES TRACE AMOUNT.




$$
