000
CDUS43 KBIS 130738
CLIISN


CLIMATE REPORT
NATIONAL WEATHER SERVICE BISMARCK ND
128 AM CST WED DEC 13 2017


...................................

...THE WILLISTON ND CLIMATE SUMMARY FOR DECEMBER 12 2017...

CLIMATE NORMAL PERIOD 1981 TO 2010
CLIMATE RECORD PERIOD 1894 TO 2017


WEATHER ITEM   OBSERVED TIME   RECORD YEAR NORMAL DEPARTURE LAST
                VALUE   (LST)  VALUE       VALUE  FROM      YEAR
                                                  NORMAL
..................................................................
TEMPERATURE (F)
 YESTERDAY
  MAXIMUM         51        MM  54    1969  25     26        4
  MINIMUM         25   1200 AM -29    1917   4     21       -1
  AVERAGE         38                        14     24        2

PRECIPITATION (IN)
  YESTERDAY        0.00          0.30 1968   0.02  -0.02     0.00
  MONTH TO DATE    0.13                      0.23  -0.10     0.40
  SINCE DEC 1      0.13                      0.23  -0.10     0.40
  SINCE JAN 1     11.93                     13.98  -2.05    14.99

DEGREE DAYS
 HEATING
  YESTERDAY       27                        50    -23       63
  MONTH TO DATE  433                       581   -148      602
  SINCE DEC 1    433                       581   -148      602
  SINCE JUL 1   2447                      2743   -296     2181

 COOLING
  YESTERDAY        0                         0      0        0
  MONTH TO DATE    0                         0      0        0
  SINCE DEC 1      0                         0      0        0
  SINCE JAN 1    643                       456    187      521
..................................................................


WIND (MPH)
  HIGHEST WIND SPEED    36   HIGHEST WIND DIRECTION    NW (310)
  HIGHEST GUST SPEED    50   HIGHEST GUST DIRECTION    NW (320)
  AVERAGE WIND SPEED    16.9


SKY COVER
  POSSIBLE SUNSHINE   0 PERCENT
  AVERAGE SKY COVER 0.0


WEATHER CONDITIONS
 THE FOLLOWING WEATHER WAS RECORDED YESTERDAY.
  NO SIGNIFICANT WEATHER WAS OBSERVED.


RELATIVE HUMIDITY (PERCENT)
 HIGHEST     0          1200 AM
 LOWEST      0          1200 AM
 AVERAGE     0

..........................................................


THE WILLISTON ND CLIMATE NORMALS FOR TODAY
                         NORMAL    RECORD    YEAR
 MAXIMUM TEMPERATURE (F)   25        48      1999
                                             1998
 MINIMUM TEMPERATURE (F)    4       -27      1917


SUNRISE AND SUNSET
DECEMBER 13 2017......SUNRISE   837 AM CST   SUNSET   501 PM CST
DECEMBER 14 2017......SUNRISE   838 AM CST   SUNSET   501 PM CST


-  INDICATES NEGATIVE NUMBERS.
R  INDICATES RECORD WAS SET OR TIED.
MM INDICATES DATA IS MISSING.
T  INDICATES TRACE AMOUNT.




$$
