000
CDUS41 KOKX 070618
CLIISP


CLIMATE REPORT
NATIONAL WEATHER SERVICE NEW YORK NY
217 AM EDT TUE JUL 7 2015


...................................

...THE ISLIP NY CLIMATE SUMMARY FOR JULY 6 2015...

CLIMATE NORMAL PERIOD 1981 TO 2010
CLIMATE RECORD PERIOD 1986 TO 2015


WEATHER ITEM   OBSERVED TIME   RECORD YEAR NORMAL DEPARTURE LAST
                VALUE   (LST)  VALUE       VALUE  FROM      YEAR
                                                  NORMAL
..................................................................
TEMPERATURE (F)
 YESTERDAY
  MAXIMUM         81   1145 AM 101    2010  81      0       83
  MINIMUM         67    440 AM  57    2001  65      2       63
  AVERAGE         74                        73      1       73

PRECIPITATION (IN)
  YESTERDAY        0.00          0.92 2006   0.10  -0.10     0.00
  MONTH TO DATE    0.10                      0.58  -0.48     0.96
  SINCE JUN 1      4.15                      4.85  -0.70     2.75
  SINCE JAN 1     19.24                     24.31  -5.07    24.49

SNOWFALL (IN)
  YESTERDAY        0.0          MM      MM   0.0    0.0      0.0
  MONTH TO DATE    0.0                       0.0    0.0      0.0
  SINCE OCT 1     63.7                      24.8   38.9     63.7
  SINCE JUL 1      0.0                       0.0    0.0      0.0
  SNOW DEPTH       0

DEGREE DAYS
 HEATING
  YESTERDAY        0                         0      0        0
  MONTH TO DATE    0                         0      0        0
  SINCE JUN 1     46                        38      8        2
  SINCE JUL 1      0                         0      0        0

 COOLING
  YESTERDAY        9                         8      1        8
  MONTH TO DATE   42                        48     -6       62
  SINCE JUN 1    194                       188      6      233
  SINCE JAN 1    244                       212     32      262
..................................................................


WIND (MPH)
  HIGHEST WIND SPEED    13   HIGHEST WIND DIRECTION     S (160)
  HIGHEST GUST SPEED    18   HIGHEST GUST DIRECTION     S (170)
  AVERAGE WIND SPEED     6.8


SKY COVER
  AVERAGE SKY COVER 0.7


WEATHER CONDITIONS
 THE FOLLOWING WEATHER WAS RECORDED YESTERDAY.
  FOG


RELATIVE HUMIDITY (PERCENT)
 HIGHEST    93           400 AM
 LOWEST     58          1200 PM
 AVERAGE    76

..........................................................


THE ISLIP NY CLIMATE NORMALS FOR TODAY
                         NORMAL    RECORD    YEAR
 MAXIMUM TEMPERATURE (F)   81        96      2010
 MINIMUM TEMPERATURE (F)   66        54      2001


SUNRISE AND SUNSET
JULY  7 2015..........SUNRISE   528 AM EDT   SUNSET   826 PM EDT
JULY  8 2015..........SUNRISE   529 AM EDT   SUNSET   826 PM EDT


-  INDICATES NEGATIVE NUMBERS.
R  INDICATES RECORD WAS SET OR TIED.
MM INDICATES DATA IS MISSING.
T  INDICATES TRACE AMOUNT.




$$
