000
CDUS41 KOKX 300616
CLIISP


CLIMATE REPORT
NATIONAL WEATHER SERVICE NEW YORK NY
216 AM EDT THU MAR 30 2017


...................................

...THE ISLIP NY CLIMATE SUMMARY FOR MARCH 29 2017...

CLIMATE NORMAL PERIOD 1981 TO 2010
CLIMATE RECORD PERIOD 1984 TO 2017


WEATHER ITEM   OBSERVED TIME   RECORD YEAR NORMAL DEPARTURE LAST
                VALUE   (LST)  VALUE       VALUE  FROM      YEAR
                                                  NORMAL
..................................................................
TEMPERATURE (F)
 YESTERDAY
  MAXIMUM         57    322 PM  81    1998  51      6       54
  MINIMUM         40   1159 PM  25    2015  35      5       40
  AVERAGE         49                        43      6       47

PRECIPITATION (IN)
  YESTERDAY        0.00          2.68 2014   0.14  -0.14     0.00
  MONTH TO DATE    3.94                      4.16  -0.22     2.72
  SINCE MAR 1      3.94                      4.16  -0.22     2.72
  SINCE JAN 1      9.60                     11.06  -1.46    11.19

SNOWFALL (IN)
  YESTERDAY        0.0           3.0  1996   0.1   -0.1      0.0
  MONTH TO DATE    7.4                       4.4    3.0      3.2
  SINCE OCT 1     39.3                      24.1   15.2     41.2
  SINCE JUL 1     39.3                      24.1   15.2     41.2
  SNOW DEPTH       0

DEGREE DAYS
 HEATING
  YESTERDAY       16                        22     -6       18
  MONTH TO DATE  807                       754     53      565
  SINCE MAR 1    807                       754     53      565
  SINCE JUL 1   4109                      4649   -540     3647

 COOLING
  YESTERDAY        0                         0      0        0
  MONTH TO DATE    0                         0      0        0
  SINCE MAR 1      0                         0      0        0
  SINCE JAN 1      0                         0      0        0
..................................................................


WIND (MPH)
  HIGHEST WIND SPEED    25   HIGHEST WIND DIRECTION     N (360)
  HIGHEST GUST SPEED    31   HIGHEST GUST DIRECTION     N (10)
  AVERAGE WIND SPEED    13.6


SKY COVER
  AVERAGE SKY COVER 0.4


WEATHER CONDITIONS
 THE FOLLOWING WEATHER WAS RECORDED YESTERDAY.
  NO SIGNIFICANT WEATHER WAS OBSERVED.


RELATIVE HUMIDITY (PERCENT)
 HIGHEST   100           100 AM
 LOWEST     39           600 PM
 AVERAGE    70

..........................................................


THE ISLIP NY CLIMATE NORMALS FOR TODAY
                         NORMAL    RECORD    YEAR
 MAXIMUM TEMPERATURE (F)   52        72      1998
 MINIMUM TEMPERATURE (F)   35        25      2008


SUNRISE AND SUNSET
MARCH 30 2017.........SUNRISE   639 AM EDT   SUNSET   715 PM EDT
MARCH 31 2017.........SUNRISE   637 AM EDT   SUNSET   716 PM EDT


-  INDICATES NEGATIVE NUMBERS.
R  INDICATES RECORD WAS SET OR TIED.
MM INDICATES DATA IS MISSING.
T  INDICATES TRACE AMOUNT.




$$
