000
CDCA42 TJSJ 310426
CLIIST


CLIMATE REPORT
NATIONAL WEATHER SERVICE SAN JUAN, PR
1226 AM AST TUE MAY 31 2016


...................................

...THE CYRIL E. KING AP/ST THOMAS  CLIMATE SUMMARY FOR MAY 30 2016...

CLIMATE NORMAL PERIOD 1981 TO 2010
CLIMATE RECORD PERIOD 1953 TO 2016


WEATHER ITEM   OBSERVED TIME   RECORD YEAR NORMAL DEPARTURE LAST
                VALUE   (LST)  VALUE       VALUE  FROM      YEAR
                                                  NORMAL
..................................................................
TEMPERATURE (F)
 YESTERDAY
  MAXIMUM         89    145 PM  95    1995  88      1       87
  MINIMUM         81    614 AM  71    1991  77      4       77
  AVERAGE         85                        83      2       82

PRECIPITATION (IN)
  YESTERDAY        T             2.15 1979   0.08  -0.08     0.09
  MONTH TO DATE    1.21                      2.98  -1.77     6.25
  SINCE MAR 1      6.48                      7.14  -0.66     9.01
  SINCE JAN 1      9.61                     10.95  -1.34    24.04

SNOWFALL (IN)
  YESTERDAY        0.0                       0.0    0.0      0.0
  MONTH TO DATE    0.0                       0.0    0.0      0.0
  SINCE MAR 1      0.0                       0.0    0.0      0.0
  SINCE JUL 1      0.0                       0.0    0.0      0.0

DEGREE DAYS
 HEATING
  YESTERDAY        0                         0      0        0
  MONTH TO DATE    0                         0      0        0
  SINCE MAR 1      0                         0      0        0
  SINCE JUL 1      0                         0      0        0

 COOLING
  YESTERDAY       20                        18      2       17
  MONTH TO DATE  565                       505     60      525
  SINCE MAR 1   1577                      1419    158     1417
  SINCE JAN 1   2292                      2233     59     2221
..................................................................


WIND (MPH)
  HIGHEST WIND SPEED    18   HIGHEST WIND DIRECTION     E (110)
  HIGHEST GUST SPEED    24   HIGHEST GUST DIRECTION     E (100)
  AVERAGE WIND SPEED    11.9


SKY COVER
  AVERAGE SKY COVER 0.1


WEATHER CONDITIONS
 THE FOLLOWING WEATHER WAS RECORDED YESTERDAY.
  NO SIGNIFICANT WEATHER WAS OBSERVED.


RELATIVE HUMIDITY (PERCENT)
 HIGHEST    85
 LOWEST     68
 AVERAGE    77

..........................................................


THE CYRIL E. KING AP/ST THOMAS  CLIMATE NORMALS FOR TODAY
                         NORMAL    RECORD    YEAR
 MAXIMUM TEMPERATURE (F)   88        95      1994
 MINIMUM TEMPERATURE (F)   77        70      1986


SUNRISE AND SUNSET
MAY 31 2016...........SUNRISE   543 AM AST   SUNSET   652 PM AST
JUNE  1 2016..........SUNRISE   543 AM AST   SUNSET   653 PM AST


-  INDICATES NEGATIVE NUMBERS.
R  INDICATES RECORD WAS SET OR TIED.
MM INDICATES DATA IS MISSING.
T  INDICATES TRACE AMOUNT.




$$
