000
CDCA42 TJSJ 220446
CLIIST


CLIMATE REPORT
NATIONAL WEATHER SERVICE SAN JUAN, PR
1245 AM AST WED OCT 22 2014


...................................

...THE CYRIL E. KING AIRPORT/USVI CLIMATE SUMMARY FOR OCTOBER 21 2014...

CLIMATE NORMAL PERIOD 1981 TO 2010
CLIMATE RECORD PERIOD 1953 TO 2014


WEATHER ITEM   OBSERVED TIME   RECORD YEAR NORMAL DEPARTURE LAST
                VALUE   (LST)  VALUE       VALUE  FROM      YEAR
                                                  NORMAL
..................................................................
TEMPERATURE (F)
 YESTERDAY
  MAXIMUM         87    213 PM  93    1992  89     -2       88
  MINIMUM         76    533 AM  70    1956  77     -1       80
  AVERAGE         82                        83     -1       84

PRECIPITATION (IN)
  YESTERDAY        0.02          1.32 2012   0.17  -0.15     0.06
  MONTH TO DATE    0.84                      3.58  -2.74     1.53
  SINCE SEP 1      2.59                      9.16  -6.57    11.35
  SINCE JAN 1     24.13                     29.31  -5.18    36.16

SNOWFALL (IN)
  YESTERDAY       MM
  MONTH TO DATE    0.0
  SINCE SEP 1      0.0
  SINCE JUL 1      0.0

DEGREE DAYS
 HEATING
  YESTERDAY        0                         0      0        0
  MONTH TO DATE    0                         0      0        0
  SINCE SEP 1      0                         0      0        0
  SINCE JUL 1      0                         0      0        0

 COOLING
  YESTERDAY       17                        18     -1       19
  MONTH TO DATE  375                       378     -3      407
  SINCE SEP 1    912                       946    -34      984
  SINCE JAN 1   4902                      4937    -35     4884
..................................................................


WIND (MPH)
  RESULTANT WIND SPEED  MM   RESULTANT WIND DIRECTION  MM
  HIGHEST WIND SPEED    MM   HIGHEST WIND DIRECTION    MM
  AVERAGE WIND SPEED    MM


SKY COVER
  AVERAGE SKY COVER  MM


WEATHER CONDITIONS
 THE FOLLOWING WEATHER WAS RECORDED YESTERDAY.
  NO SIGNIFICANT WEATHER WAS OBSERVED.


RELATIVE HUMIDITY (PERCENT)
 HIGHEST    MM
 LOWEST     MM
 AVERAGE    MM

..........................................................


THE CYRIL E. KING AIRPORT/USVI CLIMATE NORMALS FOR TODAY
                         NORMAL    RECORD    YEAR
 MAXIMUM TEMPERATURE (F)   89        95      1994
 MINIMUM TEMPERATURE (F)   77        71      1956


SUNRISE AND SUNSET
OCTOBER 22 2014.......SUNRISE   616 AM AST   SUNSET   553 PM AST
OCTOBER 23 2014.......SUNRISE   616 AM AST   SUNSET   552 PM AST


-  INDICATES NEGATIVE NUMBERS.
R  INDICATES RECORD WAS SET OR TIED.
MM INDICATES DATA IS MISSING.
T  INDICATES TRACE AMOUNT.




$$
