000
CDCA42 TJSJ 180437
CLIISX


CLIMATE REPORT
NATIONAL WEATHER SERVICE SAN JUAN, PR
1237 AM AST FRI APR 18 2014


...................................

...THE HENRY E. ROHLSEN AIRPORT/USVI CLIMATE SUMMARY FOR APRIL 17 2014...

CLIMATE NORMAL PERIOD 1981 TO 2010
CLIMATE RECORD PERIOD 1951 TO 2014


WEATHER ITEM   OBSERVED TIME   RECORD YEAR NORMAL DEPARTURE LAST
                VALUE   (LST)  VALUE       VALUE  FROM      YEAR
                                                  NORMAL
..................................................................
TEMPERATURE (F)
 YESTERDAY
  MAXIMUM         87   1229 PM  90    1958  86      1       86
  MINIMUM         74    516 AM  68    1982  74      0       74
  AVERAGE         81                        80      1       80

PRECIPITATION (IN)
  YESTERDAY        T             2.00 2003   0.07  -0.07      T
  MONTH TO DATE    2.06                      1.06   1.00     0.54
  SINCE MAR 1      3.83                      2.62   1.21     3.03
  SINCE JAN 1      5.99                      6.41  -0.42     4.69

SNOWFALL (IN)
  YESTERDAY        0.0
  MONTH TO DATE    0.0
  SINCE MAR 1      0.0
  SINCE JUL 1      0.0

DEGREE DAYS
 HEATING
  YESTERDAY        0                         0      0        0
  MONTH TO DATE    0                         0      0        0
  SINCE MAR 1      0                         0      0        0
  SINCE JUL 1      0                         0      0        0

 COOLING
  YESTERDAY       16                        15      1       15
  MONTH TO DATE  249                       248      1      264
  SINCE MAR 1    682                       668     14      650
  SINCE JAN 1   1531                      1445     86     1400
..................................................................


WIND (MPH)
  RESULTANT WIND SPEED  12   RESULTANT WIND DIRECTION   E (80)
  HIGHEST WIND SPEED    22   HIGHEST WIND DIRECTION     E (100)
  HIGHEST GUST SPEED    35   HIGHEST GUST DIRECTION     E (100)
  AVERAGE WIND SPEED    12.9


SKY COVER
  POSSIBLE SUNSHINE  MM
  AVERAGE SKY COVER 0.3


WEATHER CONDITIONS
 THE FOLLOWING WEATHER WAS RECORDED YESTERDAY.
  NO SIGNIFICANT WEATHER WAS OBSERVED.


RELATIVE HUMIDITY (PERCENT)
 HIGHEST    82
 LOWEST     58
 AVERAGE    70

..........................................................


THE HENRY E. ROHLSEN AIRPORT/USVI CLIMATE NORMALS FOR TODAY
                         NORMAL    RECORD    YEAR
 MAXIMUM TEMPERATURE (F)   86        90      1958
 MINIMUM TEMPERATURE (F)   74        67      1954


SUNRISE AND SUNSET
APRIL 18 2014.........SUNRISE   601 AM AST   SUNSET   636 PM AST
APRIL 19 2014.........SUNRISE   600 AM AST   SUNSET   637 PM AST


-  INDICATES NEGATIVE NUMBERS.
R  INDICATES RECORD WAS SET OR TIED.
MM INDICATES DATA IS MISSING.
T  INDICATES TRACE AMOUNT.




$$
