000
CDCA42 TJSJ 071245
CLIISX


CLIMATE REPORT
NATIONAL WEATHER SERVICE SAN JUAN, PR
845 AM AST TUE JUL 7 2015


...................................

...THE HENRY E. ROHLSEN AP/ST CROIX CLIMATE SUMMARY FOR JULY 6 2015...

CLIMATE NORMAL PERIOD 1981 TO 2010
CLIMATE RECORD PERIOD 1951 TO 2015


WEATHER ITEM   OBSERVED TIME   RECORD YEAR NORMAL DEPARTURE LAST
                VALUE   (LST)  VALUE       VALUE  FROM      YEAR
                                                  NORMAL
..................................................................
TEMPERATURE (F)
 YESTERDAY
  MAXIMUM         91    126 PM  92    1993  89      2       91
  MINIMUM         78    602 AM  71    1963  79     -1       80
  AVERAGE         85                        84      1       86

PRECIPITATION (IN)
  YESTERDAY        0.00          1.06 1979   0.08  -0.08     0.16
  MONTH TO DATE    0.03                      0.48  -0.45     0.28
  SINCE JUN 1      0.59                      2.79  -2.20     0.75
  SINCE JAN 1      5.95                     14.42  -8.47    13.91

SNOWFALL (IN)
  YESTERDAY        0.0                       0.0    0.0      0.0
  MONTH TO DATE    0.0                       0.0    0.0      0.0
  SINCE JUN 1      0.0                       0.0    0.0      0.0
  SINCE JUL 1      0.0                       0.0    0.0      0.0

DEGREE DAYS
 HEATING
  YESTERDAY        0                         0      0        0
  MONTH TO DATE    0                         0      0        0
  SINCE JUN 1      0                         0      0        0
  SINCE JUL 1      0                         0      0        0

 COOLING
  YESTERDAY       20                        19      1       21
  MONTH TO DATE  120                       114      6      122
  SINCE JUN 1    696                       654     42      693
  SINCE JAN 1   2940                      2807    133     2945
..................................................................


WIND (MPH)
  HIGHEST WIND SPEED    24   HIGHEST WIND DIRECTION     E (100)
  HIGHEST GUST SPEED    30   HIGHEST GUST DIRECTION     E (100)
  AVERAGE WIND SPEED    13.8


SKY COVER
  AVERAGE SKY COVER 0.2


WEATHER CONDITIONS
 THE FOLLOWING WEATHER WAS RECORDED YESTERDAY.
  NO SIGNIFICANT WEATHER WAS OBSERVED.


RELATIVE HUMIDITY (PERCENT)
 HIGHEST    85
 LOWEST     52
 AVERAGE    69

..........................................................


THE HENRY E. ROHLSEN AP/ST CROIX CLIMATE NORMALS FOR TODAY
                         NORMAL    RECORD    YEAR
 MAXIMUM TEMPERATURE (F)   89        92      2014
                                             1973
 MINIMUM TEMPERATURE (F)   79        74      2006


SUNRISE AND SUNSET
JULY  7 2015..........SUNRISE   550 AM AST   SUNSET   658 PM AST
JULY  8 2015..........SUNRISE   550 AM AST   SUNSET   658 PM AST


-  INDICATES NEGATIVE NUMBERS.
R  INDICATES RECORD WAS SET OR TIED.
MM INDICATES DATA IS MISSING.
T  INDICATES TRACE AMOUNT.




$$
